[INFO] fetching crate zyx-core 0.1.1...
[INFO] testing zyx-core-0.1.1 against nightly-2024-10-28+rustflags=-Zrandomize-layout for randomize-layout
[INFO] extracting crate zyx-core 0.1.1 into /workspace/builds/worker-3-tc2/source
[INFO] validating manifest of crates.io crate zyx-core 0.1.1 on toolchain nightly-2024-10-28
[INFO] running `Command { std: CARGO_HOME="/workspace/cargo-home" RUSTUP_HOME="/workspace/rustup-home" "/workspace/cargo-home/bin/cargo" "+nightly-2024-10-28" "metadata" "--manifest-path" "Cargo.toml" "--no-deps", kill_on_drop: false }`
[INFO] started tweaking crates.io crate zyx-core 0.1.1
[INFO] finished tweaking crates.io crate zyx-core 0.1.1
[INFO] tweaked toml for crates.io crate zyx-core 0.1.1 written to /workspace/builds/worker-3-tc2/source/Cargo.toml
[INFO] running `Command { std: CARGO_HOME="/workspace/cargo-home" RUSTUP_HOME="/workspace/rustup-home" "/workspace/cargo-home/bin/cargo" "+nightly-2024-10-28" "generate-lockfile" "--manifest-path" "Cargo.toml", kill_on_drop: false }`
[INFO] [stderr]     Updating crates.io index
[INFO] [stderr]      Locking 2 packages to latest compatible versions
[INFO] running `Command { std: CARGO_HOME="/workspace/cargo-home" RUSTUP_HOME="/workspace/rustup-home" "/workspace/cargo-home/bin/cargo" "+nightly-2024-10-28" "fetch" "--manifest-path" "Cargo.toml", kill_on_drop: false }`
[INFO] running `Command { std: "docker" "create" "-v" "/var/lib/crater-agent-workspace/builds/worker-3-tc2/target:/opt/rustwide/target:rw,Z" "-v" "/var/lib/crater-agent-workspace/builds/worker-3-tc2/source:/opt/rustwide/workdir:ro,Z" "-v" "/var/lib/crater-agent-workspace/cargo-home:/opt/rustwide/cargo-home:ro,Z" "-v" "/var/lib/crater-agent-workspace/rustup-home:/opt/rustwide/rustup-home:ro,Z" "-e" "SOURCE_DIR=/opt/rustwide/workdir" "-e" "CARGO_TARGET_DIR=/opt/rustwide/target" "-e" "CARGO_HOME=/opt/rustwide/cargo-home" "-e" "RUSTUP_HOME=/opt/rustwide/rustup-home" "-w" "/opt/rustwide/workdir" "-m" "1610612736" "--user" "0:0" "--network" "none" "ghcr.io/rust-lang/crates-build-env/linux@sha256:4a844ea9eb2546a2d2c7022eacef16ef2e8229c7fbb2c7d4d55a9ceca922f72d" "/opt/rustwide/cargo-home/bin/cargo" "+nightly-2024-10-28" "metadata" "--no-deps" "--format-version=1", kill_on_drop: false }`
[INFO] [stdout] 1022153a0171ab3f5328aac01357c482ce0a6c6eb6a83bb210d6e98cdf3a6f55
[INFO] running `Command { std: "docker" "start" "-a" "1022153a0171ab3f5328aac01357c482ce0a6c6eb6a83bb210d6e98cdf3a6f55", kill_on_drop: false }`
[INFO] running `Command { std: "docker" "inspect" "1022153a0171ab3f5328aac01357c482ce0a6c6eb6a83bb210d6e98cdf3a6f55", kill_on_drop: false }`
[INFO] running `Command { std: "docker" "rm" "-f" "1022153a0171ab3f5328aac01357c482ce0a6c6eb6a83bb210d6e98cdf3a6f55", kill_on_drop: false }`
[INFO] [stdout] 1022153a0171ab3f5328aac01357c482ce0a6c6eb6a83bb210d6e98cdf3a6f55
[INFO] running `Command { std: "docker" "create" "-v" "/var/lib/crater-agent-workspace/builds/worker-3-tc2/target:/opt/rustwide/target:rw,Z" "-v" "/var/lib/crater-agent-workspace/builds/worker-3-tc2/source:/opt/rustwide/workdir:ro,Z" "-v" "/var/lib/crater-agent-workspace/cargo-home:/opt/rustwide/cargo-home:ro,Z" "-v" "/var/lib/crater-agent-workspace/rustup-home:/opt/rustwide/rustup-home:ro,Z" "-e" "SOURCE_DIR=/opt/rustwide/workdir" "-e" "CARGO_TARGET_DIR=/opt/rustwide/target" "-e" "CARGO_INCREMENTAL=0" "-e" "RUST_BACKTRACE=full" "-e" "RUSTFLAGS=--cap-lints=forbid -Zrandomize-layout" "-e" "RUSTDOCFLAGS=--cap-lints=forbid" "-e" "CARGO_HOME=/opt/rustwide/cargo-home" "-e" "RUSTUP_HOME=/opt/rustwide/rustup-home" "-w" "/opt/rustwide/workdir" "-m" "1610612736" "--user" "0:0" "--network" "none" "ghcr.io/rust-lang/crates-build-env/linux@sha256:4a844ea9eb2546a2d2c7022eacef16ef2e8229c7fbb2c7d4d55a9ceca922f72d" "/opt/rustwide/cargo-home/bin/cargo" "+nightly-2024-10-28" "build" "--frozen" "--message-format=json", kill_on_drop: false }`
[INFO] [stdout] 864eda71932b68b183456dde0917f636717dda7710d58bd3e4399224d8d1730d
[INFO] running `Command { std: "docker" "start" "-a" "864eda71932b68b183456dde0917f636717dda7710d58bd3e4399224d8d1730d", kill_on_drop: false }`
[INFO] [stderr]    Compiling rand_core v0.6.4
[INFO] [stderr]    Compiling rand v0.8.5
[INFO] [stderr]    Compiling zyx-core v0.1.1 (/opt/rustwide/workdir)
[INFO] [stderr]     Finished `dev` profile [unoptimized + debuginfo] target(s) in 1.71s
[INFO] running `Command { std: "docker" "inspect" "864eda71932b68b183456dde0917f636717dda7710d58bd3e4399224d8d1730d", kill_on_drop: false }`
[INFO] running `Command { std: "docker" "rm" "-f" "864eda71932b68b183456dde0917f636717dda7710d58bd3e4399224d8d1730d", kill_on_drop: false }`
[INFO] [stdout] 864eda71932b68b183456dde0917f636717dda7710d58bd3e4399224d8d1730d
[INFO] running `Command { std: "docker" "create" "-v" "/var/lib/crater-agent-workspace/builds/worker-3-tc2/target:/opt/rustwide/target:rw,Z" "-v" "/var/lib/crater-agent-workspace/builds/worker-3-tc2/source:/opt/rustwide/workdir:ro,Z" "-v" "/var/lib/crater-agent-workspace/cargo-home:/opt/rustwide/cargo-home:ro,Z" "-v" "/var/lib/crater-agent-workspace/rustup-home:/opt/rustwide/rustup-home:ro,Z" "-e" "SOURCE_DIR=/opt/rustwide/workdir" "-e" "CARGO_TARGET_DIR=/opt/rustwide/target" "-e" "CARGO_INCREMENTAL=0" "-e" "RUST_BACKTRACE=full" "-e" "RUSTFLAGS=--cap-lints=forbid -Zrandomize-layout" "-e" "RUSTDOCFLAGS=--cap-lints=forbid" "-e" "CARGO_HOME=/opt/rustwide/cargo-home" "-e" "RUSTUP_HOME=/opt/rustwide/rustup-home" "-w" "/opt/rustwide/workdir" "-m" "1610612736" "--user" "0:0" "--network" "none" "ghcr.io/rust-lang/crates-build-env/linux@sha256:4a844ea9eb2546a2d2c7022eacef16ef2e8229c7fbb2c7d4d55a9ceca922f72d" "/opt/rustwide/cargo-home/bin/cargo" "+nightly-2024-10-28" "test" "--frozen" "--no-run" "--message-format=json", kill_on_drop: false }`
[INFO] [stdout] 916deab8f2269d10f096fcaa3473e2aa5ec909858b5fc53415b331f29af30929
[INFO] running `Command { std: "docker" "start" "-a" "916deab8f2269d10f096fcaa3473e2aa5ec909858b5fc53415b331f29af30929", kill_on_drop: false }`
[INFO] [stderr]    Compiling zyx-core v0.1.1 (/opt/rustwide/workdir)
[INFO] [stderr]     Finished `test` profile [unoptimized + debuginfo] target(s) in 0.58s
[INFO] running `Command { std: "docker" "inspect" "916deab8f2269d10f096fcaa3473e2aa5ec909858b5fc53415b331f29af30929", kill_on_drop: false }`
[INFO] running `Command { std: "docker" "rm" "-f" "916deab8f2269d10f096fcaa3473e2aa5ec909858b5fc53415b331f29af30929", kill_on_drop: false }`
[INFO] [stdout] 916deab8f2269d10f096fcaa3473e2aa5ec909858b5fc53415b331f29af30929
[INFO] running `Command { std: "docker" "create" "-v" "/var/lib/crater-agent-workspace/builds/worker-3-tc2/target:/opt/rustwide/target:rw,Z" "-v" "/var/lib/crater-agent-workspace/builds/worker-3-tc2/source:/opt/rustwide/workdir:ro,Z" "-v" "/var/lib/crater-agent-workspace/cargo-home:/opt/rustwide/cargo-home:ro,Z" "-v" "/var/lib/crater-agent-workspace/rustup-home:/opt/rustwide/rustup-home:ro,Z" "-e" "SOURCE_DIR=/opt/rustwide/workdir" "-e" "CARGO_TARGET_DIR=/opt/rustwide/target" "-e" "CARGO_INCREMENTAL=0" "-e" "RUST_BACKTRACE=full" "-e" "RUSTFLAGS=--cap-lints=forbid -Zrandomize-layout" "-e" "RUSTDOCFLAGS=--cap-lints=forbid" "-e" "CARGO_HOME=/opt/rustwide/cargo-home" "-e" "RUSTUP_HOME=/opt/rustwide/rustup-home" "-w" "/opt/rustwide/workdir" "-m" "1610612736" "--user" "0:0" "--network" "none" "ghcr.io/rust-lang/crates-build-env/linux@sha256:4a844ea9eb2546a2d2c7022eacef16ef2e8229c7fbb2c7d4d55a9ceca922f72d" "/opt/rustwide/cargo-home/bin/cargo" "+nightly-2024-10-28" "test" "--frozen", kill_on_drop: false }`
[INFO] [stdout] 2fe06f8eef1e0944245e706bac46d0ca6d46833f0311589538fbe1d6cad1a73c
[INFO] running `Command { std: "docker" "start" "-a" "2fe06f8eef1e0944245e706bac46d0ca6d46833f0311589538fbe1d6cad1a73c", kill_on_drop: false }`
[INFO] [stderr]     Finished `test` profile [unoptimized + debuginfo] target(s) in 0.01s
[INFO] [stderr]      Running unittests src/lib.rs (/opt/rustwide/target/debug/deps/zyx_core-df08e994e5f573fe)
[INFO] [stdout] 
[INFO] [stdout] running 0 tests
[INFO] [stdout] 
[INFO] [stdout] test result: ok. 0 passed; 0 failed; 0 ignored; 0 measured; 0 filtered out; finished in 0.00s
[INFO] [stdout] 
[INFO] [stderr]    Doc-tests zyx_core
[INFO] [stdout] 
[INFO] [stdout] running 17 tests
[INFO] [stdout] test src/tensor.rs - tensor::Tensor<B>::max (line 1130) ... FAILED
[INFO] [stdout] test src/tensor.rs - tensor::Tensor<B>::backend (line 466) ... FAILED
[INFO] [stdout] test src/tensor.rs - tensor::Tensor<B>::pad (line 944) ... FAILED
[INFO] [stdout] test src/tensor.rs - tensor::Tensor<B>::sum (line 1100) ... FAILED
[INFO] [stdout] test src/tensor.rs - tensor::Tensor<B>::item (line 535) ... FAILED
[INFO] [stdout] test src/tensor.rs - tensor::Tensor<B>::backward (line 552) ... FAILED
[INFO] [stdout] test src/tensor.rs - tensor::Tensor<B>::detach (line 481) ... FAILED
[INFO] [stdout] test src/tensor.rs - tensor::Tensor<B>::rank (line 454) ... FAILED
[INFO] [stdout] test src/tensor.rs - tensor::Tensor<B>::dtype (line 442) ... FAILED
[INFO] [stdout] test src/tensor.rs - tensor::Tensor<B>::get (line 1239) ... FAILED
[INFO] [stdout] test src/tensor.rs - tensor::Tensor<B>::dot (line 851) ... FAILED
[INFO] [stdout] test src/tensor.rs - tensor::Tensor<B>::numel (line 430) ... FAILED
[INFO] [stdout] test src/tensor.rs - tensor::Tensor<B>::cast (line 582) ... FAILED
[INFO] [stdout] test src/tensor.rs - tensor::Tensor<B>::pad (line 956) ... FAILED
[INFO] [stdout] test src/tensor.rs - tensor::Tensor<B>::shape (line 418) ... FAILED
[INFO] [stdout] test src/tensor.rs - tensor::Tensor<B>::to_vec (line 514) ... FAILED
[INFO] [stdout] test src/axes.rs - axes::IntoAxes::into_axes (line 82) ... ok
[INFO] [stdout] 
[INFO] [stdout] failures:
[INFO] [stdout] 
[INFO] [stdout] ---- src/tensor.rs - tensor::Tensor<B>::max (line 1130) stdout ----
[INFO] [stdout] error[E0432]: unresolved import `zyx_opencl`
[INFO] [stdout]  --> src/tensor.rs:1131:5
[INFO] [stdout]   |
[INFO] [stdout] 3 | use zyx_opencl;
[INFO] [stdout]   |     ^^^^^^^^^^ no external crate `zyx_opencl`
[INFO] [stdout] 
[INFO] [stdout] error: aborting due to 1 previous error
[INFO] [stdout] 
[INFO] [stdout] For more information about this error, try `rustc --explain E0432`.
[INFO] [stdout] Couldn't compile the test.
[INFO] [stdout] ---- src/tensor.rs - tensor::Tensor<B>::backend (line 466) stdout ----
[INFO] [stdout] error[E0433]: failed to resolve: use of undeclared crate or module `zyx_opencl`
[INFO] [stdout]  --> src/tensor.rs:469:38
[INFO] [stdout]   |
[INFO] [stdout] 5 | let y = x.backend().randn([2, 4, 3], zyx_opencl::DType::F32);
[INFO] [stdout]   |                                      ^^^^^^^^^^ use of undeclared crate or module `zyx_opencl`
[INFO] [stdout]   |
[INFO] [stdout] help: consider importing this enum
[INFO] [stdout]   |
[INFO] [stdout] 2 + use zyx_core::dtype::DType;
[INFO] [stdout]   |
[INFO] [stdout] help: if you import `DType`, refer to it directly
[INFO] [stdout]   |
[INFO] [stdout] 5 - let y = x.backend().randn([2, 4, 3], zyx_opencl::DType::F32);
[INFO] [stdout] 5 + let y = x.backend().randn([2, 4, 3], DType::F32);
[INFO] [stdout]   |
[INFO] [stdout] 
[INFO] [stdout] error[E0433]: failed to resolve: use of undeclared crate or module `zyx_opencl`
[INFO] [stdout]  --> src/tensor.rs:467:11
[INFO] [stdout]   |
[INFO] [stdout] 3 | let dev = zyx_opencl::device()?;
[INFO] [stdout]   |           ^^^^^^^^^^ use of undeclared crate or module `zyx_opencl`
[INFO] [stdout] 
[INFO] [stdout] error[E0433]: failed to resolve: use of undeclared crate or module `zyx_opencl`
[INFO] [stdout]  --> src/tensor.rs:470:10
[INFO] [stdout]   |
[INFO] [stdout] 6 | Ok::<(), zyx_opencl::ZyxError>(())
[INFO] [stdout]   |          ^^^^^^^^^^ use of undeclared crate or module `zyx_opencl`
[INFO] [stdout] 
[INFO] [stdout] error: aborting due to 3 previous errors
[INFO] [stdout] 
[INFO] [stdout] For more information about this error, try `rustc --explain E0433`.
[INFO] [stdout] Couldn't compile the test.
[INFO] [stdout] ---- src/tensor.rs - tensor::Tensor<B>::pad (line 944) stdout ----
[INFO] [stdout] error[E0432]: unresolved import `zyx_opencl`
[INFO] [stdout]  --> src/tensor.rs:945:5
[INFO] [stdout]   |
[INFO] [stdout] 3 | use zyx_opencl;
[INFO] [stdout]   |     ^^^^^^^^^^ no external crate `zyx_opencl`
[INFO] [stdout] 
[INFO] [stdout] error: aborting due to 1 previous error
[INFO] [stdout] 
[INFO] [stdout] For more information about this error, try `rustc --explain E0432`.
[INFO] [stdout] Couldn't compile the test.
[INFO] [stdout] ---- src/tensor.rs - tensor::Tensor<B>::sum (line 1100) stdout ----
[INFO] [stdout] error[E0432]: unresolved import `zyx_opencl`
[INFO] [stdout]  --> src/tensor.rs:1101:5
[INFO] [stdout]   |
[INFO] [stdout] 3 | use zyx_opencl;
[INFO] [stdout]   |     ^^^^^^^^^^ no external crate `zyx_opencl`
[INFO] [stdout] 
[INFO] [stdout] error: aborting due to 1 previous error
[INFO] [stdout] 
[INFO] [stdout] For more information about this error, try `rustc --explain E0432`.
[INFO] [stdout] Couldn't compile the test.
[INFO] [stdout] ---- src/tensor.rs - tensor::Tensor<B>::item (line 535) stdout ----
[INFO] [stdout] error[E0433]: failed to resolve: use of undeclared crate or module `zyx_opencl`
[INFO] [stdout]  --> src/tensor.rs:536:11
[INFO] [stdout]   |
[INFO] [stdout] 3 | let dev = zyx_opencl::device()?;
[INFO] [stdout]   |           ^^^^^^^^^^ use of undeclared crate or module `zyx_opencl`
[INFO] [stdout] 
[INFO] [stdout] error[E0433]: failed to resolve: use of undeclared crate or module `zyx_opencl`
[INFO] [stdout]  --> src/tensor.rs:540:10
[INFO] [stdout]   |
[INFO] [stdout] 7 | Ok::<(), zyx_opencl::ZyxError>(())
[INFO] [stdout]   |          ^^^^^^^^^^ use of undeclared crate or module `zyx_opencl`
[INFO] [stdout] 
[INFO] [stdout] error: aborting due to 2 previous errors
[INFO] [stdout] 
[INFO] [stdout] For more information about this error, try `rustc --explain E0433`.
[INFO] [stdout] Couldn't compile the test.
[INFO] [stdout] ---- src/tensor.rs - tensor::Tensor<B>::backward (line 552) stdout ----
[INFO] [stdout] error[E0433]: failed to resolve: use of undeclared crate or module `zyx_opencl`
[INFO] [stdout]  --> src/tensor.rs:553:11
[INFO] [stdout]   |
[INFO] [stdout] 3 | let dev = zyx_opencl::device()?;
[INFO] [stdout]   |           ^^^^^^^^^^ use of undeclared crate or module `zyx_opencl`
[INFO] [stdout] 
[INFO] [stdout] error[E0433]: failed to resolve: use of undeclared crate or module `zyx_opencl`
[INFO] [stdout]  --> src/tensor.rs:558:10
[INFO] [stdout]   |
[INFO] [stdout] 8 | Ok::<(), zyx_opencl::ZyxError>(())
[INFO] [stdout]   |          ^^^^^^^^^^ use of undeclared crate or module `zyx_opencl`
[INFO] [stdout] 
[INFO] [stdout] error: aborting due to 2 previous errors
[INFO] [stdout] 
[INFO] [stdout] For more information about this error, try `rustc --explain E0433`.
[INFO] [stdout] Couldn't compile the test.
[INFO] [stdout] ---- src/tensor.rs - tensor::Tensor<B>::detach (line 481) stdout ----
[INFO] [stdout] error[E0433]: failed to resolve: use of undeclared crate or module `zyx_opencl`
[INFO] [stdout]  --> src/tensor.rs:482:11
[INFO] [stdout]   |
[INFO] [stdout] 3 | let dev = zyx_opencl::device()?;
[INFO] [stdout]   |           ^^^^^^^^^^ use of undeclared crate or module `zyx_opencl`
[INFO] [stdout] 
[INFO] [stdout] error[E0433]: failed to resolve: use of undeclared crate or module `zyx_opencl`
[INFO] [stdout]   --> src/tensor.rs:492:10
[INFO] [stdout]    |
[INFO] [stdout] 13 | Ok::<(), zyx_opencl::ZyxError>(())
[INFO] [stdout]    |          ^^^^^^^^^^ use of undeclared crate or module `zyx_opencl`
[INFO] [stdout] 
[INFO] [stdout] error: aborting due to 2 previous errors
[INFO] [stdout] 
[INFO] [stdout] For more information about this error, try `rustc --explain E0433`.
[INFO] [stdout] Couldn't compile the test.
[INFO] [stdout] ---- src/tensor.rs - tensor::Tensor<B>::rank (line 454) stdout ----
[INFO] [stdout] error[E0433]: failed to resolve: use of undeclared crate or module `zyx_opencl`
[INFO] [stdout]  --> src/tensor.rs:455:11
[INFO] [stdout]   |
[INFO] [stdout] 3 | let dev = zyx_opencl::device()?;
[INFO] [stdout]   |           ^^^^^^^^^^ use of undeclared crate or module `zyx_opencl`
[INFO] [stdout] 
[INFO] [stdout] error[E0433]: failed to resolve: use of undeclared crate or module `zyx_opencl`
[INFO] [stdout]  --> src/tensor.rs:458:10
[INFO] [stdout]   |
[INFO] [stdout] 6 | Ok::<(), zyx_opencl::ZyxError>(())
[INFO] [stdout]   |          ^^^^^^^^^^ use of undeclared crate or module `zyx_opencl`
[INFO] [stdout] 
[INFO] [stdout] error: aborting due to 2 previous errors
[INFO] [stdout] 
[INFO] [stdout] For more information about this error, try `rustc --explain E0433`.
[INFO] [stdout] Couldn't compile the test.
[INFO] [stdout] ---- src/tensor.rs - tensor::Tensor<B>::dtype (line 442) stdout ----
[INFO] [stdout] error[E0433]: failed to resolve: use of undeclared crate or module `zyx_opencl`
[INFO] [stdout]  --> src/tensor.rs:445:23
[INFO] [stdout]   |
[INFO] [stdout] 5 | assert_eq!(x.dtype(), zyx_opencl::DType::I32);
[INFO] [stdout]   |                       ^^^^^^^^^^ use of undeclared crate or module `zyx_opencl`
[INFO] [stdout]   |
[INFO] [stdout] help: consider importing this enum
[INFO] [stdout]   |
[INFO] [stdout] 2 + use zyx_core::dtype::DType;
[INFO] [stdout]   |
[INFO] [stdout] help: if you import `DType`, refer to it directly
[INFO] [stdout]   |
[INFO] [stdout] 5 - assert_eq!(x.dtype(), zyx_opencl::DType::I32);
[INFO] [stdout] 5 + assert_eq!(x.dtype(), DType::I32);
[INFO] [stdout]   |
[INFO] [stdout] 
[INFO] [stdout] error[E0433]: failed to resolve: use of undeclared crate or module `zyx_opencl`
[INFO] [stdout]  --> src/tensor.rs:443:11
[INFO] [stdout]   |
[INFO] [stdout] 3 | let dev = zyx_opencl::device()?;
[INFO] [stdout]   |           ^^^^^^^^^^ use of undeclared crate or module `zyx_opencl`
[INFO] [stdout] 
[INFO] [stdout] error[E0433]: failed to resolve: use of undeclared crate or module `zyx_opencl`
[INFO] [stdout]  --> src/tensor.rs:446:10
[INFO] [stdout]   |
[INFO] [stdout] 6 | Ok::<(), zyx_opencl::ZyxError>(())
[INFO] [stdout]   |          ^^^^^^^^^^ use of undeclared crate or module `zyx_opencl`
[INFO] [stdout] 
[INFO] [stdout] error: aborting due to 3 previous errors
[INFO] [stdout] 
[INFO] [stdout] For more information about this error, try `rustc --explain E0433`.
[INFO] [stdout] Couldn't compile the test.
[INFO] [stdout] ---- src/tensor.rs - tensor::Tensor<B>::get (line 1239) stdout ----
[INFO] [stdout] error[E0432]: unresolved import `zyx_opencl`
[INFO] [stdout]  --> src/tensor.rs:1240:5
[INFO] [stdout]   |
[INFO] [stdout] 3 | use zyx_opencl;
[INFO] [stdout]   |     ^^^^^^^^^^ no external crate `zyx_opencl`
[INFO] [stdout] 
[INFO] [stdout] error: aborting due to 1 previous error
[INFO] [stdout] 
[INFO] [stdout] For more information about this error, try `rustc --explain E0432`.
[INFO] [stdout] Couldn't compile the test.
[INFO] [stdout] ---- src/tensor.rs - tensor::Tensor<B>::dot (line 851) stdout ----
[INFO] [stdout] error[E0432]: unresolved import `zyx_opencl`
[INFO] [stdout]  --> src/tensor.rs:852:5
[INFO] [stdout]   |
[INFO] [stdout] 3 | use zyx_opencl::DType;
[INFO] [stdout]   |     ^^^^^^^^^^ use of undeclared crate or module `zyx_opencl`
[INFO] [stdout] 
[INFO] [stdout] error[E0433]: failed to resolve: use of undeclared crate or module `zyx_opencl`
[INFO] [stdout]  --> src/tensor.rs:853:11
[INFO] [stdout]   |
[INFO] [stdout] 4 | let dev = zyx_opencl::device()?;
[INFO] [stdout]   |           ^^^^^^^^^^ use of undeclared crate or module `zyx_opencl`
[INFO] [stdout] 
[INFO] [stdout] error[E0433]: failed to resolve: use of undeclared crate or module `zyx_opencl`
[INFO] [stdout]  --> src/tensor.rs:857:10
[INFO] [stdout]   |
[INFO] [stdout] 8 | Ok::<(), zyx_opencl::ZyxError>(())
[INFO] [stdout]   |          ^^^^^^^^^^ use of undeclared crate or module `zyx_opencl`
[INFO] [stdout] 
[INFO] [stdout] error: aborting due to 3 previous errors
[INFO] [stdout] 
[INFO] [stdout] Some errors have detailed explanations: E0432, E0433.
[INFO] [stdout] For more information about an error, try `rustc --explain E0432`.
[INFO] [stdout] Couldn't compile the test.
[INFO] [stdout] ---- src/tensor.rs - tensor::Tensor<B>::numel (line 430) stdout ----
[INFO] [stdout] error[E0433]: failed to resolve: use of undeclared crate or module `zyx_opencl`
[INFO] [stdout]  --> src/tensor.rs:431:11
[INFO] [stdout]   |
[INFO] [stdout] 3 | let dev = zyx_opencl::device()?;
[INFO] [stdout]   |           ^^^^^^^^^^ use of undeclared crate or module `zyx_opencl`
[INFO] [stdout] 
[INFO] [stdout] error[E0433]: failed to resolve: use of undeclared crate or module `zyx_opencl`
[INFO] [stdout]  --> src/tensor.rs:434:10
[INFO] [stdout]   |
[INFO] [stdout] 6 | Ok::<(), zyx_opencl::ZyxError>(())
[INFO] [stdout]   |          ^^^^^^^^^^ use of undeclared crate or module `zyx_opencl`
[INFO] [stdout] 
[INFO] [stdout] error: aborting due to 2 previous errors
[INFO] [stdout] 
[INFO] [stdout] For more information about this error, try `rustc --explain E0433`.
[INFO] [stdout] Couldn't compile the test.
[INFO] [stdout] ---- src/tensor.rs - tensor::Tensor<B>::cast (line 582) stdout ----
[INFO] [stdout] error[E0432]: unresolved import `zyx_opencl`
[INFO] [stdout]  --> src/tensor.rs:583:5
[INFO] [stdout]   |
[INFO] [stdout] 3 | use zyx_opencl::DType;
[INFO] [stdout]   |     ^^^^^^^^^^ use of undeclared crate or module `zyx_opencl`
[INFO] [stdout] 
[INFO] [stdout] error[E0433]: failed to resolve: use of undeclared crate or module `zyx_opencl`
[INFO] [stdout]  --> src/tensor.rs:584:11
[INFO] [stdout]   |
[INFO] [stdout] 4 | let dev = zyx_opencl::device()?;
[INFO] [stdout]   |           ^^^^^^^^^^ use of undeclared crate or module `zyx_opencl`
[INFO] [stdout] 
[INFO] [stdout] error[E0433]: failed to resolve: use of undeclared crate or module `zyx_opencl`
[INFO] [stdout]  --> src/tensor.rs:589:10
[INFO] [stdout]   |
[INFO] [stdout] 9 | Ok::<(), zyx_opencl::ZyxError>(())
[INFO] [stdout]   |          ^^^^^^^^^^ use of undeclared crate or module `zyx_opencl`
[INFO] [stdout] 
[INFO] [stdout] error: aborting due to 3 previous errors
[INFO] [stdout] 
[INFO] [stdout] Some errors have detailed explanations: E0432, E0433.
[INFO] [stdout] For more information about an error, try `rustc --explain E0432`.
[INFO] [stdout] Couldn't compile the test.
[INFO] [stdout] ---- src/tensor.rs - tensor::Tensor<B>::pad (line 956) stdout ----
[INFO] [stdout] error[E0432]: unresolved import `zyx_opencl`
[INFO] [stdout]  --> src/tensor.rs:957:5
[INFO] [stdout]   |
[INFO] [stdout] 3 | use zyx_opencl;
[INFO] [stdout]   |     ^^^^^^^^^^ no external crate `zyx_opencl`
[INFO] [stdout] 
[INFO] [stdout] error: aborting due to 1 previous error
[INFO] [stdout] 
[INFO] [stdout] For more information about this error, try `rustc --explain E0432`.
[INFO] [stdout] Couldn't compile the test.
[INFO] [stdout] ---- src/tensor.rs - tensor::Tensor<B>::shape (line 418) stdout ----
[INFO] [stdout] error[E0433]: failed to resolve: use of undeclared crate or module `zyx_opencl`
[INFO] [stdout]  --> src/tensor.rs:419:11
[INFO] [stdout]   |
[INFO] [stdout] 3 | let dev = zyx_opencl::device()?;
[INFO] [stdout]   |           ^^^^^^^^^^ use of undeclared crate or module `zyx_opencl`
[INFO] [stdout] 
[INFO] [stdout] error[E0433]: failed to resolve: use of undeclared crate or module `zyx_opencl`
[INFO] [stdout]  --> src/tensor.rs:422:10
[INFO] [stdout]   |
[INFO] [stdout] 6 | Ok::<(), zyx_opencl::ZyxError>(())
[INFO] [stdout]   |          ^^^^^^^^^^ use of undeclared crate or module `zyx_opencl`
[INFO] [stdout] 
[INFO] [stdout] error: aborting due to 2 previous errors
[INFO] [stdout] 
[INFO] [stdout] For more information about this error, try `rustc --explain E0433`.
[INFO] [stdout] Couldn't compile the test.
[INFO] [stdout] ---- src/tensor.rs - tensor::Tensor<B>::to_vec (line 514) stdout ----
[INFO] [stdout] error[E0433]: failed to resolve: use of undeclared crate or module `zyx_opencl`
[INFO] [stdout]  --> src/tensor.rs:515:11
[INFO] [stdout]   |
[INFO] [stdout] 3 | let dev = zyx_opencl::device()?;
[INFO] [stdout]   |           ^^^^^^^^^^ use of undeclared crate or module `zyx_opencl`
[INFO] [stdout] 
[INFO] [stdout] error[E0433]: failed to resolve: use of undeclared crate or module `zyx_opencl`
[INFO] [stdout]  --> src/tensor.rs:519:10
[INFO] [stdout]   |
[INFO] [stdout] 7 | Ok::<(), zyx_opencl::ZyxError>(())
[INFO] [stdout]   |          ^^^^^^^^^^ use of undeclared crate or module `zyx_opencl`
[INFO] [stdout] 
[INFO] [stdout] error: aborting due to 2 previous errors
[INFO] [stdout] 
[INFO] [stdout] For more information about this error, try `rustc --explain E0433`.
[INFO] [stdout] Couldn't compile the test.
[INFO] [stdout] 
[INFO] [stdout] failures:
[INFO] [stdout]     src/tensor.rs - tensor::Tensor<B>::backend (line 466)
[INFO] [stdout]     src/tensor.rs - tensor::Tensor<B>::backward (line 552)
[INFO] [stdout]     src/tensor.rs - tensor::Tensor<B>::cast (line 582)
[INFO] [stdout]     src/tensor.rs - tensor::Tensor<B>::detach (line 481)
[INFO] [stdout]     src/tensor.rs - tensor::Tensor<B>::dot (line 851)
[INFO] [stdout]     src/tensor.rs - tensor::Tensor<B>::dtype (line 442)
[INFO] [stdout]     src/tensor.rs - tensor::Tensor<B>::get (line 1239)
[INFO] [stdout]     src/tensor.rs - tensor::Tensor<B>::item (line 535)
[INFO] [stdout]     src/tensor.rs - tensor::Tensor<B>::max (line 1130)
[INFO] [stdout]     src/tensor.rs - tensor::Tensor<B>::numel (line 430)
[INFO] [stdout]     src/tensor.rs - tensor::Tensor<B>::pad (line 944)
[INFO] [stdout]     src/tensor.rs - tensor::Tensor<B>::pad (line 956)
[INFO] [stdout]     src/tensor.rs - tensor::Tensor<B>::rank (line 454)
[INFO] [stdout]     src/tensor.rs - tensor::Tensor<B>::shape (line 418)
[INFO] [stdout]     src/tensor.rs - tensor::Tensor<B>::sum (line 1100)
[INFO] [stdout]     src/tensor.rs - tensor::Tensor<B>::to_vec (line 514)
[INFO] [stdout] 
[INFO] [stdout] test result: FAILED. 1 passed; 16 failed; 0 ignored; 0 measured; 0 filtered out; finished in 0.13s
[INFO] [stdout] 
[INFO] [stderr] error: doctest failed, to rerun pass `--doc`
[INFO] running `Command { std: "docker" "inspect" "2fe06f8eef1e0944245e706bac46d0ca6d46833f0311589538fbe1d6cad1a73c", kill_on_drop: false }`
[INFO] running `Command { std: "docker" "rm" "-f" "2fe06f8eef1e0944245e706bac46d0ca6d46833f0311589538fbe1d6cad1a73c", kill_on_drop: false }`
[INFO] [stdout] 2fe06f8eef1e0944245e706bac46d0ca6d46833f0311589538fbe1d6cad1a73c
