[INFO] fetching crate zvariant_utils 3.0.1...
[INFO] testing zvariant_utils-3.0.1 against nightly-2024-10-28 for randomize-layout
[INFO] extracting crate zvariant_utils 3.0.1 into /workspace/builds/worker-5-tc1/source
[INFO] validating manifest of crates.io crate zvariant_utils 3.0.1 on toolchain nightly-2024-10-28
[INFO] running `Command { std: CARGO_HOME="/workspace/cargo-home" RUSTUP_HOME="/workspace/rustup-home" "/workspace/cargo-home/bin/cargo" "+nightly-2024-10-28" "metadata" "--manifest-path" "Cargo.toml" "--no-deps", kill_on_drop: false }`
[INFO] started tweaking crates.io crate zvariant_utils 3.0.1
[INFO] finished tweaking crates.io crate zvariant_utils 3.0.1
[INFO] tweaked toml for crates.io crate zvariant_utils 3.0.1 written to /workspace/builds/worker-5-tc1/source/Cargo.toml
[INFO] running `Command { std: CARGO_HOME="/workspace/cargo-home" RUSTUP_HOME="/workspace/rustup-home" "/workspace/cargo-home/bin/cargo" "+nightly-2024-10-28" "generate-lockfile" "--manifest-path" "Cargo.toml", kill_on_drop: false }`
[INFO] [stderr]     Updating crates.io index
[INFO] [stderr]      Locking 9 packages to latest compatible versions
[INFO] running `Command { std: CARGO_HOME="/workspace/cargo-home" RUSTUP_HOME="/workspace/rustup-home" "/workspace/cargo-home/bin/cargo" "+nightly-2024-10-28" "fetch" "--manifest-path" "Cargo.toml", kill_on_drop: false }`
[INFO] running `Command { std: "docker" "create" "-v" "/var/lib/crater-agent-workspace/builds/worker-5-tc1/target:/opt/rustwide/target:rw,Z" "-v" "/var/lib/crater-agent-workspace/builds/worker-5-tc1/source:/opt/rustwide/workdir:ro,Z" "-v" "/var/lib/crater-agent-workspace/cargo-home:/opt/rustwide/cargo-home:ro,Z" "-v" "/var/lib/crater-agent-workspace/rustup-home:/opt/rustwide/rustup-home:ro,Z" "-e" "SOURCE_DIR=/opt/rustwide/workdir" "-e" "CARGO_TARGET_DIR=/opt/rustwide/target" "-e" "CARGO_HOME=/opt/rustwide/cargo-home" "-e" "RUSTUP_HOME=/opt/rustwide/rustup-home" "-w" "/opt/rustwide/workdir" "-m" "1610612736" "--user" "0:0" "--network" "none" "ghcr.io/rust-lang/crates-build-env/linux@sha256:4a844ea9eb2546a2d2c7022eacef16ef2e8229c7fbb2c7d4d55a9ceca922f72d" "/opt/rustwide/cargo-home/bin/cargo" "+nightly-2024-10-28" "metadata" "--no-deps" "--format-version=1", kill_on_drop: false }`
[INFO] [stdout] aed92242adf12c27d46ee8af7d0734b67d5819e04b283d5a8127a984e5aba190
[INFO] running `Command { std: "docker" "start" "-a" "aed92242adf12c27d46ee8af7d0734b67d5819e04b283d5a8127a984e5aba190", kill_on_drop: false }`
[INFO] running `Command { std: "docker" "inspect" "aed92242adf12c27d46ee8af7d0734b67d5819e04b283d5a8127a984e5aba190", kill_on_drop: false }`
[INFO] running `Command { std: "docker" "rm" "-f" "aed92242adf12c27d46ee8af7d0734b67d5819e04b283d5a8127a984e5aba190", kill_on_drop: false }`
[INFO] [stdout] aed92242adf12c27d46ee8af7d0734b67d5819e04b283d5a8127a984e5aba190
[INFO] running `Command { std: "docker" "create" "-v" "/var/lib/crater-agent-workspace/builds/worker-5-tc1/target:/opt/rustwide/target:rw,Z" "-v" "/var/lib/crater-agent-workspace/builds/worker-5-tc1/source:/opt/rustwide/workdir:ro,Z" "-v" "/var/lib/crater-agent-workspace/cargo-home:/opt/rustwide/cargo-home:ro,Z" "-v" "/var/lib/crater-agent-workspace/rustup-home:/opt/rustwide/rustup-home:ro,Z" "-e" "SOURCE_DIR=/opt/rustwide/workdir" "-e" "CARGO_TARGET_DIR=/opt/rustwide/target" "-e" "CARGO_INCREMENTAL=0" "-e" "RUST_BACKTRACE=full" "-e" "RUSTFLAGS=--cap-lints=forbid" "-e" "RUSTDOCFLAGS=--cap-lints=forbid" "-e" "CARGO_HOME=/opt/rustwide/cargo-home" "-e" "RUSTUP_HOME=/opt/rustwide/rustup-home" "-w" "/opt/rustwide/workdir" "-m" "1610612736" "--user" "0:0" "--network" "none" "ghcr.io/rust-lang/crates-build-env/linux@sha256:4a844ea9eb2546a2d2c7022eacef16ef2e8229c7fbb2c7d4d55a9ceca922f72d" "/opt/rustwide/cargo-home/bin/cargo" "+nightly-2024-10-28" "build" "--frozen" "--message-format=json", kill_on_drop: false }`
[INFO] [stdout] e492173191d5278d0512a9a9930e019c0984ecb931fd6f79acb64c18b2886843
[INFO] running `Command { std: "docker" "start" "-a" "e492173191d5278d0512a9a9930e019c0984ecb931fd6f79acb64c18b2886843", kill_on_drop: false }`
[INFO] [stderr]    Compiling proc-macro2 v1.0.89
[INFO] [stderr]    Compiling unicode-ident v1.0.13
[INFO] [stderr]    Compiling static_assertions v1.1.0
[INFO] [stderr]    Compiling quote v1.0.37
[INFO] [stderr]    Compiling syn v2.0.86
[INFO] [stderr]    Compiling zvariant_utils v3.0.1 (/opt/rustwide/workdir)
[INFO] [stderr]     Finished `dev` profile [unoptimized + debuginfo] target(s) in 3.50s
[INFO] running `Command { std: "docker" "inspect" "e492173191d5278d0512a9a9930e019c0984ecb931fd6f79acb64c18b2886843", kill_on_drop: false }`
[INFO] running `Command { std: "docker" "rm" "-f" "e492173191d5278d0512a9a9930e019c0984ecb931fd6f79acb64c18b2886843", kill_on_drop: false }`
[INFO] [stdout] e492173191d5278d0512a9a9930e019c0984ecb931fd6f79acb64c18b2886843
[INFO] running `Command { std: "docker" "create" "-v" "/var/lib/crater-agent-workspace/builds/worker-5-tc1/target:/opt/rustwide/target:rw,Z" "-v" "/var/lib/crater-agent-workspace/builds/worker-5-tc1/source:/opt/rustwide/workdir:ro,Z" "-v" "/var/lib/crater-agent-workspace/cargo-home:/opt/rustwide/cargo-home:ro,Z" "-v" "/var/lib/crater-agent-workspace/rustup-home:/opt/rustwide/rustup-home:ro,Z" "-e" "SOURCE_DIR=/opt/rustwide/workdir" "-e" "CARGO_TARGET_DIR=/opt/rustwide/target" "-e" "CARGO_INCREMENTAL=0" "-e" "RUST_BACKTRACE=full" "-e" "RUSTFLAGS=--cap-lints=forbid" "-e" "RUSTDOCFLAGS=--cap-lints=forbid" "-e" "CARGO_HOME=/opt/rustwide/cargo-home" "-e" "RUSTUP_HOME=/opt/rustwide/rustup-home" "-w" "/opt/rustwide/workdir" "-m" "1610612736" "--user" "0:0" "--network" "none" "ghcr.io/rust-lang/crates-build-env/linux@sha256:4a844ea9eb2546a2d2c7022eacef16ef2e8229c7fbb2c7d4d55a9ceca922f72d" "/opt/rustwide/cargo-home/bin/cargo" "+nightly-2024-10-28" "test" "--frozen" "--no-run" "--message-format=json", kill_on_drop: false }`
[INFO] [stdout] af33df83b6be480fa19d3aaadd5c327c20527e7f8333fd03689c26be0b671848
[INFO] running `Command { std: "docker" "start" "-a" "af33df83b6be480fa19d3aaadd5c327c20527e7f8333fd03689c26be0b671848", kill_on_drop: false }`
[INFO] [stderr]    Compiling zvariant_utils v3.0.1 (/opt/rustwide/workdir)
[INFO] [stderr]     Finished `test` profile [unoptimized + debuginfo] target(s) in 0.47s
[INFO] running `Command { std: "docker" "inspect" "af33df83b6be480fa19d3aaadd5c327c20527e7f8333fd03689c26be0b671848", kill_on_drop: false }`
[INFO] running `Command { std: "docker" "rm" "-f" "af33df83b6be480fa19d3aaadd5c327c20527e7f8333fd03689c26be0b671848", kill_on_drop: false }`
[INFO] [stdout] af33df83b6be480fa19d3aaadd5c327c20527e7f8333fd03689c26be0b671848
[INFO] running `Command { std: "docker" "create" "-v" "/var/lib/crater-agent-workspace/builds/worker-5-tc1/target:/opt/rustwide/target:rw,Z" "-v" "/var/lib/crater-agent-workspace/builds/worker-5-tc1/source:/opt/rustwide/workdir:ro,Z" "-v" "/var/lib/crater-agent-workspace/cargo-home:/opt/rustwide/cargo-home:ro,Z" "-v" "/var/lib/crater-agent-workspace/rustup-home:/opt/rustwide/rustup-home:ro,Z" "-e" "SOURCE_DIR=/opt/rustwide/workdir" "-e" "CARGO_TARGET_DIR=/opt/rustwide/target" "-e" "CARGO_INCREMENTAL=0" "-e" "RUST_BACKTRACE=full" "-e" "RUSTFLAGS=--cap-lints=forbid" "-e" "RUSTDOCFLAGS=--cap-lints=forbid" "-e" "CARGO_HOME=/opt/rustwide/cargo-home" "-e" "RUSTUP_HOME=/opt/rustwide/rustup-home" "-w" "/opt/rustwide/workdir" "-m" "1610612736" "--user" "0:0" "--network" "none" "ghcr.io/rust-lang/crates-build-env/linux@sha256:4a844ea9eb2546a2d2c7022eacef16ef2e8229c7fbb2c7d4d55a9ceca922f72d" "/opt/rustwide/cargo-home/bin/cargo" "+nightly-2024-10-28" "test" "--frozen", kill_on_drop: false }`
[INFO] [stdout] d749674a51d9412f4ffa304b079831e1499b425b11553a5e24c97d0cd76cacab
[INFO] running `Command { std: "docker" "start" "-a" "d749674a51d9412f4ffa304b079831e1499b425b11553a5e24c97d0cd76cacab", kill_on_drop: false }`
[INFO] [stderr]     Finished `test` profile [unoptimized + debuginfo] target(s) in 0.01s
[INFO] [stderr]      Running unittests src/lib.rs (/opt/rustwide/target/debug/deps/zvariant_utils-ed8b1195a741bf1f)
[INFO] [stdout] 
[INFO] [stdout] running 7 tests
[INFO] [stdout] test case::tests::test_camel_case ... ok
[INFO] [stdout] test case::tests::test_kebab_case ... ok
[INFO] [stdout] test case::tests::test_pascal_case ... ok
[INFO] [stdout] test case::tests::test_snake_case ... ok
[INFO] [stdout] test signature::tests::hash ... ok
[INFO] [stdout] test signature::tests::invalid_strings ... ok
[INFO] [stdout] test signature::tests::validate_strings ... ok
[INFO] [stdout] 
[INFO] [stdout] test result: ok. 7 passed; 0 failed; 0 ignored; 0 measured; 0 filtered out; finished in 0.00s
[INFO] [stdout] 
[INFO] [stderr]    Doc-tests zvariant_utils
[INFO] [stdout] 
[INFO] [stdout] running 5 tests
[INFO] [stdout] test src/signature/mod.rs - signature::Signature (line 29) ... FAILED
[INFO] [stdout] test src/macros.rs - macros::def_attrs (line 162) ... ok
[INFO] [stdout] test src/macros.rs - macros::def_attrs (line 223) ... ok
[INFO] [stdout] test src/macros.rs - macros::def_attrs (line 146) ... ok
[INFO] [stdout] test src/macros.rs - macros::def_attrs (line 199) ... ok
[INFO] [stdout] 
[INFO] [stdout] failures:
[INFO] [stdout] 
[INFO] [stdout] ---- src/signature/mod.rs - signature::Signature (line 29) stdout ----
[INFO] [stdout] error[E0432]: unresolved import `zvariant`
[INFO] [stdout]  --> src/signature/mod.rs:31:5
[INFO] [stdout]   |
[INFO] [stdout] 4 | use zvariant::Signature;
[INFO] [stdout]   |     ^^^^^^^^ use of undeclared crate or module `zvariant`
[INFO] [stdout] 
[INFO] [stdout] error: aborting due to 1 previous error
[INFO] [stdout] 
[INFO] [stdout] For more information about this error, try `rustc --explain E0432`.
[INFO] [stdout] Couldn't compile the test.
[INFO] [stdout] 
[INFO] [stdout] failures:
[INFO] [stdout]     src/signature/mod.rs - signature::Signature (line 29)
[INFO] [stdout] 
[INFO] [stdout] test result: FAILED. 4 passed; 1 failed; 0 ignored; 0 measured; 0 filtered out; finished in 0.11s
[INFO] [stdout] 
[INFO] [stderr] error: doctest failed, to rerun pass `--doc`
[INFO] running `Command { std: "docker" "inspect" "d749674a51d9412f4ffa304b079831e1499b425b11553a5e24c97d0cd76cacab", kill_on_drop: false }`
[INFO] running `Command { std: "docker" "rm" "-f" "d749674a51d9412f4ffa304b079831e1499b425b11553a5e24c97d0cd76cacab", kill_on_drop: false }`
[INFO] [stdout] d749674a51d9412f4ffa304b079831e1499b425b11553a5e24c97d0cd76cacab
