[INFO] fetching crate zmq2 0.5.0...
[INFO] testing zmq2-0.5.0 against nightly-2024-10-28 for randomize-layout
[INFO] extracting crate zmq2 0.5.0 into /workspace/builds/worker-4-tc1/source
[INFO] validating manifest of crates.io crate zmq2 0.5.0 on toolchain nightly-2024-10-28
[INFO] running `Command { std: CARGO_HOME="/workspace/cargo-home" RUSTUP_HOME="/workspace/rustup-home" "/workspace/cargo-home/bin/cargo" "+nightly-2024-10-28" "metadata" "--manifest-path" "Cargo.toml" "--no-deps", kill_on_drop: false }`
[INFO] started tweaking crates.io crate zmq2 0.5.0
[INFO] removed 0 missing examples
[INFO] finished tweaking crates.io crate zmq2 0.5.0
[INFO] tweaked toml for crates.io crate zmq2 0.5.0 written to /workspace/builds/worker-4-tc1/source/Cargo.toml
[INFO] crate crates.io crate zmq2 0.5.0 already has a lockfile, it will not be regenerated
[INFO] running `Command { std: CARGO_HOME="/workspace/cargo-home" RUSTUP_HOME="/workspace/rustup-home" "/workspace/cargo-home/bin/cargo" "+nightly-2024-10-28" "fetch" "--manifest-path" "Cargo.toml", kill_on_drop: false }`
[INFO] [stderr]     Blocking waiting for file lock on package cache
[INFO] [stderr]     Updating crates.io index
[INFO] [stderr]     Blocking waiting for file lock on package cache
[INFO] [stderr]  Downloading crates ...
[INFO] [stderr]   Downloaded dircpy v0.3.8
[INFO] [stderr]   Downloaded timebomb v0.1.2
[INFO] [stderr]   Downloaded cfg-expr v0.10.2
[INFO] [stderr]   Downloaded version-compare v0.1.0
[INFO] [stderr]   Downloaded trybuild v1.0.56
[INFO] [stderr]   Downloaded pulse v0.5.3
[INFO] [stderr]   Downloaded system-deps v6.0.2
[INFO] [stderr]   Downloaded zeromq-src v0.2.2+4.3.4
[INFO] running `Command { std: "docker" "create" "-v" "/var/lib/crater-agent-workspace/builds/worker-4-tc1/target:/opt/rustwide/target:rw,Z" "-v" "/var/lib/crater-agent-workspace/builds/worker-4-tc1/source:/opt/rustwide/workdir:ro,Z" "-v" "/var/lib/crater-agent-workspace/cargo-home:/opt/rustwide/cargo-home:ro,Z" "-v" "/var/lib/crater-agent-workspace/rustup-home:/opt/rustwide/rustup-home:ro,Z" "-e" "SOURCE_DIR=/opt/rustwide/workdir" "-e" "CARGO_TARGET_DIR=/opt/rustwide/target" "-e" "CARGO_HOME=/opt/rustwide/cargo-home" "-e" "RUSTUP_HOME=/opt/rustwide/rustup-home" "-w" "/opt/rustwide/workdir" "-m" "1610612736" "--user" "0:0" "--network" "none" "ghcr.io/rust-lang/crates-build-env/linux@sha256:4a844ea9eb2546a2d2c7022eacef16ef2e8229c7fbb2c7d4d55a9ceca922f72d" "/opt/rustwide/cargo-home/bin/cargo" "+nightly-2024-10-28" "metadata" "--no-deps" "--format-version=1", kill_on_drop: false }`
[INFO] [stdout] 69c0e765e574e04840a888f368fa9069bfc8fd9289ee8c04f2edc281f9063f5c
[INFO] running `Command { std: "docker" "start" "-a" "69c0e765e574e04840a888f368fa9069bfc8fd9289ee8c04f2edc281f9063f5c", kill_on_drop: false }`
[INFO] running `Command { std: "docker" "inspect" "69c0e765e574e04840a888f368fa9069bfc8fd9289ee8c04f2edc281f9063f5c", kill_on_drop: false }`
[INFO] running `Command { std: "docker" "rm" "-f" "69c0e765e574e04840a888f368fa9069bfc8fd9289ee8c04f2edc281f9063f5c", kill_on_drop: false }`
[INFO] [stdout] 69c0e765e574e04840a888f368fa9069bfc8fd9289ee8c04f2edc281f9063f5c
[INFO] running `Command { std: "docker" "create" "-v" "/var/lib/crater-agent-workspace/builds/worker-4-tc1/target:/opt/rustwide/target:rw,Z" "-v" "/var/lib/crater-agent-workspace/builds/worker-4-tc1/source:/opt/rustwide/workdir:ro,Z" "-v" "/var/lib/crater-agent-workspace/cargo-home:/opt/rustwide/cargo-home:ro,Z" "-v" "/var/lib/crater-agent-workspace/rustup-home:/opt/rustwide/rustup-home:ro,Z" "-e" "SOURCE_DIR=/opt/rustwide/workdir" "-e" "CARGO_TARGET_DIR=/opt/rustwide/target" "-e" "CARGO_INCREMENTAL=0" "-e" "RUST_BACKTRACE=full" "-e" "RUSTFLAGS=--cap-lints=forbid" "-e" "RUSTDOCFLAGS=--cap-lints=forbid" "-e" "CARGO_HOME=/opt/rustwide/cargo-home" "-e" "RUSTUP_HOME=/opt/rustwide/rustup-home" "-w" "/opt/rustwide/workdir" "-m" "1610612736" "--user" "0:0" "--network" "none" "ghcr.io/rust-lang/crates-build-env/linux@sha256:4a844ea9eb2546a2d2c7022eacef16ef2e8229c7fbb2c7d4d55a9ceca922f72d" "/opt/rustwide/cargo-home/bin/cargo" "+nightly-2024-10-28" "build" "--frozen" "--message-format=json", kill_on_drop: false }`
[INFO] [stdout] f84c284f43d3ded88994a0227b418dda030020ba6a96afa1747cba08cd25737b
[INFO] running `Command { std: "docker" "start" "-a" "f84c284f43d3ded88994a0227b418dda030020ba6a96afa1747cba08cd25737b", kill_on_drop: false }`
[INFO] [stderr]    Compiling proc-macro2 v1.0.36
[INFO] [stderr]    Compiling unicode-xid v0.2.2
[INFO] [stderr]    Compiling syn v1.0.86
[INFO] [stderr]    Compiling libc v0.2.119
[INFO] [stderr]    Compiling serde_derive v1.0.136
[INFO] [stderr]    Compiling log v0.4.14
[INFO] [stderr]    Compiling serde v1.0.136
[INFO] [stderr]    Compiling same-file v1.0.6
[INFO] [stderr]    Compiling cfg-if v1.0.0
[INFO] [stderr]    Compiling smallvec v1.8.0
[INFO] [stderr]    Compiling version-compare v0.1.0
[INFO] [stderr]    Compiling pkg-config v0.3.24
[INFO] [stderr]    Compiling heck v0.4.0
[INFO] [stderr]    Compiling zmq2 v0.5.0 (/opt/rustwide/workdir)
[INFO] [stderr]    Compiling bitflags v1.3.2
[INFO] [stderr]    Compiling walkdir v2.3.2
[INFO] [stderr]    Compiling cfg-expr v0.10.2
[INFO] [stderr]    Compiling dircpy v0.3.8
[INFO] [stderr]    Compiling quote v1.0.15
[INFO] [stderr]    Compiling jobserver v0.1.24
[INFO] [stderr]    Compiling cc v1.0.73
[INFO] [stderr]    Compiling zeromq-src v0.2.2+4.3.4
[INFO] [stderr]    Compiling toml v0.5.8
[INFO] [stderr]    Compiling system-deps v6.0.2
[INFO] [stderr]    Compiling zmq-sys2 v0.3.0
[INFO] [stderr]     Finished `dev` profile [unoptimized + debuginfo] target(s) in 46.08s
[INFO] running `Command { std: "docker" "inspect" "f84c284f43d3ded88994a0227b418dda030020ba6a96afa1747cba08cd25737b", kill_on_drop: false }`
[INFO] running `Command { std: "docker" "rm" "-f" "f84c284f43d3ded88994a0227b418dda030020ba6a96afa1747cba08cd25737b", kill_on_drop: false }`
[INFO] [stdout] f84c284f43d3ded88994a0227b418dda030020ba6a96afa1747cba08cd25737b
[INFO] running `Command { std: "docker" "create" "-v" "/var/lib/crater-agent-workspace/builds/worker-4-tc1/target:/opt/rustwide/target:rw,Z" "-v" "/var/lib/crater-agent-workspace/builds/worker-4-tc1/source:/opt/rustwide/workdir:ro,Z" "-v" "/var/lib/crater-agent-workspace/cargo-home:/opt/rustwide/cargo-home:ro,Z" "-v" "/var/lib/crater-agent-workspace/rustup-home:/opt/rustwide/rustup-home:ro,Z" "-e" "SOURCE_DIR=/opt/rustwide/workdir" "-e" "CARGO_TARGET_DIR=/opt/rustwide/target" "-e" "CARGO_INCREMENTAL=0" "-e" "RUST_BACKTRACE=full" "-e" "RUSTFLAGS=--cap-lints=forbid" "-e" "RUSTDOCFLAGS=--cap-lints=forbid" "-e" "CARGO_HOME=/opt/rustwide/cargo-home" "-e" "RUSTUP_HOME=/opt/rustwide/rustup-home" "-w" "/opt/rustwide/workdir" "-m" "1610612736" "--user" "0:0" "--network" "none" "ghcr.io/rust-lang/crates-build-env/linux@sha256:4a844ea9eb2546a2d2c7022eacef16ef2e8229c7fbb2c7d4d55a9ceca922f72d" "/opt/rustwide/cargo-home/bin/cargo" "+nightly-2024-10-28" "test" "--frozen" "--no-run" "--message-format=json", kill_on_drop: false }`
[INFO] [stdout] a22c9030ddc9ab20e830b5eb2800ad04a54248fa47a2f60233a5d0604150d1b7
[INFO] running `Command { std: "docker" "start" "-a" "a22c9030ddc9ab20e830b5eb2800ad04a54248fa47a2f60233a5d0604150d1b7", kill_on_drop: false }`
[INFO] [stderr]    Compiling cfg-if v1.0.0
[INFO] [stderr]    Compiling memchr v2.4.1
[INFO] [stderr]    Compiling autocfg v1.1.0
[INFO] [stderr]    Compiling ppv-lite86 v0.2.16
[INFO] [stderr]    Compiling log v0.4.14
[INFO] [stderr]    Compiling serde v1.0.136
[INFO] [stderr]    Compiling serde_json v1.0.79
[INFO] [stderr]    Compiling regex-syntax v0.6.25
[INFO] [stderr]    Compiling ryu v1.0.9
[INFO] [stderr]    Compiling atom v0.3.6
[INFO] [stderr]    Compiling time v0.1.43
[INFO] [stderr]    Compiling trybuild v1.0.56
[INFO] [stderr]    Compiling num_threads v0.1.3
[INFO] [stderr]    Compiling itoa v1.0.1
[INFO] [stderr]    Compiling once_cell v1.10.0
[INFO] [stderr]    Compiling glob v0.3.0
[INFO] [stderr]    Compiling termcolor v1.1.3
[INFO] [stderr]    Compiling getrandom v0.2.5
[INFO] [stderr]    Compiling dircpy v0.3.8
[INFO] [stderr]    Compiling time v0.3.7
[INFO] [stderr]    Compiling fastrand v1.7.0
[INFO] [stderr]    Compiling remove_dir_all v0.5.3
[INFO] [stderr]    Compiling env_logger v0.9.0
[INFO] [stderr]    Compiling rand_core v0.6.3
[INFO] [stderr]    Compiling zeromq-src v0.2.2+4.3.4
[INFO] [stderr]    Compiling memoffset v0.6.5
[INFO] [stderr]    Compiling tempfile v3.3.0
[INFO] [stderr]    Compiling pulse v0.5.3
[INFO] [stderr]    Compiling rand_chacha v0.3.1
[INFO] [stderr]    Compiling nix v0.23.1
[INFO] [stderr]    Compiling timebomb v0.1.2
[INFO] [stderr]    Compiling rand v0.8.5
[INFO] [stderr]    Compiling aho-corasick v0.7.18
[INFO] [stderr]    Compiling regex v1.5.4
[INFO] [stderr]    Compiling env_logger v0.8.4
[INFO] [stderr]    Compiling quickcheck v1.0.3
[INFO] [stderr]    Compiling toml v0.5.8
[INFO] [stderr]    Compiling system-deps v6.0.2
[INFO] [stderr]    Compiling zmq-sys2 v0.3.0
[INFO] [stderr]    Compiling zmq2 v0.5.0 (/opt/rustwide/workdir)
[INFO] [stdout] warning: struct `Input` is never constructed
[INFO] [stdout]   --> tests/z85.rs:39:8
[INFO] [stdout]    |
[INFO] [stdout] 39 | struct Input(Vec<u8>);
[INFO] [stdout]    |        ^^^^^
[INFO] [stdout]    |
[INFO] [stdout]    = note: `#[warn(dead_code)]` on by default
[INFO] [stdout] 
[INFO] [stdout] 
[INFO] [stdout] warning: unexpected `cfg` condition value: `compiletest_rs`
[INFO] [stdout]    --> tests/test.rs:589:7
[INFO] [stdout]     |
[INFO] [stdout] 589 | #[cfg(feature = "compiletest_rs")]
[INFO] [stdout]     |       ^^^^^^^^^^^^^^^^^^^^^^^^^^
[INFO] [stdout]     |
[INFO] [stdout]     = note: expected values for `feature` are: `default` and `zmq_has`
[INFO] [stdout]     = help: consider adding `compiletest_rs` as a feature in `Cargo.toml`
[INFO] [stdout]     = note: see <https://doc.rust-lang.org/nightly/rustc/check-cfg/cargo-specifics.html> for more information about checking conditional configuration
[INFO] [stdout]     = note: `#[warn(unexpected_cfgs)]` on by default
[INFO] [stdout] 
[INFO] [stdout] 
[INFO] [stderr]     Finished `test` profile [unoptimized + debuginfo] target(s) in 38.33s
[INFO] running `Command { std: "docker" "inspect" "a22c9030ddc9ab20e830b5eb2800ad04a54248fa47a2f60233a5d0604150d1b7", kill_on_drop: false }`
[INFO] running `Command { std: "docker" "rm" "-f" "a22c9030ddc9ab20e830b5eb2800ad04a54248fa47a2f60233a5d0604150d1b7", kill_on_drop: false }`
[INFO] [stdout] a22c9030ddc9ab20e830b5eb2800ad04a54248fa47a2f60233a5d0604150d1b7
[INFO] running `Command { std: "docker" "create" "-v" "/var/lib/crater-agent-workspace/builds/worker-4-tc1/target:/opt/rustwide/target:rw,Z" "-v" "/var/lib/crater-agent-workspace/builds/worker-4-tc1/source:/opt/rustwide/workdir:ro,Z" "-v" "/var/lib/crater-agent-workspace/cargo-home:/opt/rustwide/cargo-home:ro,Z" "-v" "/var/lib/crater-agent-workspace/rustup-home:/opt/rustwide/rustup-home:ro,Z" "-e" "SOURCE_DIR=/opt/rustwide/workdir" "-e" "CARGO_TARGET_DIR=/opt/rustwide/target" "-e" "CARGO_INCREMENTAL=0" "-e" "RUST_BACKTRACE=full" "-e" "RUSTFLAGS=--cap-lints=forbid" "-e" "RUSTDOCFLAGS=--cap-lints=forbid" "-e" "CARGO_HOME=/opt/rustwide/cargo-home" "-e" "RUSTUP_HOME=/opt/rustwide/rustup-home" "-w" "/opt/rustwide/workdir" "-m" "1610612736" "--user" "0:0" "--network" "none" "ghcr.io/rust-lang/crates-build-env/linux@sha256:4a844ea9eb2546a2d2c7022eacef16ef2e8229c7fbb2c7d4d55a9ceca922f72d" "/opt/rustwide/cargo-home/bin/cargo" "+nightly-2024-10-28" "test" "--frozen", kill_on_drop: false }`
[INFO] [stdout] c245ae77b3334461a0c4fff6f325040efdfe59b6aaa1c5a1f945fad3a3abeb0d
[INFO] running `Command { std: "docker" "start" "-a" "c245ae77b3334461a0c4fff6f325040efdfe59b6aaa1c5a1f945fad3a3abeb0d", kill_on_drop: false }`
[INFO] [stderr] warning: struct `Input` is never constructed
[INFO] [stderr]   --> tests/z85.rs:39:8
[INFO] [stderr]    |
[INFO] [stderr] 39 | struct Input(Vec<u8>);
[INFO] [stderr]    |        ^^^^^
[INFO] [stderr]    |
[INFO] [stderr]    = note: `#[warn(dead_code)]` on by default
[INFO] [stderr] 
[INFO] [stderr] warning: `zmq2` (test "z85") generated 1 warning
[INFO] [stderr] warning: unexpected `cfg` condition value: `compiletest_rs`
[INFO] [stderr]    --> tests/test.rs:589:7
[INFO] [stderr]     |
[INFO] [stderr] 589 | #[cfg(feature = "compiletest_rs")]
[INFO] [stderr]     |       ^^^^^^^^^^^^^^^^^^^^^^^^^^
[INFO] [stderr]     |
[INFO] [stderr]     = note: expected values for `feature` are: `default` and `zmq_has`
[INFO] [stderr]     = help: consider adding `compiletest_rs` as a feature in `Cargo.toml`
[INFO] [stderr]     = note: see <https://doc.rust-lang.org/nightly/rustc/check-cfg/cargo-specifics.html> for more information about checking conditional configuration
[INFO] [stderr]     = note: `#[warn(unexpected_cfgs)]` on by default
[INFO] [stderr] 
[INFO] [stderr] warning: `zmq2` (test "test") generated 1 warning
[INFO] [stderr]     Finished `test` profile [unoptimized + debuginfo] target(s) in 0.07s
[INFO] [stderr]      Running unittests src/lib.rs (/opt/rustwide/target/debug/deps/zmq2-55a7e8d8e4cb1e27)
[INFO] [stdout] 
[INFO] [stdout] running 0 tests
[INFO] [stdout] 
[INFO] [stdout] test result: ok. 0 passed; 0 failed; 0 ignored; 0 measured; 0 filtered out; finished in 0.00s
[INFO] [stdout] 
[INFO] [stderr]      Running tests/compile-tests.rs (/opt/rustwide/target/debug/deps/compile_tests-b0e085a990979055)
[INFO] [stdout] 
[INFO] [stdout] running 1 test
[INFO] [stderr] warning: `/opt/rustwide/target/tests/zmq2/.cargo/config` is deprecated in favor of `config.toml`
[INFO] [stderr] note: if you need to support cargo 1.38 or earlier, you can symlink `config` to `config.toml`
[INFO] [stderr]    Compiling libc v0.2.119
[INFO] [stderr]    Compiling log v0.4.14
[INFO] [stderr]     Checking cfg-if v1.0.0
[INFO] [stderr]    Compiling serde v1.0.136
[INFO] [stderr]    Compiling same-file v1.0.6
[INFO] [stderr]    Compiling smallvec v1.8.0
[INFO] [stderr]    Compiling pkg-config v0.3.24
[INFO] [stderr]    Compiling version-compare v0.1.0
[INFO] [stderr]    Compiling heck v0.4.0
[INFO] [stderr]    Compiling memchr v2.4.1
[INFO] [stderr]    Compiling autocfg v1.1.0
[INFO] [stderr]     Checking ppv-lite86 v0.2.16
[INFO] [stderr]     Checking regex-syntax v0.6.25
[INFO] [stderr]    Compiling zmq2 v0.5.0 (/opt/rustwide/workdir)
[INFO] [stderr]     Checking atom v0.3.6
[INFO] [stderr]     Checking num_threads v0.1.3
[INFO] [stderr]     Checking bitflags v1.3.2
[INFO] [stderr]     Checking remove_dir_all v0.5.3
[INFO] [stderr]    Compiling walkdir v2.3.2
[INFO] [stderr]     Checking fastrand v1.7.0
[INFO] [stderr]    Compiling cfg-expr v0.10.2
[INFO] [stderr]    Compiling dircpy v0.3.8
[INFO] [stderr]     Checking env_logger v0.9.0
[INFO] [stderr]    Compiling memoffset v0.6.5
[INFO] [stderr]     Checking aho-corasick v0.7.18
[INFO] [stderr]    Compiling jobserver v0.1.24
[INFO] [stderr]     Checking regex v1.5.4
[INFO] [stderr]     Checking getrandom v0.2.5
[INFO] [stderr]     Checking time v0.1.43
[INFO] [stderr]     Checking time v0.3.7
[INFO] [stderr]     Checking tempfile v3.3.0
[INFO] [stderr]     Checking nix v0.23.1
[INFO] [stderr]    Compiling cc v1.0.73
[INFO] [stderr]     Checking rand_core v0.6.3
[INFO] [stderr]     Checking rand_chacha v0.3.1
[INFO] [stderr]     Checking pulse v0.5.3
[INFO] [stderr]     Checking timebomb v0.1.2
[INFO] [stderr]     Checking rand v0.8.5
[INFO] [stderr]    Compiling zeromq-src v0.2.2+4.3.4
[INFO] [stderr]     Checking env_logger v0.8.4
[INFO] [stderr]     Checking quickcheck v1.0.3
[INFO] [stderr]    Compiling toml v0.5.8
[INFO] [stderr]    Compiling system-deps v6.0.2
[INFO] [stderr]    Compiling zmq-sys2 v0.3.0
[INFO] [stderr]     Checking zmq2-tests v0.0.0 (/opt/rustwide/target/tests/zmq2)
[INFO] [stderr]     Finished `dev` profile [unoptimized + debuginfo] target(s) in 35.80s
[INFO] [stderr] 
[INFO] [stderr] 
[INFO] [stderr] test tests/compile-fail/no-leaking-poll-items.rs ... mismatch
[INFO] [stderr] 
[INFO] [stderr] EXPECTED:
[INFO] [stderr] ┈┈┈┈┈┈┈┈┈┈┈┈┈┈┈┈┈┈┈┈┈┈┈┈┈┈┈┈┈┈┈┈┈┈┈┈┈┈┈┈┈┈┈┈┈┈┈┈┈┈┈┈┈┈┈┈┈┈┈┈
[INFO] [stderr] error[E0597]: `socket` does not live long enough
[INFO] [stderr]  --> $DIR/no-leaking-poll-items.rs:5:9
[INFO] [stderr]   |
[INFO] [stderr] 3 |     let _poll_item = {
[INFO] [stderr]   |         ---------- borrow later stored here
[INFO] [stderr] 4 |         let socket = context.socket(zmq2::PAIR).unwrap();
[INFO] [stderr] 5 |         socket.as_poll_item(zmq2::POLLIN)
[INFO] [stderr]   |         ^^^^^^^^^^^^^^^^^^^^^^^^^^^^^^^^^ borrowed value does not live long enough
[INFO] [stderr] 6 |     }; //~^ ERROR `socket` does not live long enough [E0597]
[INFO] [stderr]   |     - `socket` dropped here while still borrowed
[INFO] [stderr] ┈┈┈┈┈┈┈┈┈┈┈┈┈┈┈┈┈┈┈┈┈┈┈┈┈┈┈┈┈┈┈┈┈┈┈┈┈┈┈┈┈┈┈┈┈┈┈┈┈┈┈┈┈┈┈┈┈┈┈┈
[INFO] [stderr] 
[INFO] [stderr] ACTUAL OUTPUT:
[INFO] [stderr] ┈┈┈┈┈┈┈┈┈┈┈┈┈┈┈┈┈┈┈┈┈┈┈┈┈┈┈┈┈┈┈┈┈┈┈┈┈┈┈┈┈┈┈┈┈┈┈┈┈┈┈┈┈┈┈┈┈┈┈┈
[INFO] [stderr] warning: `/opt/rustwide/target/tests/zmq2/.cargo/config` is deprecated in favor of `config.toml`
[INFO] [stderr] note: if you need to support cargo 1.38 or earlier, you can symlink `config` to `config.toml`
[INFO] [stderr] error[E0597]: `socket` does not live long enough
[INFO] [stderr]  --> tests/compile-fail/no-leaking-poll-items.rs:5:9
[INFO] [stderr]   |
[INFO] [stderr] 3 |     let _poll_item = {
[INFO] [stderr]   |         ---------- borrow later stored here
[INFO] [stderr] 4 |         let socket = context.socket(zmq2::PAIR).unwrap();
[INFO] [stderr]   |             ------ binding `socket` declared here
[INFO] [stderr] 5 |         socket.as_poll_item(zmq2::POLLIN)
[INFO] [stderr]   |         ^^^^^^ borrowed value does not live long enough
[INFO] [stderr] 6 |     }; //~^ ERROR `socket` does not live long enough [E0597]
[INFO] [stderr]   |     - `socket` dropped here while still borrowed
[INFO] [stderr] ┈┈┈┈┈┈┈┈┈┈┈┈┈┈┈┈┈┈┈┈┈┈┈┈┈┈┈┈┈┈┈┈┈┈┈┈┈┈┈┈┈┈┈┈┈┈┈┈┈┈┈┈┈┈┈┈┈┈┈┈
[INFO] [stderr] note: If the actual output is the correct output you can bless it by rerunning
[INFO] [stderr]       your test with the environment variable TRYBUILD=overwrite
[INFO] [stderr] 
[INFO] [stderr] test tests/compile-fail/socket-thread-unsafe.rs ... mismatch
[INFO] [stderr] 
[INFO] [stderr] EXPECTED:
[INFO] [stderr] ┈┈┈┈┈┈┈┈┈┈┈┈┈┈┈┈┈┈┈┈┈┈┈┈┈┈┈┈┈┈┈┈┈┈┈┈┈┈┈┈┈┈┈┈┈┈┈┈┈┈┈┈┈┈┈┈┈┈┈┈
[INFO] [stderr] error[E0277]: `*mut c_void` cannot be shared between threads safely
[INFO] [stderr]    --> tests/compile-fail/socket-thread-unsafe.rs:13:13
[INFO] [stderr]     |
[INFO] [stderr] 13  |     let t = thread::spawn(move || {
[INFO] [stderr]     |             ^^^^^^^^^^^^^ `*mut c_void` cannot be shared between threads safely
[INFO] [stderr]     |
[INFO] [stderr]     = help: within `Socket`, the trait `Sync` is not implemented for `*mut c_void`
[INFO] [stderr]     = note: required because it appears within the type `Socket`
[INFO] [stderr]     = note: required because of the requirements on the impl of `Send` for `&Socket`
[INFO] [stderr]     = note: required because it appears within the type `[closure@$DIR/tests/compile-fail/socket-thread-unsafe.rs:13:27: 15:6]`
[INFO] [stderr] note: required by a bound in `spawn`
[INFO] [stderr] ┈┈┈┈┈┈┈┈┈┈┈┈┈┈┈┈┈┈┈┈┈┈┈┈┈┈┈┈┈┈┈┈┈┈┈┈┈┈┈┈┈┈┈┈┈┈┈┈┈┈┈┈┈┈┈┈┈┈┈┈
[INFO] [stderr] 
[INFO] [stderr] ACTUAL OUTPUT:
[INFO] [stderr] ┈┈┈┈┈┈┈┈┈┈┈┈┈┈┈┈┈┈┈┈┈┈┈┈┈┈┈┈┈┈┈┈┈┈┈┈┈┈┈┈┈┈┈┈┈┈┈┈┈┈┈┈┈┈┈┈┈┈┈┈
[INFO] [stderr] warning: `/opt/rustwide/target/tests/zmq2/.cargo/config` is deprecated in favor of `config.toml`
[INFO] [stderr] note: if you need to support cargo 1.38 or earlier, you can symlink `config` to `config.toml`
[INFO] [stderr] error[E0277]: `*mut c_void` cannot be shared between threads safely
[INFO] [stderr]    --> tests/compile-fail/socket-thread-unsafe.rs:13:27
[INFO] [stderr]     |
[INFO] [stderr] 13  |       let t = thread::spawn(move || {
[INFO] [stderr]     |  _____________-------------_^
[INFO] [stderr]     | |             |
[INFO] [stderr]     | |             required by a bound introduced by this call
[INFO] [stderr] 14  | |         t!(s.bind("tcp://127.0.0.1:12345"))
[INFO] [stderr] 15  | |     });
[INFO] [stderr]     | |_____^ `*mut c_void` cannot be shared between threads safely
[INFO] [stderr]     |
[INFO] [stderr]     = help: within `Socket`, the trait `Sync` is not implemented for `*mut c_void`, which is required by `{closure@$DIR/tests/compile-fail/socket-thread-unsafe.rs:13:27: 13:34}: Send`
[INFO] [stderr] note: required because it appears within the type `Socket`
[INFO] [stderr]    --> src/lib.rs
[INFO] [stderr]     |
[INFO] [stderr]     | pub struct Socket {
[INFO] [stderr]     |            ^^^^^^
[INFO] [stderr]     = note: required for `&Socket` to implement `Send`
[INFO] [stderr] note: required because it's used within this closure
[INFO] [stderr]    --> tests/compile-fail/socket-thread-unsafe.rs:13:27
[INFO] [stderr]     |
[INFO] [stderr] 13  |     let t = thread::spawn(move || {
[INFO] [stderr]     |                           ^^^^^^^
[INFO] [stderr] note: required by a bound in `spawn`
[INFO] [stderr]    --> /rustc/df4ca44d3fbc9301ee17f30f4d474e6ae4b05252/library/std/src/thread/mod.rs:704:1
[INFO] [stderr] ┈┈┈┈┈┈┈┈┈┈┈┈┈┈┈┈┈┈┈┈┈┈┈┈┈┈┈┈┈┈┈┈┈┈┈┈┈┈┈┈┈┈┈┈┈┈┈┈┈┈┈┈┈┈┈┈┈┈┈┈
[INFO] [stderr] note: If the actual output is the correct output you can bless it by rerunning
[INFO] [stderr]       your test with the environment variable TRYBUILD=overwrite
[INFO] [stderr] 
[INFO] [stderr] 
[INFO] [stderr] 
[INFO] [stdout] test compile_fail ... FAILED
[INFO] [stderr] error: test failed, to rerun pass `--test compile-tests`
[INFO] [stdout] 
[INFO] [stdout] failures:
[INFO] [stdout] 
[INFO] [stdout] ---- compile_fail stdout ----
[INFO] [stdout] thread 'compile_fail' panicked at /opt/rustwide/cargo-home/registry/src/index.crates.io-6f17d22bba15001f/trybuild-1.0.56/src/run.rs:74:13:
[INFO] [stdout] 2 of 2 tests failed
[INFO] [stdout] stack backtrace:
[INFO] [stdout]    0:     0x578879ec96da - std::backtrace_rs::backtrace::libunwind::trace::h207520d6e9873551
[INFO] [stdout]                                at /rustc/df4ca44d3fbc9301ee17f30f4d474e6ae4b05252/library/std/src/../../backtrace/src/backtrace/libunwind.rs:116:5
[INFO] [stdout]    1:     0x578879ec96da - std::backtrace_rs::backtrace::trace_unsynchronized::h2ed7433f370e3eca
[INFO] [stdout]                                at /rustc/df4ca44d3fbc9301ee17f30f4d474e6ae4b05252/library/std/src/../../backtrace/src/backtrace/mod.rs:66:5
[INFO] [stdout]    2:     0x578879ec96da - std::sys::backtrace::_print_fmt::h916fac51166b18d7
[INFO] [stdout]                                at /rustc/df4ca44d3fbc9301ee17f30f4d474e6ae4b05252/library/std/src/sys/backtrace.rs:66:9
[INFO] [stdout]    3:     0x578879ec96da - <std::sys::backtrace::BacktraceLock::print::DisplayBacktrace as core::fmt::Display>::fmt::ha0a4c9b8ce3802e6
[INFO] [stdout]                                at /rustc/df4ca44d3fbc9301ee17f30f4d474e6ae4b05252/library/std/src/sys/backtrace.rs:39:26
[INFO] [stdout]    4:     0x578879ef2813 - core::fmt::rt::Argument::fmt::h4cfc8587d52b3eb5
[INFO] [stdout]                                at /rustc/df4ca44d3fbc9301ee17f30f4d474e6ae4b05252/library/core/src/fmt/rt.rs:177:76
[INFO] [stdout]    5:     0x578879ef2813 - core::fmt::write::h522cc39e5b36ae9f
[INFO] [stdout]                                at /rustc/df4ca44d3fbc9301ee17f30f4d474e6ae4b05252/library/core/src/fmt/mod.rs:1190:21
[INFO] [stdout]    6:     0x578879ec5713 - std::io::Write::write_fmt::h7d3c26752da97734
[INFO] [stdout]                                at /rustc/df4ca44d3fbc9301ee17f30f4d474e6ae4b05252/library/std/src/io/mod.rs:1839:15
[INFO] [stdout]    7:     0x578879ec9522 - std::sys::backtrace::BacktraceLock::print::h4b9e00b29e9c0942
[INFO] [stdout]                                at /rustc/df4ca44d3fbc9301ee17f30f4d474e6ae4b05252/library/std/src/sys/backtrace.rs:42:9
[INFO] [stdout]    8:     0x578879ecab6a - std::panicking::default_hook::{{closure}}::hb59b88280d0324d9
[INFO] [stdout]                                at /rustc/df4ca44d3fbc9301ee17f30f4d474e6ae4b05252/library/std/src/panicking.rs:268:22
[INFO] [stdout]    9:     0x578879eca974 - std::panicking::default_hook::he1dd496665be4a29
[INFO] [stdout]                                at /rustc/df4ca44d3fbc9301ee17f30f4d474e6ae4b05252/library/std/src/panicking.rs:292:9
[INFO] [stdout]   10:     0x578879e92509 - <alloc::boxed::Box<F,A> as core::ops::function::Fn<Args>>::call::h4ff71de18744e1dc
[INFO] [stdout]                                at /rustc/df4ca44d3fbc9301ee17f30f4d474e6ae4b05252/library/alloc/src/boxed.rs:2468:9
[INFO] [stdout]   11:     0x578879e92509 - test::test_main::{{closure}}::hcf7c055ce117aa81
[INFO] [stdout]                                at /rustc/df4ca44d3fbc9301ee17f30f4d474e6ae4b05252/library/test/src/lib.rs:133:21
[INFO] [stdout]   12:     0x578879ecb268 - <alloc::boxed::Box<F,A> as core::ops::function::Fn<Args>>::call::h1d66c6bbd60c9692
[INFO] [stdout]                                at /rustc/df4ca44d3fbc9301ee17f30f4d474e6ae4b05252/library/alloc/src/boxed.rs:2468:9
[INFO] [stdout]   13:     0x578879ecb268 - std::panicking::rust_panic_with_hook::h2ff17fe8f26dfcf8
[INFO] [stdout]                                at /rustc/df4ca44d3fbc9301ee17f30f4d474e6ae4b05252/library/std/src/panicking.rs:809:13
[INFO] [stdout]   14:     0x578879ecb02a - std::panicking::begin_panic_handler::{{closure}}::h4fad77951c07e101
[INFO] [stdout]                                at /rustc/df4ca44d3fbc9301ee17f30f4d474e6ae4b05252/library/std/src/panicking.rs:674:13
[INFO] [stdout]   15:     0x578879ec9bb9 - std::sys::backtrace::__rust_end_short_backtrace::hb1a25b3da5d0ea08
[INFO] [stdout]                                at /rustc/df4ca44d3fbc9301ee17f30f4d474e6ae4b05252/library/std/src/sys/backtrace.rs:170:18
[INFO] [stdout]   16:     0x578879ecacbc - rust_begin_unwind
[INFO] [stdout]                                at /rustc/df4ca44d3fbc9301ee17f30f4d474e6ae4b05252/library/std/src/panicking.rs:665:5
[INFO] [stdout]   17:     0x578879ef1210 - core::panicking::panic_fmt::ha9db07b529f9b256
[INFO] [stdout]                                at /rustc/df4ca44d3fbc9301ee17f30f4d474e6ae4b05252/library/core/src/panicking.rs:75:14
[INFO] [stdout]   18:     0x578879d95ee1 - trybuild::run::<impl trybuild::Runner>::run::h296e29e6c180867c
[INFO] [stdout]                                at /opt/rustwide/cargo-home/registry/src/index.crates.io-6f17d22bba15001f/trybuild-1.0.56/src/run.rs:74:13
[INFO] [stdout]   19:     0x578879d9be68 - <trybuild::TestCases as core::ops::drop::Drop>::drop::h27cbabe086f64456
[INFO] [stdout]                                at /opt/rustwide/cargo-home/registry/src/index.crates.io-6f17d22bba15001f/trybuild-1.0.56/src/lib.rs:308:13
[INFO] [stdout]   20:     0x578879ca2967 - core::ptr::drop_in_place<trybuild::TestCases>::h3e0cf485886405ab
[INFO] [stdout]                                at /rustc/df4ca44d3fbc9301ee17f30f4d474e6ae4b05252/library/core/src/ptr/mod.rs:521:1
[INFO] [stdout]   21:     0x578879ca30b3 - compile_tests::compile_fail::hd9157b8e953122d7
[INFO] [stdout]                                at /opt/rustwide/workdir/tests/compile-tests.rs:5:1
[INFO] [stdout]   22:     0x578879ca3047 - compile_tests::compile_fail::{{closure}}::h2619a2f74a63a683
[INFO] [stdout]                                at /opt/rustwide/workdir/tests/compile-tests.rs:2:18
[INFO] [stdout]   23:     0x578879ca2906 - core::ops::function::FnOnce::call_once::h4b12e6331e202818
[INFO] [stdout]                                at /rustc/df4ca44d3fbc9301ee17f30f4d474e6ae4b05252/library/core/src/ops/function.rs:250:5
[INFO] [stdout]   24:     0x578879e96ddb - core::ops::function::FnOnce::call_once::h22c3ba5715e93f05
[INFO] [stdout]                                at /rustc/df4ca44d3fbc9301ee17f30f4d474e6ae4b05252/library/core/src/ops/function.rs:250:5
[INFO] [stdout]   25:     0x578879e96ddb - test::__rust_begin_short_backtrace::h8e82d8113d0da17f
[INFO] [stdout]                                at /rustc/df4ca44d3fbc9301ee17f30f4d474e6ae4b05252/library/test/src/lib.rs:621:18
[INFO] [stdout]   26:     0x578879e96757 - test::run_test_in_process::{{closure}}::h33235f4f20b7b7c7
[INFO] [stdout]                                at /rustc/df4ca44d3fbc9301ee17f30f4d474e6ae4b05252/library/test/src/lib.rs:644:60
[INFO] [stdout]   27:     0x578879e96757 - <core::panic::unwind_safe::AssertUnwindSafe<F> as core::ops::function::FnOnce<()>>::call_once::hb5043206310c586f
[INFO] [stdout]                                at /rustc/df4ca44d3fbc9301ee17f30f4d474e6ae4b05252/library/core/src/panic/unwind_safe.rs:272:9
[INFO] [stdout]   28:     0x578879e96757 - std::panicking::try::do_call::h9ad4731a60ab23e2
[INFO] [stdout]                                at /rustc/df4ca44d3fbc9301ee17f30f4d474e6ae4b05252/library/std/src/panicking.rs:557:40
[INFO] [stdout]   29:     0x578879e96757 - std::panicking::try::h3824d23db772a716
[INFO] [stdout]                                at /rustc/df4ca44d3fbc9301ee17f30f4d474e6ae4b05252/library/std/src/panicking.rs:520:19
[INFO] [stdout]   30:     0x578879e96757 - std::panic::catch_unwind::h5afd514605fde46b
[INFO] [stdout]                                at /rustc/df4ca44d3fbc9301ee17f30f4d474e6ae4b05252/library/std/src/panic.rs:358:14
[INFO] [stdout]   31:     0x578879e96757 - test::run_test_in_process::h0d5cbfa7067d1720
[INFO] [stdout]                                at /rustc/df4ca44d3fbc9301ee17f30f4d474e6ae4b05252/library/test/src/lib.rs:644:27
[INFO] [stdout]   32:     0x578879e96757 - test::run_test::{{closure}}::h708eb8872708115d
[INFO] [stdout]                                at /rustc/df4ca44d3fbc9301ee17f30f4d474e6ae4b05252/library/test/src/lib.rs:565:43
[INFO] [stdout]   33:     0x578879e59e74 - test::run_test::{{closure}}::h392c51cee94713ab
[INFO] [stdout]                                at /rustc/df4ca44d3fbc9301ee17f30f4d474e6ae4b05252/library/test/src/lib.rs:595:41
[INFO] [stdout]   34:     0x578879e59e74 - std::sys::backtrace::__rust_begin_short_backtrace::h2f40290710935a8b
[INFO] [stdout]                                at /rustc/df4ca44d3fbc9301ee17f30f4d474e6ae4b05252/library/std/src/sys/backtrace.rs:154:18
[INFO] [stdout]   35:     0x578879e5d61e - std::thread::Builder::spawn_unchecked_::{{closure}}::{{closure}}::h3fd968d89053a903
[INFO] [stdout]                                at /rustc/df4ca44d3fbc9301ee17f30f4d474e6ae4b05252/library/std/src/thread/mod.rs:541:17
[INFO] [stdout]   36:     0x578879e5d61e - <core::panic::unwind_safe::AssertUnwindSafe<F> as core::ops::function::FnOnce<()>>::call_once::h743f637ba4229880
[INFO] [stdout]                                at /rustc/df4ca44d3fbc9301ee17f30f4d474e6ae4b05252/library/core/src/panic/unwind_safe.rs:272:9
[INFO] [stdout]   37:     0x578879e5d61e - std::panicking::try::do_call::h07440897322525a6
[INFO] [stdout]                                at /rustc/df4ca44d3fbc9301ee17f30f4d474e6ae4b05252/library/std/src/panicking.rs:557:40
[INFO] [stdout]   38:     0x578879e5d61e - std::panicking::try::he5a2e00188156637
[INFO] [stdout]                                at /rustc/df4ca44d3fbc9301ee17f30f4d474e6ae4b05252/library/std/src/panicking.rs:520:19
[INFO] [stdout]   39:     0x578879e5d61e - std::panic::catch_unwind::hbaf3cae49b3c6433
[INFO] [stdout]                                at /rustc/df4ca44d3fbc9301ee17f30f4d474e6ae4b05252/library/std/src/panic.rs:358:14
[INFO] [stdout]   40:     0x578879e5d61e - std::thread::Builder::spawn_unchecked_::{{closure}}::h8e141ea224820bce
[INFO] [stdout]                                at /rustc/df4ca44d3fbc9301ee17f30f4d474e6ae4b05252/library/std/src/thread/mod.rs:540:30
[INFO] [stdout]   41:     0x578879e5d61e - core::ops::function::FnOnce::call_once{{vtable.shim}}::h90d312fedd7b8ea8
[INFO] [stdout]                                at /rustc/df4ca44d3fbc9301ee17f30f4d474e6ae4b05252/library/core/src/ops/function.rs:250:5
[INFO] [stdout]   42:     0x578879ed002b - <alloc::boxed::Box<F,A> as core::ops::function::FnOnce<Args>>::call_once::h69aa08ddb6adb8b6
[INFO] [stdout]                                at /rustc/df4ca44d3fbc9301ee17f30f4d474e6ae4b05252/library/alloc/src/boxed.rs:2454:9
[INFO] [stdout]   43:     0x578879ed002b - <alloc::boxed::Box<F,A> as core::ops::function::FnOnce<Args>>::call_once::h5aa36efdb79c806f
[INFO] [stdout]                                at /rustc/df4ca44d3fbc9301ee17f30f4d474e6ae4b05252/library/alloc/src/boxed.rs:2454:9
[INFO] [stdout]   44:     0x578879ed002b - std::sys::pal::unix::thread::Thread::new::thread_start::h6cd80a1b4be5158d
[INFO] [stdout]                                at /rustc/df4ca44d3fbc9301ee17f30f4d474e6ae4b05252/library/std/src/sys/pal/unix/thread.rs:105:17
[INFO] [stdout]   45:     0x7d6058102ac3 - <unknown>
[INFO] [stdout]   46:     0x7d6058193a04 - clone
[INFO] [stdout]   47:                0x0 - <unknown>
[INFO] [stdout] 
[INFO] [stdout] 
[INFO] [stdout] failures:
[INFO] [stdout]     compile_fail
[INFO] [stdout] 
[INFO] [stdout] test result: FAILED. 0 passed; 1 failed; 0 ignored; 0 measured; 0 filtered out; finished in 36.20s
[INFO] [stdout] 
[INFO] running `Command { std: "docker" "inspect" "c245ae77b3334461a0c4fff6f325040efdfe59b6aaa1c5a1f945fad3a3abeb0d", kill_on_drop: false }`
[INFO] running `Command { std: "docker" "rm" "-f" "c245ae77b3334461a0c4fff6f325040efdfe59b6aaa1c5a1f945fad3a3abeb0d", kill_on_drop: false }`
[INFO] [stdout] c245ae77b3334461a0c4fff6f325040efdfe59b6aaa1c5a1f945fad3a3abeb0d
