[INFO] fetching crate zkevm-hashes 0.2.1...
[INFO] testing zkevm-hashes-0.2.1 against nightly-2024-10-28+rustflags=-Zrandomize-layout for randomize-layout
[INFO] extracting crate zkevm-hashes 0.2.1 into /workspace/builds/worker-1-tc2/source
[INFO] validating manifest of crates.io crate zkevm-hashes 0.2.1 on toolchain nightly-2024-10-28
[INFO] running `Command { std: CARGO_HOME="/workspace/cargo-home" RUSTUP_HOME="/workspace/rustup-home" "/workspace/cargo-home/bin/cargo" "+nightly-2024-10-28" "metadata" "--manifest-path" "Cargo.toml" "--no-deps", kill_on_drop: false }`
[INFO] started tweaking crates.io crate zkevm-hashes 0.2.1
[INFO] finished tweaking crates.io crate zkevm-hashes 0.2.1
[INFO] tweaked toml for crates.io crate zkevm-hashes 0.2.1 written to /workspace/builds/worker-1-tc2/source/Cargo.toml
[INFO] running `Command { std: CARGO_HOME="/workspace/cargo-home" RUSTUP_HOME="/workspace/rustup-home" "/workspace/cargo-home/bin/cargo" "+nightly-2024-10-28" "generate-lockfile" "--manifest-path" "Cargo.toml", kill_on_drop: false }`
[INFO] [stderr]     Updating crates.io index
[INFO] [stderr]      Locking 222 packages to latest compatible versions
[INFO] [stderr]       Adding env_logger v0.10.2 (available: v0.11.5)
[INFO] [stderr]       Adding itertools v0.11.0 (available: v0.13.0)
[INFO] running `Command { std: CARGO_HOME="/workspace/cargo-home" RUSTUP_HOME="/workspace/rustup-home" "/workspace/cargo-home/bin/cargo" "+nightly-2024-10-28" "fetch" "--manifest-path" "Cargo.toml", kill_on_drop: false }`
[INFO] running `Command { std: "docker" "create" "-v" "/var/lib/crater-agent-workspace/builds/worker-1-tc2/target:/opt/rustwide/target:rw,Z" "-v" "/var/lib/crater-agent-workspace/builds/worker-1-tc2/source:/opt/rustwide/workdir:ro,Z" "-v" "/var/lib/crater-agent-workspace/cargo-home:/opt/rustwide/cargo-home:ro,Z" "-v" "/var/lib/crater-agent-workspace/rustup-home:/opt/rustwide/rustup-home:ro,Z" "-e" "SOURCE_DIR=/opt/rustwide/workdir" "-e" "CARGO_TARGET_DIR=/opt/rustwide/target" "-e" "CARGO_HOME=/opt/rustwide/cargo-home" "-e" "RUSTUP_HOME=/opt/rustwide/rustup-home" "-w" "/opt/rustwide/workdir" "-m" "1610612736" "--user" "0:0" "--network" "none" "ghcr.io/rust-lang/crates-build-env/linux@sha256:4a844ea9eb2546a2d2c7022eacef16ef2e8229c7fbb2c7d4d55a9ceca922f72d" "/opt/rustwide/cargo-home/bin/cargo" "+nightly-2024-10-28" "metadata" "--no-deps" "--format-version=1", kill_on_drop: false }`
[INFO] [stdout] 529bf09ee3e99a6baa21cb1a4815084dffc3e33bb624b02c2299d0873d214bb2
[INFO] running `Command { std: "docker" "start" "-a" "529bf09ee3e99a6baa21cb1a4815084dffc3e33bb624b02c2299d0873d214bb2", kill_on_drop: false }`
[INFO] running `Command { std: "docker" "inspect" "529bf09ee3e99a6baa21cb1a4815084dffc3e33bb624b02c2299d0873d214bb2", kill_on_drop: false }`
[INFO] running `Command { std: "docker" "rm" "-f" "529bf09ee3e99a6baa21cb1a4815084dffc3e33bb624b02c2299d0873d214bb2", kill_on_drop: false }`
[INFO] [stdout] 529bf09ee3e99a6baa21cb1a4815084dffc3e33bb624b02c2299d0873d214bb2
[INFO] running `Command { std: "docker" "create" "-v" "/var/lib/crater-agent-workspace/builds/worker-1-tc2/target:/opt/rustwide/target:rw,Z" "-v" "/var/lib/crater-agent-workspace/builds/worker-1-tc2/source:/opt/rustwide/workdir:ro,Z" "-v" "/var/lib/crater-agent-workspace/cargo-home:/opt/rustwide/cargo-home:ro,Z" "-v" "/var/lib/crater-agent-workspace/rustup-home:/opt/rustwide/rustup-home:ro,Z" "-e" "SOURCE_DIR=/opt/rustwide/workdir" "-e" "CARGO_TARGET_DIR=/opt/rustwide/target" "-e" "CARGO_INCREMENTAL=0" "-e" "RUST_BACKTRACE=full" "-e" "RUSTFLAGS=--cap-lints=forbid -Zrandomize-layout" "-e" "RUSTDOCFLAGS=--cap-lints=forbid" "-e" "CARGO_HOME=/opt/rustwide/cargo-home" "-e" "RUSTUP_HOME=/opt/rustwide/rustup-home" "-w" "/opt/rustwide/workdir" "-m" "1610612736" "--user" "0:0" "--network" "none" "ghcr.io/rust-lang/crates-build-env/linux@sha256:4a844ea9eb2546a2d2c7022eacef16ef2e8229c7fbb2c7d4d55a9ceca922f72d" "/opt/rustwide/cargo-home/bin/cargo" "+nightly-2024-10-28" "build" "--frozen" "--message-format=json", kill_on_drop: false }`
[INFO] [stdout] a87d5e38734406efc2982a018fc38b2199365fcd09541a83ac3db04a2f94b195
[INFO] running `Command { std: "docker" "start" "-a" "a87d5e38734406efc2982a018fc38b2199365fcd09541a83ac3db04a2f94b195", kill_on_drop: false }`
[INFO] [stderr]    Compiling cfg-if v1.0.0
[INFO] [stderr]    Compiling libc v0.2.161
[INFO] [stderr]    Compiling serde v1.0.214
[INFO] [stderr]    Compiling typenum v1.17.0
[INFO] [stderr]    Compiling subtle v2.6.1
[INFO] [stderr]    Compiling zeroize v1.8.1
[INFO] [stderr]    Compiling version_check v0.9.5
[INFO] [stderr]    Compiling byteorder v1.5.0
[INFO] [stderr]    Compiling const-oid v0.9.6
[INFO] [stderr]    Compiling syn v1.0.109
[INFO] [stderr]    Compiling radium v0.7.0
[INFO] [stderr]    Compiling arrayvec v0.7.6
[INFO] [stderr]    Compiling tap v1.0.1
[INFO] [stderr]    Compiling equivalent v1.0.1
[INFO] [stderr]    Compiling hashbrown v0.15.0
[INFO] [stderr]    Compiling syn v2.0.86
[INFO] [stderr]    Compiling crossbeam-utils v0.8.20
[INFO] [stderr]    Compiling funty v2.0.0
[INFO] [stderr]    Compiling wyz v0.5.1
[INFO] [stderr]    Compiling toml_datetime v0.6.8
[INFO] [stderr]    Compiling winnow v0.6.20
[INFO] [stderr]    Compiling static_assertions v1.1.0
[INFO] [stderr]    Compiling autocfg v1.4.0
[INFO] [stderr]    Compiling spin v0.9.8
[INFO] [stderr]    Compiling crunchy v0.2.2
[INFO] [stderr]    Compiling memchr v2.7.4
[INFO] [stderr]    Compiling rustc-hex v2.1.0
[INFO] [stderr]    Compiling generic-array v0.14.7
[INFO] [stderr]    Compiling lazy_static v1.5.0
[INFO] [stderr]    Compiling byte-slice-cast v1.2.2
[INFO] [stderr]    Compiling rayon-core v1.12.1
[INFO] [stderr]    Compiling once_cell v1.20.2
[INFO] [stderr]    Compiling cpufeatures v0.2.14
[INFO] [stderr]    Compiling bitvec v1.0.1
[INFO] [stderr]    Compiling thiserror v1.0.66
[INFO] [stderr]    Compiling either v1.13.0
[INFO] [stderr]    Compiling paste v1.0.15
[INFO] [stderr]    Compiling indexmap v2.6.0
[INFO] [stderr]    Compiling arrayref v0.3.9
[INFO] [stderr]    Compiling serde_json v1.0.132
[INFO] [stderr]    Compiling keccak v0.1.5
[INFO] [stderr]    Compiling num-traits v0.2.19
[INFO] [stderr]    Compiling crossbeam-epoch v0.9.18
[INFO] [stderr]    Compiling constant_time_eq v0.3.1
[INFO] [stderr]    Compiling tiny-keccak v2.0.2
[INFO] [stderr]    Compiling blake2b_simd v1.0.2
[INFO] [stderr]    Compiling der v0.7.9
[INFO] [stderr]    Compiling halo2curves-axiom v0.5.3
[INFO] [stderr]    Compiling itoa v1.0.11
[INFO] [stderr]    Compiling ryu v1.0.18
[INFO] [stderr]    Compiling getrandom v0.2.15
[INFO] [stderr]    Compiling crossbeam-deque v0.8.5
[INFO] [stderr]    Compiling rand_core v0.6.4
[INFO] [stderr]    Compiling crossbeam-queue v0.3.11
[INFO] [stderr]    Compiling crossbeam-channel v0.5.13
[INFO] [stderr]    Compiling tracing-core v0.1.32
[INFO] [stderr]    Compiling proc-macro-error-attr2 v2.0.0
[INFO] [stderr]    Compiling pin-project-lite v0.2.15
[INFO] [stderr]    Compiling rustversion v1.0.18
[INFO] [stderr]    Compiling rustc-hash v1.1.0
[INFO] [stderr]    Compiling base16ct v0.2.0
[INFO] [stderr]    Compiling rand_xorshift v0.3.0
[INFO] [stderr]    Compiling itertools v0.11.0
[INFO] [stderr]    Compiling aho-corasick v1.1.3
[INFO] [stderr]    Compiling rayon v1.10.0
[INFO] [stderr]    Compiling crossbeam v0.8.4
[INFO] [stderr]    Compiling colored v2.1.0
[INFO] [stderr]    Compiling rustix v0.38.38
[INFO] [stderr]    Compiling regex-syntax v0.8.5
[INFO] [stderr]    Compiling num-integer v0.1.46
[INFO] [stderr]    Compiling block-buffer v0.10.4
[INFO] [stderr]    Compiling crypto-common v0.1.6
[INFO] [stderr]    Compiling sec1 v0.7.3
[INFO] [stderr]    Compiling digest v0.10.7
[INFO] [stderr]    Compiling toml_edit v0.22.22
[INFO] [stderr]    Compiling crypto-bigint v0.5.5
[INFO] [stderr]    Compiling log v0.4.22
[INFO] [stderr]    Compiling spki v0.7.3
[INFO] [stderr]    Compiling sha2 v0.10.8
[INFO] [stderr]    Compiling sha3 v0.10.8
[INFO] [stderr]    Compiling hmac v0.12.1
[INFO] [stderr]    Compiling signature v2.2.0
[INFO] [stderr]    Compiling rfc6979 v0.4.0
[INFO] [stderr]    Compiling bytes v1.8.0
[INFO] [stderr]    Compiling linux-raw-sys v0.4.14
[INFO] [stderr]    Compiling heck v0.5.0
[INFO] [stderr]    Compiling bitflags v2.6.0
[INFO] [stderr]    Compiling fastrand v2.1.1
[INFO] [stderr]    Compiling chrono v0.4.38
[INFO] [stderr]    Compiling unicode-xid v0.2.6
[INFO] [stderr]    Compiling type-map v0.5.0
[INFO] [stderr]    Compiling array-init v2.1.0
[INFO] [stderr]    Compiling ff v0.13.0
[INFO] [stderr]    Compiling group v0.13.0
[INFO] [stderr]    Compiling pairing v0.23.0
[INFO] [stderr]    Compiling regex-automata v0.4.8
[INFO] [stderr]    Compiling proc-macro-error2 v2.0.1
[INFO] [stderr]    Compiling maybe-rayon v0.1.1
[INFO] [stderr]    Compiling proc-macro-crate v3.2.0
[INFO] [stderr]    Compiling elliptic-curve v0.13.8
[INFO] [stderr]    Compiling ecdsa v0.16.9
[INFO] [stderr]    Compiling tempfile v3.13.0
[INFO] [stderr]    Compiling serde_derive v1.0.214
[INFO] [stderr]    Compiling zerocopy-derive v0.7.35
[INFO] [stderr]    Compiling derive_more-impl v1.0.0
[INFO] [stderr]    Compiling thiserror-impl v1.0.66
[INFO] [stderr]    Compiling tracing-attributes v0.1.27
[INFO] [stderr]    Compiling getset v0.1.3
[INFO] [stderr]    Compiling auto_impl v1.2.0
[INFO] [stderr]    Compiling strum_macros v0.26.4
[INFO] [stderr]    Compiling scale-info-derive v2.11.5
[INFO] [stderr]    Compiling impl-trait-for-tuples v0.2.2
[INFO] [stderr]    Compiling parity-scale-codec-derive v3.6.12
[INFO] [stderr]    Compiling rlp-derive v0.1.0
[INFO] [stderr]    Compiling open-fastrlp-derive v0.1.1
[INFO] [stderr]    Compiling num_enum_derive v0.7.3
[INFO] [stderr]    Compiling k256 v0.13.4
[INFO] [stderr]    Compiling zerocopy v0.7.35
[INFO] [stderr]    Compiling derive_more v1.0.0
[INFO] [stderr]    Compiling tracing v0.1.40
[INFO] [stderr]    Compiling regex v1.11.1
[INFO] [stderr]    Compiling num_enum v0.7.3
[INFO] [stderr]    Compiling ppv-lite86 v0.2.20
[INFO] [stderr]    Compiling strum v0.26.3
[INFO] [stderr]    Compiling rand_chacha v0.3.1
[INFO] [stderr]    Compiling rand v0.8.5
[INFO] [stderr]    Compiling fixed-hash v0.8.0
[INFO] [stderr]    Compiling pasta_curves v0.5.1
[INFO] [stderr]    Compiling num-bigint v0.4.6
[INFO] [stderr]    Compiling ark-std v0.3.0
[INFO] [stderr]    Compiling poseidon-primitives v0.1.1
[INFO] [stderr]    Compiling hex v0.4.3
[INFO] [stderr]    Compiling parity-scale-codec v3.6.12
[INFO] [stderr]    Compiling impl-serde v0.4.0
[INFO] [stderr]    Compiling serde_arrays v0.1.0
[INFO] [stderr]    Compiling bincode v1.3.3
[INFO] [stderr]    Compiling uint v0.9.5
[INFO] [stderr]    Compiling const-hex v1.13.1
[INFO] [stderr]    Compiling rlp v0.5.2
[INFO] [stderr]    Compiling scale-info v2.11.5
[INFO] [stderr]    Compiling impl-codec v0.6.0
[INFO] [stderr]    Compiling impl-rlp v0.3.0
[INFO] [stderr]    Compiling primitive-types v0.12.2
[INFO] [stderr]    Compiling ethbloom v0.13.0
[INFO] [stderr]    Compiling ethereum-types v0.14.1
[INFO] [stderr]    Compiling open-fastrlp v0.1.4
[INFO] [stderr]    Compiling ethabi v18.0.0
[INFO] [stderr]    Compiling ethers-core v2.0.14
[INFO] [stderr]    Compiling halo2-axiom v0.4.4
[INFO] [stderr]    Compiling halo2-base v0.4.1
[INFO] [stderr]    Compiling snark-verifier v0.1.7
[INFO] [stderr]    Compiling snark-verifier-sdk v0.1.7
[INFO] [stderr]    Compiling zkevm-hashes v0.2.1 (/opt/rustwide/workdir)
[INFO] [stdout] warning: struct `SqueezeData` is never constructed
[INFO] [stdout]   --> src/keccak/vanilla/keccak_packed_multi.rs:54:19
[INFO] [stdout]    |
[INFO] [stdout] 54 | pub(crate) struct SqueezeData<F: PrimeField> {
[INFO] [stdout]    |                   ^^^^^^^^^^^
[INFO] [stdout]    |
[INFO] [stdout]    = note: `SqueezeData` has a derived impl for the trait `Default`, but this is intentionally ignored during dead code analysis
[INFO] [stdout]    = note: `#[warn(dead_code)]` on by default
[INFO] [stdout] 
[INFO] [stdout] 
[INFO] [stderr]     Finished `dev` profile [unoptimized + debuginfo] target(s) in 44.79s
[INFO] running `Command { std: "docker" "inspect" "a87d5e38734406efc2982a018fc38b2199365fcd09541a83ac3db04a2f94b195", kill_on_drop: false }`
[INFO] running `Command { std: "docker" "rm" "-f" "a87d5e38734406efc2982a018fc38b2199365fcd09541a83ac3db04a2f94b195", kill_on_drop: false }`
[INFO] [stdout] a87d5e38734406efc2982a018fc38b2199365fcd09541a83ac3db04a2f94b195
[INFO] running `Command { std: "docker" "create" "-v" "/var/lib/crater-agent-workspace/builds/worker-1-tc2/target:/opt/rustwide/target:rw,Z" "-v" "/var/lib/crater-agent-workspace/builds/worker-1-tc2/source:/opt/rustwide/workdir:ro,Z" "-v" "/var/lib/crater-agent-workspace/cargo-home:/opt/rustwide/cargo-home:ro,Z" "-v" "/var/lib/crater-agent-workspace/rustup-home:/opt/rustwide/rustup-home:ro,Z" "-e" "SOURCE_DIR=/opt/rustwide/workdir" "-e" "CARGO_TARGET_DIR=/opt/rustwide/target" "-e" "CARGO_INCREMENTAL=0" "-e" "RUST_BACKTRACE=full" "-e" "RUSTFLAGS=--cap-lints=forbid -Zrandomize-layout" "-e" "RUSTDOCFLAGS=--cap-lints=forbid" "-e" "CARGO_HOME=/opt/rustwide/cargo-home" "-e" "RUSTUP_HOME=/opt/rustwide/rustup-home" "-w" "/opt/rustwide/workdir" "-m" "1610612736" "--user" "0:0" "--network" "none" "ghcr.io/rust-lang/crates-build-env/linux@sha256:4a844ea9eb2546a2d2c7022eacef16ef2e8229c7fbb2c7d4d55a9ceca922f72d" "/opt/rustwide/cargo-home/bin/cargo" "+nightly-2024-10-28" "test" "--frozen" "--no-run" "--message-format=json", kill_on_drop: false }`
[INFO] [stdout] bf66dba172c7b2e578c0d4560556f0dc715563d7fd6cb40914f554394b3b19b2
[INFO] running `Command { std: "docker" "start" "-a" "bf66dba172c7b2e578c0d4560556f0dc715563d7fd6cb40914f554394b3b19b2", kill_on_drop: false }`
[INFO] [stderr]    Compiling libc v0.2.161
[INFO] [stderr]    Compiling spki v0.7.3
[INFO] [stderr]    Compiling inout v0.1.3
[INFO] [stderr]    Compiling log v0.4.22
[INFO] [stderr]    Compiling bs58 v0.5.1
[INFO] [stderr]    Compiling ripemd v0.1.3
[INFO] [stderr]    Compiling base64 v0.21.7
[INFO] [stderr]    Compiling bech32 v0.9.1
[INFO] [stderr]    Compiling pbkdf2 v0.11.0
[INFO] [stderr]    Compiling pbkdf2 v0.12.2
[INFO] [stderr]    Compiling test-case-core v3.3.1
[INFO] [stderr]    Compiling async-trait v0.1.83
[INFO] [stderr]    Compiling yansi v1.0.1
[INFO] [stderr]    Compiling termcolor v1.4.1
[INFO] [stderr]    Compiling diff v0.1.13
[INFO] [stderr]    Compiling humantime v2.1.0
[INFO] [stderr]    Compiling cipher v0.4.4
[INFO] [stderr]    Compiling pkcs8 v0.10.2
[INFO] [stderr]    Compiling salsa20 v0.10.2
[INFO] [stderr]    Compiling ctr v0.9.2
[INFO] [stderr]    Compiling aes v0.8.4
[INFO] [stderr]    Compiling pretty_assertions v1.4.1
[INFO] [stderr]    Compiling scrypt v0.10.0
[INFO] [stderr]    Compiling test-case-macros v3.3.1
[INFO] [stderr]    Compiling getrandom v0.2.15
[INFO] [stderr]    Compiling is-terminal v0.4.13
[INFO] [stderr]    Compiling coins-core v0.8.7
[INFO] [stderr]    Compiling env_logger v0.10.2
[INFO] [stderr]    Compiling rand_core v0.6.4
[INFO] [stderr]    Compiling uuid v0.8.2
[INFO] [stderr]    Compiling test-case v3.3.1
[INFO] [stderr]    Compiling rand_chacha v0.3.1
[INFO] [stderr]    Compiling ff v0.13.0
[INFO] [stderr]    Compiling crypto-bigint v0.5.5
[INFO] [stderr]    Compiling signature v2.2.0
[INFO] [stderr]    Compiling rand_xorshift v0.3.0
[INFO] [stderr]    Compiling group v0.13.0
[INFO] [stderr]    Compiling pairing v0.23.0
[INFO] [stderr]    Compiling rand v0.8.5
[INFO] [stderr]    Compiling fixed-hash v0.8.0
[INFO] [stderr]    Compiling num-bigint v0.4.6
[INFO] [stderr]    Compiling pasta_curves v0.5.1
[INFO] [stderr]    Compiling ark-std v0.3.0
[INFO] [stderr]    Compiling poseidon-primitives v0.1.1
[INFO] [stderr]    Compiling eth-keystore v0.5.0
[INFO] [stderr]    Compiling ethbloom v0.13.0
[INFO] [stderr]    Compiling primitive-types v0.12.2
[INFO] [stderr]    Compiling elliptic-curve v0.13.8
[INFO] [stderr]    Compiling ecdsa v0.16.9
[INFO] [stderr]    Compiling k256 v0.13.4
[INFO] [stderr]    Compiling ethereum-types v0.14.1
[INFO] [stderr]    Compiling halo2curves-axiom v0.5.3
[INFO] [stderr]    Compiling ethabi v18.0.0
[INFO] [stderr]    Compiling open-fastrlp v0.1.4
[INFO] [stderr]    Compiling coins-bip32 v0.8.7
[INFO] [stderr]    Compiling coins-bip39 v0.8.7
[INFO] [stderr]    Compiling ethers-core v2.0.14
[INFO] [stderr]    Compiling ethers-signers v2.0.14
[INFO] [stderr]    Compiling halo2-axiom v0.4.4
[INFO] [stderr]    Compiling halo2-base v0.4.1
[INFO] [stderr]    Compiling snark-verifier v0.1.7
[INFO] [stderr]    Compiling snark-verifier-sdk v0.1.7
[INFO] [stderr]    Compiling zkevm-hashes v0.2.1 (/opt/rustwide/workdir)
[INFO] [stdout] warning: unexpected `cfg` condition value: `test`
[INFO] [stdout]   --> src/keccak/vanilla/tests.rs:39:11
[INFO] [stdout]    |
[INFO] [stdout] 39 | #[cfg(any(feature = "test", test))]
[INFO] [stdout]    |           ^^^^^^^^^^^^^^^^
[INFO] [stdout]    |
[INFO] [stdout]    = note: expected values for `feature` are: `asm`, `default`, `display`, `halo2-axiom`, `jemallocator`, and `mimalloc`
[INFO] [stdout]    = help: consider adding `test` as a feature in `Cargo.toml`
[INFO] [stdout]    = note: see <https://doc.rust-lang.org/nightly/rustc/check-cfg/cargo-specifics.html> for more information about checking conditional configuration
[INFO] [stdout]    = note: `#[warn(unexpected_cfgs)]` on by default
[INFO] [stdout] 
[INFO] [stdout] 
[INFO] [stdout] warning: struct `SqueezeData` is never constructed
[INFO] [stdout]   --> src/keccak/vanilla/keccak_packed_multi.rs:54:19
[INFO] [stdout]    |
[INFO] [stdout] 54 | pub(crate) struct SqueezeData<F: PrimeField> {
[INFO] [stdout]    |                   ^^^^^^^^^^^
[INFO] [stdout]    |
[INFO] [stdout]    = note: `SqueezeData` has a derived impl for the trait `Default`, but this is intentionally ignored during dead code analysis
[INFO] [stdout]    = note: `#[warn(dead_code)]` on by default
[INFO] [stdout] 
[INFO] [stdout] 
[INFO] [stdout] warning: struct `SqueezeData` is never constructed
[INFO] [stdout]   --> src/keccak/vanilla/keccak_packed_multi.rs:54:19
[INFO] [stdout]    |
[INFO] [stdout] 54 | pub(crate) struct SqueezeData<F: PrimeField> {
[INFO] [stdout]    |                   ^^^^^^^^^^^
[INFO] [stdout]    |
[INFO] [stdout]    = note: `SqueezeData` has a derived impl for the trait `Default`, but this is intentionally ignored during dead code analysis
[INFO] [stdout]    = note: `#[warn(dead_code)]` on by default
[INFO] [stdout] 
[INFO] [stdout] 
[INFO] [stderr]     Finished `test` profile [unoptimized + debuginfo] target(s) in 50.30s
[INFO] running `Command { std: "docker" "inspect" "bf66dba172c7b2e578c0d4560556f0dc715563d7fd6cb40914f554394b3b19b2", kill_on_drop: false }`
[INFO] running `Command { std: "docker" "rm" "-f" "bf66dba172c7b2e578c0d4560556f0dc715563d7fd6cb40914f554394b3b19b2", kill_on_drop: false }`
[INFO] [stdout] bf66dba172c7b2e578c0d4560556f0dc715563d7fd6cb40914f554394b3b19b2
[INFO] running `Command { std: "docker" "create" "-v" "/var/lib/crater-agent-workspace/builds/worker-1-tc2/target:/opt/rustwide/target:rw,Z" "-v" "/var/lib/crater-agent-workspace/builds/worker-1-tc2/source:/opt/rustwide/workdir:ro,Z" "-v" "/var/lib/crater-agent-workspace/cargo-home:/opt/rustwide/cargo-home:ro,Z" "-v" "/var/lib/crater-agent-workspace/rustup-home:/opt/rustwide/rustup-home:ro,Z" "-e" "SOURCE_DIR=/opt/rustwide/workdir" "-e" "CARGO_TARGET_DIR=/opt/rustwide/target" "-e" "CARGO_INCREMENTAL=0" "-e" "RUST_BACKTRACE=full" "-e" "RUSTFLAGS=--cap-lints=forbid -Zrandomize-layout" "-e" "RUSTDOCFLAGS=--cap-lints=forbid" "-e" "CARGO_HOME=/opt/rustwide/cargo-home" "-e" "RUSTUP_HOME=/opt/rustwide/rustup-home" "-w" "/opt/rustwide/workdir" "-m" "1610612736" "--user" "0:0" "--network" "none" "ghcr.io/rust-lang/crates-build-env/linux@sha256:4a844ea9eb2546a2d2c7022eacef16ef2e8229c7fbb2c7d4d55a9ceca922f72d" "/opt/rustwide/cargo-home/bin/cargo" "+nightly-2024-10-28" "test" "--frozen", kill_on_drop: false }`
[INFO] [stdout] 506830aeec11bd880a43862a2250661cf68ba3d08891036fc45f4a9cb64f6698
[INFO] running `Command { std: "docker" "start" "-a" "506830aeec11bd880a43862a2250661cf68ba3d08891036fc45f4a9cb64f6698", kill_on_drop: false }`
[INFO] [stderr] warning: struct `SqueezeData` is never constructed
[INFO] [stderr]   --> src/keccak/vanilla/keccak_packed_multi.rs:54:19
[INFO] [stderr]    |
[INFO] [stderr] 54 | pub(crate) struct SqueezeData<F: PrimeField> {
[INFO] [stderr]    |                   ^^^^^^^^^^^
[INFO] [stderr]    |
[INFO] [stderr]    = note: `SqueezeData` has a derived impl for the trait `Default`, but this is intentionally ignored during dead code analysis
[INFO] [stderr]    = note: `#[warn(dead_code)]` on by default
[INFO] [stderr] 
[INFO] [stderr] warning: `zkevm-hashes` (lib) generated 1 warning
[INFO] [stderr] warning: unexpected `cfg` condition value: `test`
[INFO] [stderr]   --> src/keccak/vanilla/tests.rs:39:11
[INFO] [stderr]    |
[INFO] [stderr] 39 | #[cfg(any(feature = "test", test))]
[INFO] [stderr]    |           ^^^^^^^^^^^^^^^^
[INFO] [stderr]    |
[INFO] [stderr]    = note: expected values for `feature` are: `asm`, `default`, `display`, `halo2-axiom`, `jemallocator`, and `mimalloc`
[INFO] [stderr]    = help: consider adding `test` as a feature in `Cargo.toml`
[INFO] [stderr]    = note: see <https://doc.rust-lang.org/nightly/rustc/check-cfg/cargo-specifics.html> for more information about checking conditional configuration
[INFO] [stderr]    = note: `#[warn(unexpected_cfgs)]` on by default
[INFO] [stderr] 
[INFO] [stderr] warning: `zkevm-hashes` (lib test) generated 2 warnings (1 duplicate)
[INFO] [stderr]     Finished `test` profile [unoptimized + debuginfo] target(s) in 0.28s
[INFO] [stderr]      Running unittests src/lib.rs (/opt/rustwide/target/debug/deps/zkevm_hashes-69949ac44a15dbdb)
[INFO] [stdout] 
[INFO] [stdout] running 25 tests
[INFO] [stdout] test keccak::component::tests::output::test_dummy_circuit_output ... ok
[INFO] [stdout] test keccak::component::tests::output::test_input_to_circuit_outputs_empty ... ok
[INFO] [stdout] test keccak::component::tests::output::test_input_to_circuit_outputs_1_keccak_f ... ok
[INFO] [stdout] test keccak::component::tests::output::test_input_to_circuit_outputs_1_keccak_f_full ... ok
[INFO] [stdout] test keccak::component::tests::output::test_input_to_circuit_outputs_2_keccak_f_2nd_empty ... ok
[INFO] [stdout] test keccak::component::tests::output::test_input_to_circuit_outputs_2_keccak_f ... ok
[INFO] [stdout] test keccak::component::tests::output::test_multi_input_to_circuit_outputs_exceed_capacity - should panic ... ok
[INFO] [stdout] test sha256::vanilla::tests::bit_sha256_prover::k_10 ... FAILED
[INFO] [stdout] test sha256::vanilla::tests::bit_sha256_prover::k_20 ... FAILED
[INFO] [stdout] test keccak::component::tests::encode::prove_encode_fix_len_bytes_vec ... FAILED
[INFO] [stdout] test keccak::component::tests::encode::prove_encode_var_len_bytes_vec ... FAILED
[INFO] [stdout] test keccak::component::circuit::tests::shard::test_mock_shard_circuit_commit has been running for over 60 seconds
[INFO] [stdout] test keccak::component::circuit::tests::shard::test_mock_shard_circuit_raw_outputs has been running for over 60 seconds
[INFO] [stdout] test keccak::component::circuit::tests::shard::test_prove_shard_circuit_commit has been running for over 60 seconds
[INFO] [stdout] test keccak::component::circuit::tests::shard::test_prove_shard_circuit_raw_outputs has been running for over 60 seconds
[INFO] [stdout] test keccak::component::tests::encode::mock_encode_fix_len_bytes_vec has been running for over 60 seconds
[INFO] [stdout] test keccak::component::tests::encode::mock_encode_var_len_bytes_vec has been running for over 60 seconds
[INFO] [stdout] test keccak::component::tests::output::test_multi_input_to_circuit_outputs has been running for over 60 seconds
[INFO] [stdout] test keccak::vanilla::tests::packed_multi_keccak_prover::k_14_rows_per_round_25 has been running for over 60 seconds
[INFO] [stdout] test keccak::vanilla::tests::packed_multi_keccak_prover::k_18_rows_per_round_9 has been running for over 60 seconds
[INFO] [stdout] test keccak::vanilla::tests::packed_multi_keccak_simple::k_12_rows_per_round_5 has been running for over 60 seconds
[INFO] [stdout] test keccak::vanilla::tests::packed_multi_keccak_simple::k_14_rows_per_round_28 has been running for over 60 seconds
[INFO] [stdout] test keccak::vanilla::tests::test_vanilla_keccak_kat_vectors has been running for over 60 seconds
[INFO] [stdout] test sha256::vanilla::tests::bit_sha256_mock_random::k_18 has been running for over 60 seconds
[INFO] [stdout] test sha256::vanilla::tests::bit_sha256_simple::k_10 has been running for over 60 seconds
[INFO] [stdout] test keccak::component::tests::output::test_multi_input_to_circuit_outputs ... ok
[INFO] [stderr] error: test failed, to rerun pass `--lib`
[INFO] [stderr] 
[INFO] [stderr] Caused by:
[INFO] [stderr]   process didn't exit successfully: `/opt/rustwide/target/debug/deps/zkevm_hashes-69949ac44a15dbdb` (signal: 9, SIGKILL: kill)
[INFO] running `Command { std: "docker" "inspect" "506830aeec11bd880a43862a2250661cf68ba3d08891036fc45f4a9cb64f6698", kill_on_drop: false }`
[INFO] running `Command { std: "docker" "rm" "-f" "506830aeec11bd880a43862a2250661cf68ba3d08891036fc45f4a9cb64f6698", kill_on_drop: false }`
[INFO] [stdout] 506830aeec11bd880a43862a2250661cf68ba3d08891036fc45f4a9cb64f6698
