[INFO] fetching crate zila 0.1.8...
[INFO] testing zila-0.1.8 against nightly-2024-10-28 for randomize-layout
[INFO] extracting crate zila 0.1.8 into /workspace/builds/worker-6-tc1/source
[INFO] validating manifest of crates.io crate zila 0.1.8 on toolchain nightly-2024-10-28
[INFO] running `Command { std: CARGO_HOME="/workspace/cargo-home" RUSTUP_HOME="/workspace/rustup-home" "/workspace/cargo-home/bin/cargo" "+nightly-2024-10-28" "metadata" "--manifest-path" "Cargo.toml" "--no-deps", kill_on_drop: false }`
[INFO] started tweaking crates.io crate zila 0.1.8
[INFO] finished tweaking crates.io crate zila 0.1.8
[INFO] tweaked toml for crates.io crate zila 0.1.8 written to /workspace/builds/worker-6-tc1/source/Cargo.toml
[INFO] crate crates.io crate zila 0.1.8 already has a lockfile, it will not be regenerated
[INFO] running `Command { std: CARGO_HOME="/workspace/cargo-home" RUSTUP_HOME="/workspace/rustup-home" "/workspace/cargo-home/bin/cargo" "+nightly-2024-10-28" "fetch" "--manifest-path" "Cargo.toml", kill_on_drop: false }`
[INFO] running `Command { std: "docker" "create" "-v" "/var/lib/crater-agent-workspace/builds/worker-6-tc1/target:/opt/rustwide/target:rw,Z" "-v" "/var/lib/crater-agent-workspace/builds/worker-6-tc1/source:/opt/rustwide/workdir:ro,Z" "-v" "/var/lib/crater-agent-workspace/cargo-home:/opt/rustwide/cargo-home:ro,Z" "-v" "/var/lib/crater-agent-workspace/rustup-home:/opt/rustwide/rustup-home:ro,Z" "-e" "SOURCE_DIR=/opt/rustwide/workdir" "-e" "CARGO_TARGET_DIR=/opt/rustwide/target" "-e" "CARGO_HOME=/opt/rustwide/cargo-home" "-e" "RUSTUP_HOME=/opt/rustwide/rustup-home" "-w" "/opt/rustwide/workdir" "-m" "1610612736" "--user" "0:0" "--network" "none" "ghcr.io/rust-lang/crates-build-env/linux@sha256:4a844ea9eb2546a2d2c7022eacef16ef2e8229c7fbb2c7d4d55a9ceca922f72d" "/opt/rustwide/cargo-home/bin/cargo" "+nightly-2024-10-28" "metadata" "--no-deps" "--format-version=1", kill_on_drop: false }`
[INFO] [stdout] 7a246abd02b6327e1138dfef654bd21beef9075872825c7d415798f0b91c36d6
[INFO] running `Command { std: "docker" "start" "-a" "7a246abd02b6327e1138dfef654bd21beef9075872825c7d415798f0b91c36d6", kill_on_drop: false }`
[INFO] running `Command { std: "docker" "inspect" "7a246abd02b6327e1138dfef654bd21beef9075872825c7d415798f0b91c36d6", kill_on_drop: false }`
[INFO] running `Command { std: "docker" "rm" "-f" "7a246abd02b6327e1138dfef654bd21beef9075872825c7d415798f0b91c36d6", kill_on_drop: false }`
[INFO] [stdout] 7a246abd02b6327e1138dfef654bd21beef9075872825c7d415798f0b91c36d6
[INFO] running `Command { std: "docker" "create" "-v" "/var/lib/crater-agent-workspace/builds/worker-6-tc1/target:/opt/rustwide/target:rw,Z" "-v" "/var/lib/crater-agent-workspace/builds/worker-6-tc1/source:/opt/rustwide/workdir:ro,Z" "-v" "/var/lib/crater-agent-workspace/cargo-home:/opt/rustwide/cargo-home:ro,Z" "-v" "/var/lib/crater-agent-workspace/rustup-home:/opt/rustwide/rustup-home:ro,Z" "-e" "SOURCE_DIR=/opt/rustwide/workdir" "-e" "CARGO_TARGET_DIR=/opt/rustwide/target" "-e" "CARGO_INCREMENTAL=0" "-e" "RUST_BACKTRACE=full" "-e" "RUSTFLAGS=--cap-lints=forbid" "-e" "RUSTDOCFLAGS=--cap-lints=forbid" "-e" "CARGO_HOME=/opt/rustwide/cargo-home" "-e" "RUSTUP_HOME=/opt/rustwide/rustup-home" "-w" "/opt/rustwide/workdir" "-m" "1610612736" "--user" "0:0" "--network" "none" "ghcr.io/rust-lang/crates-build-env/linux@sha256:4a844ea9eb2546a2d2c7022eacef16ef2e8229c7fbb2c7d4d55a9ceca922f72d" "/opt/rustwide/cargo-home/bin/cargo" "+nightly-2024-10-28" "build" "--frozen" "--message-format=json", kill_on_drop: false }`
[INFO] [stdout] ec7390228e9c18af1c97376bee1d42f431c4049f7bcd46f3d9a54bebc1dc192e
[INFO] running `Command { std: "docker" "start" "-a" "ec7390228e9c18af1c97376bee1d42f431c4049f7bcd46f3d9a54bebc1dc192e", kill_on_drop: false }`
[INFO] [stderr]    Compiling num-traits v0.2.15
[INFO] [stderr]    Compiling libc v0.2.143
[INFO] [stderr]    Compiling num-integer v0.1.45
[INFO] [stderr]    Compiling tokio v1.28.0
[INFO] [stderr]    Compiling iana-time-zone v0.1.56
[INFO] [stderr]    Compiling time v0.1.45
[INFO] [stderr]    Compiling chrono v0.4.24
[INFO] [stderr]    Compiling zila v0.1.8 (/opt/rustwide/workdir)
[INFO] [stdout] warning: unused imports: `Local` and `Timelike`
[INFO] [stdout]   --> src/lib.rs:51:14
[INFO] [stdout]    |
[INFO] [stdout] 51 | use chrono::{Local, Timelike};
[INFO] [stdout]    |              ^^^^^  ^^^^^^^^
[INFO] [stdout]    |
[INFO] [stdout]    = note: `#[warn(unused_imports)]` on by default
[INFO] [stdout] 
[INFO] [stdout] 
[INFO] [stdout] warning: unused import: `std::future::Future`
[INFO] [stdout]   --> src/lib.rs:52:5
[INFO] [stdout]    |
[INFO] [stdout] 52 | use std::future::Future;
[INFO] [stdout]    |     ^^^^^^^^^^^^^^^^^^^
[INFO] [stdout] 
[INFO] [stdout] 
[INFO] [stdout] warning: unused imports: `Duration` and `sleep`
[INFO] [stdout]   --> src/lib.rs:53:19
[INFO] [stdout]    |
[INFO] [stdout] 53 | use tokio::time::{sleep, Duration};
[INFO] [stdout]    |                   ^^^^^  ^^^^^^^^
[INFO] [stdout] 
[INFO] [stdout] 
[INFO] [stderr]     Finished `dev` profile [unoptimized + debuginfo] target(s) in 2.40s
[INFO] running `Command { std: "docker" "inspect" "ec7390228e9c18af1c97376bee1d42f431c4049f7bcd46f3d9a54bebc1dc192e", kill_on_drop: false }`
[INFO] running `Command { std: "docker" "rm" "-f" "ec7390228e9c18af1c97376bee1d42f431c4049f7bcd46f3d9a54bebc1dc192e", kill_on_drop: false }`
[INFO] [stdout] ec7390228e9c18af1c97376bee1d42f431c4049f7bcd46f3d9a54bebc1dc192e
[INFO] running `Command { std: "docker" "create" "-v" "/var/lib/crater-agent-workspace/builds/worker-6-tc1/target:/opt/rustwide/target:rw,Z" "-v" "/var/lib/crater-agent-workspace/builds/worker-6-tc1/source:/opt/rustwide/workdir:ro,Z" "-v" "/var/lib/crater-agent-workspace/cargo-home:/opt/rustwide/cargo-home:ro,Z" "-v" "/var/lib/crater-agent-workspace/rustup-home:/opt/rustwide/rustup-home:ro,Z" "-e" "SOURCE_DIR=/opt/rustwide/workdir" "-e" "CARGO_TARGET_DIR=/opt/rustwide/target" "-e" "CARGO_INCREMENTAL=0" "-e" "RUST_BACKTRACE=full" "-e" "RUSTFLAGS=--cap-lints=forbid" "-e" "RUSTDOCFLAGS=--cap-lints=forbid" "-e" "CARGO_HOME=/opt/rustwide/cargo-home" "-e" "RUSTUP_HOME=/opt/rustwide/rustup-home" "-w" "/opt/rustwide/workdir" "-m" "1610612736" "--user" "0:0" "--network" "none" "ghcr.io/rust-lang/crates-build-env/linux@sha256:4a844ea9eb2546a2d2c7022eacef16ef2e8229c7fbb2c7d4d55a9ceca922f72d" "/opt/rustwide/cargo-home/bin/cargo" "+nightly-2024-10-28" "test" "--frozen" "--no-run" "--message-format=json", kill_on_drop: false }`
[INFO] [stdout] a78c8ce4da467103e576ab99fcd54432caf28a54dc79e79aea329ee90440e3d2
[INFO] running `Command { std: "docker" "start" "-a" "a78c8ce4da467103e576ab99fcd54432caf28a54dc79e79aea329ee90440e3d2", kill_on_drop: false }`
[INFO] [stdout] warning: unused imports: `Local` and `Timelike`
[INFO] [stdout]   --> src/lib.rs:51:14
[INFO] [stdout]    |
[INFO] [stdout] 51 | use chrono::{Local, Timelike};
[INFO] [stdout]    |              ^^^^^  ^^^^^^^^
[INFO] [stdout]    |
[INFO] [stdout]    = note: `#[warn(unused_imports)]` on by default
[INFO] [stdout] 
[INFO] [stdout] 
[INFO] [stdout] warning: unused import: `std::future::Future`
[INFO] [stdout]   --> src/lib.rs:52:5
[INFO] [stdout]    |
[INFO] [stdout] 52 | use std::future::Future;
[INFO] [stdout]    |     ^^^^^^^^^^^^^^^^^^^
[INFO] [stdout] 
[INFO] [stdout] 
[INFO] [stdout] warning: unused imports: `Duration` and `sleep`
[INFO] [stdout]   --> src/lib.rs:53:19
[INFO] [stdout]    |
[INFO] [stdout] 53 | use tokio::time::{sleep, Duration};
[INFO] [stdout]    |                   ^^^^^  ^^^^^^^^
[INFO] [stdout] 
[INFO] [stdout] 
[INFO] [stderr]    Compiling zila v0.1.8 (/opt/rustwide/workdir)
[INFO] [stdout] warning: unused imports: `Local` and `Timelike`
[INFO] [stdout]   --> src/lib.rs:51:14
[INFO] [stdout]    |
[INFO] [stdout] 51 | use chrono::{Local, Timelike};
[INFO] [stdout]    |              ^^^^^  ^^^^^^^^
[INFO] [stdout]    |
[INFO] [stdout]    = note: `#[warn(unused_imports)]` on by default
[INFO] [stdout] 
[INFO] [stdout] 
[INFO] [stdout] warning: unused import: `std::future::Future`
[INFO] [stdout]   --> src/lib.rs:52:5
[INFO] [stdout]    |
[INFO] [stdout] 52 | use std::future::Future;
[INFO] [stdout]    |     ^^^^^^^^^^^^^^^^^^^
[INFO] [stdout] 
[INFO] [stdout] 
[INFO] [stdout] warning: unused imports: `Duration` and `sleep`
[INFO] [stdout]   --> src/lib.rs:53:19
[INFO] [stdout]    |
[INFO] [stdout] 53 | use tokio::time::{sleep, Duration};
[INFO] [stdout]    |                   ^^^^^  ^^^^^^^^
[INFO] [stdout] 
[INFO] [stdout] 
[INFO] [stderr]     Finished `test` profile [unoptimized + debuginfo] target(s) in 0.10s
[INFO] running `Command { std: "docker" "inspect" "a78c8ce4da467103e576ab99fcd54432caf28a54dc79e79aea329ee90440e3d2", kill_on_drop: false }`
[INFO] running `Command { std: "docker" "rm" "-f" "a78c8ce4da467103e576ab99fcd54432caf28a54dc79e79aea329ee90440e3d2", kill_on_drop: false }`
[INFO] [stdout] a78c8ce4da467103e576ab99fcd54432caf28a54dc79e79aea329ee90440e3d2
[INFO] running `Command { std: "docker" "create" "-v" "/var/lib/crater-agent-workspace/builds/worker-6-tc1/target:/opt/rustwide/target:rw,Z" "-v" "/var/lib/crater-agent-workspace/builds/worker-6-tc1/source:/opt/rustwide/workdir:ro,Z" "-v" "/var/lib/crater-agent-workspace/cargo-home:/opt/rustwide/cargo-home:ro,Z" "-v" "/var/lib/crater-agent-workspace/rustup-home:/opt/rustwide/rustup-home:ro,Z" "-e" "SOURCE_DIR=/opt/rustwide/workdir" "-e" "CARGO_TARGET_DIR=/opt/rustwide/target" "-e" "CARGO_INCREMENTAL=0" "-e" "RUST_BACKTRACE=full" "-e" "RUSTFLAGS=--cap-lints=forbid" "-e" "RUSTDOCFLAGS=--cap-lints=forbid" "-e" "CARGO_HOME=/opt/rustwide/cargo-home" "-e" "RUSTUP_HOME=/opt/rustwide/rustup-home" "-w" "/opt/rustwide/workdir" "-m" "1610612736" "--user" "0:0" "--network" "none" "ghcr.io/rust-lang/crates-build-env/linux@sha256:4a844ea9eb2546a2d2c7022eacef16ef2e8229c7fbb2c7d4d55a9ceca922f72d" "/opt/rustwide/cargo-home/bin/cargo" "+nightly-2024-10-28" "test" "--frozen", kill_on_drop: false }`
[INFO] [stdout] 64d9da92779d366e1824d4e7818418d1b9b57a189c7cfdc57a04f0f14ebbae9f
[INFO] running `Command { std: "docker" "start" "-a" "64d9da92779d366e1824d4e7818418d1b9b57a189c7cfdc57a04f0f14ebbae9f", kill_on_drop: false }`
[INFO] [stderr] warning: unused imports: `Local` and `Timelike`
[INFO] [stderr]   --> src/lib.rs:51:14
[INFO] [stderr]    |
[INFO] [stderr] 51 | use chrono::{Local, Timelike};
[INFO] [stderr]    |              ^^^^^  ^^^^^^^^
[INFO] [stderr]    |
[INFO] [stderr]    = note: `#[warn(unused_imports)]` on by default
[INFO] [stderr] 
[INFO] [stderr] warning: unused import: `std::future::Future`
[INFO] [stderr]   --> src/lib.rs:52:5
[INFO] [stderr]    |
[INFO] [stderr] 52 | use std::future::Future;
[INFO] [stderr]    |     ^^^^^^^^^^^^^^^^^^^
[INFO] [stderr] 
[INFO] [stderr] warning: unused imports: `Duration` and `sleep`
[INFO] [stderr]   --> src/lib.rs:53:19
[INFO] [stderr]    |
[INFO] [stderr] 53 | use tokio::time::{sleep, Duration};
[INFO] [stderr]    |                   ^^^^^  ^^^^^^^^
[INFO] [stderr] 
[INFO] [stderr] warning: `zila` (lib) generated 3 warnings (run `cargo fix --lib -p zila` to apply 3 suggestions)
[INFO] [stderr] warning: `zila` (lib test) generated 3 warnings (3 duplicates)
[INFO] [stderr]     Finished `test` profile [unoptimized + debuginfo] target(s) in 0.04s
[INFO] [stderr]      Running unittests src/lib.rs (/opt/rustwide/target/debug/deps/zila-abeff0a9d4c0d103)
[INFO] [stdout] 
[INFO] [stdout] running 0 tests
[INFO] [stdout] 
[INFO] [stdout] test result: ok. 0 passed; 0 failed; 0 ignored; 0 measured; 0 filtered out; finished in 0.00s
[INFO] [stdout] 
[INFO] [stderr]    Doc-tests zila
[INFO] [stdout] 
[INFO] [stdout] running 1 test
[INFO] [stdout] test src/lib.rs - (line 39) ... FAILED
[INFO] [stdout] 
[INFO] [stdout] failures:
[INFO] [stdout] 
[INFO] [stdout] ---- src/lib.rs - (line 39) stdout ----
[INFO] [stdout] error[E0432]: unresolved import `zila::call_every_second`
[INFO] [stdout]    --> src/lib.rs:41:5
[INFO] [stdout]     |
[INFO] [stdout] 4   | use zila::call_every_second;
[INFO] [stdout]     |     ^^^^^^^^^^^^^^^^^^^^^^^ no `call_every_second` in the root
[INFO] [stdout]     |
[INFO] [stdout] note: found an item that was configured out
[INFO] [stdout]    --> /opt/rustwide/workdir/src/lib.rs:625:8
[INFO] [stdout]     |
[INFO] [stdout] 625 | pub fn call_every_second<F>(callback: F)
[INFO] [stdout]     |        ^^^^^^^^^^^^^^^^^
[INFO] [stdout] note: the item is gated behind the `second` feature
[INFO] [stdout]    --> /opt/rustwide/workdir/src/lib.rs:624:7
[INFO] [stdout]     |
[INFO] [stdout] 624 | #[cfg(feature = "second")]
[INFO] [stdout]     |       ^^^^^^^^^^^^^^^^^^
[INFO] [stdout] 
[INFO] [stdout] error: aborting due to 1 previous error
[INFO] [stdout] 
[INFO] [stdout] For more information about this error, try `rustc --explain E0432`.
[INFO] [stdout] Couldn't compile the test.
[INFO] [stdout] 
[INFO] [stdout] failures:
[INFO] [stdout]     src/lib.rs - (line 39)
[INFO] [stdout] 
[INFO] [stdout] test result: FAILED. 0 passed; 1 failed; 0 ignored; 0 measured; 0 filtered out; finished in 0.11s
[INFO] [stdout] 
[INFO] [stderr] error: doctest failed, to rerun pass `--doc`
[INFO] running `Command { std: "docker" "inspect" "64d9da92779d366e1824d4e7818418d1b9b57a189c7cfdc57a04f0f14ebbae9f", kill_on_drop: false }`
[INFO] running `Command { std: "docker" "rm" "-f" "64d9da92779d366e1824d4e7818418d1b9b57a189c7cfdc57a04f0f14ebbae9f", kill_on_drop: false }`
[INFO] [stdout] 64d9da92779d366e1824d4e7818418d1b9b57a189c7cfdc57a04f0f14ebbae9f
