[INFO] fetching crate zero-cli 2.5.0...
[INFO] testing zero-cli-2.5.0 against nightly-2024-10-28 for randomize-layout
[INFO] extracting crate zero-cli 2.5.0 into /workspace/builds/worker-7-tc1/source
[INFO] validating manifest of crates.io crate zero-cli 2.5.0 on toolchain nightly-2024-10-28
[INFO] running `Command { std: CARGO_HOME="/workspace/cargo-home" RUSTUP_HOME="/workspace/rustup-home" "/workspace/cargo-home/bin/cargo" "+nightly-2024-10-28" "metadata" "--manifest-path" "Cargo.toml" "--no-deps", kill_on_drop: false }`
[INFO] started tweaking crates.io crate zero-cli 2.5.0
[INFO] removed 0 missing tests
[INFO] finished tweaking crates.io crate zero-cli 2.5.0
[INFO] tweaked toml for crates.io crate zero-cli 2.5.0 written to /workspace/builds/worker-7-tc1/source/Cargo.toml
[INFO] crate crates.io crate zero-cli 2.5.0 already has a lockfile, it will not be regenerated
[INFO] running `Command { std: CARGO_HOME="/workspace/cargo-home" RUSTUP_HOME="/workspace/rustup-home" "/workspace/cargo-home/bin/cargo" "+nightly-2024-10-28" "fetch" "--manifest-path" "Cargo.toml", kill_on_drop: false }`
[INFO] [stderr]     Updating crates.io index
[INFO] [stderr]  Downloading crates ...
[INFO] [stderr]   Downloaded lazy-regex v3.0.2
[INFO] [stderr]   Downloaded rexpect v0.5.0
[INFO] [stderr]   Downloaded lazy-regex-proc_macros v3.0.1
[INFO] [stderr]   Downloaded comma v1.0.0
[INFO] [stderr]   Downloaded crokey-proc_macros v0.6.4
[INFO] [stderr]   Downloaded graphql_query_derive v0.14.0
[INFO] [stderr]   Downloaded crokey v1.0.0
[INFO] [stderr]   Downloaded linux-keyutils v0.2.3
[INFO] [stderr]   Downloaded zbus_names v2.6.0
[INFO] [stderr]   Downloaded zvariant_derive v3.15.0
[INFO] [stderr]   Downloaded graphql_client v0.14.0
[INFO] [stderr]   Downloaded zbus_macros v3.14.1
[INFO] [stderr]   Downloaded zvariant v3.15.0
[INFO] [stderr]   Downloaded graphql_client_codegen v0.14.0
[INFO] [stderr]   Downloaded zbus v3.14.1
[INFO] [stderr]   Downloaded termimad v0.29.2
[INFO] running `Command { std: "docker" "create" "-v" "/var/lib/crater-agent-workspace/builds/worker-7-tc1/target:/opt/rustwide/target:rw,Z" "-v" "/var/lib/crater-agent-workspace/builds/worker-7-tc1/source:/opt/rustwide/workdir:ro,Z" "-v" "/var/lib/crater-agent-workspace/cargo-home:/opt/rustwide/cargo-home:ro,Z" "-v" "/var/lib/crater-agent-workspace/rustup-home:/opt/rustwide/rustup-home:ro,Z" "-e" "SOURCE_DIR=/opt/rustwide/workdir" "-e" "CARGO_TARGET_DIR=/opt/rustwide/target" "-e" "CARGO_HOME=/opt/rustwide/cargo-home" "-e" "RUSTUP_HOME=/opt/rustwide/rustup-home" "-w" "/opt/rustwide/workdir" "-m" "1610612736" "--user" "0:0" "--network" "none" "ghcr.io/rust-lang/crates-build-env/linux@sha256:4a844ea9eb2546a2d2c7022eacef16ef2e8229c7fbb2c7d4d55a9ceca922f72d" "/opt/rustwide/cargo-home/bin/cargo" "+nightly-2024-10-28" "metadata" "--no-deps" "--format-version=1", kill_on_drop: false }`
[INFO] [stdout] 12dac4ec3b930b9cafd90507194c115136c2a0beaf4f2d64a6f4aa7365be5fda
[INFO] running `Command { std: "docker" "start" "-a" "12dac4ec3b930b9cafd90507194c115136c2a0beaf4f2d64a6f4aa7365be5fda", kill_on_drop: false }`
[INFO] running `Command { std: "docker" "inspect" "12dac4ec3b930b9cafd90507194c115136c2a0beaf4f2d64a6f4aa7365be5fda", kill_on_drop: false }`
[INFO] running `Command { std: "docker" "rm" "-f" "12dac4ec3b930b9cafd90507194c115136c2a0beaf4f2d64a6f4aa7365be5fda", kill_on_drop: false }`
[INFO] [stdout] 12dac4ec3b930b9cafd90507194c115136c2a0beaf4f2d64a6f4aa7365be5fda
[INFO] running `Command { std: "docker" "create" "-v" "/var/lib/crater-agent-workspace/builds/worker-7-tc1/target:/opt/rustwide/target:rw,Z" "-v" "/var/lib/crater-agent-workspace/builds/worker-7-tc1/source:/opt/rustwide/workdir:ro,Z" "-v" "/var/lib/crater-agent-workspace/cargo-home:/opt/rustwide/cargo-home:ro,Z" "-v" "/var/lib/crater-agent-workspace/rustup-home:/opt/rustwide/rustup-home:ro,Z" "-e" "SOURCE_DIR=/opt/rustwide/workdir" "-e" "CARGO_TARGET_DIR=/opt/rustwide/target" "-e" "CARGO_INCREMENTAL=0" "-e" "RUST_BACKTRACE=full" "-e" "RUSTFLAGS=--cap-lints=forbid" "-e" "RUSTDOCFLAGS=--cap-lints=forbid" "-e" "CARGO_HOME=/opt/rustwide/cargo-home" "-e" "RUSTUP_HOME=/opt/rustwide/rustup-home" "-w" "/opt/rustwide/workdir" "-m" "1610612736" "--user" "0:0" "--network" "none" "ghcr.io/rust-lang/crates-build-env/linux@sha256:4a844ea9eb2546a2d2c7022eacef16ef2e8229c7fbb2c7d4d55a9ceca922f72d" "/opt/rustwide/cargo-home/bin/cargo" "+nightly-2024-10-28" "build" "--frozen" "--message-format=json", kill_on_drop: false }`
[INFO] [stdout] c1ebdc62c3d8ca5752ebdbf330b52dfb45f4bb3725ef3181c094ee4a784aefe0
[INFO] running `Command { std: "docker" "start" "-a" "c1ebdc62c3d8ca5752ebdbf330b52dfb45f4bb3725ef3181c094ee4a784aefe0", kill_on_drop: false }`
[INFO] [stderr]    Compiling autocfg v1.1.0
[INFO] [stderr]    Compiling proc-macro2 v1.0.81
[INFO] [stderr]    Compiling unicode-ident v1.0.8
[INFO] [stderr]    Compiling cfg-if v1.0.0
[INFO] [stderr]    Compiling libc v0.2.153
[INFO] [stderr]    Compiling log v0.4.20
[INFO] [stderr]    Compiling once_cell v1.17.1
[INFO] [stderr]    Compiling futures-core v0.3.28
[INFO] [stderr]    Compiling scopeguard v1.2.0
[INFO] [stderr]    Compiling pin-project-lite v0.2.13
[INFO] [stderr]    Compiling memchr v2.6.3
[INFO] [stderr]    Compiling parking_lot_core v0.9.8
[INFO] [stderr]    Compiling serde v1.0.198
[INFO] [stderr]    Compiling crossbeam-utils v0.8.16
[INFO] [stderr]    Compiling syn v1.0.109
[INFO] [stderr]    Compiling typenum v1.16.0
[INFO] [stderr]    Compiling version_check v0.9.4
[INFO] [stderr]    Compiling equivalent v1.0.1
[INFO] [stderr]    Compiling hashbrown v0.14.0
[INFO] [stderr]    Compiling futures-io v0.3.28
[INFO] [stderr]    Compiling smallvec v1.13.2
[INFO] [stderr]    Compiling itoa v1.0.9
[INFO] [stderr]    Compiling bytes v1.5.0
[INFO] [stderr]    Compiling futures-task v0.3.28
[INFO] [stderr]    Compiling tracing-core v0.1.31
[INFO] [stderr]    Compiling lock_api v0.4.10
[INFO] [stderr]    Compiling slab v0.4.9
[INFO] [stderr]    Compiling num-traits v0.2.16
[INFO] [stderr]    Compiling generic-array v0.14.7
[INFO] [stderr]    Compiling signal-hook v0.3.17
[INFO] [stderr]    Compiling futures-util v0.3.28
[INFO] [stderr]    Compiling regex-syntax v0.8.2
[INFO] [stderr]    Compiling bitflags v2.4.0
[INFO] [stderr]    Compiling futures-sink v0.3.28
[INFO] [stderr]    Compiling indexmap v2.0.0
[INFO] [stderr]    Compiling cc v1.0.79
[INFO] [stderr]    Compiling vcpkg v0.2.15
[INFO] [stderr]    Compiling quote v1.0.36
[INFO] [stderr]    Compiling fastrand v1.9.0
[INFO] [stderr]    Compiling bitflags v1.3.2
[INFO] [stderr]    Compiling pin-utils v0.1.0
[INFO] [stderr]    Compiling event-listener v2.5.3
[INFO] [stderr]    Compiling syn v2.0.60
[INFO] [stderr]    Compiling pkg-config v0.3.27
[INFO] [stderr]    Compiling aho-corasick v1.0.5
[INFO] [stderr]    Compiling io-lifetimes v1.0.10
[INFO] [stderr]    Compiling winnow v0.5.15
[INFO] [stderr]    Compiling toml_datetime v0.6.3
[INFO] [stderr]    Compiling concurrent-queue v2.2.0
[INFO] [stderr]    Compiling num-integer v0.1.45
[INFO] [stderr]    Compiling rustix v0.37.19
[INFO] [stderr]    Compiling thiserror v1.0.40
[INFO] [stderr]    Compiling waker-fn v1.1.0
[INFO] [stderr]    Compiling parking v2.1.0
[INFO] [stderr]    Compiling subtle v2.5.0
[INFO] [stderr]    Compiling fnv v1.0.7
[INFO] [stderr]    Compiling async-lock v2.8.0
[INFO] [stderr]    Compiling http v1.1.0
[INFO] [stderr]    Compiling futures-lite v1.13.0
[INFO] [stderr]    Compiling memoffset v0.7.1
[INFO] [stderr]    Compiling signal-hook-registry v1.4.1
[INFO] [stderr]    Compiling mio v0.8.11
[INFO] [stderr]    Compiling num_cpus v1.16.0
[INFO] [stderr]    Compiling socket2 v0.5.6
[INFO] [stderr]    Compiling crypto-common v0.1.6
[INFO] [stderr]    Compiling openssl-sys v0.9.93
[INFO] [stderr]    Compiling parking_lot v0.12.1
[INFO] [stderr]    Compiling block-buffer v0.10.4
[INFO] [stderr]    Compiling linux-raw-sys v0.3.7
[INFO] [stderr]    Compiling digest v0.10.7
[INFO] [stderr]    Compiling getrandom v0.2.10
[INFO] [stderr]    Compiling memoffset v0.9.0
[INFO] [stderr]    Compiling regex-automata v0.4.6
[INFO] [stderr]    Compiling polling v2.8.0
[INFO] [stderr]    Compiling num-bigint v0.4.4
[INFO] [stderr]    Compiling void v1.0.2
[INFO] [stderr]    Compiling lazy_static v1.5.0
[INFO] [stderr]    Compiling serde_json v1.0.116
[INFO] [stderr]    Compiling openssl v0.10.57
[INFO] [stderr]    Compiling foreign-types-shared v0.1.1
[INFO] [stderr]    Compiling ryu v1.0.15
[INFO] [stderr]    Compiling httparse v1.8.0
[INFO] [stderr]    Compiling cpufeatures v0.2.9
[INFO] [stderr]    Compiling futures-channel v0.3.28
[INFO] [stderr]    Compiling async-task v4.4.0
[INFO] [stderr]    Compiling foreign-types v0.3.2
[INFO] [stderr]    Compiling unreachable v1.0.0
[INFO] [stderr]    Compiling http-body v1.0.0
[INFO] [stderr]    Compiling toml_edit v0.19.15
[INFO] [stderr]    Compiling rand_core v0.6.4
[INFO] [stderr]    Compiling async-channel v1.9.0
[INFO] [stderr]    Compiling crossbeam-epoch v0.9.15
[INFO] [stderr]    Compiling num-rational v0.4.1
[INFO] [stderr]    Compiling num-iter v0.1.43
[INFO] [stderr]    Compiling async-io v1.13.0
[INFO] [stderr]    Compiling async-fs v1.6.0
[INFO] [stderr]    Compiling byteorder v1.4.3
[INFO] [stderr]    Compiling static_assertions v1.1.0
[INFO] [stderr]    Compiling native-tls v0.2.11
[INFO] [stderr]    Compiling async-trait v0.1.73
[INFO] [stderr]    Compiling ascii v0.9.3
[INFO] [stderr]    Compiling either v1.9.0
[INFO] [stderr]    Compiling tinyvec_macros v0.1.1
[INFO] [stderr]    Compiling ppv-lite86 v0.2.17
[INFO] [stderr]    Compiling try-lock v0.2.4
[INFO] [stderr]    Compiling atomic-waker v1.1.1
[INFO] [stderr]    Compiling want v0.3.1
[INFO] [stderr]    Compiling tinyvec v1.6.0
[INFO] [stderr]    Compiling blocking v1.3.1
[INFO] [stderr]    Compiling signal-hook-mio v0.2.3
[INFO] [stderr]    Compiling combine v3.8.1
[INFO] [stderr]    Compiling nix v0.26.4
[INFO] [stderr]    Compiling rand_chacha v0.3.1
[INFO] [stderr]    Compiling cipher v0.3.0
[INFO] [stderr]    Compiling socket2 v0.4.9
[INFO] [stderr]    Compiling openssl-probe v0.1.5
[INFO] [stderr]    Compiling tower-service v0.3.2
[INFO] [stderr]    Compiling heck v0.4.1
[INFO] [stderr]    Compiling tower-layer v0.3.2
[INFO] [stderr]    Compiling crossbeam-queue v0.3.8
[INFO] [stderr]    Compiling percent-encoding v2.3.0
[INFO] [stderr]    Compiling utf8parse v0.2.1
[INFO] [stderr]    Compiling crossterm v0.27.0
[INFO] [stderr]    Compiling form_urlencoded v1.2.0
[INFO] [stderr]    Compiling anstyle-parse v0.2.0
[INFO] [stderr]    Compiling unicode-normalization v0.1.22
[INFO] [stderr]    Compiling xdg-home v1.0.0
[INFO] [stderr]    Compiling rand v0.8.5
[INFO] [stderr]    Compiling regex v1.10.4
[INFO] [stderr]    Compiling proc-macro-crate v1.3.1
[INFO] [stderr]    Compiling zvariant_utils v1.0.1
[INFO] [stderr]    Compiling async-executor v1.5.1
[INFO] [stderr]    Compiling sha1 v0.10.5
[INFO] [stderr]    Compiling hmac v0.12.1
[INFO] [stderr]    Compiling num-complex v0.4.4
[INFO] [stderr]    Compiling async-broadcast v0.5.1
[INFO] [stderr]    Compiling tempfile v3.6.0
[INFO] [stderr]    Compiling ordered-stream v0.2.0
[INFO] [stderr]    Compiling anstyle-query v1.0.0
[INFO] [stderr]    Compiling unicode-bidi v0.3.13
[INFO] [stderr]    Compiling opaque-debug v0.3.0
[INFO] [stderr]    Compiling strict v0.2.0
[INFO] [stderr]    Compiling anstyle v1.0.0
[INFO] [stderr]    Compiling block-padding v0.2.1
[INFO] [stderr]    Compiling unicode-width v0.1.11
[INFO] [stderr]    Compiling rustversion v1.0.14
[INFO] [stderr]    Compiling colorchoice v1.0.0
[INFO] [stderr]    Compiling hex v0.4.3
[INFO] [stderr]    Compiling block-modes v0.8.1
[INFO] [stderr]    Compiling num v0.4.1
[INFO] [stderr]    Compiling anstream v0.6.13
[INFO] [stderr]    Compiling aes v0.7.5
[INFO] [stderr]    Compiling hkdf v0.12.3
[INFO] [stderr]    Compiling idna v0.4.0
[INFO] [stderr]    Compiling crossbeam-deque v0.8.3
[INFO] [stderr]    Compiling http-body-util v0.1.1
[INFO] [stderr]    Compiling sha2 v0.10.7
[INFO] [stderr]    Compiling crossbeam-channel v0.5.8
[INFO] [stderr]    Compiling is-docker v0.2.0
[INFO] [stderr]    Compiling clap_lex v0.7.0
[INFO] [stderr]    Compiling base64 v0.22.0
[INFO] [stderr]    Compiling rustls-pki-types v1.5.0
[INFO] [stderr]    Compiling strsim v0.11.1
[INFO] [stderr]    Compiling serde_derive v1.0.198
[INFO] [stderr]    Compiling tracing-attributes v0.1.26
[INFO] [stderr]    Compiling futures-macro v0.3.28
[INFO] [stderr]    Compiling tokio-macros v2.2.0
[INFO] [stderr]    Compiling thiserror-impl v1.0.40
[INFO] [stderr]    Compiling enumflags2_derive v0.7.7
[INFO] [stderr]    Compiling pin-project-internal v1.1.5
[INFO] [stderr]    Compiling openssl-macros v0.1.1
[INFO] [stderr]    Compiling async-recursion v1.0.5
[INFO] [stderr]    Compiling serde_repr v0.1.16
[INFO] [stderr]    Compiling heck v0.5.0
[INFO] [stderr]    Compiling crossbeam v0.8.2
[INFO] [stderr]    Compiling rustls-pemfile v2.1.2
[INFO] [stderr]    Compiling clap_derive v4.5.4
[INFO] [stderr]    Compiling url v2.4.1
[INFO] [stderr]    Compiling tokio v1.37.0
[INFO] [stderr]    Compiling clap_builder v4.5.2
[INFO] [stderr]    Compiling is-wsl v0.4.0
[INFO] [stderr]    Compiling zvariant_derive v3.15.0
[INFO] [stderr]    Compiling derivative v2.2.0
[INFO] [stderr]    Compiling zbus_macros v3.14.1
[INFO] [stderr]    Compiling lazy-regex-proc_macros v3.0.1
[INFO] [stderr]    Compiling crokey-proc_macros v0.6.4
[INFO] [stderr]    Compiling pin-project v1.1.5
[INFO] [stderr]    Compiling graphql-parser v0.4.0
[INFO] [stderr]    Compiling tracing v0.1.37
[INFO] [stderr]    Compiling console v0.15.7
[INFO] [stderr]    Compiling coolor v0.9.0
[INFO] [stderr]    Compiling linux-keyutils v0.2.3
[INFO] [stderr]    Compiling lazy-regex v3.0.2
[INFO] [stderr]    Compiling minimad v0.13.0
[INFO] [stderr]    Compiling encoding_rs v0.8.33
[INFO] [stderr]    Compiling iana-time-zone v0.1.57
[INFO] [stderr]    Compiling pathdiff v0.2.1
[INFO] [stderr]    Compiling sync_wrapper v0.1.2
[INFO] [stderr]    Compiling shell-words v1.1.0
[INFO] [stderr]    Compiling ipnet v2.8.0
[INFO] [stderr]    Compiling mime v0.3.17
[INFO] [stderr]    Compiling zeroize v1.6.0
[INFO] [stderr]    Compiling dialoguer v0.11.0
[INFO] [stderr]    Compiling open v5.1.2
[INFO] [stderr]    Compiling strum_macros v0.26.2
[INFO] [stderr]    Compiling strum v0.26.2
[INFO] [stderr]    Compiling clap v4.5.4
[INFO] [stderr]    Compiling tokio-util v0.7.8
[INFO] [stderr]    Compiling tower v0.4.13
[INFO] [stderr]    Compiling tokio-native-tls v0.3.1
[INFO] [stderr]    Compiling enumflags2 v0.7.7
[INFO] [stderr]    Compiling graphql-introspection-query v0.2.0
[INFO] [stderr]    Compiling crokey v1.0.0
[INFO] [stderr]    Compiling serde_urlencoded v0.7.1
[INFO] [stderr]    Compiling chrono v0.4.38
[INFO] [stderr]    Compiling uuid v1.8.0
[INFO] [stderr]    Compiling h2 v0.4.4
[INFO] [stderr]    Compiling termimad v0.29.2
[INFO] [stderr]    Compiling zvariant v3.15.0
[INFO] [stderr]    Compiling graphql_client_codegen v0.14.0
[INFO] [stderr]    Compiling zbus_names v2.6.0
[INFO] [stderr]    Compiling zbus v3.14.1
[INFO] [stderr]    Compiling hyper v1.3.1
[INFO] [stderr]    Compiling graphql_query_derive v0.14.0
[INFO] [stderr]    Compiling graphql_client v0.14.0
[INFO] [stderr]    Compiling hyper-util v0.1.3
[INFO] [stderr]    Compiling hyper-tls v0.6.0
[INFO] [stderr]    Compiling reqwest v0.12.4
[INFO] [stderr]    Compiling secret-service v3.0.1
[INFO] [stderr]    Compiling keyring v2.3.2
[INFO] [stderr]    Compiling zero-cli v2.5.0 (/opt/rustwide/workdir)
[INFO] [stderr]     Finished `dev` profile [unoptimized + debuginfo] target(s) in 54.37s
[INFO] running `Command { std: "docker" "inspect" "c1ebdc62c3d8ca5752ebdbf330b52dfb45f4bb3725ef3181c094ee4a784aefe0", kill_on_drop: false }`
[INFO] running `Command { std: "docker" "rm" "-f" "c1ebdc62c3d8ca5752ebdbf330b52dfb45f4bb3725ef3181c094ee4a784aefe0", kill_on_drop: false }`
[INFO] [stdout] c1ebdc62c3d8ca5752ebdbf330b52dfb45f4bb3725ef3181c094ee4a784aefe0
[INFO] running `Command { std: "docker" "create" "-v" "/var/lib/crater-agent-workspace/builds/worker-7-tc1/target:/opt/rustwide/target:rw,Z" "-v" "/var/lib/crater-agent-workspace/builds/worker-7-tc1/source:/opt/rustwide/workdir:ro,Z" "-v" "/var/lib/crater-agent-workspace/cargo-home:/opt/rustwide/cargo-home:ro,Z" "-v" "/var/lib/crater-agent-workspace/rustup-home:/opt/rustwide/rustup-home:ro,Z" "-e" "SOURCE_DIR=/opt/rustwide/workdir" "-e" "CARGO_TARGET_DIR=/opt/rustwide/target" "-e" "CARGO_INCREMENTAL=0" "-e" "RUST_BACKTRACE=full" "-e" "RUSTFLAGS=--cap-lints=forbid" "-e" "RUSTDOCFLAGS=--cap-lints=forbid" "-e" "CARGO_HOME=/opt/rustwide/cargo-home" "-e" "RUSTUP_HOME=/opt/rustwide/rustup-home" "-w" "/opt/rustwide/workdir" "-m" "1610612736" "--user" "0:0" "--network" "none" "ghcr.io/rust-lang/crates-build-env/linux@sha256:4a844ea9eb2546a2d2c7022eacef16ef2e8229c7fbb2c7d4d55a9ceca922f72d" "/opt/rustwide/cargo-home/bin/cargo" "+nightly-2024-10-28" "test" "--frozen" "--no-run" "--message-format=json", kill_on_drop: false }`
[INFO] [stdout] c657099d9d1eb19f54b0ad251b6e6e36cd36acbd3b960720cd5a0cff4eb04e9e
[INFO] running `Command { std: "docker" "start" "-a" "c657099d9d1eb19f54b0ad251b6e6e36cd36acbd3b960720cd5a0cff4eb04e9e", kill_on_drop: false }`
[INFO] [stderr]    Compiling memoffset v0.6.5
[INFO] [stderr]    Compiling comma v1.0.0
[INFO] [stderr]    Compiling nix v0.25.1
[INFO] [stderr]    Compiling rexpect v0.5.0
[INFO] [stderr]    Compiling zero-cli v2.5.0 (/opt/rustwide/workdir)
[INFO] [stderr]     Finished `test` profile [unoptimized + debuginfo] target(s) in 10.22s
[INFO] running `Command { std: "docker" "inspect" "c657099d9d1eb19f54b0ad251b6e6e36cd36acbd3b960720cd5a0cff4eb04e9e", kill_on_drop: false }`
[INFO] running `Command { std: "docker" "rm" "-f" "c657099d9d1eb19f54b0ad251b6e6e36cd36acbd3b960720cd5a0cff4eb04e9e", kill_on_drop: false }`
[INFO] [stdout] c657099d9d1eb19f54b0ad251b6e6e36cd36acbd3b960720cd5a0cff4eb04e9e
[INFO] running `Command { std: "docker" "create" "-v" "/var/lib/crater-agent-workspace/builds/worker-7-tc1/target:/opt/rustwide/target:rw,Z" "-v" "/var/lib/crater-agent-workspace/builds/worker-7-tc1/source:/opt/rustwide/workdir:ro,Z" "-v" "/var/lib/crater-agent-workspace/cargo-home:/opt/rustwide/cargo-home:ro,Z" "-v" "/var/lib/crater-agent-workspace/rustup-home:/opt/rustwide/rustup-home:ro,Z" "-e" "SOURCE_DIR=/opt/rustwide/workdir" "-e" "CARGO_TARGET_DIR=/opt/rustwide/target" "-e" "CARGO_INCREMENTAL=0" "-e" "RUST_BACKTRACE=full" "-e" "RUSTFLAGS=--cap-lints=forbid" "-e" "RUSTDOCFLAGS=--cap-lints=forbid" "-e" "CARGO_HOME=/opt/rustwide/cargo-home" "-e" "RUSTUP_HOME=/opt/rustwide/rustup-home" "-w" "/opt/rustwide/workdir" "-m" "1610612736" "--user" "0:0" "--network" "none" "ghcr.io/rust-lang/crates-build-env/linux@sha256:4a844ea9eb2546a2d2c7022eacef16ef2e8229c7fbb2c7d4d55a9ceca922f72d" "/opt/rustwide/cargo-home/bin/cargo" "+nightly-2024-10-28" "test" "--frozen", kill_on_drop: false }`
[INFO] [stdout] 5a2ee87210c5ca922b8e94f2858c419be24e600b6a04f0cb663859e2efac1baf
[INFO] running `Command { std: "docker" "start" "-a" "5a2ee87210c5ca922b8e94f2858c419be24e600b6a04f0cb663859e2efac1baf", kill_on_drop: false }`
[INFO] [stderr]     Finished `test` profile [unoptimized + debuginfo] target(s) in 0.29s
[INFO] [stderr]      Running unittests src/main.rs (/opt/rustwide/target/debug/deps/zero_cli-e94871509ff256c1)
[INFO] [stdout] 
[INFO] [stdout] running 1 test
[INFO] [stdout] test common::format_relative_time::tests::test_relative_time_format ... ok
[INFO] [stdout] 
[INFO] [stdout] test result: ok. 1 passed; 0 failed; 0 ignored; 0 measured; 0 filtered out; finished in 0.00s
[INFO] [stdout] 
[INFO] [stderr]      Running tests/help.rs (/opt/rustwide/target/debug/deps/help-113df81b81a51f49)
[INFO] [stdout] 
[INFO] [stdout] running 1 test
[INFO] [stdout] test test_interactive_cli_help ... ok
[INFO] [stdout] 
[INFO] [stderr]      Running tests/projects.rs (/opt/rustwide/target/debug/deps/projects-7089a96bb8e16695)
[INFO] [stdout] test result: ok. 1 passed; 0 failed; 0 ignored; 0 measured; 0 filtered out; finished in 0.40s
[INFO] [stdout] 
[INFO] [stdout] 
[INFO] [stdout] running 11 tests
[INFO] [stdout] test test_projects_share_one_secret_expires_a_hour ... FAILED
[INFO] [stdout] test test_projects_delete ... FAILED
[INFO] [stdout] test test_projects_edit ... FAILED
[INFO] [stdout] test test_projects_list ... FAILED
[INFO] [stdout] test test_projects_create_with_token_endless ... FAILED
[INFO] [stdout] test test_projects_create_with_token_7_days ... FAILED
[INFO] [stdout] test test_projects_create_without_token ... FAILED
[INFO] [stdout] test test_projects_usage_details ... FAILED
[INFO] [stdout] test test_projects_view ... FAILED
[INFO] [stdout] test test_projects_share ... FAILED
[INFO] [stdout] test test_projects_usage_list ... FAILED
[INFO] [stdout] 
[INFO] [stdout] failures:
[INFO] [stdout] 
[INFO] [stdout] ---- test_projects_share_one_secret_expires_a_hour stdout ----
[INFO] [stdout] Error: EOF { expected: "\"Type a passphrase of at least 6 character\"", got: "    Finished `dev` profile [unoptimized + debuginfo] target(s) in 0.34s\r\n     Running `/opt/rustwide/target/debug/zero-cli projects share --id dc1c`\r\n\u{1b}[38;5;9mError: You are not logged in, please enter the command 'zero-cli auth login', and log in using your tryzero.com account.\u{1b}[39m\r\n", exit_code: None }
[INFO] [stdout] 
[INFO] [stdout] ---- test_projects_delete stdout ----
[INFO] [stdout] Error: EOF { expected: "\"Type\"", got: "    Blocking waiting for file lock on build directory\r\n    Finished `dev` profile [unoptimized + debuginfo] target(s) in 0.48s\r\n     Running `/opt/rustwide/target/debug/zero-cli projects delete --id dd6c`\r\n\u{1b}[38;5;9mError: You are not logged in, please enter the command 'zero-cli auth login', and log in using your tryzero.com account.\u{1b}[39m\r\n", exit_code: None }
[INFO] [stdout] 
[INFO] [stdout] ---- test_projects_edit stdout ----
[INFO] [stdout] Error: EOF { expected: "\"Type a new project name\"", got: "    Blocking waiting for file lock on build directory\r\n    Finished `dev` profile [unoptimized + debuginfo] target(s) in 0.56s\r\n     Running `/opt/rustwide/target/debug/zero-cli projects edit --id dc3c`\r\n\u{1b}[38;5;9mError: You are not logged in, please enter the command 'zero-cli auth login', and log in using your tryzero.com account.\u{1b}[39m\r\n", exit_code: None }
[INFO] [stdout] 
[INFO] [stdout] ---- test_projects_list stdout ----
[INFO] [stdout] Error: EOF { expected: "\"Showing project\"", got: "    Blocking waiting for file lock on build directory\r\n    Finished `dev` profile [unoptimized + debuginfo] target(s) in 0.63s\r\n     Running `/opt/rustwide/target/debug/zero-cli projects list`\r\n\u{1b}[38;5;9mError: You are not logged in, please enter the command 'zero-cli auth login', and log in using your tryzero.com account.\u{1b}[39m\r\n", exit_code: None }
[INFO] [stdout] 
[INFO] [stdout] ---- test_projects_create_with_token_endless stdout ----
[INFO] [stdout] Error: EOF { expected: "\"Type a project name\"", got: "    Blocking waiting for file lock on build directory\r\n    Finished `dev` profile [unoptimized + debuginfo] target(s) in 0.82s\r\n     Running `/opt/rustwide/target/debug/zero-cli projects create`\r\n\u{1b}[38;5;9mError: You are not logged in, please enter the command 'zero-cli auth login', and log in using your tryzero.com account.\u{1b}[39m\r\n", exit_code: None }
[INFO] [stdout] 
[INFO] [stdout] ---- test_projects_create_with_token_7_days stdout ----
[INFO] [stdout] Error: EOF { expected: "\"Type a project name\"", got: "    Blocking waiting for file lock on build directory\r\n    Finished `dev` profile [unoptimized + debuginfo] target(s) in 0.86s\r\n     Running `/opt/rustwide/target/debug/zero-cli projects create`\r\n\u{1b}[38;5;9mError: You are not logged in, please enter the command 'zero-cli auth login', and log in using your tryzero.com account.\u{1b}[39m\r\n", exit_code: None }
[INFO] [stdout] 
[INFO] [stdout] ---- test_projects_create_without_token stdout ----
[INFO] [stdout] Error: EOF { expected: "\"Type a project name\"", got: "    Blocking waiting for file lock on build directory\r\n    Finished `dev` profile [unoptimized + debuginfo] target(s) in 0.88s\r\n     Running `/opt/rustwide/target/debug/zero-cli projects create`\r\n\u{1b}[38;5;9mError: You are not logged in, please enter the command 'zero-cli auth login', and log in using your tryzero.com account.\u{1b}[39m\r\n", exit_code: None }
[INFO] [stdout] 
[INFO] [stdout] ---- test_projects_usage_details stdout ----
[INFO] [stdout] Error: EOF { expected: "\"Record ID\"", got: "    Blocking waiting for file lock on build directory\r\n    Finished `dev` profile [unoptimized + debuginfo] target(s) in 0.84s\r\n     Running `/opt/rustwide/target/debug/zero-cli projects usage details --id 7c15`\r\n\u{1b}[38;5;9mError: You are not logged in, please enter the command 'zero-cli auth login', and log in using your tryzero.com account.\u{1b}[39m\r\n", exit_code: None }
[INFO] [stdout] 
[INFO] [stdout] ---- test_projects_view stdout ----
[INFO] [stdout] Error: EOF { expected: "\"Name\"", got: "    Blocking waiting for file lock on build directory\r\n    Finished `dev` profile [unoptimized + debuginfo] target(s) in 0.77s\r\n     Running `/opt/rustwide/target/debug/zero-cli projects view --id dc1c`\r\n\u{1b}[38;5;9mError: You are not logged in, please enter the command 'zero-cli auth login', and log in using your tryzero.com account.\u{1b}[39m\r\n", exit_code: None }
[INFO] [stdout] 
[INFO] [stdout] ---- test_projects_share stdout ----
[INFO] [stdout] Error: EOF { expected: "\"Type a passphrase of at least 6 character\"", got: "    Blocking waiting for file lock on build directory\r\n    Finished `dev` profile [unoptimized + debuginfo] target(s) in 0.90s\r\n     Running `/opt/rustwide/target/debug/zero-cli projects share --id dc1c`\r\n\u{1b}[38;5;9mError: You are not logged in, please enter the command 'zero-cli auth login', and log in using your tryzero.com account.\u{1b}[39m\r\n", exit_code: None }
[INFO] [stdout] 
[INFO] [stdout] ---- test_projects_usage_list stdout ----
[INFO] [stdout] Error: EOF { expected: "\"Usage statistics for the projec\"", got: "    Blocking waiting for file lock on build directory\r\n    Finished `dev` profile [unoptimized + debuginfo] target(s) in 0.97s\r\n     Running `/opt/rustwide/target/debug/zero-cli projects usage list --id dc1c`\r\n\u{1b}[38;5;9mError: You are not logged in, please enter the command 'zero-cli auth login', and log in using your tryzero.com account.\u{1b}[39m\r\n", exit_code: None }
[INFO] [stdout] 
[INFO] [stdout] 
[INFO] [stdout] failures:
[INFO] [stdout]     test_projects_create_with_token_7_days
[INFO] [stdout]     test_projects_create_with_token_endless
[INFO] [stdout]     test_projects_create_without_token
[INFO] [stdout]     test_projects_delete
[INFO] [stdout]     test_projects_edit
[INFO] [stdout]     test_projects_list
[INFO] [stdout]     test_projects_share
[INFO] [stdout]     test_projects_share_one_secret_expires_a_hour
[INFO] [stdout]     test_projects_usage_details
[INFO] [stdout]     test_projects_usage_list
[INFO] [stdout]     test_projects_view
[INFO] [stdout] 
[INFO] [stdout] test result: FAILED. 0 passed; 11 failed; 0 ignored; 0 measured; 0 filtered out; finished in 1.31s
[INFO] [stdout] 
[INFO] [stderr] error: test failed, to rerun pass `--test projects`
[INFO] running `Command { std: "docker" "inspect" "5a2ee87210c5ca922b8e94f2858c419be24e600b6a04f0cb663859e2efac1baf", kill_on_drop: false }`
[INFO] running `Command { std: "docker" "rm" "-f" "5a2ee87210c5ca922b8e94f2858c419be24e600b6a04f0cb663859e2efac1baf", kill_on_drop: false }`
[INFO] [stdout] 5a2ee87210c5ca922b8e94f2858c419be24e600b6a04f0cb663859e2efac1baf
