[INFO] fetching crate zero-bounce 1.1.0...
[INFO] testing zero-bounce-1.1.0 against nightly-2024-10-28 for randomize-layout
[INFO] extracting crate zero-bounce 1.1.0 into /workspace/builds/worker-6-tc1/source
[INFO] validating manifest of crates.io crate zero-bounce 1.1.0 on toolchain nightly-2024-10-28
[INFO] running `Command { std: CARGO_HOME="/workspace/cargo-home" RUSTUP_HOME="/workspace/rustup-home" "/workspace/cargo-home/bin/cargo" "+nightly-2024-10-28" "metadata" "--manifest-path" "Cargo.toml" "--no-deps", kill_on_drop: false }`
[INFO] started tweaking crates.io crate zero-bounce 1.1.0
[INFO] finished tweaking crates.io crate zero-bounce 1.1.0
[INFO] tweaked toml for crates.io crate zero-bounce 1.1.0 written to /workspace/builds/worker-6-tc1/source/Cargo.toml
[INFO] crate crates.io crate zero-bounce 1.1.0 already has a lockfile, it will not be regenerated
[INFO] running `Command { std: CARGO_HOME="/workspace/cargo-home" RUSTUP_HOME="/workspace/rustup-home" "/workspace/cargo-home/bin/cargo" "+nightly-2024-10-28" "fetch" "--manifest-path" "Cargo.toml", kill_on_drop: false }`
[INFO] [stderr]     Blocking waiting for file lock on package cache
[INFO] [stderr]  Downloading crates ...
[INFO] [stderr]   Downloaded mockito v1.1.0
[INFO] [stderr]   Downloaded rustix v0.38.10
[INFO] running `Command { std: "docker" "create" "-v" "/var/lib/crater-agent-workspace/builds/worker-6-tc1/target:/opt/rustwide/target:rw,Z" "-v" "/var/lib/crater-agent-workspace/builds/worker-6-tc1/source:/opt/rustwide/workdir:ro,Z" "-v" "/var/lib/crater-agent-workspace/cargo-home:/opt/rustwide/cargo-home:ro,Z" "-v" "/var/lib/crater-agent-workspace/rustup-home:/opt/rustwide/rustup-home:ro,Z" "-e" "SOURCE_DIR=/opt/rustwide/workdir" "-e" "CARGO_TARGET_DIR=/opt/rustwide/target" "-e" "CARGO_HOME=/opt/rustwide/cargo-home" "-e" "RUSTUP_HOME=/opt/rustwide/rustup-home" "-w" "/opt/rustwide/workdir" "-m" "1610612736" "--user" "0:0" "--network" "none" "ghcr.io/rust-lang/crates-build-env/linux@sha256:4a844ea9eb2546a2d2c7022eacef16ef2e8229c7fbb2c7d4d55a9ceca922f72d" "/opt/rustwide/cargo-home/bin/cargo" "+nightly-2024-10-28" "metadata" "--no-deps" "--format-version=1", kill_on_drop: false }`
[INFO] [stdout] 04d3ca5d15dbc5770f5224b0862cef55f9769896a216f07e2fc0a7143e9e7bd3
[INFO] running `Command { std: "docker" "start" "-a" "04d3ca5d15dbc5770f5224b0862cef55f9769896a216f07e2fc0a7143e9e7bd3", kill_on_drop: false }`
[INFO] running `Command { std: "docker" "inspect" "04d3ca5d15dbc5770f5224b0862cef55f9769896a216f07e2fc0a7143e9e7bd3", kill_on_drop: false }`
[INFO] running `Command { std: "docker" "rm" "-f" "04d3ca5d15dbc5770f5224b0862cef55f9769896a216f07e2fc0a7143e9e7bd3", kill_on_drop: false }`
[INFO] [stdout] 04d3ca5d15dbc5770f5224b0862cef55f9769896a216f07e2fc0a7143e9e7bd3
[INFO] running `Command { std: "docker" "create" "-v" "/var/lib/crater-agent-workspace/builds/worker-6-tc1/target:/opt/rustwide/target:rw,Z" "-v" "/var/lib/crater-agent-workspace/builds/worker-6-tc1/source:/opt/rustwide/workdir:ro,Z" "-v" "/var/lib/crater-agent-workspace/cargo-home:/opt/rustwide/cargo-home:ro,Z" "-v" "/var/lib/crater-agent-workspace/rustup-home:/opt/rustwide/rustup-home:ro,Z" "-e" "SOURCE_DIR=/opt/rustwide/workdir" "-e" "CARGO_TARGET_DIR=/opt/rustwide/target" "-e" "CARGO_INCREMENTAL=0" "-e" "RUST_BACKTRACE=full" "-e" "RUSTFLAGS=--cap-lints=forbid" "-e" "RUSTDOCFLAGS=--cap-lints=forbid" "-e" "CARGO_HOME=/opt/rustwide/cargo-home" "-e" "RUSTUP_HOME=/opt/rustwide/rustup-home" "-w" "/opt/rustwide/workdir" "-m" "1610612736" "--user" "0:0" "--network" "none" "ghcr.io/rust-lang/crates-build-env/linux@sha256:4a844ea9eb2546a2d2c7022eacef16ef2e8229c7fbb2c7d4d55a9ceca922f72d" "/opt/rustwide/cargo-home/bin/cargo" "+nightly-2024-10-28" "build" "--frozen" "--message-format=json", kill_on_drop: false }`
[INFO] [stdout] 1eba4793f8391abd7c67b2e5e5002d63a69f07bc582b4592b386127b32569f0d
[INFO] running `Command { std: "docker" "start" "-a" "1eba4793f8391abd7c67b2e5e5002d63a69f07bc582b4592b386127b32569f0d", kill_on_drop: false }`
[INFO] [stderr]    Compiling libc v0.2.147
[INFO] [stderr]    Compiling autocfg v1.1.0
[INFO] [stderr]    Compiling proc-macro2 v1.0.66
[INFO] [stderr]    Compiling unicode-ident v1.0.11
[INFO] [stderr]    Compiling pin-project-lite v0.2.13
[INFO] [stderr]    Compiling once_cell v1.18.0
[INFO] [stderr]    Compiling pkg-config v0.3.27
[INFO] [stderr]    Compiling futures-core v0.3.28
[INFO] [stderr]    Compiling bytes v1.4.0
[INFO] [stderr]    Compiling itoa v1.0.9
[INFO] [stderr]    Compiling version_check v0.9.4
[INFO] [stderr]    Compiling futures-task v0.3.28
[INFO] [stderr]    Compiling foreign-types-shared v0.1.1
[INFO] [stderr]    Compiling openssl v0.10.57
[INFO] [stderr]    Compiling futures-util v0.3.28
[INFO] [stderr]    Compiling foreign-types v0.3.2
[INFO] [stderr]    Compiling native-tls v0.2.11
[INFO] [stderr]    Compiling httparse v1.8.0
[INFO] [stderr]    Compiling futures-sink v0.3.28
[INFO] [stderr]    Compiling tracing-core v0.1.31
[INFO] [stderr]    Compiling bitflags v2.4.0
[INFO] [stderr]    Compiling futures-channel v0.3.28
[INFO] [stderr]    Compiling serde v1.0.188
[INFO] [stderr]    Compiling futures-io v0.3.28
[INFO] [stderr]    Compiling memchr v2.6.1
[INFO] [stderr]    Compiling tinyvec v1.6.0
[INFO] [stderr]    Compiling try-lock v0.2.4
[INFO] [stderr]    Compiling log v0.4.20
[INFO] [stderr]    Compiling percent-encoding v2.3.0
[INFO] [stderr]    Compiling openssl-probe v0.1.5
[INFO] [stderr]    Compiling unicase v2.7.0
[INFO] [stderr]    Compiling want v0.3.1
[INFO] [stderr]    Compiling slab v0.4.9
[INFO] [stderr]    Compiling indexmap v1.9.3
[INFO] [stderr]    Compiling http v0.2.9
[INFO] [stderr]    Compiling form_urlencoded v1.2.0
[INFO] [stderr]    Compiling num-traits v0.2.16
[INFO] [stderr]    Compiling tracing v0.1.37
[INFO] [stderr]    Compiling unicode-bidi v0.3.13
[INFO] [stderr]    Compiling quote v1.0.33
[INFO] [stderr]    Compiling tower-service v0.3.2
[INFO] [stderr]    Compiling mime_guess v2.0.4
[INFO] [stderr]    Compiling httpdate v1.0.3
[INFO] [stderr]    Compiling ryu v1.0.15
[INFO] [stderr]    Compiling cc v1.0.83
[INFO] [stderr]    Compiling syn v2.0.29
[INFO] [stderr]    Compiling socket2 v0.5.3
[INFO] [stderr]    Compiling num_cpus v1.16.0
[INFO] [stderr]    Compiling mio v0.8.8
[INFO] [stderr]    Compiling socket2 v0.4.9
[INFO] [stderr]    Compiling unicode-normalization v0.1.22
[INFO] [stderr]    Compiling serde_json v1.0.105
[INFO] [stderr]    Compiling mime v0.3.17
[INFO] [stderr]    Compiling time v0.1.45
[INFO] [stderr]    Compiling encoding_rs v0.8.33
[INFO] [stderr]    Compiling iana-time-zone v0.1.57
[INFO] [stderr]    Compiling ipnet v2.8.0
[INFO] [stderr]    Compiling tokio v1.32.0
[INFO] [stderr]    Compiling http-body v0.4.5
[INFO] [stderr]    Compiling idna v0.4.0
[INFO] [stderr]    Compiling base64 v0.21.3
[INFO] [stderr]    Compiling openssl-sys v0.9.92
[INFO] [stderr]    Compiling url v2.4.1
[INFO] [stderr]    Compiling chrono v0.4.27
[INFO] [stderr]    Compiling openssl-macros v0.1.1
[INFO] [stderr]    Compiling serde_derive v1.0.188
[INFO] [stderr]    Compiling tokio-util v0.7.8
[INFO] [stderr]    Compiling h2 v0.3.21
[INFO] [stderr]    Compiling tokio-native-tls v0.3.1
[INFO] [stderr]    Compiling hyper v0.14.27
[INFO] [stderr]    Compiling serde_urlencoded v0.7.1
[INFO] [stderr]    Compiling hyper-tls v0.5.0
[INFO] [stderr]    Compiling reqwest v0.11.20
[INFO] [stderr]    Compiling zero-bounce v1.1.0 (/opt/rustwide/workdir)
[INFO] [stdout] warning: call to `.clone()` on a reference in this situation does nothing
[INFO] [stdout]   --> src/lib.rs:29:37
[INFO] [stdout]    |
[INFO] [stdout] 29 |             url: crate::utility::URI.clone().to_string(),
[INFO] [stdout]    |                                     ^^^^^^^^ help: remove this redundant call
[INFO] [stdout]    |
[INFO] [stdout]    = note: the type `str` does not implement `Clone`, so calling `clone` on `&str` copies the reference, which does not do anything and can be removed
[INFO] [stdout]    = note: `#[warn(noop_method_call)]` on by default
[INFO] [stdout] 
[INFO] [stdout] 
[INFO] [stdout] warning: call to `.clone()` on a reference in this situation does nothing
[INFO] [stdout]   --> src/lib.rs:30:47
[INFO] [stdout]    |
[INFO] [stdout] 30 |             bulk_url: crate::utility::BULK_URI.clone().to_string(),
[INFO] [stdout]    |                                               ^^^^^^^^ help: remove this redundant call
[INFO] [stdout]    |
[INFO] [stdout]    = note: the type `str` does not implement `Clone`, so calling `clone` on `&str` copies the reference, which does not do anything and can be removed
[INFO] [stdout] 
[INFO] [stdout] 
[INFO] [stderr]     Finished `dev` profile [unoptimized + debuginfo] target(s) in 12.16s
[INFO] running `Command { std: "docker" "inspect" "1eba4793f8391abd7c67b2e5e5002d63a69f07bc582b4592b386127b32569f0d", kill_on_drop: false }`
[INFO] running `Command { std: "docker" "rm" "-f" "1eba4793f8391abd7c67b2e5e5002d63a69f07bc582b4592b386127b32569f0d", kill_on_drop: false }`
[INFO] [stdout] 1eba4793f8391abd7c67b2e5e5002d63a69f07bc582b4592b386127b32569f0d
[INFO] running `Command { std: "docker" "create" "-v" "/var/lib/crater-agent-workspace/builds/worker-6-tc1/target:/opt/rustwide/target:rw,Z" "-v" "/var/lib/crater-agent-workspace/builds/worker-6-tc1/source:/opt/rustwide/workdir:ro,Z" "-v" "/var/lib/crater-agent-workspace/cargo-home:/opt/rustwide/cargo-home:ro,Z" "-v" "/var/lib/crater-agent-workspace/rustup-home:/opt/rustwide/rustup-home:ro,Z" "-e" "SOURCE_DIR=/opt/rustwide/workdir" "-e" "CARGO_TARGET_DIR=/opt/rustwide/target" "-e" "CARGO_INCREMENTAL=0" "-e" "RUST_BACKTRACE=full" "-e" "RUSTFLAGS=--cap-lints=forbid" "-e" "RUSTDOCFLAGS=--cap-lints=forbid" "-e" "CARGO_HOME=/opt/rustwide/cargo-home" "-e" "RUSTUP_HOME=/opt/rustwide/rustup-home" "-w" "/opt/rustwide/workdir" "-m" "1610612736" "--user" "0:0" "--network" "none" "ghcr.io/rust-lang/crates-build-env/linux@sha256:4a844ea9eb2546a2d2c7022eacef16ef2e8229c7fbb2c7d4d55a9ceca922f72d" "/opt/rustwide/cargo-home/bin/cargo" "+nightly-2024-10-28" "test" "--frozen" "--no-run" "--message-format=json", kill_on_drop: false }`
[INFO] [stdout] 835720343d60f5a031b5a9ca805e411e922a7542ccb0470275b436cc1aa0bd20
[INFO] running `Command { std: "docker" "start" "-a" "835720343d60f5a031b5a9ca805e411e922a7542ccb0470275b436cc1aa0bd20", kill_on_drop: false }`
[INFO] [stderr]    Compiling parking_lot_core v0.9.8
[INFO] [stderr]    Compiling futures-channel v0.3.28
[INFO] [stderr]    Compiling lock_api v0.4.10
[INFO] [stderr]    Compiling smallvec v1.11.0
[INFO] [stderr]    Compiling futures-util v0.3.28
[INFO] [stderr]    Compiling bitflags v2.4.0
[INFO] [stderr]    Compiling signal-hook-registry v1.4.1
[INFO] [stderr]    Compiling tokio-macros v2.1.0
[INFO] [stderr]    Compiling futures-macro v0.3.28
[INFO] [stderr]    Compiling rustix v0.38.10
[INFO] [stderr]    Compiling getrandom v0.2.10
[INFO] [stderr]    Compiling linux-raw-sys v0.4.5
[INFO] [stderr]    Compiling aho-corasick v1.0.5
[INFO] [stderr]    Compiling regex-syntax v0.7.5
[INFO] [stderr]    Compiling ppv-lite86 v0.2.17
[INFO] [stderr]    Compiling lazy_static v1.4.0
[INFO] [stderr]    Compiling assert-json-diff v2.0.2
[INFO] [stderr]    Compiling openssl v0.10.57
[INFO] [stderr]    Compiling rand_core v0.6.4
[INFO] [stderr]    Compiling similar v2.2.1
[INFO] [stderr]    Compiling parking_lot v0.12.1
[INFO] [stderr]    Compiling rand_chacha v0.3.1
[INFO] [stderr]    Compiling tokio v1.32.0
[INFO] [stderr]    Compiling rand v0.8.5
[INFO] [stderr]    Compiling is-terminal v0.4.9
[INFO] [stderr]    Compiling colored v2.0.4
[INFO] [stderr]    Compiling regex-automata v0.3.7
[INFO] [stderr]    Compiling native-tls v0.2.11
[INFO] [stderr]    Compiling futures-executor v0.3.28
[INFO] [stderr]    Compiling futures v0.3.28
[INFO] [stderr]    Compiling regex v1.9.4
[INFO] [stderr]    Compiling tokio-util v0.7.8
[INFO] [stderr]    Compiling tokio-native-tls v0.3.1
[INFO] [stderr]    Compiling h2 v0.3.21
[INFO] [stderr]    Compiling hyper v0.14.27
[INFO] [stderr]    Compiling hyper-tls v0.5.0
[INFO] [stderr]    Compiling mockito v1.1.0
[INFO] [stderr]    Compiling reqwest v0.11.20
[INFO] [stderr]    Compiling zero-bounce v1.1.0 (/opt/rustwide/workdir)
[INFO] [stdout] warning: call to `.clone()` on a reference in this situation does nothing
[INFO] [stdout]   --> src/lib.rs:29:37
[INFO] [stdout]    |
[INFO] [stdout] 29 |             url: crate::utility::URI.clone().to_string(),
[INFO] [stdout]    |                                     ^^^^^^^^ help: remove this redundant call
[INFO] [stdout]    |
[INFO] [stdout]    = note: the type `str` does not implement `Clone`, so calling `clone` on `&str` copies the reference, which does not do anything and can be removed
[INFO] [stdout]    = note: `#[warn(noop_method_call)]` on by default
[INFO] [stdout] 
[INFO] [stdout] 
[INFO] [stdout] warning: call to `.clone()` on a reference in this situation does nothing
[INFO] [stdout]   --> src/lib.rs:30:47
[INFO] [stdout]    |
[INFO] [stdout] 30 |             bulk_url: crate::utility::BULK_URI.clone().to_string(),
[INFO] [stdout]    |                                               ^^^^^^^^ help: remove this redundant call
[INFO] [stdout]    |
[INFO] [stdout]    = note: the type `str` does not implement `Clone`, so calling `clone` on `&str` copies the reference, which does not do anything and can be removed
[INFO] [stdout] 
[INFO] [stdout] 
[INFO] [stdout] warning: call to `.clone()` on a reference in this situation does nothing
[INFO] [stdout]   --> tests/bulk/ai_scoring.rs:38:64
[INFO] [stdout]    |
[INFO] [stdout] 38 |         .with_body(mock_constants::BULK_VALIDATION_SUBMIT_ERROR.clone())
[INFO] [stdout]    |                                                                ^^^^^^^^ help: remove this redundant call
[INFO] [stdout]    |
[INFO] [stdout]    = note: the type `str` does not implement `Clone`, so calling `clone` on `&str` copies the reference, which does not do anything and can be removed
[INFO] [stdout]    = note: `#[warn(noop_method_call)]` on by default
[INFO] [stdout] 
[INFO] [stdout] 
[INFO] [stdout] warning: call to `.clone()` on a reference in this situation does nothing
[INFO] [stdout]   --> tests/bulk/ai_scoring.rs:59:61
[INFO] [stdout]    |
[INFO] [stdout] 59 |         .with_body(mock_constants::BULK_VALIDATION_SUBMIT_OK.clone())
[INFO] [stdout]    |                                                             ^^^^^^^^ help: remove this redundant call
[INFO] [stdout]    |
[INFO] [stdout]    = note: the type `str` does not implement `Clone`, so calling `clone` on `&str` copies the reference, which does not do anything and can be removed
[INFO] [stdout] 
[INFO] [stdout] 
[INFO] [stdout] warning: call to `.clone()` on a reference in this situation does nothing
[INFO] [stdout]   --> tests/bulk/ai_scoring.rs:94:56
[INFO] [stdout]    |
[INFO] [stdout] 94 |         .with_body(mock_constants::INVALID_API_RESPONSE.clone())
[INFO] [stdout]    |                                                        ^^^^^^^^ help: remove this redundant call
[INFO] [stdout]    |
[INFO] [stdout]    = note: the type `str` does not implement `Clone`, so calling `clone` on `&str` copies the reference, which does not do anything and can be removed
[INFO] [stdout] 
[INFO] [stdout] 
[INFO] [stdout] warning: call to `.clone()` on a reference in this situation does nothing
[INFO] [stdout]    --> tests/bulk/ai_scoring.rs:114:61
[INFO] [stdout]     |
[INFO] [stdout] 114 |         .with_body(mock_constants::BULK_VALIDATION_STATUS_OK.clone())
[INFO] [stdout]     |                                                             ^^^^^^^^ help: remove this redundant call
[INFO] [stdout]     |
[INFO] [stdout]     = note: the type `str` does not implement `Clone`, so calling `clone` on `&str` copies the reference, which does not do anything and can be removed
[INFO] [stdout] 
[INFO] [stdout] 
[INFO] [stdout] warning: call to `.clone()` on a reference in this situation does nothing
[INFO] [stdout]    --> tests/bulk/ai_scoring.rs:148:56
[INFO] [stdout]     |
[INFO] [stdout] 148 |         .with_body(mock_constants::INVALID_API_RESPONSE.clone())
[INFO] [stdout]     |                                                        ^^^^^^^^ help: remove this redundant call
[INFO] [stdout]     |
[INFO] [stdout]     = note: the type `str` does not implement `Clone`, so calling `clone` on `&str` copies the reference, which does not do anything and can be removed
[INFO] [stdout] 
[INFO] [stdout] 
[INFO] [stdout] warning: call to `.clone()` on a reference in this situation does nothing
[INFO] [stdout]    --> tests/bulk/ai_scoring.rs:168:66
[INFO] [stdout]     |
[INFO] [stdout] 168 |         .with_body(mock_constants::BULK_VALIDATION_RESULT_DELETED.clone())
[INFO] [stdout]     |                                                                  ^^^^^^^^ help: remove this redundant call
[INFO] [stdout]     |
[INFO] [stdout]     = note: the type `str` does not implement `Clone`, so calling `clone` on `&str` copies the reference, which does not do anything and can be removed
[INFO] [stdout] 
[INFO] [stdout] 
[INFO] [stdout] warning: call to `.clone()` on a reference in this situation does nothing
[INFO] [stdout]    --> tests/bulk/ai_scoring.rs:234:56
[INFO] [stdout]     |
[INFO] [stdout] 234 |         .with_body(mock_constants::INVALID_API_RESPONSE.clone())
[INFO] [stdout]     |                                                        ^^^^^^^^ help: remove this redundant call
[INFO] [stdout]     |
[INFO] [stdout]     = note: the type `str` does not implement `Clone`, so calling `clone` on `&str` copies the reference, which does not do anything and can be removed
[INFO] [stdout] 
[INFO] [stdout] 
[INFO] [stdout] warning: call to `.clone()` on a reference in this situation does nothing
[INFO] [stdout]    --> tests/bulk/ai_scoring.rs:254:68
[INFO] [stdout]     |
[INFO] [stdout] 254 |         .with_body(mock_constants::BULK_VALIDATION_DELETE_NOT_FOUND.clone())
[INFO] [stdout]     |                                                                    ^^^^^^^^ help: remove this redundant call
[INFO] [stdout]     |
[INFO] [stdout]     = note: the type `str` does not implement `Clone`, so calling `clone` on `&str` copies the reference, which does not do anything and can be removed
[INFO] [stdout] 
[INFO] [stdout] 
[INFO] [stdout] warning: call to `.clone()` on a reference in this situation does nothing
[INFO] [stdout]    --> tests/bulk/ai_scoring.rs:272:61
[INFO] [stdout]     |
[INFO] [stdout] 272 |         .with_body(mock_constants::BULK_VALIDATION_DELETE_OK.clone())
[INFO] [stdout]     |                                                             ^^^^^^^^ help: remove this redundant call
[INFO] [stdout]     |
[INFO] [stdout]     = note: the type `str` does not implement `Clone`, so calling `clone` on `&str` copies the reference, which does not do anything and can be removed
[INFO] [stdout] 
[INFO] [stdout] 
[INFO] [stdout] warning: call to `.clone()` on a reference in this situation does nothing
[INFO] [stdout]   --> tests/bulk/validation.rs:38:64
[INFO] [stdout]    |
[INFO] [stdout] 38 |         .with_body(mock_constants::BULK_VALIDATION_SUBMIT_ERROR.clone())
[INFO] [stdout]    |                                                                ^^^^^^^^ help: remove this redundant call
[INFO] [stdout]    |
[INFO] [stdout]    = note: the type `str` does not implement `Clone`, so calling `clone` on `&str` copies the reference, which does not do anything and can be removed
[INFO] [stdout] 
[INFO] [stdout] 
[INFO] [stdout] warning: call to `.clone()` on a reference in this situation does nothing
[INFO] [stdout]   --> tests/bulk/validation.rs:59:61
[INFO] [stdout]    |
[INFO] [stdout] 59 |         .with_body(mock_constants::BULK_VALIDATION_SUBMIT_OK.clone())
[INFO] [stdout]    |                                                             ^^^^^^^^ help: remove this redundant call
[INFO] [stdout]    |
[INFO] [stdout]    = note: the type `str` does not implement `Clone`, so calling `clone` on `&str` copies the reference, which does not do anything and can be removed
[INFO] [stdout] 
[INFO] [stdout] 
[INFO] [stdout] warning: call to `.clone()` on a reference in this situation does nothing
[INFO] [stdout]   --> tests/bulk/validation.rs:94:56
[INFO] [stdout]    |
[INFO] [stdout] 94 |         .with_body(mock_constants::INVALID_API_RESPONSE.clone())
[INFO] [stdout]    |                                                        ^^^^^^^^ help: remove this redundant call
[INFO] [stdout]    |
[INFO] [stdout]    = note: the type `str` does not implement `Clone`, so calling `clone` on `&str` copies the reference, which does not do anything and can be removed
[INFO] [stdout] 
[INFO] [stdout] 
[INFO] [stdout] warning: call to `.clone()` on a reference in this situation does nothing
[INFO] [stdout]    --> tests/bulk/validation.rs:114:61
[INFO] [stdout]     |
[INFO] [stdout] 114 |         .with_body(mock_constants::BULK_VALIDATION_STATUS_OK.clone())
[INFO] [stdout]     |                                                             ^^^^^^^^ help: remove this redundant call
[INFO] [stdout]     |
[INFO] [stdout]     = note: the type `str` does not implement `Clone`, so calling `clone` on `&str` copies the reference, which does not do anything and can be removed
[INFO] [stdout] 
[INFO] [stdout] 
[INFO] [stdout] warning: call to `.clone()` on a reference in this situation does nothing
[INFO] [stdout]    --> tests/bulk/validation.rs:148:56
[INFO] [stdout]     |
[INFO] [stdout] 148 |         .with_body(mock_constants::INVALID_API_RESPONSE.clone())
[INFO] [stdout]     |                                                        ^^^^^^^^ help: remove this redundant call
[INFO] [stdout]     |
[INFO] [stdout]     = note: the type `str` does not implement `Clone`, so calling `clone` on `&str` copies the reference, which does not do anything and can be removed
[INFO] [stdout] 
[INFO] [stdout] 
[INFO] [stdout] warning: call to `.clone()` on a reference in this situation does nothing
[INFO] [stdout]    --> tests/bulk/validation.rs:168:66
[INFO] [stdout]     |
[INFO] [stdout] 168 |         .with_body(mock_constants::BULK_VALIDATION_RESULT_DELETED.clone())
[INFO] [stdout]     |                                                                  ^^^^^^^^ help: remove this redundant call
[INFO] [stdout]     |
[INFO] [stdout]     = note: the type `str` does not implement `Clone`, so calling `clone` on `&str` copies the reference, which does not do anything and can be removed
[INFO] [stdout] 
[INFO] [stdout] 
[INFO] [stdout] warning: call to `.clone()` on a reference in this situation does nothing
[INFO] [stdout]    --> tests/bulk/validation.rs:234:56
[INFO] [stdout]     |
[INFO] [stdout] 234 |         .with_body(mock_constants::INVALID_API_RESPONSE.clone())
[INFO] [stdout]     |                                                        ^^^^^^^^ help: remove this redundant call
[INFO] [stdout]     |
[INFO] [stdout]     = note: the type `str` does not implement `Clone`, so calling `clone` on `&str` copies the reference, which does not do anything and can be removed
[INFO] [stdout] 
[INFO] [stdout] 
[INFO] [stdout] warning: call to `.clone()` on a reference in this situation does nothing
[INFO] [stdout]    --> tests/bulk/validation.rs:254:68
[INFO] [stdout]     |
[INFO] [stdout] 254 |         .with_body(mock_constants::BULK_VALIDATION_DELETE_NOT_FOUND.clone())
[INFO] [stdout]     |                                                                    ^^^^^^^^ help: remove this redundant call
[INFO] [stdout]     |
[INFO] [stdout]     = note: the type `str` does not implement `Clone`, so calling `clone` on `&str` copies the reference, which does not do anything and can be removed
[INFO] [stdout] 
[INFO] [stdout] 
[INFO] [stdout] warning: call to `.clone()` on a reference in this situation does nothing
[INFO] [stdout]    --> tests/bulk/validation.rs:272:61
[INFO] [stdout]     |
[INFO] [stdout] 272 |         .with_body(mock_constants::BULK_VALIDATION_DELETE_OK.clone())
[INFO] [stdout]     |                                                             ^^^^^^^^ help: remove this redundant call
[INFO] [stdout]     |
[INFO] [stdout]     = note: the type `str` does not implement `Clone`, so calling `clone` on `&str` copies the reference, which does not do anything and can be removed
[INFO] [stdout] 
[INFO] [stdout] 
[INFO] [stdout] warning: call to `.clone()` on a reference in this situation does nothing
[INFO] [stdout]   --> tests/generic_endpoints/activity_data.rs:45:56
[INFO] [stdout]    |
[INFO] [stdout] 45 |         .with_body(mock_constants::INVALID_API_RESPONSE.clone())
[INFO] [stdout]    |                                                        ^^^^^^^^ help: remove this redundant call
[INFO] [stdout]    |
[INFO] [stdout]    = note: the type `str` does not implement `Clone`, so calling `clone` on `&str` copies the reference, which does not do anything and can be removed
[INFO] [stdout] 
[INFO] [stdout] 
[INFO] [stdout] warning: call to `.clone()` on a reference in this situation does nothing
[INFO] [stdout]   --> tests/generic_endpoints/activity_data.rs:65:67
[INFO] [stdout]    |
[INFO] [stdout] 65 |         .with_body(mock_constants::ACTIVITY_DATA_RESPONSE_INACTIVE.clone())
[INFO] [stdout]    |                                                                   ^^^^^^^^ help: remove this redundant call
[INFO] [stdout]    |
[INFO] [stdout]    = note: the type `str` does not implement `Clone`, so calling `clone` on `&str` copies the reference, which does not do anything and can be removed
[INFO] [stdout] 
[INFO] [stdout] 
[INFO] [stdout] warning: call to `.clone()` on a reference in this situation does nothing
[INFO] [stdout]   --> tests/generic_endpoints/activity_data.rs:86:65
[INFO] [stdout]    |
[INFO] [stdout] 86 |         .with_body(mock_constants::ACTIVITY_DATA_RESPONSE_ACTIVE.clone())
[INFO] [stdout]    |                                                                 ^^^^^^^^ help: remove this redundant call
[INFO] [stdout]    |
[INFO] [stdout]    = note: the type `str` does not implement `Clone`, so calling `clone` on `&str` copies the reference, which does not do anything and can be removed
[INFO] [stdout] 
[INFO] [stdout] 
[INFO] [stdout] warning: call to `.clone()` on a reference in this situation does nothing
[INFO] [stdout]   --> tests/generic_endpoints/api_usage.rs:46:56
[INFO] [stdout]    |
[INFO] [stdout] 46 |         .with_body(mock_constants::INVALID_API_RESPONSE.clone())
[INFO] [stdout]    |                                                        ^^^^^^^^ help: remove this redundant call
[INFO] [stdout]    |
[INFO] [stdout]    = note: the type `str` does not implement `Clone`, so calling `clone` on `&str` copies the reference, which does not do anything and can be removed
[INFO] [stdout] 
[INFO] [stdout] 
[INFO] [stdout] warning: call to `.clone()` on a reference in this situation does nothing
[INFO] [stdout]   --> tests/generic_endpoints/api_usage.rs:66:54
[INFO] [stdout]    |
[INFO] [stdout] 66 |         .with_body(mock_constants::API_USAGE_RESPONSE.clone())
[INFO] [stdout]    |                                                      ^^^^^^^^ help: remove this redundant call
[INFO] [stdout]    |
[INFO] [stdout]    = note: the type `str` does not implement `Clone`, so calling `clone` on `&str` copies the reference, which does not do anything and can be removed
[INFO] [stdout] 
[INFO] [stdout] 
[INFO] [stdout] warning: call to `.clone()` on a reference in this situation does nothing
[INFO] [stdout]   --> tests/generic_endpoints/get_credits.rs:44:56
[INFO] [stdout]    |
[INFO] [stdout] 44 |         .with_body(mock_constants::INVALID_API_RESPONSE.clone())
[INFO] [stdout]    |                                                        ^^^^^^^^ help: remove this redundant call
[INFO] [stdout]    |
[INFO] [stdout]    = note: the type `str` does not implement `Clone`, so calling `clone` on `&str` copies the reference, which does not do anything and can be removed
[INFO] [stdout] 
[INFO] [stdout] 
[INFO] [stdout] warning: call to `.clone()` on a reference in this situation does nothing
[INFO] [stdout]   --> tests/generic_endpoints/get_credits.rs:64:61
[INFO] [stdout]    |
[INFO] [stdout] 64 |         .with_body(mock_constants::CREDITS_RESPONSE_NEGATIVE.clone())
[INFO] [stdout]    |                                                             ^^^^^^^^ help: remove this redundant call
[INFO] [stdout]    |
[INFO] [stdout]    = note: the type `str` does not implement `Clone`, so calling `clone` on `&str` copies the reference, which does not do anything and can be removed
[INFO] [stdout] 
[INFO] [stdout] 
[INFO] [stdout] warning: call to `.clone()` on a reference in this situation does nothing
[INFO] [stdout]   --> tests/generic_endpoints/get_credits.rs:82:55
[INFO] [stdout]    |
[INFO] [stdout] 82 |         .with_body(mock_constants::CREDITS_RESPONSE_OK.clone())
[INFO] [stdout]    |                                                       ^^^^^^^^ help: remove this redundant call
[INFO] [stdout]    |
[INFO] [stdout]    = note: the type `str` does not implement `Clone`, so calling `clone` on `&str` copies the reference, which does not do anything and can be removed
[INFO] [stdout] 
[INFO] [stdout] 
[INFO] [stdout] warning: call to `.clone()` on a reference in this situation does nothing
[INFO] [stdout]   --> tests/generic_endpoints/find_mail.rs:49:56
[INFO] [stdout]    |
[INFO] [stdout] 49 |         .with_body(mock_constants::INVALID_API_RESPONSE.clone())
[INFO] [stdout]    |                                                        ^^^^^^^^ help: remove this redundant call
[INFO] [stdout]    |
[INFO] [stdout]    = note: the type `str` does not implement `Clone`, so calling `clone` on `&str` copies the reference, which does not do anything and can be removed
[INFO] [stdout] 
[INFO] [stdout] 
[INFO] [stdout] warning: call to `.clone()` on a reference in this situation does nothing
[INFO] [stdout]   --> tests/generic_endpoints/find_mail.rs:71:58
[INFO] [stdout]    |
[INFO] [stdout] 71 |         .with_body(mock_constants::MOCK_FIND_MAIL_INVALID.clone())
[INFO] [stdout]    |                                                          ^^^^^^^^ help: remove this redundant call
[INFO] [stdout]    |
[INFO] [stdout]    = note: the type `str` does not implement `Clone`, so calling `clone` on `&str` copies the reference, which does not do anything and can be removed
[INFO] [stdout] 
[INFO] [stdout] 
[INFO] [stdout] warning: call to `.clone()` on a reference in this situation does nothing
[INFO] [stdout]   --> tests/generic_endpoints/find_mail.rs:94:56
[INFO] [stdout]    |
[INFO] [stdout] 94 |         .with_body(mock_constants::MOCK_FIND_MAIL_VALID.clone())
[INFO] [stdout]    |                                                        ^^^^^^^^ help: remove this redundant call
[INFO] [stdout]    |
[INFO] [stdout]    = note: the type `str` does not implement `Clone`, so calling `clone` on `&str` copies the reference, which does not do anything and can be removed
[INFO] [stdout] 
[INFO] [stdout] 
[INFO] [stdout] warning: call to `.clone()` on a reference in this situation does nothing
[INFO] [stdout]    --> tests/generic_endpoints/find_mail.rs:153:56
[INFO] [stdout]     |
[INFO] [stdout] 153 |         .with_body(mock_constants::INVALID_API_RESPONSE.clone())
[INFO] [stdout]     |                                                        ^^^^^^^^ help: remove this redundant call
[INFO] [stdout]     |
[INFO] [stdout]     = note: the type `str` does not implement `Clone`, so calling `clone` on `&str` copies the reference, which does not do anything and can be removed
[INFO] [stdout] 
[INFO] [stdout] 
[INFO] [stdout] warning: call to `.clone()` on a reference in this situation does nothing
[INFO] [stdout]    --> tests/generic_endpoints/find_mail.rs:173:58
[INFO] [stdout]     |
[INFO] [stdout] 173 |         .with_body(mock_constants::MOCK_FIND_MAIL_INVALID.clone())
[INFO] [stdout]     |                                                          ^^^^^^^^ help: remove this redundant call
[INFO] [stdout]     |
[INFO] [stdout]     = note: the type `str` does not implement `Clone`, so calling `clone` on `&str` copies the reference, which does not do anything and can be removed
[INFO] [stdout] 
[INFO] [stdout] 
[INFO] [stdout] warning: call to `.clone()` on a reference in this situation does nothing
[INFO] [stdout]    --> tests/generic_endpoints/find_mail.rs:194:56
[INFO] [stdout]     |
[INFO] [stdout] 194 |         .with_body(mock_constants::MOCK_FIND_MAIL_VALID.clone())
[INFO] [stdout]     |                                                        ^^^^^^^^ help: remove this redundant call
[INFO] [stdout]     |
[INFO] [stdout]     = note: the type `str` does not implement `Clone`, so calling `clone` on `&str` copies the reference, which does not do anything and can be removed
[INFO] [stdout] 
[INFO] [stdout] 
[INFO] [stdout] warning: call to `.clone()` on a reference in this situation does nothing
[INFO] [stdout]   --> tests/validation/simple_validation.rs:44:56
[INFO] [stdout]    |
[INFO] [stdout] 44 |         .with_body(mock_constants::INVALID_API_RESPONSE.clone())
[INFO] [stdout]    |                                                        ^^^^^^^^ help: remove this redundant call
[INFO] [stdout]    |
[INFO] [stdout]    = note: the type `str` does not implement `Clone`, so calling `clone` on `&str` copies the reference, which does not do anything and can be removed
[INFO] [stdout] 
[INFO] [stdout] 
[INFO] [stdout] warning: call to `.clone()` on a reference in this situation does nothing
[INFO] [stdout]   --> tests/validation/simple_validation.rs:64:61
[INFO] [stdout]    |
[INFO] [stdout] 64 |         .with_body(mock_constants::VALIDATION_RESPONSE_VALID.clone())
[INFO] [stdout]    |                                                             ^^^^^^^^ help: remove this redundant call
[INFO] [stdout]    |
[INFO] [stdout]    = note: the type `str` does not implement `Clone`, so calling `clone` on `&str` copies the reference, which does not do anything and can be removed
[INFO] [stdout] 
[INFO] [stdout] 
[INFO] [stdout] warning: call to `.clone()` on a reference in this situation does nothing
[INFO] [stdout]   --> tests/validation/simple_validation.rs:81:61
[INFO] [stdout]    |
[INFO] [stdout] 81 |         .with_body(mock_constants::VALIDATION_RESPONSE_VALID.clone())
[INFO] [stdout]    |                                                             ^^^^^^^^ help: remove this redundant call
[INFO] [stdout]    |
[INFO] [stdout]    = note: the type `str` does not implement `Clone`, so calling `clone` on `&str` copies the reference, which does not do anything and can be removed
[INFO] [stdout] 
[INFO] [stdout] 
[INFO] [stdout] warning: call to `.clone()` on a reference in this situation does nothing
[INFO] [stdout]   --> tests/validation/batch_validation.rs:52:56
[INFO] [stdout]    |
[INFO] [stdout] 52 |         .with_body(mock_constants::INVALID_API_RESPONSE.clone())
[INFO] [stdout]    |                                                        ^^^^^^^^ help: remove this redundant call
[INFO] [stdout]    |
[INFO] [stdout]    = note: the type `str` does not implement `Clone`, so calling `clone` on `&str` copies the reference, which does not do anything and can be removed
[INFO] [stdout] 
[INFO] [stdout] 
[INFO] [stdout] warning: call to `.clone()` on a reference in this situation does nothing
[INFO] [stdout]   --> tests/validation/batch_validation.rs:73:61
[INFO] [stdout]    |
[INFO] [stdout] 73 |         .with_body(mock_constants::BATCH_VALIDATION_NO_ERROR.clone())
[INFO] [stdout]    |                                                             ^^^^^^^^ help: remove this redundant call
[INFO] [stdout]    |
[INFO] [stdout]    = note: the type `str` does not implement `Clone`, so calling `clone` on `&str` copies the reference, which does not do anything and can be removed
[INFO] [stdout] 
[INFO] [stdout] 
[INFO] [stdout] warning: call to `.clone()` on a reference in this situation does nothing
[INFO] [stdout]   --> src/lib.rs:29:37
[INFO] [stdout]    |
[INFO] [stdout] 29 |             url: crate::utility::URI.clone().to_string(),
[INFO] [stdout]    |                                     ^^^^^^^^ help: remove this redundant call
[INFO] [stdout]    |
[INFO] [stdout]    = note: the type `str` does not implement `Clone`, so calling `clone` on `&str` copies the reference, which does not do anything and can be removed
[INFO] [stdout]    = note: `#[warn(noop_method_call)]` on by default
[INFO] [stdout] 
[INFO] [stdout] 
[INFO] [stdout] warning: call to `.clone()` on a reference in this situation does nothing
[INFO] [stdout]   --> src/lib.rs:30:47
[INFO] [stdout]    |
[INFO] [stdout] 30 |             bulk_url: crate::utility::BULK_URI.clone().to_string(),
[INFO] [stdout]    |                                               ^^^^^^^^ help: remove this redundant call
[INFO] [stdout]    |
[INFO] [stdout]    = note: the type `str` does not implement `Clone`, so calling `clone` on `&str` copies the reference, which does not do anything and can be removed
[INFO] [stdout] 
[INFO] [stdout] 
[INFO] [stderr]     Finished `test` profile [unoptimized + debuginfo] target(s) in 14.16s
[INFO] running `Command { std: "docker" "inspect" "835720343d60f5a031b5a9ca805e411e922a7542ccb0470275b436cc1aa0bd20", kill_on_drop: false }`
[INFO] running `Command { std: "docker" "rm" "-f" "835720343d60f5a031b5a9ca805e411e922a7542ccb0470275b436cc1aa0bd20", kill_on_drop: false }`
[INFO] [stdout] 835720343d60f5a031b5a9ca805e411e922a7542ccb0470275b436cc1aa0bd20
[INFO] running `Command { std: "docker" "create" "-v" "/var/lib/crater-agent-workspace/builds/worker-6-tc1/target:/opt/rustwide/target:rw,Z" "-v" "/var/lib/crater-agent-workspace/builds/worker-6-tc1/source:/opt/rustwide/workdir:ro,Z" "-v" "/var/lib/crater-agent-workspace/cargo-home:/opt/rustwide/cargo-home:ro,Z" "-v" "/var/lib/crater-agent-workspace/rustup-home:/opt/rustwide/rustup-home:ro,Z" "-e" "SOURCE_DIR=/opt/rustwide/workdir" "-e" "CARGO_TARGET_DIR=/opt/rustwide/target" "-e" "CARGO_INCREMENTAL=0" "-e" "RUST_BACKTRACE=full" "-e" "RUSTFLAGS=--cap-lints=forbid" "-e" "RUSTDOCFLAGS=--cap-lints=forbid" "-e" "CARGO_HOME=/opt/rustwide/cargo-home" "-e" "RUSTUP_HOME=/opt/rustwide/rustup-home" "-w" "/opt/rustwide/workdir" "-m" "1610612736" "--user" "0:0" "--network" "none" "ghcr.io/rust-lang/crates-build-env/linux@sha256:4a844ea9eb2546a2d2c7022eacef16ef2e8229c7fbb2c7d4d55a9ceca922f72d" "/opt/rustwide/cargo-home/bin/cargo" "+nightly-2024-10-28" "test" "--frozen", kill_on_drop: false }`
[INFO] [stdout] 5c0798b6be5aabffdf5e3188963a4914838f94b77e13ba969687a04c493fee10
[INFO] running `Command { std: "docker" "start" "-a" "5c0798b6be5aabffdf5e3188963a4914838f94b77e13ba969687a04c493fee10", kill_on_drop: false }`
[INFO] [stderr] warning: call to `.clone()` on a reference in this situation does nothing
[INFO] [stderr]   --> src/lib.rs:29:37
[INFO] [stderr]    |
[INFO] [stderr] 29 |             url: crate::utility::URI.clone().to_string(),
[INFO] [stderr]    |                                     ^^^^^^^^ help: remove this redundant call
[INFO] [stderr]    |
[INFO] [stderr]    = note: the type `str` does not implement `Clone`, so calling `clone` on `&str` copies the reference, which does not do anything and can be removed
[INFO] [stderr]    = note: `#[warn(noop_method_call)]` on by default
[INFO] [stderr] 
[INFO] [stderr] warning: call to `.clone()` on a reference in this situation does nothing
[INFO] [stderr]   --> src/lib.rs:30:47
[INFO] [stderr]    |
[INFO] [stderr] 30 |             bulk_url: crate::utility::BULK_URI.clone().to_string(),
[INFO] [stderr]    |                                               ^^^^^^^^ help: remove this redundant call
[INFO] [stderr]    |
[INFO] [stderr]    = note: the type `str` does not implement `Clone`, so calling `clone` on `&str` copies the reference, which does not do anything and can be removed
[INFO] [stderr] 
[INFO] [stderr] warning: `zero-bounce` (lib) generated 2 warnings (run `cargo fix --lib -p zero-bounce` to apply 2 suggestions)
[INFO] [stderr] warning: `zero-bounce` (lib test) generated 2 warnings (2 duplicates)
[INFO] [stderr] warning: call to `.clone()` on a reference in this situation does nothing
[INFO] [stderr]   --> tests/bulk/ai_scoring.rs:38:64
[INFO] [stderr]    |
[INFO] [stderr] 38 |         .with_body(mock_constants::BULK_VALIDATION_SUBMIT_ERROR.clone())
[INFO] [stderr]    |                                                                ^^^^^^^^ help: remove this redundant call
[INFO] [stderr]    |
[INFO] [stderr]    = note: the type `str` does not implement `Clone`, so calling `clone` on `&str` copies the reference, which does not do anything and can be removed
[INFO] [stderr]    = note: `#[warn(noop_method_call)]` on by default
[INFO] [stderr] 
[INFO] [stderr] warning: call to `.clone()` on a reference in this situation does nothing
[INFO] [stderr]   --> tests/bulk/ai_scoring.rs:59:61
[INFO] [stderr]    |
[INFO] [stderr] 59 |         .with_body(mock_constants::BULK_VALIDATION_SUBMIT_OK.clone())
[INFO] [stderr]    |                                                             ^^^^^^^^ help: remove this redundant call
[INFO] [stderr]    |
[INFO] [stderr]    = note: the type `str` does not implement `Clone`, so calling `clone` on `&str` copies the reference, which does not do anything and can be removed
[INFO] [stderr] 
[INFO] [stderr] warning: call to `.clone()` on a reference in this situation does nothing
[INFO] [stderr]   --> tests/bulk/ai_scoring.rs:94:56
[INFO] [stderr]    |
[INFO] [stderr] 94 |         .with_body(mock_constants::INVALID_API_RESPONSE.clone())
[INFO] [stderr]    |                                                        ^^^^^^^^ help: remove this redundant call
[INFO] [stderr]    |
[INFO] [stderr]    = note: the type `str` does not implement `Clone`, so calling `clone` on `&str` copies the reference, which does not do anything and can be removed
[INFO] [stderr] 
[INFO] [stderr] warning: call to `.clone()` on a reference in this situation does nothing
[INFO] [stderr]    --> tests/bulk/ai_scoring.rs:114:61
[INFO] [stderr]     |
[INFO] [stderr] 114 |         .with_body(mock_constants::BULK_VALIDATION_STATUS_OK.clone())
[INFO] [stderr]     |                                                             ^^^^^^^^ help: remove this redundant call
[INFO] [stderr]     |
[INFO] [stderr]     = note: the type `str` does not implement `Clone`, so calling `clone` on `&str` copies the reference, which does not do anything and can be removed
[INFO] [stderr] 
[INFO] [stderr] warning: call to `.clone()` on a reference in this situation does nothing
[INFO] [stderr]    --> tests/bulk/ai_scoring.rs:148:56
[INFO] [stderr]     |
[INFO] [stderr] 148 |         .with_body(mock_constants::INVALID_API_RESPONSE.clone())
[INFO] [stderr]     |                                                        ^^^^^^^^ help: remove this redundant call
[INFO] [stderr]     |
[INFO] [stderr]     = note: the type `str` does not implement `Clone`, so calling `clone` on `&str` copies the reference, which does not do anything and can be removed
[INFO] [stderr] 
[INFO] [stderr] warning: call to `.clone()` on a reference in this situation does nothing
[INFO] [stderr]    --> tests/bulk/ai_scoring.rs:168:66
[INFO] [stderr]     |
[INFO] [stderr] 168 |         .with_body(mock_constants::BULK_VALIDATION_RESULT_DELETED.clone())
[INFO] [stderr]     |                                                                  ^^^^^^^^ help: remove this redundant call
[INFO] [stderr]     |
[INFO] [stderr]     = note: the type `str` does not implement `Clone`, so calling `clone` on `&str` copies the reference, which does not do anything and can be removed
[INFO] [stderr] 
[INFO] [stderr] warning: call to `.clone()` on a reference in this situation does nothing
[INFO] [stderr]    --> tests/bulk/ai_scoring.rs:234:56
[INFO] [stderr]     |
[INFO] [stderr] 234 |         .with_body(mock_constants::INVALID_API_RESPONSE.clone())
[INFO] [stderr]     |                                                        ^^^^^^^^ help: remove this redundant call
[INFO] [stderr]     |
[INFO] [stderr]     = note: the type `str` does not implement `Clone`, so calling `clone` on `&str` copies the reference, which does not do anything and can be removed
[INFO] [stderr] 
[INFO] [stderr] warning: call to `.clone()` on a reference in this situation does nothing
[INFO] [stderr]    --> tests/bulk/ai_scoring.rs:254:68
[INFO] [stderr]     |
[INFO] [stderr] 254 |         .with_body(mock_constants::BULK_VALIDATION_DELETE_NOT_FOUND.clone())
[INFO] [stderr]     |                                                                    ^^^^^^^^ help: remove this redundant call
[INFO] [stderr]     |
[INFO] [stderr]     = note: the type `str` does not implement `Clone`, so calling `clone` on `&str` copies the reference, which does not do anything and can be removed
[INFO] [stderr] 
[INFO] [stderr] warning: call to `.clone()` on a reference in this situation does nothing
[INFO] [stderr]    --> tests/bulk/ai_scoring.rs:272:61
[INFO] [stderr]     |
[INFO] [stderr] 272 |         .with_body(mock_constants::BULK_VALIDATION_DELETE_OK.clone())
[INFO] [stderr]     |                                                             ^^^^^^^^ help: remove this redundant call
[INFO] [stderr]     |
[INFO] [stderr]     = note: the type `str` does not implement `Clone`, so calling `clone` on `&str` copies the reference, which does not do anything and can be removed
[INFO] [stderr] 
[INFO] [stderr] warning: call to `.clone()` on a reference in this situation does nothing
[INFO] [stderr]   --> tests/bulk/validation.rs:38:64
[INFO] [stderr]    |
[INFO] [stderr] 38 |         .with_body(mock_constants::BULK_VALIDATION_SUBMIT_ERROR.clone())
[INFO] [stderr]    |                                                                ^^^^^^^^ help: remove this redundant call
[INFO] [stderr]    |
[INFO] [stderr]    = note: the type `str` does not implement `Clone`, so calling `clone` on `&str` copies the reference, which does not do anything and can be removed
[INFO] [stderr] 
[INFO] [stderr] warning: call to `.clone()` on a reference in this situation does nothing
[INFO] [stderr]   --> tests/bulk/validation.rs:59:61
[INFO] [stderr]    |
[INFO] [stderr] 59 |         .with_body(mock_constants::BULK_VALIDATION_SUBMIT_OK.clone())
[INFO] [stderr]    |                                                             ^^^^^^^^ help: remove this redundant call
[INFO] [stderr]    |
[INFO] [stderr]    = note: the type `str` does not implement `Clone`, so calling `clone` on `&str` copies the reference, which does not do anything and can be removed
[INFO] [stderr] 
[INFO] [stderr] warning: call to `.clone()` on a reference in this situation does nothing
[INFO] [stderr]   --> tests/bulk/validation.rs:94:56
[INFO] [stderr]    |
[INFO] [stderr] 94 |         .with_body(mock_constants::INVALID_API_RESPONSE.clone())
[INFO] [stderr]    |                                                        ^^^^^^^^ help: remove this redundant call
[INFO] [stderr]    |
[INFO] [stderr]    = note: the type `str` does not implement `Clone`, so calling `clone` on `&str` copies the reference, which does not do anything and can be removed
[INFO] [stderr] 
[INFO] [stderr] warning: call to `.clone()` on a reference in this situation does nothing
[INFO] [stderr]    --> tests/bulk/validation.rs:114:61
[INFO] [stderr]     |
[INFO] [stderr] 114 |         .with_body(mock_constants::BULK_VALIDATION_STATUS_OK.clone())
[INFO] [stderr]     |                                                             ^^^^^^^^ help: remove this redundant call
[INFO] [stderr]     |
[INFO] [stderr]     = note: the type `str` does not implement `Clone`, so calling `clone` on `&str` copies the reference, which does not do anything and can be removed
[INFO] [stderr] 
[INFO] [stderr] warning: call to `.clone()` on a reference in this situation does nothing
[INFO] [stderr]    --> tests/bulk/validation.rs:148:56
[INFO] [stderr]     |
[INFO] [stderr] 148 |         .with_body(mock_constants::INVALID_API_RESPONSE.clone())
[INFO] [stderr]     |                                                        ^^^^^^^^ help: remove this redundant call
[INFO] [stderr]     |
[INFO] [stderr]     = note: the type `str` does not implement `Clone`, so calling `clone` on `&str` copies the reference, which does not do anything and can be removed
[INFO] [stderr] 
[INFO] [stderr] warning: call to `.clone()` on a reference in this situation does nothing
[INFO] [stderr]    --> tests/bulk/validation.rs:168:66
[INFO] [stderr]     |
[INFO] [stderr] 168 |         .with_body(mock_constants::BULK_VALIDATION_RESULT_DELETED.clone())
[INFO] [stderr]     |                                                                  ^^^^^^^^ help: remove this redundant call
[INFO] [stderr]     |
[INFO] [stderr]     = note: the type `str` does not implement `Clone`, so calling `clone` on `&str` copies the reference, which does not do anything and can be removed
[INFO] [stderr] 
[INFO] [stderr] warning: call to `.clone()` on a reference in this situation does nothing
[INFO] [stderr]    --> tests/bulk/validation.rs:234:56
[INFO] [stderr]     |
[INFO] [stderr] 234 |         .with_body(mock_constants::INVALID_API_RESPONSE.clone())
[INFO] [stderr]     |                                                        ^^^^^^^^ help: remove this redundant call
[INFO] [stderr]     |
[INFO] [stderr]     = note: the type `str` does not implement `Clone`, so calling `clone` on `&str` copies the reference, which does not do anything and can be removed
[INFO] [stderr] 
[INFO] [stderr] warning: call to `.clone()` on a reference in this situation does nothing
[INFO] [stderr]    --> tests/bulk/validation.rs:254:68
[INFO] [stderr]     |
[INFO] [stderr] 254 |         .with_body(mock_constants::BULK_VALIDATION_DELETE_NOT_FOUND.clone())
[INFO] [stderr]     |                                                                    ^^^^^^^^ help: remove this redundant call
[INFO] [stderr]     |
[INFO] [stderr]     = note: the type `str` does not implement `Clone`, so calling `clone` on `&str` copies the reference, which does not do anything and can be removed
[INFO] [stderr] 
[INFO] [stderr] warning: call to `.clone()` on a reference in this situation does nothing
[INFO] [stderr]    --> tests/bulk/validation.rs:272:61
[INFO] [stderr]     |
[INFO] [stderr] 272 |         .with_body(mock_constants::BULK_VALIDATION_DELETE_OK.clone())
[INFO] [stderr]     |                                                             ^^^^^^^^ help: remove this redundant call
[INFO] [stderr]     |
[INFO] [stderr]     = note: the type `str` does not implement `Clone`, so calling `clone` on `&str` copies the reference, which does not do anything and can be removed
[INFO] [stderr] 
[INFO] [stderr] warning: call to `.clone()` on a reference in this situation does nothing
[INFO] [stderr]   --> tests/generic_endpoints/activity_data.rs:45:56
[INFO] [stderr]    |
[INFO] [stderr] 45 |         .with_body(mock_constants::INVALID_API_RESPONSE.clone())
[INFO] [stderr]    |                                                        ^^^^^^^^ help: remove this redundant call
[INFO] [stderr]    |
[INFO] [stderr]    = note: the type `str` does not implement `Clone`, so calling `clone` on `&str` copies the reference, which does not do anything and can be removed
[INFO] [stderr] 
[INFO] [stderr] warning: call to `.clone()` on a reference in this situation does nothing
[INFO] [stderr]   --> tests/generic_endpoints/activity_data.rs:65:67
[INFO] [stderr]    |
[INFO] [stderr] 65 |         .with_body(mock_constants::ACTIVITY_DATA_RESPONSE_INACTIVE.clone())
[INFO] [stderr]    |                                                                   ^^^^^^^^ help: remove this redundant call
[INFO] [stderr]    |
[INFO] [stderr]    = note: the type `str` does not implement `Clone`, so calling `clone` on `&str` copies the reference, which does not do anything and can be removed
[INFO] [stderr] 
[INFO] [stderr] warning: call to `.clone()` on a reference in this situation does nothing
[INFO] [stderr]   --> tests/generic_endpoints/activity_data.rs:86:65
[INFO] [stderr]    |
[INFO] [stderr] 86 |         .with_body(mock_constants::ACTIVITY_DATA_RESPONSE_ACTIVE.clone())
[INFO] [stderr]    |                                                                 ^^^^^^^^ help: remove this redundant call
[INFO] [stderr]    |
[INFO] [stderr]    = note: the type `str` does not implement `Clone`, so calling `clone` on `&str` copies the reference, which does not do anything and can be removed
[INFO] [stderr] 
[INFO] [stderr] warning: call to `.clone()` on a reference in this situation does nothing
[INFO] [stderr]   --> tests/generic_endpoints/api_usage.rs:46:56
[INFO] [stderr]    |
[INFO] [stderr] 46 |         .with_body(mock_constants::INVALID_API_RESPONSE.clone())
[INFO] [stderr]    |                                                        ^^^^^^^^ help: remove this redundant call
[INFO] [stderr]    |
[INFO] [stderr]    = note: the type `str` does not implement `Clone`, so calling `clone` on `&str` copies the reference, which does not do anything and can be removed
[INFO] [stderr] 
[INFO] [stderr] warning: call to `.clone()` on a reference in this situation does nothing
[INFO] [stderr]   --> tests/generic_endpoints/api_usage.rs:66:54
[INFO] [stderr]    |
[INFO] [stderr] 66 |         .with_body(mock_constants::API_USAGE_RESPONSE.clone())
[INFO] [stderr]    |                                                      ^^^^^^^^ help: remove this redundant call
[INFO] [stderr]    |
[INFO] [stderr]    = note: the type `str` does not implement `Clone`, so calling `clone` on `&str` copies the reference, which does not do anything and can be removed
[INFO] [stderr] 
[INFO] [stderr] warning: call to `.clone()` on a reference in this situation does nothing
[INFO] [stderr]   --> tests/generic_endpoints/get_credits.rs:44:56
[INFO] [stderr]    |
[INFO] [stderr] 44 |         .with_body(mock_constants::INVALID_API_RESPONSE.clone())
[INFO] [stderr]    |                                                        ^^^^^^^^ help: remove this redundant call
[INFO] [stderr]    |
[INFO] [stderr]    = note: the type `str` does not implement `Clone`, so calling `clone` on `&str` copies the reference, which does not do anything and can be removed
[INFO] [stderr] 
[INFO] [stderr] warning: call to `.clone()` on a reference in this situation does nothing
[INFO] [stderr]   --> tests/generic_endpoints/get_credits.rs:64:61
[INFO] [stderr]    |
[INFO] [stderr] 64 |         .with_body(mock_constants::CREDITS_RESPONSE_NEGATIVE.clone())
[INFO] [stderr]    |                                                             ^^^^^^^^ help: remove this redundant call
[INFO] [stderr]    |
[INFO] [stderr]    = note: the type `str` does not implement `Clone`, so calling `clone` on `&str` copies the reference, which does not do anything and can be removed
[INFO] [stderr] 
[INFO] [stderr] warning: call to `.clone()` on a reference in this situation does nothing
[INFO] [stderr]   --> tests/generic_endpoints/get_credits.rs:82:55
[INFO] [stderr]    |
[INFO] [stderr] 82 |         .with_body(mock_constants::CREDITS_RESPONSE_OK.clone())
[INFO] [stderr]    |                                                       ^^^^^^^^ help: remove this redundant call
[INFO] [stderr]    |
[INFO] [stderr]    = note: the type `str` does not implement `Clone`, so calling `clone` on `&str` copies the reference, which does not do anything and can be removed
[INFO] [stderr] 
[INFO] [stderr] warning: call to `.clone()` on a reference in this situation does nothing
[INFO] [stderr]   --> tests/generic_endpoints/find_mail.rs:49:56
[INFO] [stderr]    |
[INFO] [stderr] 49 |         .with_body(mock_constants::INVALID_API_RESPONSE.clone())
[INFO] [stderr]    |                                                        ^^^^^^^^ help: remove this redundant call
[INFO] [stderr]    |
[INFO] [stderr]    = note: the type `str` does not implement `Clone`, so calling `clone` on `&str` copies the reference, which does not do anything and can be removed
[INFO] [stderr] 
[INFO] [stderr] warning: call to `.clone()` on a reference in this situation does nothing
[INFO] [stderr]   --> tests/generic_endpoints/find_mail.rs:71:58
[INFO] [stderr]    |
[INFO] [stderr] 71 |         .with_body(mock_constants::MOCK_FIND_MAIL_INVALID.clone())
[INFO] [stderr]    |                                                          ^^^^^^^^ help: remove this redundant call
[INFO] [stderr]    |
[INFO] [stderr]    = note: the type `str` does not implement `Clone`, so calling `clone` on `&str` copies the reference, which does not do anything and can be removed
[INFO] [stderr] 
[INFO] [stderr] warning: call to `.clone()` on a reference in this situation does nothing
[INFO] [stderr]   --> tests/generic_endpoints/find_mail.rs:94:56
[INFO] [stderr]    |
[INFO] [stderr] 94 |         .with_body(mock_constants::MOCK_FIND_MAIL_VALID.clone())
[INFO] [stderr]    |                                                        ^^^^^^^^ help: remove this redundant call
[INFO] [stderr]    |
[INFO] [stderr]    = note: the type `str` does not implement `Clone`, so calling `clone` on `&str` copies the reference, which does not do anything and can be removed
[INFO] [stderr] 
[INFO] [stderr] warning: call to `.clone()` on a reference in this situation does nothing
[INFO] [stderr]    --> tests/generic_endpoints/find_mail.rs:153:56
[INFO] [stderr]     |
[INFO] [stderr] 153 |         .with_body(mock_constants::INVALID_API_RESPONSE.clone())
[INFO] [stderr]     |                                                        ^^^^^^^^ help: remove this redundant call
[INFO] [stderr]     |
[INFO] [stderr]     = note: the type `str` does not implement `Clone`, so calling `clone` on `&str` copies the reference, which does not do anything and can be removed
[INFO] [stderr] 
[INFO] [stderr] warning: call to `.clone()` on a reference in this situation does nothing
[INFO] [stderr]    --> tests/generic_endpoints/find_mail.rs:173:58
[INFO] [stderr]     |
[INFO] [stderr] 173 |         .with_body(mock_constants::MOCK_FIND_MAIL_INVALID.clone())
[INFO] [stderr]     |                                                          ^^^^^^^^ help: remove this redundant call
[INFO] [stderr]     |
[INFO] [stderr]     = note: the type `str` does not implement `Clone`, so calling `clone` on `&str` copies the reference, which does not do anything and can be removed
[INFO] [stderr] 
[INFO] [stderr] warning: call to `.clone()` on a reference in this situation does nothing
[INFO] [stderr]    --> tests/generic_endpoints/find_mail.rs:194:56
[INFO] [stderr]     |
[INFO] [stderr] 194 |         .with_body(mock_constants::MOCK_FIND_MAIL_VALID.clone())
[INFO] [stderr]     |                                                        ^^^^^^^^ help: remove this redundant call
[INFO] [stderr]     |
[INFO] [stderr]     = note: the type `str` does not implement `Clone`, so calling `clone` on `&str` copies the reference, which does not do anything and can be removed
[INFO] [stderr] 
[INFO] [stderr] warning: call to `.clone()` on a reference in this situation does nothing
[INFO] [stderr]   --> tests/validation/simple_validation.rs:44:56
[INFO] [stderr]    |
[INFO] [stderr] 44 |         .with_body(mock_constants::INVALID_API_RESPONSE.clone())
[INFO] [stderr]    |                                                        ^^^^^^^^ help: remove this redundant call
[INFO] [stderr]    |
[INFO] [stderr]    = note: the type `str` does not implement `Clone`, so calling `clone` on `&str` copies the reference, which does not do anything and can be removed
[INFO] [stderr] 
[INFO] [stderr] warning: call to `.clone()` on a reference in this situation does nothing
[INFO] [stderr]   --> tests/validation/simple_validation.rs:64:61
[INFO] [stderr]    |
[INFO] [stderr] 64 |         .with_body(mock_constants::VALIDATION_RESPONSE_VALID.clone())
[INFO] [stderr]    |                                                             ^^^^^^^^ help: remove this redundant call
[INFO] [stderr]    |
[INFO] [stderr]    = note: the type `str` does not implement `Clone`, so calling `clone` on `&str` copies the reference, which does not do anything and can be removed
[INFO] [stderr] 
[INFO] [stderr] warning: call to `.clone()` on a reference in this situation does nothing
[INFO] [stderr]   --> tests/validation/simple_validation.rs:81:61
[INFO] [stderr]    |
[INFO] [stderr] 81 |         .with_body(mock_constants::VALIDATION_RESPONSE_VALID.clone())
[INFO] [stderr]    |                                                             ^^^^^^^^ help: remove this redundant call
[INFO] [stderr]    |
[INFO] [stderr]    = note: the type `str` does not implement `Clone`, so calling `clone` on `&str` copies the reference, which does not do anything and can be removed
[INFO] [stderr] 
[INFO] [stderr] warning: call to `.clone()` on a reference in this situation does nothing
[INFO] [stderr]   --> tests/validation/batch_validation.rs:52:56
[INFO] [stderr]    |
[INFO] [stderr] 52 |         .with_body(mock_constants::INVALID_API_RESPONSE.clone())
[INFO] [stderr]    |                                                        ^^^^^^^^ help: remove this redundant call
[INFO] [stderr]    |
[INFO] [stderr]    = note: the type `str` does not implement `Clone`, so calling `clone` on `&str` copies the reference, which does not do anything and can be removed
[INFO] [stderr] 
[INFO] [stderr] warning: call to `.clone()` on a reference in this situation does nothing
[INFO] [stderr]   --> tests/validation/batch_validation.rs:73:61
[INFO] [stderr]    |
[INFO] [stderr] 73 |         .with_body(mock_constants::BATCH_VALIDATION_NO_ERROR.clone())
[INFO] [stderr]    |                                                             ^^^^^^^^ help: remove this redundant call
[INFO] [stderr]    |
[INFO] [stderr]    = note: the type `str` does not implement `Clone`, so calling `clone` on `&str` copies the reference, which does not do anything and can be removed
[INFO] [stderr] 
[INFO] [stderr] warning: `zero-bounce` (test "mod") generated 37 warnings (run `cargo fix --test "mod"` to apply 37 suggestions)
[INFO] [stderr]     Finished `test` profile [unoptimized + debuginfo] target(s) in 0.19s
[INFO] [stderr]      Running unittests src/lib.rs (/opt/rustwide/target/debug/deps/zero_bounce-bb607876518923a4)
[INFO] [stdout] 
[INFO] [stdout] running 20 tests
[INFO] [stdout] test api::tests::test_credits_negative ... ok
[INFO] [stdout] test api::tests::test_credits_ok ... ok
[INFO] [stdout] test utility::structures::bulk::test::test_parse_file_delete_ok ... ok
[INFO] [stdout] test utility::structures::bulk::test::test_parse_file_status_response_deleted ... ok
[INFO] [stdout] test utility::structures::bulk::test::test_parse_file_status_response_ok ... ok
[INFO] [stdout] test utility::structures::bulk::test::test_parse_file_result_deleted ... ok
[INFO] [stdout] test utility::structures::bulk::test::test_parsing_file_submit_response_ok ... ok
[INFO] [stdout] test utility::structures::generic::tests::parse_activity_date_with_amount ... ok
[INFO] [stdout] test utility::structures::generic::tests::parse_activity_date_without_amount ... ok
[INFO] [stdout] test utility::structures::generic::tests::parse_find_mail_invalid_status ... ok
[INFO] [stdout] test utility::structures::generic::tests::parse_api_usage ... ok
[INFO] [stdout] test utility::structures::generic::tests::parse_find_mail_valid_status ... ok
[INFO] [stdout] test utility::structures::validation::test::test_batch_error_only_content ... ok
[INFO] [stdout] test utility::structures::validation::test::test_batch_validation_and_error_content ... ok
[INFO] [stdout] test utility::structures::validation::test::test_batch_validation_only_content ... ok
[INFO] [stdout] test utility::structures::validation::test::test_validation_invalid_email_status ... ok
[INFO] [stdout] test utility::structures::validation::test::test_validation_invalid_json ... ok
[INFO] [stdout] test utility::structures::validation::test::test_validation_missing_expected_fields ... ok
[INFO] [stdout] test utility::structures::validation::test::test_validation_valid_email_status ... ok
[INFO] [stdout] test api::validation::test::test_serializing_example ... ok
[INFO] [stdout] 
[INFO] [stdout] test result: ok. 20 passed; 0 failed; 0 ignored; 0 measured; 0 filtered out; finished in 0.05s
[INFO] [stdout] 
[INFO] [stderr]      Running tests/mod.rs (/opt/rustwide/target/debug/deps/mod-211859adf58faac7)
[INFO] [stdout] 
[INFO] [stdout] running 61 tests
[INFO] [stdout] test bulk::ai_scoring::test_ai_scoring_status_ok ... ok
[INFO] [stdout] test bulk::ai_scoring::test_ai_scoring_delete_invalid_json ... ok
[INFO] [stdout] test bulk::ai_scoring::test_ai_scoring_result_ok ... ok
[INFO] [stdout] test bulk::ai_scoring::test_ai_scoring_delete_not_ok ... ok
[INFO] [stdout] test bulk::ai_scoring::test_ai_scoring_result_no_content_type ... ok
[INFO] [stdout] test bulk::ai_scoring::test_ai_scoring_status_bad_request ... ok
[INFO] [stdout] test bulk::ai_scoring::test_ai_scoring_submit_ok ... ok
[INFO] [stdout] test bulk::validation::test_bulk_validate_delete_invalid_json ... ok
[INFO] [stdout] test bulk::ai_scoring::test_ai_scoring_delete_ok ... ok
[INFO] [stdout] test bulk::ai_scoring::test_ai_scoring_delete_bad_request ... ok
[INFO] [stdout] test bulk::ai_scoring::test_ai_scoring_submit_invalid_json ... ok
[INFO] [stdout] test bulk::ai_scoring::test_ai_scoring_result_false_positive ... ok
[INFO] [stdout] test bulk::validation::test_bulk_validate_delete_bad_request ... ok
[INFO] [stdout] test bulk::ai_scoring::test_ai_scoring_status_invalid_json ... ok
[INFO] [stdout] test bulk::ai_scoring::test_ai_scoring_submit_bad_request ... ok
[INFO] [stdout] test bulk::ai_scoring::test_ai_scoring_result_bad_request ... ok
[INFO] [stdout] test bulk::validation::test_bulk_validate_delete_not_ok ... ok
[INFO] [stdout] test bulk::validation::test_bulk_validate_delete_ok ... ok
[INFO] [stdout] test bulk::validation::test_bulk_validate_result_ok ... ok
[INFO] [stdout] test bulk::validation::test_bulk_validate_status_invalid_json ... ok
[INFO] [stdout] test bulk::validation::test_bulk_validate_result_no_content_type ... ok
[INFO] [stdout] test bulk::validation::test_bulk_validate_result_bad_request ... ok
[INFO] [stdout] test bulk::validation::test_bulk_validate_result_false_positive ... ok
[INFO] [stdout] test bulk::validation::test_bulk_validate_status_bad_request ... ok
[INFO] [stdout] test generic_endpoints::activity_data::test_activity_data_invalid_json ... ok
[INFO] [stdout] test generic_endpoints::activity_data::test_activity_data_ok_active ... ok
[INFO] [stdout] test bulk::validation::test_bulk_validate_status_ok ... ok
[INFO] [stdout] test bulk::validation::test_bulk_validate_submit_bad_request ... ok
[INFO] [stdout] test generic_endpoints::activity_data::test_activity_data_client_error ... ok
[INFO] [stdout] test generic_endpoints::activity_data::test_activity_data_bad_request ... ok
[INFO] [stdout] test bulk::validation::test_bulk_validate_submit_ok ... ok
[INFO] [stdout] test bulk::validation::test_bulk_validate_submit_invalid_json ... ok
[INFO] [stdout] test generic_endpoints::api_usage::test_api_usage_invalid_json ... ok
[INFO] [stdout] test generic_endpoints::api_usage::test_api_usage_ok ... ok
[INFO] [stdout] test generic_endpoints::activity_data::test_activity_data_ok_inactive ... ok
[INFO] [stdout] test generic_endpoints::api_usage::test_api_usage_client_error ... ok
[INFO] [stdout] test generic_endpoints::api_usage::test_api_usage_bad_request ... ok
[INFO] [stdout] test generic_endpoints::find_mail::test_domain_search_bad_request ... ok
[INFO] [stdout] test generic_endpoints::find_mail::test_domain_search_client_error ... ok
[INFO] [stdout] test generic_endpoints::find_mail::test_domain_search_invalid_json ... ok
[INFO] [stdout] test generic_endpoints::find_mail::test_domain_search_valid_status_payload ... ok
[INFO] [stdout] test generic_endpoints::get_credits::test_credits_invalid_client_error ... ok
[INFO] [stdout] test generic_endpoints::find_mail::test_find_bad_request ... ok
[INFO] [stdout] test generic_endpoints::find_mail::test_find_invalid_status_payload ... ok
[INFO] [stdout] test generic_endpoints::get_credits::test_credits_invalid_json ... ok
[INFO] [stdout] test generic_endpoints::find_mail::test_find_mail_client_error ... ok
[INFO] [stdout] test generic_endpoints::find_mail::test_domain_search_invalid_status_payload ... ok
[INFO] [stdout] test generic_endpoints::find_mail::test_find_mail_invalid_json ... ok
[INFO] [stdout] test generic_endpoints::get_credits::test_credits_bad_request ... ok
[INFO] [stdout] test generic_endpoints::find_mail::test_find_valid_status_payload ... ok
[INFO] [stdout] test generic_endpoints::get_credits::test_credits_negative_response ... ok
[INFO] [stdout] test generic_endpoints::get_credits::test_credits_ok ... ok
[INFO] [stdout] test validation::batch_validation::test_batch_validation_invalid_json ... ok
[INFO] [stdout] test validation::batch_validation::test_batch_validation_client_error ... ok
[INFO] [stdout] test validation::simple_validation::test_simple_validation_client_error ... ok
[INFO] [stdout] test validation::batch_validation::test_batch_validation_bad_request ... ok
[INFO] [stdout] test validation::simple_validation::test_simple_validation_bad_request ... ok
[INFO] [stdout] test validation::simple_validation::test_simple_validation_invalid_json ... ok
[INFO] [stdout] test validation::batch_validation::test_batch_validation_ok ... ok
[INFO] [stdout] test validation::simple_validation::test_simple_validation_ok ... ok
[INFO] [stdout] test validation::simple_validation::test_simple_validation_with_ip_ok ... FAILED
[INFO] [stdout] 
[INFO] [stdout] failures:
[INFO] [stdout] 
[INFO] [stdout] ---- validation::simple_validation::test_simple_validation_with_ip_ok stdout ----
[INFO] [stdout] thread 'validation::simple_validation::test_simple_validation_with_ip_ok' panicked at tests/validation/simple_validation.rs:90:5:
[INFO] [stdout] assertion failed: validation_response.is_ok()
[INFO] [stdout] stack backtrace:
[INFO] [stdout]    0:     0x58fcdfc9fe9a - std::backtrace_rs::backtrace::libunwind::trace::h207520d6e9873551
[INFO] [stdout]                                at /rustc/df4ca44d3fbc9301ee17f30f4d474e6ae4b05252/library/std/src/../../backtrace/src/backtrace/libunwind.rs:116:5
[INFO] [stdout]    1:     0x58fcdfc9fe9a - std::backtrace_rs::backtrace::trace_unsynchronized::h2ed7433f370e3eca
[INFO] [stdout]                                at /rustc/df4ca44d3fbc9301ee17f30f4d474e6ae4b05252/library/std/src/../../backtrace/src/backtrace/mod.rs:66:5
[INFO] [stdout]    2:     0x58fcdfc9fe9a - std::sys::backtrace::_print_fmt::h916fac51166b18d7
[INFO] [stdout]                                at /rustc/df4ca44d3fbc9301ee17f30f4d474e6ae4b05252/library/std/src/sys/backtrace.rs:66:9
[INFO] [stdout]    3:     0x58fcdfc9fe9a - <std::sys::backtrace::BacktraceLock::print::DisplayBacktrace as core::fmt::Display>::fmt::ha0a4c9b8ce3802e6
[INFO] [stdout]                                at /rustc/df4ca44d3fbc9301ee17f30f4d474e6ae4b05252/library/std/src/sys/backtrace.rs:39:26
[INFO] [stdout]    4:     0x58fcdfccc6d3 - core::fmt::rt::Argument::fmt::h4cfc8587d52b3eb5
[INFO] [stdout]                                at /rustc/df4ca44d3fbc9301ee17f30f4d474e6ae4b05252/library/core/src/fmt/rt.rs:177:76
[INFO] [stdout]    5:     0x58fcdfccc6d3 - core::fmt::write::h522cc39e5b36ae9f
[INFO] [stdout]                                at /rustc/df4ca44d3fbc9301ee17f30f4d474e6ae4b05252/library/core/src/fmt/mod.rs:1190:21
[INFO] [stdout]    6:     0x58fcdfc9bcc3 - std::io::Write::write_fmt::h7d3c26752da97734
[INFO] [stdout]                                at /rustc/df4ca44d3fbc9301ee17f30f4d474e6ae4b05252/library/std/src/io/mod.rs:1839:15
[INFO] [stdout]    7:     0x58fcdfc9fce2 - std::sys::backtrace::BacktraceLock::print::h4b9e00b29e9c0942
[INFO] [stdout]                                at /rustc/df4ca44d3fbc9301ee17f30f4d474e6ae4b05252/library/std/src/sys/backtrace.rs:42:9
[INFO] [stdout]    8:     0x58fcdfca132a - std::panicking::default_hook::{{closure}}::hb59b88280d0324d9
[INFO] [stdout]                                at /rustc/df4ca44d3fbc9301ee17f30f4d474e6ae4b05252/library/std/src/panicking.rs:268:22
[INFO] [stdout]    9:     0x58fcdfca1134 - std::panicking::default_hook::he1dd496665be4a29
[INFO] [stdout]                                at /rustc/df4ca44d3fbc9301ee17f30f4d474e6ae4b05252/library/std/src/panicking.rs:292:9
[INFO] [stdout]   10:     0x58fcdf36da79 - <alloc::boxed::Box<F,A> as core::ops::function::Fn<Args>>::call::h4ff71de18744e1dc
[INFO] [stdout]                                at /rustc/df4ca44d3fbc9301ee17f30f4d474e6ae4b05252/library/alloc/src/boxed.rs:2468:9
[INFO] [stdout]   11:     0x58fcdf36da79 - test::test_main::{{closure}}::hcf7c055ce117aa81
[INFO] [stdout]                                at /rustc/df4ca44d3fbc9301ee17f30f4d474e6ae4b05252/library/test/src/lib.rs:133:21
[INFO] [stdout]   12:     0x58fcdfca1a28 - <alloc::boxed::Box<F,A> as core::ops::function::Fn<Args>>::call::h1d66c6bbd60c9692
[INFO] [stdout]                                at /rustc/df4ca44d3fbc9301ee17f30f4d474e6ae4b05252/library/alloc/src/boxed.rs:2468:9
[INFO] [stdout]   13:     0x58fcdfca1a28 - std::panicking::rust_panic_with_hook::h2ff17fe8f26dfcf8
[INFO] [stdout]                                at /rustc/df4ca44d3fbc9301ee17f30f4d474e6ae4b05252/library/std/src/panicking.rs:809:13
[INFO] [stdout]   14:     0x58fcdfca17b6 - std::panicking::begin_panic_handler::{{closure}}::h4fad77951c07e101
[INFO] [stdout]                                at /rustc/df4ca44d3fbc9301ee17f30f4d474e6ae4b05252/library/std/src/panicking.rs:667:13
[INFO] [stdout]   15:     0x58fcdfca0379 - std::sys::backtrace::__rust_end_short_backtrace::hb1a25b3da5d0ea08
[INFO] [stdout]                                at /rustc/df4ca44d3fbc9301ee17f30f4d474e6ae4b05252/library/std/src/sys/backtrace.rs:170:18
[INFO] [stdout]   16:     0x58fcdfca147c - rust_begin_unwind
[INFO] [stdout]                                at /rustc/df4ca44d3fbc9301ee17f30f4d474e6ae4b05252/library/std/src/panicking.rs:665:5
[INFO] [stdout]   17:     0x58fcdfcc9990 - core::panicking::panic_fmt::ha9db07b529f9b256
[INFO] [stdout]                                at /rustc/df4ca44d3fbc9301ee17f30f4d474e6ae4b05252/library/core/src/panicking.rs:75:14
[INFO] [stdout]   18:     0x58fcdfcc9a1c - core::panicking::panic::h993086813d94accc
[INFO] [stdout]                                at /rustc/df4ca44d3fbc9301ee17f30f4d474e6ae4b05252/library/core/src/panicking.rs:152:5
[INFO] [stdout]   19:     0x58fcdf31ec21 - mod::validation::simple_validation::test_simple_validation_with_ip_ok::h1792ad2f8b4b8454
[INFO] [stdout]                                at /opt/rustwide/workdir/tests/validation/simple_validation.rs:90:5
[INFO] [stdout]   20:     0x58fcdf31e737 - mod::validation::simple_validation::test_simple_validation_with_ip_ok::{{closure}}::hd07a767849e5e3fd
[INFO] [stdout]                                at /opt/rustwide/workdir/tests/validation/simple_validation.rs:75:39
[INFO] [stdout]   21:     0x58fcdf31fa86 - core::ops::function::FnOnce::call_once::h6e5de621f10afa85
[INFO] [stdout]                                at /rustc/df4ca44d3fbc9301ee17f30f4d474e6ae4b05252/library/core/src/ops/function.rs:250:5
[INFO] [stdout]   22:     0x58fcdf37234b - core::ops::function::FnOnce::call_once::h22c3ba5715e93f05
[INFO] [stdout]                                at /rustc/df4ca44d3fbc9301ee17f30f4d474e6ae4b05252/library/core/src/ops/function.rs:250:5
[INFO] [stdout]   23:     0x58fcdf37234b - test::__rust_begin_short_backtrace::h8e82d8113d0da17f
[INFO] [stdout]                                at /rustc/df4ca44d3fbc9301ee17f30f4d474e6ae4b05252/library/test/src/lib.rs:621:18
[INFO] [stdout]   24:     0x58fcdf371cc7 - test::run_test_in_process::{{closure}}::h33235f4f20b7b7c7
[INFO] [stdout]                                at /rustc/df4ca44d3fbc9301ee17f30f4d474e6ae4b05252/library/test/src/lib.rs:644:60
[INFO] [stdout]   25:     0x58fcdf371cc7 - <core::panic::unwind_safe::AssertUnwindSafe<F> as core::ops::function::FnOnce<()>>::call_once::hb5043206310c586f
[INFO] [stdout]                                at /rustc/df4ca44d3fbc9301ee17f30f4d474e6ae4b05252/library/core/src/panic/unwind_safe.rs:272:9
[INFO] [stdout]   26:     0x58fcdf371cc7 - std::panicking::try::do_call::h9ad4731a60ab23e2
[INFO] [stdout]                                at /rustc/df4ca44d3fbc9301ee17f30f4d474e6ae4b05252/library/std/src/panicking.rs:557:40
[INFO] [stdout]   27:     0x58fcdf371cc7 - std::panicking::try::h3824d23db772a716
[INFO] [stdout]                                at /rustc/df4ca44d3fbc9301ee17f30f4d474e6ae4b05252/library/std/src/panicking.rs:520:19
[INFO] [stdout]   28:     0x58fcdf371cc7 - std::panic::catch_unwind::h5afd514605fde46b
[INFO] [stdout]                                at /rustc/df4ca44d3fbc9301ee17f30f4d474e6ae4b05252/library/std/src/panic.rs:358:14
[INFO] [stdout]   29:     0x58fcdf371cc7 - test::run_test_in_process::h0d5cbfa7067d1720
[INFO] [stdout]                                at /rustc/df4ca44d3fbc9301ee17f30f4d474e6ae4b05252/library/test/src/lib.rs:644:27
[INFO] [stdout]   30:     0x58fcdf371cc7 - test::run_test::{{closure}}::h708eb8872708115d
[INFO] [stdout]                                at /rustc/df4ca44d3fbc9301ee17f30f4d474e6ae4b05252/library/test/src/lib.rs:565:43
[INFO] [stdout]   31:     0x58fcdf3353e4 - test::run_test::{{closure}}::h392c51cee94713ab
[INFO] [stdout]                                at /rustc/df4ca44d3fbc9301ee17f30f4d474e6ae4b05252/library/test/src/lib.rs:595:41
[INFO] [stdout]   32:     0x58fcdf3353e4 - std::sys::backtrace::__rust_begin_short_backtrace::h2f40290710935a8b
[INFO] [stdout]                                at /rustc/df4ca44d3fbc9301ee17f30f4d474e6ae4b05252/library/std/src/sys/backtrace.rs:154:18
[INFO] [stdout]   33:     0x58fcdf338b8e - std::thread::Builder::spawn_unchecked_::{{closure}}::{{closure}}::h3fd968d89053a903
[INFO] [stdout]                                at /rustc/df4ca44d3fbc9301ee17f30f4d474e6ae4b05252/library/std/src/thread/mod.rs:541:17
[INFO] [stdout]   34:     0x58fcdf338b8e - <core::panic::unwind_safe::AssertUnwindSafe<F> as core::ops::function::FnOnce<()>>::call_once::h743f637ba4229880
[INFO] [stdout]                                at /rustc/df4ca44d3fbc9301ee17f30f4d474e6ae4b05252/library/core/src/panic/unwind_safe.rs:272:9
[INFO] [stdout]   35:     0x58fcdf338b8e - std::panicking::try::do_call::h07440897322525a6
[INFO] [stdout]                                at /rustc/df4ca44d3fbc9301ee17f30f4d474e6ae4b05252/library/std/src/panicking.rs:557:40
[INFO] [stdout]   36:     0x58fcdf338b8e - std::panicking::try::he5a2e00188156637
[INFO] [stdout]                                at /rustc/df4ca44d3fbc9301ee17f30f4d474e6ae4b05252/library/std/src/panicking.rs:520:19
[INFO] [stdout]   37:     0x58fcdf338b8e - std::panic::catch_unwind::hbaf3cae49b3c6433
[INFO] [stdout]                                at /rustc/df4ca44d3fbc9301ee17f30f4d474e6ae4b05252/library/std/src/panic.rs:358:14
[INFO] [stdout]   38:     0x58fcdf338b8e - std::thread::Builder::spawn_unchecked_::{{closure}}::h8e141ea224820bce
[INFO] [stdout]                                at /rustc/df4ca44d3fbc9301ee17f30f4d474e6ae4b05252/library/std/src/thread/mod.rs:540:30
[INFO] [stdout]   39:     0x58fcdf338b8e - core::ops::function::FnOnce::call_once{{vtable.shim}}::h90d312fedd7b8ea8
[INFO] [stdout]                                at /rustc/df4ca44d3fbc9301ee17f30f4d474e6ae4b05252/library/core/src/ops/function.rs:250:5
[INFO] [stdout]   40:     0x58fcdfca5d8b - <alloc::boxed::Box<F,A> as core::ops::function::FnOnce<Args>>::call_once::h69aa08ddb6adb8b6
[INFO] [stdout]                                at /rustc/df4ca44d3fbc9301ee17f30f4d474e6ae4b05252/library/alloc/src/boxed.rs:2454:9
[INFO] [stdout]   41:     0x58fcdfca5d8b - <alloc::boxed::Box<F,A> as core::ops::function::FnOnce<Args>>::call_once::h5aa36efdb79c806f
[INFO] [stdout]                                at /rustc/df4ca44d3fbc9301ee17f30f4d474e6ae4b05252/library/alloc/src/boxed.rs:2454:9
[INFO] [stdout]   42:     0x58fcdfca5d8b - std::sys::pal::unix::thread::Thread::new::thread_start::h6cd80a1b4be5158d
[INFO] [stdout]                                at /rustc/df4ca44d3fbc9301ee17f30f4d474e6ae4b05252/library/std/src/sys/pal/unix/thread.rs:105:17
[INFO] [stdout]   43:     0x74b7fa816ac3 - <unknown>
[INFO] [stdout]   44:     0x74b7fa8a7a04 - clone
[INFO] [stdout]   45:                0x0 - <unknown>
[INFO] [stdout] 
[INFO] [stdout] 
[INFO] [stdout] failures:
[INFO] [stdout]     validation::simple_validation::test_simple_validation_with_ip_ok
[INFO] [stdout] 
[INFO] [stdout] test result: FAILED. 60 passed; 1 failed; 0 ignored; 0 measured; 0 filtered out; finished in 1.65s
[INFO] [stdout] 
[INFO] [stderr] error: test failed, to rerun pass `--test mod`
[INFO] running `Command { std: "docker" "inspect" "5c0798b6be5aabffdf5e3188963a4914838f94b77e13ba969687a04c493fee10", kill_on_drop: false }`
[INFO] running `Command { std: "docker" "rm" "-f" "5c0798b6be5aabffdf5e3188963a4914838f94b77e13ba969687a04c493fee10", kill_on_drop: false }`
[INFO] [stdout] 5c0798b6be5aabffdf5e3188963a4914838f94b77e13ba969687a04c493fee10
