[INFO] fetching crate zenoh 1.0.0...
[INFO] testing zenoh-1.0.0 against nightly-2024-10-28 for randomize-layout
[INFO] extracting crate zenoh 1.0.0 into /workspace/builds/worker-6-tc1/source
[INFO] validating manifest of crates.io crate zenoh 1.0.0 on toolchain nightly-2024-10-28
[INFO] running `Command { std: CARGO_HOME="/workspace/cargo-home" RUSTUP_HOME="/workspace/rustup-home" "/workspace/cargo-home/bin/cargo" "+nightly-2024-10-28" "metadata" "--manifest-path" "Cargo.toml" "--no-deps", kill_on_drop: false }`
[INFO] started tweaking crates.io crate zenoh 1.0.0
[INFO] finished tweaking crates.io crate zenoh 1.0.0
[INFO] tweaked toml for crates.io crate zenoh 1.0.0 written to /workspace/builds/worker-6-tc1/source/Cargo.toml
[INFO] running `Command { std: CARGO_HOME="/workspace/cargo-home" RUSTUP_HOME="/workspace/rustup-home" "/workspace/cargo-home/bin/cargo" "+nightly-2024-10-28" "generate-lockfile" "--manifest-path" "Cargo.toml", kill_on_drop: false }`
[INFO] [stderr]     Updating crates.io index
[INFO] [stderr]     Blocking waiting for file lock on package cache
[INFO] [stderr]      Locking 361 packages to latest compatible versions
[INFO] running `Command { std: CARGO_HOME="/workspace/cargo-home" RUSTUP_HOME="/workspace/rustup-home" "/workspace/cargo-home/bin/cargo" "+nightly-2024-10-28" "fetch" "--manifest-path" "Cargo.toml", kill_on_drop: false }`
[INFO] [stderr]     Blocking waiting for file lock on package cache
[INFO] [stderr]  Downloading crates ...
[INFO] [stderr]   Downloaded zenoh-result v1.0.1
[INFO] [stderr]   Downloaded zenoh-macros v1.0.1
[INFO] [stderr]   Downloaded zenoh-keyexpr v1.0.1
[INFO] [stderr]   Downloaded zenoh-task v1.0.1
[INFO] [stderr]   Downloaded zenoh-util v1.0.1
[INFO] [stderr]   Downloaded zenoh-runtime v1.0.1
[INFO] [stderr]   Downloaded zenoh-core v1.0.1
[INFO] [stderr]   Downloaded zenoh-link v1.0.1
[INFO] [stderr]   Downloaded advisory-lock v0.3.0
[INFO] [stderr]   Downloaded shared_memory v0.12.4
[INFO] [stderr]   Downloaded zenoh-plugin-trait v1.0.1
[INFO] [stderr]   Downloaded vsock v0.4.0
[INFO] [stderr]   Downloaded zenoh-link-tcp v1.0.1
[INFO] [stderr]   Downloaded zenoh-crypto v1.0.1
[INFO] [stderr]   Downloaded zenoh-link-quic v1.0.1
[INFO] [stderr]   Downloaded zenoh-link-tls v1.0.1
[INFO] [stderr]   Downloaded thread-priority v1.1.0
[INFO] [stderr]   Downloaded zenoh-transport v1.0.1
[INFO] [stderr]   Downloaded z-serial v0.2.3
[INFO] [stderr]   Downloaded serialport v4.6.0
[INFO] [stderr]   Downloaded tls-listener v0.10.2
[INFO] [stderr]   Downloaded zenoh-protocol v1.0.1
[INFO] [stderr]   Downloaded zenoh-shm v1.0.1
[INFO] [stderr]   Downloaded zenoh-sync v1.0.1
[INFO] [stderr]   Downloaded zenoh-link-udp v1.0.1
[INFO] [stderr]   Downloaded tokio-vsock v0.5.0
[INFO] [stderr]   Downloaded zenoh-link-unixsock_stream v1.0.1
[INFO] [stderr]   Downloaded zenoh-link-commons v1.0.1
[INFO] [stderr]   Downloaded win-sys v0.3.1
[INFO] [stderr]   Downloaded zenoh-collections v1.0.1
[INFO] [stderr]   Downloaded unix-named-pipe v0.2.0
[INFO] [stderr]   Downloaded zenoh-link-ws v1.0.1
[INFO] [stderr]   Downloaded zenoh-codec v1.0.1
[INFO] [stderr]   Downloaded zenoh-buffers v1.0.1
[INFO] [stderr]   Downloaded zenoh-config v1.0.1
[INFO] [stderr]   Downloaded windows v0.34.0
[INFO] [stderr]   Downloaded zenoh-link-serial v1.0.1
[INFO] [stderr]   Downloaded zenoh-link-unixpipe v1.0.1
[INFO] [stderr]   Downloaded zenoh-link-vsock v1.0.1
[INFO] running `Command { std: "docker" "create" "-v" "/var/lib/crater-agent-workspace/builds/worker-6-tc1/target:/opt/rustwide/target:rw,Z" "-v" "/var/lib/crater-agent-workspace/builds/worker-6-tc1/source:/opt/rustwide/workdir:ro,Z" "-v" "/var/lib/crater-agent-workspace/cargo-home:/opt/rustwide/cargo-home:ro,Z" "-v" "/var/lib/crater-agent-workspace/rustup-home:/opt/rustwide/rustup-home:ro,Z" "-e" "SOURCE_DIR=/opt/rustwide/workdir" "-e" "CARGO_TARGET_DIR=/opt/rustwide/target" "-e" "CARGO_HOME=/opt/rustwide/cargo-home" "-e" "RUSTUP_HOME=/opt/rustwide/rustup-home" "-w" "/opt/rustwide/workdir" "-m" "1610612736" "--user" "0:0" "--network" "none" "ghcr.io/rust-lang/crates-build-env/linux@sha256:4a844ea9eb2546a2d2c7022eacef16ef2e8229c7fbb2c7d4d55a9ceca922f72d" "/opt/rustwide/cargo-home/bin/cargo" "+nightly-2024-10-28" "metadata" "--no-deps" "--format-version=1", kill_on_drop: false }`
[INFO] [stdout] 1ab53039cfe634138537a8b1d77beff21dfa50155f9f5db5176d1950b8663d4b
[INFO] running `Command { std: "docker" "start" "-a" "1ab53039cfe634138537a8b1d77beff21dfa50155f9f5db5176d1950b8663d4b", kill_on_drop: false }`
[INFO] running `Command { std: "docker" "inspect" "1ab53039cfe634138537a8b1d77beff21dfa50155f9f5db5176d1950b8663d4b", kill_on_drop: false }`
[INFO] running `Command { std: "docker" "rm" "-f" "1ab53039cfe634138537a8b1d77beff21dfa50155f9f5db5176d1950b8663d4b", kill_on_drop: false }`
[INFO] [stdout] 1ab53039cfe634138537a8b1d77beff21dfa50155f9f5db5176d1950b8663d4b
[INFO] running `Command { std: "docker" "create" "-v" "/var/lib/crater-agent-workspace/builds/worker-6-tc1/target:/opt/rustwide/target:rw,Z" "-v" "/var/lib/crater-agent-workspace/builds/worker-6-tc1/source:/opt/rustwide/workdir:ro,Z" "-v" "/var/lib/crater-agent-workspace/cargo-home:/opt/rustwide/cargo-home:ro,Z" "-v" "/var/lib/crater-agent-workspace/rustup-home:/opt/rustwide/rustup-home:ro,Z" "-e" "SOURCE_DIR=/opt/rustwide/workdir" "-e" "CARGO_TARGET_DIR=/opt/rustwide/target" "-e" "CARGO_INCREMENTAL=0" "-e" "RUST_BACKTRACE=full" "-e" "RUSTFLAGS=--cap-lints=forbid" "-e" "RUSTDOCFLAGS=--cap-lints=forbid" "-e" "CARGO_HOME=/opt/rustwide/cargo-home" "-e" "RUSTUP_HOME=/opt/rustwide/rustup-home" "-w" "/opt/rustwide/workdir" "-m" "1610612736" "--user" "0:0" "--network" "none" "ghcr.io/rust-lang/crates-build-env/linux@sha256:4a844ea9eb2546a2d2c7022eacef16ef2e8229c7fbb2c7d4d55a9ceca922f72d" "/opt/rustwide/cargo-home/bin/cargo" "+nightly-2024-10-28" "build" "--frozen" "--message-format=json", kill_on_drop: false }`
[INFO] [stdout] c93af6cd5c781fb16e6e439cf9423a2ed60561c9011e96e0b9f7904ebb30ff2a
[INFO] running `Command { std: "docker" "start" "-a" "c93af6cd5c781fb16e6e439cf9423a2ed60561c9011e96e0b9f7904ebb30ff2a", kill_on_drop: false }`
[INFO] [stderr]    Compiling proc-macro2 v1.0.89
[INFO] [stderr]    Compiling unicode-ident v1.0.13
[INFO] [stderr]    Compiling cfg-if v1.0.0
[INFO] [stderr]    Compiling libc v0.2.161
[INFO] [stderr]    Compiling autocfg v1.4.0
[INFO] [stderr]    Compiling version_check v0.9.5
[INFO] [stderr]    Compiling once_cell v1.20.2
[INFO] [stderr]    Compiling memchr v2.7.4
[INFO] [stderr]    Compiling serde v1.0.214
[INFO] [stderr]    Compiling scopeguard v1.2.0
[INFO] [stderr]    Compiling itoa v1.0.11
[INFO] [stderr]    Compiling pin-project-lite v0.2.15
[INFO] [stderr]    Compiling byteorder v1.5.0
[INFO] [stderr]    Compiling log v0.4.22
[INFO] [stderr]    Compiling ryu v1.0.18
[INFO] [stderr]    Compiling serde_json v1.0.132
[INFO] [stderr]    Compiling anyhow v1.0.92
[INFO] [stderr]    Compiling allocator-api2 v0.2.18
[INFO] [stderr]    Compiling bytes v1.8.0
[INFO] [stderr]    Compiling paste v1.0.15
[INFO] [stderr]    Compiling thiserror v1.0.66
[INFO] [stderr]    Compiling zeroize v1.8.1
[INFO] [stderr]    Compiling subtle v2.6.1
[INFO] [stderr]    Compiling schemars v0.8.21
[INFO] [stderr]    Compiling dyn-clone v1.0.17
[INFO] [stderr]    Compiling futures-sink v0.3.31
[INFO] [stderr]    Compiling futures-core v0.3.31
[INFO] [stderr]    Compiling ahash v0.8.11
[INFO] [stderr]    Compiling tracing-core v0.1.32
[INFO] [stderr]    Compiling zerocopy v0.7.35
[INFO] [stderr]    Compiling shlex v1.3.0
[INFO] [stderr]    Compiling typenum v1.17.0
[INFO] [stderr]    Compiling generic-array v0.14.7
[INFO] [stderr]    Compiling either v1.13.0
[INFO] [stderr]    Compiling cc v1.1.31
[INFO] [stderr]    Compiling rustls-pki-types v1.10.0
[INFO] [stderr]    Compiling zenoh-macros v1.0.1
[INFO] [stderr]    Compiling lock_api v0.4.12
[INFO] [stderr]    Compiling slab v0.4.9
[INFO] [stderr]    Compiling futures-channel v0.3.31
[INFO] [stderr]    Compiling quote v1.0.37
[INFO] [stderr]    Compiling token-cell v1.5.0
[INFO] [stderr]    Compiling zenoh-result v1.0.1
[INFO] [stderr]    Compiling getrandom v0.2.15
[INFO] [stderr]    Compiling syn v2.0.86
[INFO] [stderr]    Compiling hashbrown v0.14.5
[INFO] [stderr]    Compiling futures-io v0.3.31
[INFO] [stderr]    Compiling rand_core v0.6.4
[INFO] [stderr]    Compiling spin v0.9.8
[INFO] [stderr]    Compiling pin-utils v0.1.0
[INFO] [stderr]    Compiling futures-task v0.3.31
[INFO] [stderr]    Compiling base64 v0.21.7
[INFO] [stderr]    Compiling untrusted v0.9.0
[INFO] [stderr]    Compiling unicode-xid v0.2.6
[INFO] [stderr]    Compiling const-oid v0.9.6
[INFO] [stderr]    Compiling libm v0.2.11
[INFO] [stderr]    Compiling rustls v0.23.16
[INFO] [stderr]    Compiling num-traits v0.2.19
[INFO] [stderr]    Compiling zenoh-collections v1.0.1
[INFO] [stderr]    Compiling const_format_proc_macros v0.2.33
[INFO] [stderr]    Compiling regex-syntax v0.8.5
[INFO] [stderr]    Compiling smallvec v1.13.2
[INFO] [stderr]    Compiling option-ext v0.2.0
[INFO] [stderr]    Compiling regex-syntax v0.6.29
[INFO] [stderr]    Compiling lazy_static v1.5.0
[INFO] [stderr]    Compiling humantime v2.1.0
[INFO] [stderr]    Compiling zenoh-buffers v1.0.1
[INFO] [stderr]    Compiling rand v0.8.5
[INFO] [stderr]    Compiling overload v0.1.1
[INFO] [stderr]    Compiling no-std-net v0.6.0
[INFO] [stderr]    Compiling nu-ansi-term v0.46.0
[INFO] [stderr]    Compiling sharded-slab v0.1.7
[INFO] [stderr]    Compiling tracing-log v0.2.0
[INFO] [stderr]    Compiling pnet_base v0.35.0
[INFO] [stderr]    Compiling thread_local v1.1.8
[INFO] [stderr]    Compiling libloading v0.8.5
[INFO] [stderr]    Compiling keyed-set v1.0.0
[INFO] [stderr]    Compiling home v0.5.9
[INFO] [stderr]    Compiling ucd-trie v0.1.7
[INFO] [stderr]    Compiling cfg_aliases v0.2.1
[INFO] [stderr]    Compiling syn v1.0.109
[INFO] [stderr]    Compiling num-conv v0.1.0
[INFO] [stderr]    Compiling socket2 v0.5.7
[INFO] [stderr]    Compiling mio v1.0.2
[INFO] [stderr]    Compiling dirs-sys v0.4.1
[INFO] [stderr]    Compiling pnet_sys v0.35.0
[INFO] [stderr]    Compiling tinyvec_macros v0.1.1
[INFO] [stderr]    Compiling crypto-common v0.1.6
[INFO] [stderr]    Compiling const_format v0.2.33
[INFO] [stderr]    Compiling nanorand v0.7.0
[INFO] [stderr]    Compiling dirs v5.0.1
[INFO] [stderr]    Compiling block-buffer v0.10.4
[INFO] [stderr]    Compiling powerfmt v0.2.0
[INFO] [stderr]    Compiling minimal-lexical v0.2.1
[INFO] [stderr]    Compiling shellexpand v3.1.0
[INFO] [stderr]    Compiling digest v0.10.7
[INFO] [stderr]    Compiling time-core v0.1.2
[INFO] [stderr]    Compiling ring v0.17.8
[INFO] [stderr]    Compiling flume v0.11.1
[INFO] [stderr]    Compiling time-macros v0.2.18
[INFO] [stderr]    Compiling nom v7.1.3
[INFO] [stderr]    Compiling deranged v0.3.11
[INFO] [stderr]    Compiling tinyvec v1.8.0
[INFO] [stderr]    Compiling equivalent v1.0.1
[INFO] [stderr]    Compiling hashbrown v0.15.0
[INFO] [stderr]    Compiling rustls-pemfile v2.2.0
[INFO] [stderr]    Compiling cpufeatures v0.2.14
[INFO] [stderr]    Compiling crossbeam-utils v0.8.20
[INFO] [stderr]    Compiling data-encoding v2.6.0
[INFO] [stderr]    Compiling oid-registry v0.7.1
[INFO] [stderr]    Compiling regex-automata v0.4.8
[INFO] [stderr]    Compiling num-integer v0.1.46
[INFO] [stderr]    Compiling regex-automata v0.1.10
[INFO] [stderr]    Compiling openssl-probe v0.1.5
[INFO] [stderr]    Compiling httparse v1.9.5
[INFO] [stderr]    Compiling base64ct v1.6.0
[INFO] [stderr]    Compiling unsafe-libyaml v0.2.11
[INFO] [stderr]    Compiling rustls-native-certs v0.7.3
[INFO] [stderr]    Compiling indexmap v2.6.0
[INFO] [stderr]    Compiling num-bigint v0.4.6
[INFO] [stderr]    Compiling pem-rfc7468 v0.7.0
[INFO] [stderr]    Compiling num_cpus v1.16.0
[INFO] [stderr]    Compiling quinn-udp v0.5.6
[INFO] [stderr]    Compiling fnv v1.0.7
[INFO] [stderr]    Compiling http v1.1.0
[INFO] [stderr]    Compiling der v0.7.9
[INFO] [stderr]    Compiling matchers v0.1.0
[INFO] [stderr]    Compiling concurrent-queue v2.5.0
[INFO] [stderr]    Compiling time v0.3.36
[INFO] [stderr]    Compiling unicode-normalization v0.1.24
[INFO] [stderr]    Compiling sha1 v0.10.6
[INFO] [stderr]    Compiling rusticata-macros v4.1.0
[INFO] [stderr]    Compiling nix v0.29.0
[INFO] [stderr]    Compiling parking v2.2.1
[INFO] [stderr]    Compiling serde_derive_internals v0.29.1
[INFO] [stderr]    Compiling regex v1.11.1
[INFO] [stderr]    Compiling synstructure v0.13.1
[INFO] [stderr]    Compiling rustc-hash v2.0.0
[INFO] [stderr]    Compiling percent-encoding v2.3.1
[INFO] [stderr]    Compiling utf-8 v0.7.6
[INFO] [stderr]    Compiling unicode-bidi v0.3.17
[INFO] [stderr]    Compiling semver v1.0.23
[INFO] [stderr]    Compiling siphasher v0.3.11
[INFO] [stderr]    Compiling form_urlencoded v1.2.1
[INFO] [stderr]    Compiling spki v0.7.3
[INFO] [stderr]    Compiling event-listener v5.3.1
[INFO] [stderr]    Compiling inout v0.1.3
[INFO] [stderr]    Compiling webpki-roots v0.26.6
[INFO] [stderr]    Compiling base64 v0.22.1
[INFO] [stderr]    Compiling idna v0.5.0
[INFO] [stderr]    Compiling num-bigint-dig v0.8.4
[INFO] [stderr]    Compiling cipher v0.4.4
[INFO] [stderr]    Compiling pkcs8 v0.10.2
[INFO] [stderr]    Compiling phf_shared v0.11.2
[INFO] [stderr]    Compiling num-iter v0.1.45
[INFO] [stderr]    Compiling uuid v1.11.0
[INFO] [stderr]    Compiling static_assertions v1.1.0
[INFO] [stderr]    Compiling keccak v0.1.5
[INFO] [stderr]    Compiling rustc_version v0.4.1
[INFO] [stderr]    Compiling aes v0.8.4
[INFO] [stderr]    Compiling twox-hash v1.6.3
[INFO] [stderr]    Compiling pkcs1 v0.7.5
[INFO] [stderr]    Compiling phf_generator v0.11.2
[INFO] [stderr]    Compiling signature v2.2.0
[INFO] [stderr]    Compiling url v2.5.2
[INFO] [stderr]    Compiling sha3 v0.10.8
[INFO] [stderr]    Compiling hmac v0.12.1
[INFO] [stderr]    Compiling array-init v2.1.0
[INFO] [stderr]    Compiling cache-padded v1.3.0
[INFO] [stderr]    Compiling lz4_flex v0.11.3
[INFO] [stderr]    Compiling zenoh v1.0.0 (/opt/rustwide/workdir)
[INFO] [stderr]    Compiling ringbuffer-spsc v0.1.9
[INFO] [stderr]    Compiling fixedbitset v0.4.2
[INFO] [stderr]    Compiling itertools v0.13.0
[INFO] [stderr]    Compiling vec_map v0.8.2
[INFO] [stderr]    Compiling petgraph v0.6.5
[INFO] [stderr]    Compiling serde_derive v1.0.214
[INFO] [stderr]    Compiling zerocopy-derive v0.7.35
[INFO] [stderr]    Compiling thiserror-impl v1.0.66
[INFO] [stderr]    Compiling schemars_derive v0.8.21
[INFO] [stderr]    Compiling tokio-macros v2.4.0
[INFO] [stderr]    Compiling tracing-attributes v0.1.27
[INFO] [stderr]    Compiling futures-macro v0.3.31
[INFO] [stderr]    Compiling async-trait v0.1.83
[INFO] [stderr]    Compiling displaydoc v0.2.5
[INFO] [stderr]    Compiling asn1-rs-impl v0.2.0
[INFO] [stderr]    Compiling asn1-rs-derive v0.5.1
[INFO] [stderr]    Compiling unzip-n v0.1.2
[INFO] [stderr]    Compiling git-version-macro v0.3.9
[INFO] [stderr]    Compiling phf_macros v0.11.2
[INFO] [stderr]    Compiling validated_struct_macros v2.1.0
[INFO] [stderr]    Compiling tokio v1.41.0
[INFO] [stderr]    Compiling git-version v0.3.9
[INFO] [stderr]    Compiling futures-util v0.3.31
[INFO] [stderr]    Compiling phf v0.11.2
[INFO] [stderr]    Compiling tracing v0.1.40
[INFO] [stderr]    Compiling pest v2.7.14
[INFO] [stderr]    Compiling asn1-rs v0.6.2
[INFO] [stderr]    Compiling rustls-webpki v0.102.8
[INFO] [stderr]    Compiling ppv-lite86 v0.2.20
[INFO] [stderr]    Compiling rand_chacha v0.3.1
[INFO] [stderr]    Compiling der-parser v9.0.0
[INFO] [stderr]    Compiling pest_meta v2.7.14
[INFO] [stderr]    Compiling tungstenite v0.24.0
[INFO] [stderr]    Compiling zenoh-crypto v1.0.1
[INFO] [stderr]    Compiling x509-parser v0.16.0
[INFO] [stderr]    Compiling pest_generator v2.7.14
[INFO] [stderr]    Compiling futures-executor v0.3.31
[INFO] [stderr]    Compiling futures v0.3.31
[INFO] [stderr]    Compiling rsa v0.9.6
[INFO] [stderr]    Compiling pest_derive v2.7.14
[INFO] [stderr]    Compiling tokio-util v0.7.12
[INFO] [stderr]    Compiling tokio-tungstenite v0.24.0
[INFO] [stderr]    Compiling bitflags v2.6.0
[INFO] [stderr]    Compiling tracing-serde v0.1.3
[INFO] [stderr]    Compiling uhlc v0.8.0
[INFO] [stderr]    Compiling ipnetwork v0.20.0
[INFO] [stderr]    Compiling json5 v0.4.1
[INFO] [stderr]    Compiling serde_yaml v0.9.34+deprecated
[INFO] [stderr]    Compiling secrecy v0.8.0
[INFO] [stderr]    Compiling ron v0.8.1
[INFO] [stderr]    Compiling pnet_datalink v0.35.0
[INFO] [stderr]    Compiling tokio-rustls v0.26.0
[INFO] [stderr]    Compiling tls-listener v0.10.2
[INFO] [stderr]    Compiling tracing-subscriber v0.3.18
[INFO] [stderr]    Compiling validated_struct v2.1.0
[INFO] [stderr]    Compiling zenoh-keyexpr v1.0.1
[INFO] [stderr]    Compiling rustls-platform-verifier v0.3.4
[INFO] [stderr]    Compiling quinn-proto v0.11.8
[INFO] [stderr]    Compiling zenoh-protocol v1.0.1
[INFO] [stderr]    Compiling zenoh-codec v1.0.1
[INFO] [stderr]    Compiling zenoh-runtime v1.0.1
[INFO] [stderr]    Compiling zenoh-core v1.0.1
[INFO] [stderr]    Compiling zenoh-util v1.0.1
[INFO] [stderr]    Compiling zenoh-sync v1.0.1
[INFO] [stderr]    Compiling zenoh-task v1.0.1
[INFO] [stderr]    Compiling zenoh-link-commons v1.0.1
[INFO] [stderr]    Compiling zenoh-config v1.0.1
[INFO] [stderr]    Compiling zenoh-link-ws v1.0.1
[INFO] [stderr]    Compiling zenoh-link-unixsock_stream v1.0.1
[INFO] [stderr]    Compiling zenoh-link-udp v1.0.1
[INFO] [stderr]    Compiling zenoh-link-tcp v1.0.1
[INFO] [stderr]    Compiling quinn v0.11.5
[INFO] [stderr]    Compiling zenoh-link-tls v1.0.1
[INFO] [stderr]    Compiling zenoh-link-quic v1.0.1
[INFO] [stderr]    Compiling zenoh-plugin-trait v1.0.1
[INFO] [stderr]    Compiling zenoh-link v1.0.1
[INFO] [stderr]    Compiling zenoh-transport v1.0.1
[INFO] [stdout] warning: elided lifetime has a name
[INFO] [stdout]    --> src/api/builders/reply.rs:227:93
[INFO] [stdout]     |
[INFO] [stdout] 226 | impl<'a> ReplyErrBuilder<'a> {
[INFO] [stdout]     |      -- lifetime `'a` declared here
[INFO] [stdout] 227 |     pub(crate) fn new<IntoZBytes>(query: &'a Query, payload: IntoZBytes) -> ReplyErrBuilder<'_>
[INFO] [stdout]     |                                                                                             ^^ this elided lifetime gets resolved as `'a`
[INFO] [stdout]     |
[INFO] [stdout]     = note: `#[warn(elided_named_lifetimes)]` on by default
[INFO] [stdout] 
[INFO] [stdout] 
[INFO] [stderr]     Finished `dev` profile [unoptimized + debuginfo] target(s) in 50.48s
[INFO] running `Command { std: "docker" "inspect" "c93af6cd5c781fb16e6e439cf9423a2ed60561c9011e96e0b9f7904ebb30ff2a", kill_on_drop: false }`
[INFO] running `Command { std: "docker" "rm" "-f" "c93af6cd5c781fb16e6e439cf9423a2ed60561c9011e96e0b9f7904ebb30ff2a", kill_on_drop: false }`
[INFO] [stdout] c93af6cd5c781fb16e6e439cf9423a2ed60561c9011e96e0b9f7904ebb30ff2a
[INFO] running `Command { std: "docker" "create" "-v" "/var/lib/crater-agent-workspace/builds/worker-6-tc1/target:/opt/rustwide/target:rw,Z" "-v" "/var/lib/crater-agent-workspace/builds/worker-6-tc1/source:/opt/rustwide/workdir:ro,Z" "-v" "/var/lib/crater-agent-workspace/cargo-home:/opt/rustwide/cargo-home:ro,Z" "-v" "/var/lib/crater-agent-workspace/rustup-home:/opt/rustwide/rustup-home:ro,Z" "-e" "SOURCE_DIR=/opt/rustwide/workdir" "-e" "CARGO_TARGET_DIR=/opt/rustwide/target" "-e" "CARGO_INCREMENTAL=0" "-e" "RUST_BACKTRACE=full" "-e" "RUSTFLAGS=--cap-lints=forbid" "-e" "RUSTDOCFLAGS=--cap-lints=forbid" "-e" "CARGO_HOME=/opt/rustwide/cargo-home" "-e" "RUSTUP_HOME=/opt/rustwide/rustup-home" "-w" "/opt/rustwide/workdir" "-m" "1610612736" "--user" "0:0" "--network" "none" "ghcr.io/rust-lang/crates-build-env/linux@sha256:4a844ea9eb2546a2d2c7022eacef16ef2e8229c7fbb2c7d4d55a9ceca922f72d" "/opt/rustwide/cargo-home/bin/cargo" "+nightly-2024-10-28" "test" "--frozen" "--no-run" "--message-format=json", kill_on_drop: false }`
[INFO] [stdout] 7bd6d351d7140a52aa803e5d1ef5706fa0d7e37c785a2145f395604910761d95
[INFO] running `Command { std: "docker" "start" "-a" "7bd6d351d7140a52aa803e5d1ef5706fa0d7e37c785a2145f395604910761d95", kill_on_drop: false }`
[INFO] [stderr]    Compiling zenoh v1.0.0 (/opt/rustwide/workdir)
[INFO] [stdout] warning: elided lifetime has a name
[INFO] [stdout]    --> src/api/builders/reply.rs:227:93
[INFO] [stdout]     |
[INFO] [stdout] 226 | impl<'a> ReplyErrBuilder<'a> {
[INFO] [stdout]     |      -- lifetime `'a` declared here
[INFO] [stdout] 227 |     pub(crate) fn new<IntoZBytes>(query: &'a Query, payload: IntoZBytes) -> ReplyErrBuilder<'_>
[INFO] [stdout]     |                                                                                             ^^ this elided lifetime gets resolved as `'a`
[INFO] [stdout]     |
[INFO] [stdout]     = note: `#[warn(elided_named_lifetimes)]` on by default
[INFO] [stdout] 
[INFO] [stdout] 
[INFO] [stdout] warning: elided lifetime has a name
[INFO] [stdout]    --> src/api/builders/reply.rs:227:93
[INFO] [stdout]     |
[INFO] [stdout] 226 | impl<'a> ReplyErrBuilder<'a> {
[INFO] [stdout]     |      -- lifetime `'a` declared here
[INFO] [stdout] 227 |     pub(crate) fn new<IntoZBytes>(query: &'a Query, payload: IntoZBytes) -> ReplyErrBuilder<'_>
[INFO] [stdout]     |                                                                                             ^^ this elided lifetime gets resolved as `'a`
[INFO] [stdout]     |
[INFO] [stdout]     = note: `#[warn(elided_named_lifetimes)]` on by default
[INFO] [stdout] 
[INFO] [stdout] 
[INFO] [stderr]     Finished `test` profile [unoptimized + debuginfo] target(s) in 28.84s
[INFO] running `Command { std: "docker" "inspect" "7bd6d351d7140a52aa803e5d1ef5706fa0d7e37c785a2145f395604910761d95", kill_on_drop: false }`
[INFO] running `Command { std: "docker" "rm" "-f" "7bd6d351d7140a52aa803e5d1ef5706fa0d7e37c785a2145f395604910761d95", kill_on_drop: false }`
[INFO] [stdout] 7bd6d351d7140a52aa803e5d1ef5706fa0d7e37c785a2145f395604910761d95
[INFO] running `Command { std: "docker" "create" "-v" "/var/lib/crater-agent-workspace/builds/worker-6-tc1/target:/opt/rustwide/target:rw,Z" "-v" "/var/lib/crater-agent-workspace/builds/worker-6-tc1/source:/opt/rustwide/workdir:ro,Z" "-v" "/var/lib/crater-agent-workspace/cargo-home:/opt/rustwide/cargo-home:ro,Z" "-v" "/var/lib/crater-agent-workspace/rustup-home:/opt/rustwide/rustup-home:ro,Z" "-e" "SOURCE_DIR=/opt/rustwide/workdir" "-e" "CARGO_TARGET_DIR=/opt/rustwide/target" "-e" "CARGO_INCREMENTAL=0" "-e" "RUST_BACKTRACE=full" "-e" "RUSTFLAGS=--cap-lints=forbid" "-e" "RUSTDOCFLAGS=--cap-lints=forbid" "-e" "CARGO_HOME=/opt/rustwide/cargo-home" "-e" "RUSTUP_HOME=/opt/rustwide/rustup-home" "-w" "/opt/rustwide/workdir" "-m" "1610612736" "--user" "0:0" "--network" "none" "ghcr.io/rust-lang/crates-build-env/linux@sha256:4a844ea9eb2546a2d2c7022eacef16ef2e8229c7fbb2c7d4d55a9ceca922f72d" "/opt/rustwide/cargo-home/bin/cargo" "+nightly-2024-10-28" "test" "--frozen", kill_on_drop: false }`
[INFO] [stdout] f0e67726940980a995dd8024793246409dd212b09da3766d8376e98de28f5563
[INFO] running `Command { std: "docker" "start" "-a" "f0e67726940980a995dd8024793246409dd212b09da3766d8376e98de28f5563", kill_on_drop: false }`
[INFO] [stderr] warning: elided lifetime has a name
[INFO] [stderr]    --> src/api/builders/reply.rs:227:93
[INFO] [stderr]     |
[INFO] [stderr] 226 | impl<'a> ReplyErrBuilder<'a> {
[INFO] [stderr]     |      -- lifetime `'a` declared here
[INFO] [stderr] 227 |     pub(crate) fn new<IntoZBytes>(query: &'a Query, payload: IntoZBytes) -> ReplyErrBuilder<'_>
[INFO] [stderr]     |                                                                                             ^^ this elided lifetime gets resolved as `'a`
[INFO] [stderr]     |
[INFO] [stderr]     = note: `#[warn(elided_named_lifetimes)]` on by default
[INFO] [stderr] 
[INFO] [stderr] warning: `zenoh` (lib) generated 1 warning
[INFO] [stderr] warning: `zenoh` (lib test) generated 1 warning (1 duplicate)
[INFO] [stderr]     Finished `test` profile [unoptimized + debuginfo] target(s) in 0.43s
[INFO] [stderr]      Running unittests src/lib.rs (/opt/rustwide/target/debug/deps/zenoh-f395864756f128a2)
[INFO] [stdout] 
[INFO] [stdout] running 8 tests
[INFO] [stdout] test api::key_expr::size_of_KeyExpr ... ok
[INFO] [stdout] test net::tests::tables::base_test ... ok
[INFO] [stdout] test net::tests::tables::multisub_test ... ok
[INFO] [stdout] test net::tests::tables::clean_test ... ok
[INFO] [stdout] test net::tests::tables::client_test ... ok
[INFO] [stdout] test net::tests::tables::match_test ... ok
[INFO] [stdout] test api::publisher::tests::sample_kind_integrity_in_put_builder ... ok
[INFO] [stdout] test api::publisher::tests::sample_kind_integrity_in_publication ... ok
[INFO] [stdout] 
[INFO] [stdout] test result: ok. 8 passed; 0 failed; 0 ignored; 0 measured; 0 filtered out; finished in 1.01s
[INFO] [stdout] 
[INFO] [stderr]      Running tests/acl.rs (/opt/rustwide/target/debug/deps/acl-bc8f86d6bc467e39)
[INFO] [stdout] 
[INFO] [stdout] running 0 tests
[INFO] [stdout] 
[INFO] [stdout] test result: ok. 0 passed; 0 failed; 0 ignored; 0 measured; 0 filtered out; finished in 0.00s
[INFO] [stdout] 
[INFO] [stderr]      Running tests/attachments.rs (/opt/rustwide/target/debug/deps/attachments-7973d3bab7abd1d0)
[INFO] [stdout] 
[INFO] [stdout] running 2 tests
[INFO] [stdout] test attachment_pubsub ... ok
[INFO] [stdout] test attachment_queries ... ok
[INFO] [stdout] 
[INFO] [stdout] test result: ok. 2 passed; 0 failed; 0 ignored; 0 measured; 0 filtered out; finished in 0.55s
[INFO] [stdout] 
[INFO] [stderr]      Running tests/authentication.rs (/opt/rustwide/target/debug/deps/authentication-3df1a0f7a3c4a994)
[INFO] [stdout] 
[INFO] [stdout] running 0 tests
[INFO] [stdout] 
[INFO] [stdout] test result: ok. 0 passed; 0 failed; 0 ignored; 0 measured; 0 filtered out; finished in 0.00s
[INFO] [stdout] 
[INFO] [stderr]      Running tests/bytes.rs (/opt/rustwide/target/debug/deps/bytes-e5fae1cd164a56d3)
[INFO] [stdout] 
[INFO] [stdout] running 0 tests
[INFO] [stdout] 
[INFO] [stdout] test result: ok. 0 passed; 0 failed; 0 ignored; 0 measured; 0 filtered out; finished in 0.00s
[INFO] [stdout] 
[INFO] [stderr]      Running tests/connection_retry.rs (/opt/rustwide/target/debug/deps/connection_retry-e724ff298fb9caeb)
[INFO] [stdout] 
[INFO] [stdout] running 0 tests
[INFO] [stdout] 
[INFO] [stdout] test result: ok. 0 passed; 0 failed; 0 ignored; 0 measured; 0 filtered out; finished in 0.00s
[INFO] [stdout] 
[INFO] [stderr]      Running tests/events.rs (/opt/rustwide/target/debug/deps/events-de5d0ea98442abf8)
[INFO] [stdout] 
[INFO] [stdout] running 0 tests
[INFO] [stdout] 
[INFO] [stdout] test result: ok. 0 passed; 0 failed; 0 ignored; 0 measured; 0 filtered out; finished in 0.00s
[INFO] [stdout] 
[INFO] [stderr]      Running tests/formatters.rs (/opt/rustwide/target/debug/deps/formatters-0c24aaf3a43f37b6)
[INFO] [stdout] 
[INFO] [stdout] running 0 tests
[INFO] [stdout] 
[INFO] [stdout] test result: ok. 0 passed; 0 failed; 0 ignored; 0 measured; 0 filtered out; finished in 0.00s
[INFO] [stdout] 
[INFO] [stderr]      Running tests/handler.rs (/opt/rustwide/target/debug/deps/handler-372fac972197d02f)
[INFO] [stdout] 
[INFO] [stdout] running 2 tests
[INFO] [stdout] test query_with_ringbuffer ... ok
[INFO] [stdout] test pubsub_with_ringbuffer ... ok
[INFO] [stdout] 
[INFO] [stdout] test result: ok. 2 passed; 0 failed; 0 ignored; 0 measured; 0 filtered out; finished in 1.52s
[INFO] [stdout] 
[INFO] [stderr]      Running tests/interceptors.rs (/opt/rustwide/target/debug/deps/interceptors-3fd60454cce27d42)
[INFO] [stdout] 
[INFO] [stdout] running 0 tests
[INFO] [stdout] 
[INFO] [stdout] test result: ok. 0 passed; 0 failed; 0 ignored; 0 measured; 0 filtered out; finished in 0.00s
[INFO] [stdout] 
[INFO] [stderr]      Running tests/liveliness.rs (/opt/rustwide/target/debug/deps/liveliness-2844d075339e7375)
[INFO] [stdout] 
[INFO] [stdout] running 0 tests
[INFO] [stdout] 
[INFO] [stdout] test result: ok. 0 passed; 0 failed; 0 ignored; 0 measured; 0 filtered out; finished in 0.00s
[INFO] [stdout] 
[INFO] [stderr]      Running tests/matching.rs (/opt/rustwide/target/debug/deps/matching-be33e827b629bc6d)
[INFO] [stdout] 
[INFO] [stdout] running 0 tests
[INFO] [stdout] 
[INFO] [stdout] test result: ok. 0 passed; 0 failed; 0 ignored; 0 measured; 0 filtered out; finished in 0.00s
[INFO] [stdout] 
[INFO] [stderr]      Running tests/open_time.rs (/opt/rustwide/target/debug/deps/open_time-6a37566517671d27)
[INFO] [stdout] 
[INFO] [stdout] running 0 tests
[INFO] [stdout] 
[INFO] [stdout] test result: ok. 0 passed; 0 failed; 0 ignored; 0 measured; 0 filtered out; finished in 0.00s
[INFO] [stdout] 
[INFO] [stderr]      Running tests/qos.rs (/opt/rustwide/target/debug/deps/qos-7d52dd9cfa66b1e6)
[INFO] [stdout] 
[INFO] [stdout] running 1 test
[INFO] [stdout] test qos_pubsub has been running for over 60 seconds
[INFO] [stdout] test qos_pubsub ... FAILED
[INFO] [stdout] 
[INFO] [stdout] failures:
[INFO] [stdout] 
[INFO] [stdout] ---- qos_pubsub stdout ----
[INFO] [stdout] thread 'qos_pubsub' panicked at tests/qos.rs:50:18:
[INFO] [stdout] called `Result::unwrap()` on an `Err` value: Elapsed(())
[INFO] [stdout] stack backtrace:
[INFO] [stdout]    0:     0x59648b265a4a - std::backtrace_rs::backtrace::libunwind::trace::h207520d6e9873551
[INFO] [stdout]                                at /rustc/df4ca44d3fbc9301ee17f30f4d474e6ae4b05252/library/std/src/../../backtrace/src/backtrace/libunwind.rs:116:5
[INFO] [stdout]    1:     0x59648b265a4a - std::backtrace_rs::backtrace::trace_unsynchronized::h2ed7433f370e3eca
[INFO] [stdout]                                at /rustc/df4ca44d3fbc9301ee17f30f4d474e6ae4b05252/library/std/src/../../backtrace/src/backtrace/mod.rs:66:5
[INFO] [stdout]    2:     0x59648b265a4a - std::sys::backtrace::_print_fmt::h916fac51166b18d7
[INFO] [stdout]                                at /rustc/df4ca44d3fbc9301ee17f30f4d474e6ae4b05252/library/std/src/sys/backtrace.rs:66:9
[INFO] [stdout]    3:     0x59648b265a4a - <std::sys::backtrace::BacktraceLock::print::DisplayBacktrace as core::fmt::Display>::fmt::ha0a4c9b8ce3802e6
[INFO] [stdout]                                at /rustc/df4ca44d3fbc9301ee17f30f4d474e6ae4b05252/library/std/src/sys/backtrace.rs:39:26
[INFO] [stdout]    4:     0x59648b292103 - core::fmt::rt::Argument::fmt::h4cfc8587d52b3eb5
[INFO] [stdout]                                at /rustc/df4ca44d3fbc9301ee17f30f4d474e6ae4b05252/library/core/src/fmt/rt.rs:177:76
[INFO] [stdout]    5:     0x59648b292103 - core::fmt::write::h522cc39e5b36ae9f
[INFO] [stdout]                                at /rustc/df4ca44d3fbc9301ee17f30f4d474e6ae4b05252/library/core/src/fmt/mod.rs:1190:21
[INFO] [stdout]    6:     0x59648b2610c3 - std::io::Write::write_fmt::h7d3c26752da97734
[INFO] [stdout]                                at /rustc/df4ca44d3fbc9301ee17f30f4d474e6ae4b05252/library/std/src/io/mod.rs:1839:15
[INFO] [stdout]    7:     0x59648b265892 - std::sys::backtrace::BacktraceLock::print::h4b9e00b29e9c0942
[INFO] [stdout]                                at /rustc/df4ca44d3fbc9301ee17f30f4d474e6ae4b05252/library/std/src/sys/backtrace.rs:42:9
[INFO] [stdout]    8:     0x59648b266eda - std::panicking::default_hook::{{closure}}::hb59b88280d0324d9
[INFO] [stdout]                                at /rustc/df4ca44d3fbc9301ee17f30f4d474e6ae4b05252/library/std/src/panicking.rs:268:22
[INFO] [stdout]    9:     0x59648b266ce4 - std::panicking::default_hook::he1dd496665be4a29
[INFO] [stdout]                                at /rustc/df4ca44d3fbc9301ee17f30f4d474e6ae4b05252/library/std/src/panicking.rs:292:9
[INFO] [stdout]   10:     0x596489f02ec9 - <alloc::boxed::Box<F,A> as core::ops::function::Fn<Args>>::call::h4ff71de18744e1dc
[INFO] [stdout]                                at /rustc/df4ca44d3fbc9301ee17f30f4d474e6ae4b05252/library/alloc/src/boxed.rs:2468:9
[INFO] [stdout]   11:     0x596489f02ec9 - test::test_main::{{closure}}::hcf7c055ce117aa81
[INFO] [stdout]                                at /rustc/df4ca44d3fbc9301ee17f30f4d474e6ae4b05252/library/test/src/lib.rs:133:21
[INFO] [stdout]   12:     0x59648b2675d8 - <alloc::boxed::Box<F,A> as core::ops::function::Fn<Args>>::call::h1d66c6bbd60c9692
[INFO] [stdout]                                at /rustc/df4ca44d3fbc9301ee17f30f4d474e6ae4b05252/library/alloc/src/boxed.rs:2468:9
[INFO] [stdout]   13:     0x59648b2675d8 - std::panicking::rust_panic_with_hook::h2ff17fe8f26dfcf8
[INFO] [stdout]                                at /rustc/df4ca44d3fbc9301ee17f30f4d474e6ae4b05252/library/std/src/panicking.rs:809:13
[INFO] [stdout]   14:     0x59648b26739a - std::panicking::begin_panic_handler::{{closure}}::h4fad77951c07e101
[INFO] [stdout]                                at /rustc/df4ca44d3fbc9301ee17f30f4d474e6ae4b05252/library/std/src/panicking.rs:674:13
[INFO] [stdout]   15:     0x59648b265f29 - std::sys::backtrace::__rust_end_short_backtrace::hb1a25b3da5d0ea08
[INFO] [stdout]                                at /rustc/df4ca44d3fbc9301ee17f30f4d474e6ae4b05252/library/std/src/sys/backtrace.rs:170:18
[INFO] [stdout]   16:     0x59648b26702c - rust_begin_unwind
[INFO] [stdout]                                at /rustc/df4ca44d3fbc9301ee17f30f4d474e6ae4b05252/library/std/src/panicking.rs:665:5
[INFO] [stdout]   17:     0x59648b28fa40 - core::panicking::panic_fmt::ha9db07b529f9b256
[INFO] [stdout]                                at /rustc/df4ca44d3fbc9301ee17f30f4d474e6ae4b05252/library/core/src/panicking.rs:75:14
[INFO] [stdout]   18:     0x59648b28ff26 - core::result::unwrap_failed::h5e8218e4d4338b8a
[INFO] [stdout]                                at /rustc/df4ca44d3fbc9301ee17f30f4d474e6ae4b05252/library/core/src/result.rs:1698:5
[INFO] [stdout]   19:     0x596489e6871a - core::result::Result<T,E>::unwrap::hedadd8614b517658
[INFO] [stdout]                                at /rustc/df4ca44d3fbc9301ee17f30f4d474e6ae4b05252/library/core/src/result.rs:1103:23
[INFO] [stdout]   20:     0x596489e6871a - qos::qos_pubsub::{{closure}}::h67a126f2b5af9011
[INFO] [stdout]                                at /opt/rustwide/workdir/tests/qos.rs:50:18
[INFO] [stdout]   21:     0x596489ec7bb2 - <core::pin::Pin<P> as core::future::future::Future>::poll::h562a1e14a120c298
[INFO] [stdout]                                at /rustc/df4ca44d3fbc9301ee17f30f4d474e6ae4b05252/library/core/src/future/future.rs:123:9
[INFO] [stdout]   22:     0x596489e7559f - tokio::runtime::park::CachedParkThread::block_on::{{closure}}::hbcc783e8945f82b3
[INFO] [stdout]                                at /opt/rustwide/cargo-home/registry/src/index.crates.io-6f17d22bba15001f/tokio-1.41.0/src/runtime/park.rs:281:63
[INFO] [stdout]   23:     0x596489e75254 - tokio::runtime::coop::with_budget::h4aad411afab2b3ab
[INFO] [stdout]                                at /opt/rustwide/cargo-home/registry/src/index.crates.io-6f17d22bba15001f/tokio-1.41.0/src/runtime/coop.rs:107:5
[INFO] [stdout]   24:     0x596489e75254 - tokio::runtime::coop::budget::h7efbfe611bfda0db
[INFO] [stdout]                                at /opt/rustwide/cargo-home/registry/src/index.crates.io-6f17d22bba15001f/tokio-1.41.0/src/runtime/coop.rs:73:5
[INFO] [stdout]   25:     0x596489e75254 - tokio::runtime::park::CachedParkThread::block_on::hb8f70b89fb44b51a
[INFO] [stdout]                                at /opt/rustwide/cargo-home/registry/src/index.crates.io-6f17d22bba15001f/tokio-1.41.0/src/runtime/park.rs:281:31
[INFO] [stdout]   26:     0x596489e5dd24 - tokio::runtime::context::blocking::BlockingRegionGuard::block_on::hfbb022762e6b5e25
[INFO] [stdout]                                at /opt/rustwide/cargo-home/registry/src/index.crates.io-6f17d22bba15001f/tokio-1.41.0/src/runtime/context/blocking.rs:66:9
[INFO] [stdout]   27:     0x596489eb9358 - tokio::runtime::scheduler::multi_thread::MultiThread::block_on::{{closure}}::h433624051e2dfbd7
[INFO] [stdout]                                at /opt/rustwide/cargo-home/registry/src/index.crates.io-6f17d22bba15001f/tokio-1.41.0/src/runtime/scheduler/multi_thread/mod.rs:87:13
[INFO] [stdout]   28:     0x596489e76bac - tokio::runtime::context::runtime::enter_runtime::hb73af337b3cb053c
[INFO] [stdout]                                at /opt/rustwide/cargo-home/registry/src/index.crates.io-6f17d22bba15001f/tokio-1.41.0/src/runtime/context/runtime.rs:65:16
[INFO] [stdout]   29:     0x596489eb92e4 - tokio::runtime::scheduler::multi_thread::MultiThread::block_on::h00faede24ee0623a
[INFO] [stdout]                                at /opt/rustwide/cargo-home/registry/src/index.crates.io-6f17d22bba15001f/tokio-1.41.0/src/runtime/scheduler/multi_thread/mod.rs:86:9
[INFO] [stdout]   30:     0x596489e78021 - tokio::runtime::runtime::Runtime::block_on_inner::h8cf02c62cc19c34b
[INFO] [stdout]                                at /opt/rustwide/cargo-home/registry/src/index.crates.io-6f17d22bba15001f/tokio-1.41.0/src/runtime/runtime.rs:370:45
[INFO] [stdout]   31:     0x596489e781e7 - tokio::runtime::runtime::Runtime::block_on::he06a8e7b7a7a5974
[INFO] [stdout]                                at /opt/rustwide/cargo-home/registry/src/index.crates.io-6f17d22bba15001f/tokio-1.41.0/src/runtime/runtime.rs:342:13
[INFO] [stdout]   32:     0x596489e66b08 - qos::qos_pubsub::h8ba05b0e4387d29a
[INFO] [stdout]                                at /opt/rustwide/workdir/tests/qos.rs:63:5
[INFO] [stdout]   33:     0x596489e66987 - qos::qos_pubsub::{{closure}}::h577bf9aa7aa57993
[INFO] [stdout]                                at /opt/rustwide/workdir/tests/qos.rs:26:22
[INFO] [stdout]   34:     0x596489e51806 - core::ops::function::FnOnce::call_once::h7d8e7c825c660243
[INFO] [stdout]                                at /rustc/df4ca44d3fbc9301ee17f30f4d474e6ae4b05252/library/core/src/ops/function.rs:250:5
[INFO] [stdout]   35:     0x596489f0779b - core::ops::function::FnOnce::call_once::h22c3ba5715e93f05
[INFO] [stdout]                                at /rustc/df4ca44d3fbc9301ee17f30f4d474e6ae4b05252/library/core/src/ops/function.rs:250:5
[INFO] [stdout]   36:     0x596489f0779b - test::__rust_begin_short_backtrace::h8e82d8113d0da17f
[INFO] [stdout]                                at /rustc/df4ca44d3fbc9301ee17f30f4d474e6ae4b05252/library/test/src/lib.rs:621:18
[INFO] [stdout]   37:     0x596489f07117 - test::run_test_in_process::{{closure}}::h33235f4f20b7b7c7
[INFO] [stdout]                                at /rustc/df4ca44d3fbc9301ee17f30f4d474e6ae4b05252/library/test/src/lib.rs:644:60
[INFO] [stdout]   38:     0x596489f07117 - <core::panic::unwind_safe::AssertUnwindSafe<F> as core::ops::function::FnOnce<()>>::call_once::hb5043206310c586f
[INFO] [stdout]                                at /rustc/df4ca44d3fbc9301ee17f30f4d474e6ae4b05252/library/core/src/panic/unwind_safe.rs:272:9
[INFO] [stdout]   39:     0x596489f07117 - std::panicking::try::do_call::h9ad4731a60ab23e2
[INFO] [stdout]                                at /rustc/df4ca44d3fbc9301ee17f30f4d474e6ae4b05252/library/std/src/panicking.rs:557:40
[INFO] [stdout]   40:     0x596489f07117 - std::panicking::try::h3824d23db772a716
[INFO] [stdout]                                at /rustc/df4ca44d3fbc9301ee17f30f4d474e6ae4b05252/library/std/src/panicking.rs:520:19
[INFO] [stdout]   41:     0x596489f07117 - std::panic::catch_unwind::h5afd514605fde46b
[INFO] [stdout]                                at /rustc/df4ca44d3fbc9301ee17f30f4d474e6ae4b05252/library/std/src/panic.rs:358:14
[INFO] [stdout]   42:     0x596489f07117 - test::run_test_in_process::h0d5cbfa7067d1720
[INFO] [stdout]                                at /rustc/df4ca44d3fbc9301ee17f30f4d474e6ae4b05252/library/test/src/lib.rs:644:27
[INFO] [stdout]   43:     0x596489f07117 - test::run_test::{{closure}}::h708eb8872708115d
[INFO] [stdout]                                at /rustc/df4ca44d3fbc9301ee17f30f4d474e6ae4b05252/library/test/src/lib.rs:565:43
[INFO] [stdout]   44:     0x596489eca834 - test::run_test::{{closure}}::h392c51cee94713ab
[INFO] [stdout]                                at /rustc/df4ca44d3fbc9301ee17f30f4d474e6ae4b05252/library/test/src/lib.rs:595:41
[INFO] [stdout]   45:     0x596489eca834 - std::sys::backtrace::__rust_begin_short_backtrace::h2f40290710935a8b
[INFO] [stdout]                                at /rustc/df4ca44d3fbc9301ee17f30f4d474e6ae4b05252/library/std/src/sys/backtrace.rs:154:18
[INFO] [stdout]   46:     0x596489ecdfde - std::thread::Builder::spawn_unchecked_::{{closure}}::{{closure}}::h3fd968d89053a903
[INFO] [stdout]                                at /rustc/df4ca44d3fbc9301ee17f30f4d474e6ae4b05252/library/std/src/thread/mod.rs:541:17
[INFO] [stdout]   47:     0x596489ecdfde - <core::panic::unwind_safe::AssertUnwindSafe<F> as core::ops::function::FnOnce<()>>::call_once::h743f637ba4229880
[INFO] [stdout]                                at /rustc/df4ca44d3fbc9301ee17f30f4d474e6ae4b05252/library/core/src/panic/unwind_safe.rs:272:9
[INFO] [stdout]   48:     0x596489ecdfde - std::panicking::try::do_call::h07440897322525a6
[INFO] [stdout]                                at /rustc/df4ca44d3fbc9301ee17f30f4d474e6ae4b05252/library/std/src/panicking.rs:557:40
[INFO] [stdout]   49:     0x596489ecdfde - std::panicking::try::he5a2e00188156637
[INFO] [stdout]                                at /rustc/df4ca44d3fbc9301ee17f30f4d474e6ae4b05252/library/std/src/panicking.rs:520:19
[INFO] [stdout]   50:     0x596489ecdfde - std::panic::catch_unwind::hbaf3cae49b3c6433
[INFO] [stdout]                                at /rustc/df4ca44d3fbc9301ee17f30f4d474e6ae4b05252/library/std/src/panic.rs:358:14
[INFO] [stdout]   51:     0x596489ecdfde - std::thread::Builder::spawn_unchecked_::{{closure}}::h8e141ea224820bce
[INFO] [stdout]                                at /rustc/df4ca44d3fbc9301ee17f30f4d474e6ae4b05252/library/std/src/thread/mod.rs:540:30
[INFO] [stdout]   52:     0x596489ecdfde - core::ops::function::FnOnce::call_once{{vtable.shim}}::h90d312fedd7b8ea8
[INFO] [stdout]                                at /rustc/df4ca44d3fbc9301ee17f30f4d474e6ae4b05252/library/core/src/ops/function.rs:250:5
[INFO] [stdout]   53:     0x59648b26b80b - <alloc::boxed::Box<F,A> as core::ops::function::FnOnce<Args>>::call_once::h69aa08ddb6adb8b6
[INFO] [stdout]                                at /rustc/df4ca44d3fbc9301ee17f30f4d474e6ae4b05252/library/alloc/src/boxed.rs:2454:9
[INFO] [stdout]   54:     0x59648b26b80b - <alloc::boxed::Box<F,A> as core::ops::function::FnOnce<Args>>::call_once::h5aa36efdb79c806f
[INFO] [stdout]                                at /rustc/df4ca44d3fbc9301ee17f30f4d474e6ae4b05252/library/alloc/src/boxed.rs:2454:9
[INFO] [stdout]   55:     0x59648b26b80b - std::sys::pal::unix::thread::Thread::new::thread_start::h6cd80a1b4be5158d
[INFO] [stdout]                                at /rustc/df4ca44d3fbc9301ee17f30f4d474e6ae4b05252/library/std/src/sys/pal/unix/thread.rs:105:17
[INFO] [stdout]   56:     0x7b1f33e0dac3 - <unknown>
[INFO] [stdout]   57:     0x7b1f33e9ea04 - clone
[INFO] [stdout]   58:                0x0 - <unknown>
[INFO] [stdout] 
[INFO] [stdout] 
[INFO] [stdout] failures:
[INFO] [stdout]     qos_pubsub
[INFO] [stdout] 
[INFO] [stdout] test result: FAILED. 0 passed; 1 failed; 0 ignored; 0 measured; 0 filtered out; finished in 62.90s
[INFO] [stdout] 
[INFO] [stderr] error: test failed, to rerun pass `--test qos`
[INFO] running `Command { std: "docker" "inspect" "f0e67726940980a995dd8024793246409dd212b09da3766d8376e98de28f5563", kill_on_drop: false }`
[INFO] running `Command { std: "docker" "rm" "-f" "f0e67726940980a995dd8024793246409dd212b09da3766d8376e98de28f5563", kill_on_drop: false }`
[INFO] [stdout] f0e67726940980a995dd8024793246409dd212b09da3766d8376e98de28f5563
