[INFO] fetching crate zen_template 0.1.0...
[INFO] testing zen_template-0.1.0 against nightly-2024-10-28+rustflags=-Zrandomize-layout for randomize-layout
[INFO] extracting crate zen_template 0.1.0 into /workspace/builds/worker-2-tc2/source
[INFO] validating manifest of crates.io crate zen_template 0.1.0 on toolchain nightly-2024-10-28
[INFO] running `Command { std: CARGO_HOME="/workspace/cargo-home" RUSTUP_HOME="/workspace/rustup-home" "/workspace/cargo-home/bin/cargo" "+nightly-2024-10-28" "metadata" "--manifest-path" "Cargo.toml" "--no-deps", kill_on_drop: false }`
[INFO] started tweaking crates.io crate zen_template 0.1.0
[INFO] finished tweaking crates.io crate zen_template 0.1.0
[INFO] tweaked toml for crates.io crate zen_template 0.1.0 written to /workspace/builds/worker-2-tc2/source/Cargo.toml
[INFO] crate crates.io crate zen_template 0.1.0 already has a lockfile, it will not be regenerated
[INFO] running `Command { std: CARGO_HOME="/workspace/cargo-home" RUSTUP_HOME="/workspace/rustup-home" "/workspace/cargo-home/bin/cargo" "+nightly-2024-10-28" "fetch" "--manifest-path" "Cargo.toml", kill_on_drop: false }`
[INFO] running `Command { std: "docker" "create" "-v" "/var/lib/crater-agent-workspace/builds/worker-2-tc2/target:/opt/rustwide/target:rw,Z" "-v" "/var/lib/crater-agent-workspace/builds/worker-2-tc2/source:/opt/rustwide/workdir:ro,Z" "-v" "/var/lib/crater-agent-workspace/cargo-home:/opt/rustwide/cargo-home:ro,Z" "-v" "/var/lib/crater-agent-workspace/rustup-home:/opt/rustwide/rustup-home:ro,Z" "-e" "SOURCE_DIR=/opt/rustwide/workdir" "-e" "CARGO_TARGET_DIR=/opt/rustwide/target" "-e" "CARGO_HOME=/opt/rustwide/cargo-home" "-e" "RUSTUP_HOME=/opt/rustwide/rustup-home" "-w" "/opt/rustwide/workdir" "-m" "1610612736" "--user" "0:0" "--network" "none" "ghcr.io/rust-lang/crates-build-env/linux@sha256:4a844ea9eb2546a2d2c7022eacef16ef2e8229c7fbb2c7d4d55a9ceca922f72d" "/opt/rustwide/cargo-home/bin/cargo" "+nightly-2024-10-28" "metadata" "--no-deps" "--format-version=1", kill_on_drop: false }`
[INFO] [stdout] e2dd2c222c5b3a5f0b5c5873213715b842c02b9bc6b2b91cd9f7a095a32311bf
[INFO] running `Command { std: "docker" "start" "-a" "e2dd2c222c5b3a5f0b5c5873213715b842c02b9bc6b2b91cd9f7a095a32311bf", kill_on_drop: false }`
[INFO] running `Command { std: "docker" "inspect" "e2dd2c222c5b3a5f0b5c5873213715b842c02b9bc6b2b91cd9f7a095a32311bf", kill_on_drop: false }`
[INFO] running `Command { std: "docker" "rm" "-f" "e2dd2c222c5b3a5f0b5c5873213715b842c02b9bc6b2b91cd9f7a095a32311bf", kill_on_drop: false }`
[INFO] [stdout] e2dd2c222c5b3a5f0b5c5873213715b842c02b9bc6b2b91cd9f7a095a32311bf
[INFO] running `Command { std: "docker" "create" "-v" "/var/lib/crater-agent-workspace/builds/worker-2-tc2/target:/opt/rustwide/target:rw,Z" "-v" "/var/lib/crater-agent-workspace/builds/worker-2-tc2/source:/opt/rustwide/workdir:ro,Z" "-v" "/var/lib/crater-agent-workspace/cargo-home:/opt/rustwide/cargo-home:ro,Z" "-v" "/var/lib/crater-agent-workspace/rustup-home:/opt/rustwide/rustup-home:ro,Z" "-e" "SOURCE_DIR=/opt/rustwide/workdir" "-e" "CARGO_TARGET_DIR=/opt/rustwide/target" "-e" "CARGO_INCREMENTAL=0" "-e" "RUST_BACKTRACE=full" "-e" "RUSTFLAGS=--cap-lints=forbid -Zrandomize-layout" "-e" "RUSTDOCFLAGS=--cap-lints=forbid" "-e" "CARGO_HOME=/opt/rustwide/cargo-home" "-e" "RUSTUP_HOME=/opt/rustwide/rustup-home" "-w" "/opt/rustwide/workdir" "-m" "1610612736" "--user" "0:0" "--network" "none" "ghcr.io/rust-lang/crates-build-env/linux@sha256:4a844ea9eb2546a2d2c7022eacef16ef2e8229c7fbb2c7d4d55a9ceca922f72d" "/opt/rustwide/cargo-home/bin/cargo" "+nightly-2024-10-28" "build" "--frozen" "--message-format=json", kill_on_drop: false }`
[INFO] [stdout] 9741bb24f754acef1de1e27975233bd95f2954b18e50052d941a0edde955bd77
[INFO] running `Command { std: "docker" "start" "-a" "9741bb24f754acef1de1e27975233bd95f2954b18e50052d941a0edde955bd77", kill_on_drop: false }`
[INFO] [stderr]    Compiling zen_template v0.1.0 (/opt/rustwide/workdir)
[INFO] [stdout] warning: unused imports: `ExprSymbolCovert` and `ExpressionIR`
[INFO] [stdout]  --> src/template.rs:1:27
[INFO] [stdout]   |
[INFO] [stdout] 1 | use crate::expr::common::{ExprSymbolCovert, ExpressionIR};
[INFO] [stdout]   |                           ^^^^^^^^^^^^^^^^  ^^^^^^^^^^^^
[INFO] [stdout]   |
[INFO] [stdout]   = note: `#[warn(unused_imports)]` on by default
[INFO] [stdout] 
[INFO] [stdout] 
[INFO] [stdout] warning: unused import: `crate::err::TmplResult`
[INFO] [stdout]   --> src/value.rs:14:5
[INFO] [stdout]    |
[INFO] [stdout] 14 | use crate::err::TmplResult;
[INFO] [stdout]    |     ^^^^^^^^^^^^^^^^^^^^^^
[INFO] [stdout] 
[INFO] [stdout] 
[INFO] [stderr]     Finished `dev` profile [unoptimized + debuginfo] target(s) in 0.60s
[INFO] running `Command { std: "docker" "inspect" "9741bb24f754acef1de1e27975233bd95f2954b18e50052d941a0edde955bd77", kill_on_drop: false }`
[INFO] running `Command { std: "docker" "rm" "-f" "9741bb24f754acef1de1e27975233bd95f2954b18e50052d941a0edde955bd77", kill_on_drop: false }`
[INFO] [stdout] 9741bb24f754acef1de1e27975233bd95f2954b18e50052d941a0edde955bd77
[INFO] running `Command { std: "docker" "create" "-v" "/var/lib/crater-agent-workspace/builds/worker-2-tc2/target:/opt/rustwide/target:rw,Z" "-v" "/var/lib/crater-agent-workspace/builds/worker-2-tc2/source:/opt/rustwide/workdir:ro,Z" "-v" "/var/lib/crater-agent-workspace/cargo-home:/opt/rustwide/cargo-home:ro,Z" "-v" "/var/lib/crater-agent-workspace/rustup-home:/opt/rustwide/rustup-home:ro,Z" "-e" "SOURCE_DIR=/opt/rustwide/workdir" "-e" "CARGO_TARGET_DIR=/opt/rustwide/target" "-e" "CARGO_INCREMENTAL=0" "-e" "RUST_BACKTRACE=full" "-e" "RUSTFLAGS=--cap-lints=forbid -Zrandomize-layout" "-e" "RUSTDOCFLAGS=--cap-lints=forbid" "-e" "CARGO_HOME=/opt/rustwide/cargo-home" "-e" "RUSTUP_HOME=/opt/rustwide/rustup-home" "-w" "/opt/rustwide/workdir" "-m" "1610612736" "--user" "0:0" "--network" "none" "ghcr.io/rust-lang/crates-build-env/linux@sha256:4a844ea9eb2546a2d2c7022eacef16ef2e8229c7fbb2c7d4d55a9ceca922f72d" "/opt/rustwide/cargo-home/bin/cargo" "+nightly-2024-10-28" "test" "--frozen" "--no-run" "--message-format=json", kill_on_drop: false }`
[INFO] [stdout] 847d21a2dd8caf17e05c0d4cd56212c3e8409e93eb9417e9cfc081ffa0e82ab5
[INFO] running `Command { std: "docker" "start" "-a" "847d21a2dd8caf17e05c0d4cd56212c3e8409e93eb9417e9cfc081ffa0e82ab5", kill_on_drop: false }`
[INFO] [stderr]    Compiling libc v0.2.139
[INFO] [stderr]    Compiling itoa v1.0.5
[INFO] [stderr]    Compiling serde v1.0.152
[INFO] [stderr]    Compiling time-core v0.1.0
[INFO] [stderr]    Compiling lazy_static v1.4.0
[INFO] [stderr]    Compiling indexmap v1.9.2
[INFO] [stderr]    Compiling hashbrown v0.12.3
[INFO] [stderr]    Compiling num_threads v0.1.6
[INFO] [stderr]    Compiling ryu v1.0.12
[INFO] [stderr]    Compiling time-macros v0.2.6
[INFO] [stderr]    Compiling serde_json v1.0.91
[INFO] [stderr]    Compiling unsafe-libyaml v0.2.5
[INFO] [stderr]    Compiling indoc v1.0.9
[INFO] [stderr]    Compiling zen_template v0.1.0 (/opt/rustwide/workdir)
[INFO] [stdout] warning: unused imports: `ExprSymbolCovert` and `ExpressionIR`
[INFO] [stdout]  --> src/template.rs:1:27
[INFO] [stdout]   |
[INFO] [stdout] 1 | use crate::expr::common::{ExprSymbolCovert, ExpressionIR};
[INFO] [stdout]   |                           ^^^^^^^^^^^^^^^^  ^^^^^^^^^^^^
[INFO] [stdout]   |
[INFO] [stdout]   = note: `#[warn(unused_imports)]` on by default
[INFO] [stdout] 
[INFO] [stdout] 
[INFO] [stdout] warning: unused import: `crate::err::TmplResult`
[INFO] [stdout]   --> src/value.rs:14:5
[INFO] [stdout]    |
[INFO] [stdout] 14 | use crate::err::TmplResult;
[INFO] [stdout]    |     ^^^^^^^^^^^^^^^^^^^^^^
[INFO] [stdout] 
[INFO] [stdout] 
[INFO] [stderr]    Compiling atty v0.2.14
[INFO] [stderr]    Compiling time v0.3.17
[INFO] [stderr]    Compiling colored v2.0.0
[INFO] [stderr]    Compiling simple_logger v4.0.0
[INFO] [stderr]    Compiling serde_yaml v0.9.17
[INFO] [stdout] warning: unused imports: `ExprSymbolCovert` and `ExpressionIR`
[INFO] [stdout]  --> src/template.rs:1:27
[INFO] [stdout]   |
[INFO] [stdout] 1 | use crate::expr::common::{ExprSymbolCovert, ExpressionIR};
[INFO] [stdout]   |                           ^^^^^^^^^^^^^^^^  ^^^^^^^^^^^^
[INFO] [stdout]   |
[INFO] [stdout]   = note: `#[warn(unused_imports)]` on by default
[INFO] [stdout] 
[INFO] [stdout] 
[INFO] [stderr]     Finished `test` profile [unoptimized + debuginfo] target(s) in 6.73s
[INFO] running `Command { std: "docker" "inspect" "847d21a2dd8caf17e05c0d4cd56212c3e8409e93eb9417e9cfc081ffa0e82ab5", kill_on_drop: false }`
[INFO] running `Command { std: "docker" "rm" "-f" "847d21a2dd8caf17e05c0d4cd56212c3e8409e93eb9417e9cfc081ffa0e82ab5", kill_on_drop: false }`
[INFO] [stdout] 847d21a2dd8caf17e05c0d4cd56212c3e8409e93eb9417e9cfc081ffa0e82ab5
[INFO] running `Command { std: "docker" "create" "-v" "/var/lib/crater-agent-workspace/builds/worker-2-tc2/target:/opt/rustwide/target:rw,Z" "-v" "/var/lib/crater-agent-workspace/builds/worker-2-tc2/source:/opt/rustwide/workdir:ro,Z" "-v" "/var/lib/crater-agent-workspace/cargo-home:/opt/rustwide/cargo-home:ro,Z" "-v" "/var/lib/crater-agent-workspace/rustup-home:/opt/rustwide/rustup-home:ro,Z" "-e" "SOURCE_DIR=/opt/rustwide/workdir" "-e" "CARGO_TARGET_DIR=/opt/rustwide/target" "-e" "CARGO_INCREMENTAL=0" "-e" "RUST_BACKTRACE=full" "-e" "RUSTFLAGS=--cap-lints=forbid -Zrandomize-layout" "-e" "RUSTDOCFLAGS=--cap-lints=forbid" "-e" "CARGO_HOME=/opt/rustwide/cargo-home" "-e" "RUSTUP_HOME=/opt/rustwide/rustup-home" "-w" "/opt/rustwide/workdir" "-m" "1610612736" "--user" "0:0" "--network" "none" "ghcr.io/rust-lang/crates-build-env/linux@sha256:4a844ea9eb2546a2d2c7022eacef16ef2e8229c7fbb2c7d4d55a9ceca922f72d" "/opt/rustwide/cargo-home/bin/cargo" "+nightly-2024-10-28" "test" "--frozen", kill_on_drop: false }`
[INFO] [stdout] 8279213fbcdfeda241cdab81a7b7fd4145c9ec231f843f1d9a479044c5ce86d6
[INFO] running `Command { std: "docker" "start" "-a" "8279213fbcdfeda241cdab81a7b7fd4145c9ec231f843f1d9a479044c5ce86d6", kill_on_drop: false }`
[INFO] [stderr] warning: unused imports: `ExprSymbolCovert` and `ExpressionIR`
[INFO] [stderr]  --> src/template.rs:1:27
[INFO] [stderr]   |
[INFO] [stderr] 1 | use crate::expr::common::{ExprSymbolCovert, ExpressionIR};
[INFO] [stderr]   |                           ^^^^^^^^^^^^^^^^  ^^^^^^^^^^^^
[INFO] [stderr]   |
[INFO] [stderr]   = note: `#[warn(unused_imports)]` on by default
[INFO] [stderr] 
[INFO] [stderr] warning: unused import: `crate::err::TmplResult`
[INFO] [stderr]   --> src/value.rs:14:5
[INFO] [stderr]    |
[INFO] [stderr] 14 | use crate::err::TmplResult;
[INFO] [stderr]    |     ^^^^^^^^^^^^^^^^^^^^^^
[INFO] [stderr] 
[INFO] [stderr] warning: `zen_template` (lib) generated 2 warnings (run `cargo fix --lib -p zen_template` to apply 2 suggestions)
[INFO] [stderr] warning: `zen_template` (lib test) generated 1 warning (1 duplicate)
[INFO] [stderr]     Finished `test` profile [unoptimized + debuginfo] target(s) in 0.03s
[INFO] [stderr]      Running unittests src/lib.rs (/opt/rustwide/target/debug/deps/zen_template-934e71bc8607531c)
[INFO] [stdout] 
[INFO] [stdout] running 12 tests
[INFO] [stdout] test expr::test::test ... ok
[INFO] [stdout] test test::test ... ok
[INFO] [stdout] test expr::utils::test::test_parse_str ... ok
[INFO] [stdout] test expr::util_parse::test::test_parse_groups ... ok
[INFO] [stdout] test expr::util_tag::test::test_tagged_symbol_once ... ok
[INFO] [stdout] test utils::str::test::test_find_nesting_block ... ok
[INFO] [stdout] test value::test::test_from ... ok
[INFO] [stdout] test value::test::test_from_json ... ok
[INFO] [stdout] test utils::str::test::test_find ... ok
[INFO] [stdout] test value::test::test_from_yaml ... ok
[INFO] [stdout] test utils::str::test::test_find_block ... ok
[INFO] [stdout] test expr::util_tag::test::test_tagged_symbols ... FAILED
[INFO] [stdout] 
[INFO] [stdout] failures:
[INFO] [stdout] 
[INFO] [stdout] ---- expr::util_tag::test::test_tagged_symbols stdout ----
[INFO] [stdout] thread 'expr::util_tag::test::test_tagged_symbols' panicked at src/expr/util_tag.rs:105:9:
[INFO] [stdout] assertion `left == right` failed
[INFO] [stdout]   left: [ItemSymbol(BlockStart), ItemValue(Number(1)), ItemSymbol(Custom("+")), ItemValue(Number(1)), ItemSymbol(BlockEnd), ItemSymbol(Custom("==")), ItemValue(Number(2))]
[INFO] [stdout]  right: [ItemSymbol(Custom("(")), ItemValue(Number(1)), ItemSymbol(Custom("+")), ItemValue(Number(1)), ItemSymbol(Custom(")")), ItemSymbol(Custom("==")), ItemValue(Number(2))]
[INFO] [stdout] stack backtrace:
[INFO] [stdout]    0:     0x6412547bec4a - std::backtrace_rs::backtrace::libunwind::trace::h207520d6e9873551
[INFO] [stdout]                                at /rustc/df4ca44d3fbc9301ee17f30f4d474e6ae4b05252/library/std/src/../../backtrace/src/backtrace/libunwind.rs:116:5
[INFO] [stdout]    1:     0x6412547bec4a - std::backtrace_rs::backtrace::trace_unsynchronized::h2ed7433f370e3eca
[INFO] [stdout]                                at /rustc/df4ca44d3fbc9301ee17f30f4d474e6ae4b05252/library/std/src/../../backtrace/src/backtrace/mod.rs:66:5
[INFO] [stdout]    2:     0x6412547bec4a - std::sys::backtrace::_print_fmt::h916fac51166b18d7
[INFO] [stdout]                                at /rustc/df4ca44d3fbc9301ee17f30f4d474e6ae4b05252/library/std/src/sys/backtrace.rs:66:9
[INFO] [stdout]    3:     0x6412547bec4a - <std::sys::backtrace::BacktraceLock::print::DisplayBacktrace as core::fmt::Display>::fmt::ha0a4c9b8ce3802e6
[INFO] [stdout]                                at /rustc/df4ca44d3fbc9301ee17f30f4d474e6ae4b05252/library/std/src/sys/backtrace.rs:39:26
[INFO] [stdout]    4:     0x6412547e7113 - core::fmt::rt::Argument::fmt::h4cfc8587d52b3eb5
[INFO] [stdout]                                at /rustc/df4ca44d3fbc9301ee17f30f4d474e6ae4b05252/library/core/src/fmt/rt.rs:177:76
[INFO] [stdout]    5:     0x6412547e7113 - core::fmt::write::h522cc39e5b36ae9f
[INFO] [stdout]                                at /rustc/df4ca44d3fbc9301ee17f30f4d474e6ae4b05252/library/core/src/fmt/mod.rs:1190:21
[INFO] [stdout]    6:     0x6412547bb8b3 - std::io::Write::write_fmt::h7d3c26752da97734
[INFO] [stdout]                                at /rustc/df4ca44d3fbc9301ee17f30f4d474e6ae4b05252/library/std/src/io/mod.rs:1839:15
[INFO] [stdout]    7:     0x6412547bea92 - std::sys::backtrace::BacktraceLock::print::h4b9e00b29e9c0942
[INFO] [stdout]                                at /rustc/df4ca44d3fbc9301ee17f30f4d474e6ae4b05252/library/std/src/sys/backtrace.rs:42:9
[INFO] [stdout]    8:     0x6412547c00da - std::panicking::default_hook::{{closure}}::hb59b88280d0324d9
[INFO] [stdout]                                at /rustc/df4ca44d3fbc9301ee17f30f4d474e6ae4b05252/library/std/src/panicking.rs:268:22
[INFO] [stdout]    9:     0x6412547bfee4 - std::panicking::default_hook::he1dd496665be4a29
[INFO] [stdout]                                at /rustc/df4ca44d3fbc9301ee17f30f4d474e6ae4b05252/library/std/src/panicking.rs:292:9
[INFO] [stdout]   10:     0x641254717499 - <alloc::boxed::Box<F,A> as core::ops::function::Fn<Args>>::call::h4ff71de18744e1dc
[INFO] [stdout]                                at /rustc/df4ca44d3fbc9301ee17f30f4d474e6ae4b05252/library/alloc/src/boxed.rs:2468:9
[INFO] [stdout]   11:     0x641254717499 - test::test_main::{{closure}}::hcf7c055ce117aa81
[INFO] [stdout]                                at /rustc/df4ca44d3fbc9301ee17f30f4d474e6ae4b05252/library/test/src/lib.rs:133:21
[INFO] [stdout]   12:     0x6412547c07d8 - <alloc::boxed::Box<F,A> as core::ops::function::Fn<Args>>::call::h1d66c6bbd60c9692
[INFO] [stdout]                                at /rustc/df4ca44d3fbc9301ee17f30f4d474e6ae4b05252/library/alloc/src/boxed.rs:2468:9
[INFO] [stdout]   13:     0x6412547c07d8 - std::panicking::rust_panic_with_hook::h2ff17fe8f26dfcf8
[INFO] [stdout]                                at /rustc/df4ca44d3fbc9301ee17f30f4d474e6ae4b05252/library/std/src/panicking.rs:809:13
[INFO] [stdout]   14:     0x6412547c059a - std::panicking::begin_panic_handler::{{closure}}::h4fad77951c07e101
[INFO] [stdout]                                at /rustc/df4ca44d3fbc9301ee17f30f4d474e6ae4b05252/library/std/src/panicking.rs:674:13
[INFO] [stdout]   15:     0x6412547bf129 - std::sys::backtrace::__rust_end_short_backtrace::hb1a25b3da5d0ea08
[INFO] [stdout]                                at /rustc/df4ca44d3fbc9301ee17f30f4d474e6ae4b05252/library/std/src/sys/backtrace.rs:170:18
[INFO] [stdout]   16:     0x6412547c022c - rust_begin_unwind
[INFO] [stdout]                                at /rustc/df4ca44d3fbc9301ee17f30f4d474e6ae4b05252/library/std/src/panicking.rs:665:5
[INFO] [stdout]   17:     0x6412547e4ef0 - core::panicking::panic_fmt::ha9db07b529f9b256
[INFO] [stdout]                                at /rustc/df4ca44d3fbc9301ee17f30f4d474e6ae4b05252/library/core/src/panicking.rs:75:14
[INFO] [stdout]   18:     0x6412547e531c - core::panicking::assert_failed_inner::h04f38944d74a80a8
[INFO] [stdout]   19:     0x64125466e03f - core::panicking::assert_failed::hdaf65ab7415bd7fe
[INFO] [stdout]                                at /rustc/df4ca44d3fbc9301ee17f30f4d474e6ae4b05252/library/core/src/panicking.rs:377:5
[INFO] [stdout]   20:     0x6412546a85e3 - zen_template::expr::util_tag::test::test_tagged_symbols::h478efc7297d17d68
[INFO] [stdout]                                at /opt/rustwide/workdir/src/expr/util_tag.rs:105:9
[INFO] [stdout]   21:     0x6412546a7e97 - zen_template::expr::util_tag::test::test_tagged_symbols::{{closure}}::h103392860b8e6e4b
[INFO] [stdout]                                at /opt/rustwide/workdir/src/expr/util_tag.rs:103:29
[INFO] [stdout]   22:     0x6412546a23f6 - core::ops::function::FnOnce::call_once::hccca6de3f686c570
[INFO] [stdout]                                at /rustc/df4ca44d3fbc9301ee17f30f4d474e6ae4b05252/library/core/src/ops/function.rs:250:5
[INFO] [stdout]   23:     0x64125471bd6b - core::ops::function::FnOnce::call_once::h22c3ba5715e93f05
[INFO] [stdout]                                at /rustc/df4ca44d3fbc9301ee17f30f4d474e6ae4b05252/library/core/src/ops/function.rs:250:5
[INFO] [stdout]   24:     0x64125471bd6b - test::__rust_begin_short_backtrace::h8e82d8113d0da17f
[INFO] [stdout]                                at /rustc/df4ca44d3fbc9301ee17f30f4d474e6ae4b05252/library/test/src/lib.rs:621:18
[INFO] [stdout]   25:     0x64125471b6e7 - test::run_test_in_process::{{closure}}::h33235f4f20b7b7c7
[INFO] [stdout]                                at /rustc/df4ca44d3fbc9301ee17f30f4d474e6ae4b05252/library/test/src/lib.rs:644:60
[INFO] [stdout]   26:     0x64125471b6e7 - <core::panic::unwind_safe::AssertUnwindSafe<F> as core::ops::function::FnOnce<()>>::call_once::hb5043206310c586f
[INFO] [stdout]                                at /rustc/df4ca44d3fbc9301ee17f30f4d474e6ae4b05252/library/core/src/panic/unwind_safe.rs:272:9
[INFO] [stdout]   27:     0x64125471b6e7 - std::panicking::try::do_call::h9ad4731a60ab23e2
[INFO] [stdout]                                at /rustc/df4ca44d3fbc9301ee17f30f4d474e6ae4b05252/library/std/src/panicking.rs:557:40
[INFO] [stdout]   28:     0x64125471b6e7 - std::panicking::try::h3824d23db772a716
[INFO] [stdout]                                at /rustc/df4ca44d3fbc9301ee17f30f4d474e6ae4b05252/library/std/src/panicking.rs:520:19
[INFO] [stdout]   29:     0x64125471b6e7 - std::panic::catch_unwind::h5afd514605fde46b
[INFO] [stdout]                                at /rustc/df4ca44d3fbc9301ee17f30f4d474e6ae4b05252/library/std/src/panic.rs:358:14
[INFO] [stdout]   30:     0x64125471b6e7 - test::run_test_in_process::h0d5cbfa7067d1720
[INFO] [stdout]                                at /rustc/df4ca44d3fbc9301ee17f30f4d474e6ae4b05252/library/test/src/lib.rs:644:27
[INFO] [stdout]   31:     0x64125471b6e7 - test::run_test::{{closure}}::h708eb8872708115d
[INFO] [stdout]                                at /rustc/df4ca44d3fbc9301ee17f30f4d474e6ae4b05252/library/test/src/lib.rs:565:43
[INFO] [stdout]   32:     0x6412546dee04 - test::run_test::{{closure}}::h392c51cee94713ab
[INFO] [stdout]                                at /rustc/df4ca44d3fbc9301ee17f30f4d474e6ae4b05252/library/test/src/lib.rs:595:41
[INFO] [stdout]   33:     0x6412546dee04 - std::sys::backtrace::__rust_begin_short_backtrace::h2f40290710935a8b
[INFO] [stdout]                                at /rustc/df4ca44d3fbc9301ee17f30f4d474e6ae4b05252/library/std/src/sys/backtrace.rs:154:18
[INFO] [stdout]   34:     0x6412546e25ae - std::thread::Builder::spawn_unchecked_::{{closure}}::{{closure}}::h3fd968d89053a903
[INFO] [stdout]                                at /rustc/df4ca44d3fbc9301ee17f30f4d474e6ae4b05252/library/std/src/thread/mod.rs:541:17
[INFO] [stdout]   35:     0x6412546e25ae - <core::panic::unwind_safe::AssertUnwindSafe<F> as core::ops::function::FnOnce<()>>::call_once::h743f637ba4229880
[INFO] [stdout]                                at /rustc/df4ca44d3fbc9301ee17f30f4d474e6ae4b05252/library/core/src/panic/unwind_safe.rs:272:9
[INFO] [stdout]   36:     0x6412546e25ae - std::panicking::try::do_call::h07440897322525a6
[INFO] [stdout]                                at /rustc/df4ca44d3fbc9301ee17f30f4d474e6ae4b05252/library/std/src/panicking.rs:557:40
[INFO] [stdout]   37:     0x6412546e25ae - std::panicking::try::he5a2e00188156637
[INFO] [stdout]                                at /rustc/df4ca44d3fbc9301ee17f30f4d474e6ae4b05252/library/std/src/panicking.rs:520:19
[INFO] [stdout]   38:     0x6412546e25ae - std::panic::catch_unwind::hbaf3cae49b3c6433
[INFO] [stdout]                                at /rustc/df4ca44d3fbc9301ee17f30f4d474e6ae4b05252/library/std/src/panic.rs:358:14
[INFO] [stdout]   39:     0x6412546e25ae - std::thread::Builder::spawn_unchecked_::{{closure}}::h8e141ea224820bce
[INFO] [stdout]                                at /rustc/df4ca44d3fbc9301ee17f30f4d474e6ae4b05252/library/std/src/thread/mod.rs:540:30
[INFO] [stdout]   40:     0x6412546e25ae - core::ops::function::FnOnce::call_once{{vtable.shim}}::h90d312fedd7b8ea8
[INFO] [stdout]                                at /rustc/df4ca44d3fbc9301ee17f30f4d474e6ae4b05252/library/core/src/ops/function.rs:250:5
[INFO] [stdout]   41:     0x6412547c45cb - <alloc::boxed::Box<F,A> as core::ops::function::FnOnce<Args>>::call_once::h69aa08ddb6adb8b6
[INFO] [stdout]                                at /rustc/df4ca44d3fbc9301ee17f30f4d474e6ae4b05252/library/alloc/src/boxed.rs:2454:9
[INFO] [stdout]   42:     0x6412547c45cb - <alloc::boxed::Box<F,A> as core::ops::function::FnOnce<Args>>::call_once::h5aa36efdb79c806f
[INFO] [stdout]                                at /rustc/df4ca44d3fbc9301ee17f30f4d474e6ae4b05252/library/alloc/src/boxed.rs:2454:9
[INFO] [stdout]   43:     0x6412547c45cb - std::sys::pal::unix::thread::Thread::new::thread_start::h6cd80a1b4be5158d
[INFO] [stdout]                                at /rustc/df4ca44d3fbc9301ee17f30f4d474e6ae4b05252/library/std/src/sys/pal/unix/thread.rs:105:17
[INFO] [stdout]   44:     0x7b494c8d1ac3 - <unknown>
[INFO] [stdout]   45:     0x7b494c962a04 - clone
[INFO] [stdout]   46:                0x0 - <unknown>
[INFO] [stdout] 
[INFO] [stdout] 
[INFO] [stdout] failures:
[INFO] [stdout]     expr::util_tag::test::test_tagged_symbols
[INFO] [stdout] 
[INFO] [stdout] test result: FAILED. 11 passed; 1 failed; 0 ignored; 0 measured; 0 filtered out; finished in 0.05s
[INFO] [stdout] 
[INFO] [stderr] error: test failed, to rerun pass `--lib`
[INFO] running `Command { std: "docker" "inspect" "8279213fbcdfeda241cdab81a7b7fd4145c9ec231f843f1d9a479044c5ce86d6", kill_on_drop: false }`
[INFO] running `Command { std: "docker" "rm" "-f" "8279213fbcdfeda241cdab81a7b7fd4145c9ec231f843f1d9a479044c5ce86d6", kill_on_drop: false }`
[INFO] [stdout] 8279213fbcdfeda241cdab81a7b7fd4145c9ec231f843f1d9a479044c5ce86d6
