[INFO] fetching crate zbus_xmlgen 5.0.0...
[INFO] testing zbus_xmlgen-5.0.0 against nightly-2024-10-28+rustflags=-Zrandomize-layout for randomize-layout
[INFO] extracting crate zbus_xmlgen 5.0.0 into /workspace/builds/worker-0-tc2/source
[INFO] validating manifest of crates.io crate zbus_xmlgen 5.0.0 on toolchain nightly-2024-10-28
[INFO] running `Command { std: CARGO_HOME="/workspace/cargo-home" RUSTUP_HOME="/workspace/rustup-home" "/workspace/cargo-home/bin/cargo" "+nightly-2024-10-28" "metadata" "--manifest-path" "Cargo.toml" "--no-deps", kill_on_drop: false }`
[INFO] started tweaking crates.io crate zbus_xmlgen 5.0.0
[INFO] removed 0 missing tests
[INFO] finished tweaking crates.io crate zbus_xmlgen 5.0.0
[INFO] tweaked toml for crates.io crate zbus_xmlgen 5.0.0 written to /workspace/builds/worker-0-tc2/source/Cargo.toml
[INFO] crate crates.io crate zbus_xmlgen 5.0.0 already has a lockfile, it will not be regenerated
[INFO] running `Command { std: CARGO_HOME="/workspace/cargo-home" RUSTUP_HOME="/workspace/rustup-home" "/workspace/cargo-home/bin/cargo" "+nightly-2024-10-28" "fetch" "--manifest-path" "Cargo.toml", kill_on_drop: false }`
[INFO] running `Command { std: "docker" "create" "-v" "/var/lib/crater-agent-workspace/builds/worker-0-tc2/target:/opt/rustwide/target:rw,Z" "-v" "/var/lib/crater-agent-workspace/builds/worker-0-tc2/source:/opt/rustwide/workdir:ro,Z" "-v" "/var/lib/crater-agent-workspace/cargo-home:/opt/rustwide/cargo-home:ro,Z" "-v" "/var/lib/crater-agent-workspace/rustup-home:/opt/rustwide/rustup-home:ro,Z" "-e" "SOURCE_DIR=/opt/rustwide/workdir" "-e" "CARGO_TARGET_DIR=/opt/rustwide/target" "-e" "CARGO_HOME=/opt/rustwide/cargo-home" "-e" "RUSTUP_HOME=/opt/rustwide/rustup-home" "-w" "/opt/rustwide/workdir" "-m" "1610612736" "--user" "0:0" "--network" "none" "ghcr.io/rust-lang/crates-build-env/linux@sha256:4a844ea9eb2546a2d2c7022eacef16ef2e8229c7fbb2c7d4d55a9ceca922f72d" "/opt/rustwide/cargo-home/bin/cargo" "+nightly-2024-10-28" "metadata" "--no-deps" "--format-version=1", kill_on_drop: false }`
[INFO] [stdout] 8ac52450261e7b6f7d30481cd8128350ec5b64670b1d5119b495c7781eecbc14
[INFO] running `Command { std: "docker" "start" "-a" "8ac52450261e7b6f7d30481cd8128350ec5b64670b1d5119b495c7781eecbc14", kill_on_drop: false }`
[INFO] running `Command { std: "docker" "inspect" "8ac52450261e7b6f7d30481cd8128350ec5b64670b1d5119b495c7781eecbc14", kill_on_drop: false }`
[INFO] running `Command { std: "docker" "rm" "-f" "8ac52450261e7b6f7d30481cd8128350ec5b64670b1d5119b495c7781eecbc14", kill_on_drop: false }`
[INFO] [stdout] 8ac52450261e7b6f7d30481cd8128350ec5b64670b1d5119b495c7781eecbc14
[INFO] running `Command { std: "docker" "create" "-v" "/var/lib/crater-agent-workspace/builds/worker-0-tc2/target:/opt/rustwide/target:rw,Z" "-v" "/var/lib/crater-agent-workspace/builds/worker-0-tc2/source:/opt/rustwide/workdir:ro,Z" "-v" "/var/lib/crater-agent-workspace/cargo-home:/opt/rustwide/cargo-home:ro,Z" "-v" "/var/lib/crater-agent-workspace/rustup-home:/opt/rustwide/rustup-home:ro,Z" "-e" "SOURCE_DIR=/opt/rustwide/workdir" "-e" "CARGO_TARGET_DIR=/opt/rustwide/target" "-e" "CARGO_INCREMENTAL=0" "-e" "RUST_BACKTRACE=full" "-e" "RUSTFLAGS=--cap-lints=forbid -Zrandomize-layout" "-e" "RUSTDOCFLAGS=--cap-lints=forbid" "-e" "CARGO_HOME=/opt/rustwide/cargo-home" "-e" "RUSTUP_HOME=/opt/rustwide/rustup-home" "-w" "/opt/rustwide/workdir" "-m" "1610612736" "--user" "0:0" "--network" "none" "ghcr.io/rust-lang/crates-build-env/linux@sha256:4a844ea9eb2546a2d2c7022eacef16ef2e8229c7fbb2c7d4d55a9ceca922f72d" "/opt/rustwide/cargo-home/bin/cargo" "+nightly-2024-10-28" "build" "--frozen" "--message-format=json", kill_on_drop: false }`
[INFO] [stdout] 6cc9bfcf65d0efcd28efeb0bf0f0b1ed9907a0964eb5d024597078f800a92a2b
[INFO] running `Command { std: "docker" "start" "-a" "6cc9bfcf65d0efcd28efeb0bf0f0b1ed9907a0964eb5d024597078f800a92a2b", kill_on_drop: false }`
[INFO] [stderr]    Compiling proc-macro2 v1.0.88
[INFO] [stderr]    Compiling unicode-ident v1.0.12
[INFO] [stderr]    Compiling pin-project-lite v0.2.14
[INFO] [stderr]    Compiling crossbeam-utils v0.8.20
[INFO] [stderr]    Compiling autocfg v1.3.0
[INFO] [stderr]    Compiling parking v2.2.0
[INFO] [stderr]    Compiling hashbrown v0.14.5
[INFO] [stderr]    Compiling serde v1.0.210
[INFO] [stderr]    Compiling equivalent v1.0.1
[INFO] [stderr]    Compiling futures-io v0.3.31
[INFO] [stderr]    Compiling winnow v0.5.40
[INFO] [stderr]    Compiling toml_datetime v0.6.6
[INFO] [stderr]    Compiling rustix v0.38.37
[INFO] [stderr]    Compiling nom v7.1.3
[INFO] [stderr]    Compiling fastrand v2.1.1
[INFO] [stderr]    Compiling linux-raw-sys v0.4.14
[INFO] [stderr]    Compiling libc v0.2.158
[INFO] [stderr]    Compiling once_cell v1.19.0
[INFO] [stderr]    Compiling atomic-waker v1.1.2
[INFO] [stderr]    Compiling futures-lite v2.3.0
[INFO] [stderr]    Compiling async-task v4.7.1
[INFO] [stderr]    Compiling endi v1.1.0
[INFO] [stderr]    Compiling nix v0.29.0
[INFO] [stderr]    Compiling anstyle-parse v0.2.4
[INFO] [stderr]    Compiling piper v0.2.3
[INFO] [stderr]    Compiling slab v0.4.9
[INFO] [stderr]    Compiling memoffset v0.9.1
[INFO] [stderr]    Compiling tracing-core v0.1.32
[INFO] [stderr]    Compiling anstyle-query v1.1.0
[INFO] [stderr]    Compiling colorchoice v1.0.1
[INFO] [stderr]    Compiling is_terminal_polyfill v1.70.0
[INFO] [stderr]    Compiling anstyle v1.0.8
[INFO] [stderr]    Compiling concurrent-queue v2.5.0
[INFO] [stderr]    Compiling indexmap v2.2.6
[INFO] [stderr]    Compiling clap_lex v0.7.1
[INFO] [stderr]    Compiling futures-sink v0.3.31
[INFO] [stderr]    Compiling ordered-stream v0.2.0
[INFO] [stderr]    Compiling hex v0.4.3
[INFO] [stderr]    Compiling snakecase v0.1.0
[INFO] [stderr]    Compiling quote v1.0.37
[INFO] [stderr]    Compiling event-listener v5.3.1
[INFO] [stderr]    Compiling anstream v0.6.14
[INFO] [stderr]    Compiling futures-util v0.3.31
[INFO] [stderr]    Compiling syn v2.0.79
[INFO] [stderr]    Compiling event-listener-strategy v0.5.2
[INFO] [stderr]    Compiling async-executor v1.13.1
[INFO] [stderr]    Compiling async-channel v2.3.1
[INFO] [stderr]    Compiling async-lock v3.4.0
[INFO] [stderr]    Compiling async-broadcast v0.7.1
[INFO] [stderr]    Compiling blocking v1.6.1
[INFO] [stderr]    Compiling async-fs v2.1.2
[INFO] [stderr]    Compiling xdg-home v1.3.0
[INFO] [stderr]    Compiling toml_edit v0.21.1
[INFO] [stderr]    Compiling proc-macro-crate v3.1.0
[INFO] [stderr]    Compiling zvariant_utils v3.0.0
[INFO] [stderr]    Compiling serde_derive v1.0.210
[INFO] [stderr]    Compiling enumflags2_derive v0.7.10
[INFO] [stderr]    Compiling zvariant_derive v5.0.0
[INFO] [stderr]    Compiling tracing-attributes v0.1.27
[INFO] [stderr]    Compiling zbus_macros v5.0.0
[INFO] [stderr]    Compiling clap_derive v4.5.18
[INFO] [stderr]    Compiling async-trait v0.1.83
[INFO] [stderr]    Compiling serde_repr v0.1.19
[INFO] [stderr]    Compiling terminal_size v0.4.0
[INFO] [stderr]    Compiling clap_builder v4.5.20
[INFO] [stderr]    Compiling tracing v0.1.40
[INFO] [stderr]    Compiling polling v3.7.2
[INFO] [stderr]    Compiling async-io v2.3.4
[INFO] [stderr]    Compiling clap v4.5.20
[INFO] [stderr]    Compiling enumflags2 v0.7.10
[INFO] [stderr]    Compiling quick-xml v0.36.2
[INFO] [stderr]    Compiling zvariant v5.0.0
[INFO] [stderr]    Compiling zbus_names v4.0.0
[INFO] [stderr]    Compiling zbus_xml v5.0.0
[INFO] [stderr]    Compiling zbus v5.0.0
[INFO] [stderr]    Compiling zbus_xmlgen v5.0.0 (/opt/rustwide/workdir)
[INFO] [stderr]     Finished `dev` profile [unoptimized + debuginfo] target(s) in 21.20s
[INFO] running `Command { std: "docker" "inspect" "6cc9bfcf65d0efcd28efeb0bf0f0b1ed9907a0964eb5d024597078f800a92a2b", kill_on_drop: false }`
[INFO] running `Command { std: "docker" "rm" "-f" "6cc9bfcf65d0efcd28efeb0bf0f0b1ed9907a0964eb5d024597078f800a92a2b", kill_on_drop: false }`
[INFO] [stdout] 6cc9bfcf65d0efcd28efeb0bf0f0b1ed9907a0964eb5d024597078f800a92a2b
[INFO] running `Command { std: "docker" "create" "-v" "/var/lib/crater-agent-workspace/builds/worker-0-tc2/target:/opt/rustwide/target:rw,Z" "-v" "/var/lib/crater-agent-workspace/builds/worker-0-tc2/source:/opt/rustwide/workdir:ro,Z" "-v" "/var/lib/crater-agent-workspace/cargo-home:/opt/rustwide/cargo-home:ro,Z" "-v" "/var/lib/crater-agent-workspace/rustup-home:/opt/rustwide/rustup-home:ro,Z" "-e" "SOURCE_DIR=/opt/rustwide/workdir" "-e" "CARGO_TARGET_DIR=/opt/rustwide/target" "-e" "CARGO_INCREMENTAL=0" "-e" "RUST_BACKTRACE=full" "-e" "RUSTFLAGS=--cap-lints=forbid -Zrandomize-layout" "-e" "RUSTDOCFLAGS=--cap-lints=forbid" "-e" "CARGO_HOME=/opt/rustwide/cargo-home" "-e" "RUSTUP_HOME=/opt/rustwide/rustup-home" "-w" "/opt/rustwide/workdir" "-m" "1610612736" "--user" "0:0" "--network" "none" "ghcr.io/rust-lang/crates-build-env/linux@sha256:4a844ea9eb2546a2d2c7022eacef16ef2e8229c7fbb2c7d4d55a9ceca922f72d" "/opt/rustwide/cargo-home/bin/cargo" "+nightly-2024-10-28" "test" "--frozen" "--no-run" "--message-format=json", kill_on_drop: false }`
[INFO] [stdout] 8a24ac3b7732a304c8308fba592ecbf5ae8dbfd6e13b36d94e76960a9d2a3e4e
[INFO] running `Command { std: "docker" "start" "-a" "8a24ac3b7732a304c8308fba592ecbf5ae8dbfd6e13b36d94e76960a9d2a3e4e", kill_on_drop: false }`
[INFO] [stderr]    Compiling yansi v1.0.1
[INFO] [stderr]    Compiling diff v0.1.13
[INFO] [stderr]    Compiling pretty_assertions v1.4.1
[INFO] [stderr]    Compiling zbus_xmlgen v5.0.0 (/opt/rustwide/workdir)
[INFO] [stderr]     Finished `test` profile [unoptimized + debuginfo] target(s) in 1.11s
[INFO] running `Command { std: "docker" "inspect" "8a24ac3b7732a304c8308fba592ecbf5ae8dbfd6e13b36d94e76960a9d2a3e4e", kill_on_drop: false }`
[INFO] running `Command { std: "docker" "rm" "-f" "8a24ac3b7732a304c8308fba592ecbf5ae8dbfd6e13b36d94e76960a9d2a3e4e", kill_on_drop: false }`
[INFO] [stdout] 8a24ac3b7732a304c8308fba592ecbf5ae8dbfd6e13b36d94e76960a9d2a3e4e
[INFO] running `Command { std: "docker" "create" "-v" "/var/lib/crater-agent-workspace/builds/worker-0-tc2/target:/opt/rustwide/target:rw,Z" "-v" "/var/lib/crater-agent-workspace/builds/worker-0-tc2/source:/opt/rustwide/workdir:ro,Z" "-v" "/var/lib/crater-agent-workspace/cargo-home:/opt/rustwide/cargo-home:ro,Z" "-v" "/var/lib/crater-agent-workspace/rustup-home:/opt/rustwide/rustup-home:ro,Z" "-e" "SOURCE_DIR=/opt/rustwide/workdir" "-e" "CARGO_TARGET_DIR=/opt/rustwide/target" "-e" "CARGO_INCREMENTAL=0" "-e" "RUST_BACKTRACE=full" "-e" "RUSTFLAGS=--cap-lints=forbid -Zrandomize-layout" "-e" "RUSTDOCFLAGS=--cap-lints=forbid" "-e" "CARGO_HOME=/opt/rustwide/cargo-home" "-e" "RUSTUP_HOME=/opt/rustwide/rustup-home" "-w" "/opt/rustwide/workdir" "-m" "1610612736" "--user" "0:0" "--network" "none" "ghcr.io/rust-lang/crates-build-env/linux@sha256:4a844ea9eb2546a2d2c7022eacef16ef2e8229c7fbb2c7d4d55a9ceca922f72d" "/opt/rustwide/cargo-home/bin/cargo" "+nightly-2024-10-28" "test" "--frozen", kill_on_drop: false }`
[INFO] [stdout] 0eb3ccc812fb75fbea3291bba4f22ce0f9204bd39e473861eaa61c5ffd2b7bf0
[INFO] running `Command { std: "docker" "start" "-a" "0eb3ccc812fb75fbea3291bba4f22ce0f9204bd39e473861eaa61c5ffd2b7bf0", kill_on_drop: false }`
[INFO] [stderr]     Finished `test` profile [unoptimized + debuginfo] target(s) in 0.12s
[INFO] [stderr]      Running unittests src/lib.rs (/opt/rustwide/target/debug/deps/zbus_xmlgen-53c8eeba3e30ac98)
[INFO] [stdout] 
[INFO] [stdout] running 0 tests
[INFO] [stdout] 
[INFO] [stdout] test result: ok. 0 passed; 0 failed; 0 ignored; 0 measured; 0 filtered out; finished in 0.00s
[INFO] [stdout] 
[INFO] [stderr]      Running unittests src/main.rs (/opt/rustwide/target/debug/deps/zbus_xmlgen-f8f48de84a855b37)
[INFO] [stdout] 
[INFO] [stdout] running 0 tests
[INFO] [stdout] 
[INFO] [stdout] test result: ok. 0 passed; 0 failed; 0 ignored; 0 measured; 0 filtered out; finished in 0.00s
[INFO] [stdout] 
[INFO] [stderr]      Running tests/gen.rs (/opt/rustwide/target/debug/deps/gen-c6898e305b2ad3de)
[INFO] [stdout] 
[INFO] [stdout] running 1 test
[INFO] [stdout] test sample_object0 ... FAILED
[INFO] [stdout] 
[INFO] [stdout] failures:
[INFO] [stdout] 
[INFO] [stdout] ---- sample_object0 stdout ----
[INFO] [stdout] thread 'sample_object0' panicked at tests/gen.rs:43:5:
[INFO] [stdout] assertion failed: `(left == right)`
[INFO] [stdout] 
[INFO] [stdout] [1mDiff[0m [31m< left[0m / [32mright >[0m :
[INFO] [stdout] [32m>#[proxy(interface = "com.example.SampleInterface0", assume_defaults = true)][0m
[INFO] [stdout] [32m>pub trait SampleInterface0 {[0m
[INFO] [stdout] [32m>    /// BarplexSig method[0m
[INFO] [stdout] [32m>    fn barplex_sig([0m
[INFO] [stdout] [32m>        &self,[0m
[INFO] [stdout] [32m>        rule: &([0m
[INFO] [stdout] [32m>            &[i32],[0m
[INFO] [stdout] [32m>            i32,[0m
[INFO] [stdout] [32m>            std::collections::HashMap<&str, &str>,[0m
[INFO] [stdout] [32m>            i32,[0m
[INFO] [stdout] [32m>            &[i32],[0m
[INFO] [stdout] [32m>            i32,[0m
[INFO] [stdout] [32m>            &[&str],[0m
[INFO] [stdout] [32m>            i32,[0m
[INFO] [stdout] [32m>            bool,[0m
[INFO] [stdout] [32m>        ),[0m
[INFO] [stdout] [32m>    ) -> zbus::Result<Vec<(String, zbus::zvariant::OwnedObjectPath)>>;[0m
[INFO] [stdout] [32m>[0m
[INFO] [stdout] [32m>    /// Bazic method[0m
[INFO] [stdout] [32m>    fn bazic(&self, bar: &(i32, i32), foo: &(i32,)) -> zbus::Result<((i32, i32), Vec<(i32,)>)>;[0m
[INFO] [stdout] [32m>[0m
[INFO] [stdout] [32m>    /// Bazify method[0m
[INFO] [stdout] [32m>    fn bazify(&self, bar: &(i32, i32, u32)) -> zbus::Result<zbus::zvariant::OwnedValue>;[0m
[INFO] [stdout] [32m>[0m
[INFO] [stdout] [32m>    /// Frobate method[0m
[INFO] [stdout] [32m>    fn frobate([0m
[INFO] [stdout] [32m>        &self,[0m
[INFO] [stdout] [32m>        foz: i32,[0m
[INFO] [stdout] [32m>        foo: i32,[0m
[INFO] [stdout] [32m>    ) -> zbus::Result<(String, std::collections::HashMap<u32, String>)>;[0m
[INFO] [stdout] [32m>[0m
[INFO] [stdout] [32m>    /// MogrifyMe method[0m
[INFO] [stdout] [32m>    fn mogrify_me(&self, bar: &(i32, i32, &[&zbus::zvariant::Value<'_>])) -> zbus::Result<()>;[0m
[INFO] [stdout] [32m>[0m
[INFO] [stdout] [32m>    /// Odyssey method[0m
[INFO] [stdout] [32m>    #[allow(clippy::too_many_arguments)][0m
[INFO] [stdout] [32m>    fn odyssey([0m
[INFO] [stdout] [32m>        &self,[0m
[INFO] [stdout] [32m>        odysseus: i32,[0m
[INFO] [stdout] [32m>        penelope: &str,[0m
[INFO] [stdout] [32m>        telemachus: u32,[0m
[INFO] [stdout] [32m>        circe: i32,[0m
[INFO] [stdout] [32m>        athena: bool,[0m
[INFO] [stdout] [32m>        polyphemus: i32,[0m
[INFO] [stdout] [32m>        calypso: &zbus::zvariant::Value<'_>,[0m
[INFO] [stdout] [32m>    ) -> zbus::Result<()>;[0m
[INFO] [stdout] [32m>[0m
[INFO] [stdout] [32m>    /// Changed signal[0m
[INFO] [stdout] [32m>    #[zbus(signal)][0m
[INFO] [stdout] [32m>    fn changed(&self, new_value: bool) -> zbus::Result<()>;[0m
[INFO] [stdout] [32m>[0m
[INFO] [stdout] [32m>    /// Changed2 signal[0m
[INFO] [stdout] [32m>    #[zbus(signal)][0m
[INFO] [stdout] [32m>    fn changed2(&self, new_value: bool, new_value2: bool) -> zbus::Result<()>;[0m
[INFO] [stdout] [32m>[0m
[INFO] [stdout] [32m>    /// SignalArrayOfStrings signal[0m
[INFO] [stdout] [32m>    #[zbus(signal)][0m
[INFO] [stdout] [32m>    fn signal_array_of_strings(&self, array: Vec<&str>) -> zbus::Result<()>;[0m
[INFO] [stdout] [32m>[0m
[INFO] [stdout] [32m>    /// SignalDictStringToValue signal[0m
[INFO] [stdout] [32m>    #[zbus(signal)][0m
[INFO] [stdout] [32m>    fn signal_dict_string_to_value([0m
[INFO] [stdout] [32m>        &self,[0m
[INFO] [stdout] [32m>        dict: std::collections::HashMap<&str, zbus::zvariant::Value<'_>>,[0m
[INFO] [stdout] [32m>    ) -> zbus::Result<()>;[0m
[INFO] [stdout] [32m>[0m
[INFO] [stdout] [32m>    /// SignalValue signal[0m
[INFO] [stdout] [32m>    #[zbus(signal)][0m
[INFO] [stdout] [32m>    fn signal_value(&self, value: zbus::zvariant::Value<'_>) -> zbus::Result<()>;[0m
[INFO] [stdout] [32m>[0m
[INFO] [stdout] [32m>    /// Bar property[0m
[INFO] [stdout] [32m>    #[zbus(property)][0m
[INFO] [stdout] [32m>    fn bar(&self) -> zbus::Result<u8>;[0m
[INFO] [stdout] [32m>    #[zbus(property)][0m
[INFO] [stdout] [32m>    fn set_bar(&self, value: u8) -> zbus::Result<()>;[0m
[INFO] [stdout] [32m>[0m
[INFO] [stdout] [32m>    /// Foo-Bar property[0m
[INFO] [stdout] [32m>    #[zbus(property, name = "Foo-Bar")][0m
[INFO] [stdout] [32m>    fn foo_bar(&self) -> zbus::Result<u8>;[0m
[INFO] [stdout] [32m>    #[zbus(property, name = "Foo-Bar")][0m
[INFO] [stdout] [32m>    fn set_foo_bar(&self, value: u8) -> zbus::Result<()>;[0m
[INFO] [stdout] [32m>[0m
[INFO] [stdout] [32m>    /// Matryoshkas property[0m
[INFO] [stdout] [32m>    #[zbus(property)][0m
[INFO] [stdout] [32m>    #[allow(clippy::type_complexity)][0m
[INFO] [stdout] [32m>    fn matryoshkas([0m
[INFO] [stdout] [32m>        &self,[0m
[INFO] [stdout] [32m>    ) -> zbus::Result<[0m
[INFO] [stdout] [32m>        Vec<([0m
[INFO] [stdout] [32m>            zbus::zvariant::OwnedObjectPath,[0m
[INFO] [stdout] [32m>            i32,[0m
[INFO] [stdout] [32m>            Vec<String>,[0m
[INFO] [stdout] [32m>            u64,[0m
[INFO] [stdout] [32m>            std::collections::HashMap<String, zbus::zvariant::OwnedValue>,[0m
[INFO] [stdout] [32m>        )>,[0m
[INFO] [stdout] [32m>    >;[0m
[INFO] [stdout] [32m>}[0m
[INFO] [stdout] [32m>[0m
[INFO] [stdout] 
[INFO] [stdout] 
[INFO] [stdout] stack backtrace:
[INFO] [stdout]    0:     0x643205ecc2da - std::backtrace_rs::backtrace::libunwind::trace::h207520d6e9873551
[INFO] [stdout]                                at /rustc/df4ca44d3fbc9301ee17f30f4d474e6ae4b05252/library/std/src/../../backtrace/src/backtrace/libunwind.rs:116:5
[INFO] [stdout]    1:     0x643205ecc2da - std::backtrace_rs::backtrace::trace_unsynchronized::h2ed7433f370e3eca
[INFO] [stdout]                                at /rustc/df4ca44d3fbc9301ee17f30f4d474e6ae4b05252/library/std/src/../../backtrace/src/backtrace/mod.rs:66:5
[INFO] [stdout]    2:     0x643205ecc2da - std::sys::backtrace::_print_fmt::h916fac51166b18d7
[INFO] [stdout]                                at /rustc/df4ca44d3fbc9301ee17f30f4d474e6ae4b05252/library/std/src/sys/backtrace.rs:66:9
[INFO] [stdout]    3:     0x643205ecc2da - <std::sys::backtrace::BacktraceLock::print::DisplayBacktrace as core::fmt::Display>::fmt::ha0a4c9b8ce3802e6
[INFO] [stdout]                                at /rustc/df4ca44d3fbc9301ee17f30f4d474e6ae4b05252/library/std/src/sys/backtrace.rs:39:26
[INFO] [stdout]    4:     0x643205ef2f83 - core::fmt::rt::Argument::fmt::h4cfc8587d52b3eb5
[INFO] [stdout]                                at /rustc/df4ca44d3fbc9301ee17f30f4d474e6ae4b05252/library/core/src/fmt/rt.rs:177:76
[INFO] [stdout]    5:     0x643205ef2f83 - core::fmt::write::h522cc39e5b36ae9f
[INFO] [stdout]                                at /rustc/df4ca44d3fbc9301ee17f30f4d474e6ae4b05252/library/core/src/fmt/mod.rs:1190:21
[INFO] [stdout]    6:     0x643205ec8c23 - std::io::Write::write_fmt::h7d3c26752da97734
[INFO] [stdout]                                at /rustc/df4ca44d3fbc9301ee17f30f4d474e6ae4b05252/library/std/src/io/mod.rs:1839:15
[INFO] [stdout]    7:     0x643205ecc122 - std::sys::backtrace::BacktraceLock::print::h4b9e00b29e9c0942
[INFO] [stdout]                                at /rustc/df4ca44d3fbc9301ee17f30f4d474e6ae4b05252/library/std/src/sys/backtrace.rs:42:9
[INFO] [stdout]    8:     0x643205ecd76a - std::panicking::default_hook::{{closure}}::hb59b88280d0324d9
[INFO] [stdout]                                at /rustc/df4ca44d3fbc9301ee17f30f4d474e6ae4b05252/library/std/src/panicking.rs:268:22
[INFO] [stdout]    9:     0x643205ecd574 - std::panicking::default_hook::he1dd496665be4a29
[INFO] [stdout]                                at /rustc/df4ca44d3fbc9301ee17f30f4d474e6ae4b05252/library/std/src/panicking.rs:292:9
[INFO] [stdout]   10:     0x643205dce6d9 - <alloc::boxed::Box<F,A> as core::ops::function::Fn<Args>>::call::h4ff71de18744e1dc
[INFO] [stdout]                                at /rustc/df4ca44d3fbc9301ee17f30f4d474e6ae4b05252/library/alloc/src/boxed.rs:2468:9
[INFO] [stdout]   11:     0x643205dce6d9 - test::test_main::{{closure}}::hcf7c055ce117aa81
[INFO] [stdout]                                at /rustc/df4ca44d3fbc9301ee17f30f4d474e6ae4b05252/library/test/src/lib.rs:133:21
[INFO] [stdout]   12:     0x643205ecde68 - <alloc::boxed::Box<F,A> as core::ops::function::Fn<Args>>::call::h1d66c6bbd60c9692
[INFO] [stdout]                                at /rustc/df4ca44d3fbc9301ee17f30f4d474e6ae4b05252/library/alloc/src/boxed.rs:2468:9
[INFO] [stdout]   13:     0x643205ecde68 - std::panicking::rust_panic_with_hook::h2ff17fe8f26dfcf8
[INFO] [stdout]                                at /rustc/df4ca44d3fbc9301ee17f30f4d474e6ae4b05252/library/std/src/panicking.rs:809:13
[INFO] [stdout]   14:     0x643205ecdc2a - std::panicking::begin_panic_handler::{{closure}}::h4fad77951c07e101
[INFO] [stdout]                                at /rustc/df4ca44d3fbc9301ee17f30f4d474e6ae4b05252/library/std/src/panicking.rs:674:13
[INFO] [stdout]   15:     0x643205ecc7b9 - std::sys::backtrace::__rust_end_short_backtrace::hb1a25b3da5d0ea08
[INFO] [stdout]                                at /rustc/df4ca44d3fbc9301ee17f30f4d474e6ae4b05252/library/std/src/sys/backtrace.rs:170:18
[INFO] [stdout]   16:     0x643205ecd8bc - rust_begin_unwind
[INFO] [stdout]                                at /rustc/df4ca44d3fbc9301ee17f30f4d474e6ae4b05252/library/std/src/panicking.rs:665:5
[INFO] [stdout]   17:     0x643205ef1980 - core::panicking::panic_fmt::ha9db07b529f9b256
[INFO] [stdout]                                at /rustc/df4ca44d3fbc9301ee17f30f4d474e6ae4b05252/library/core/src/panicking.rs:75:14
[INFO] [stdout]   18:     0x643205d8b9f3 - gen::sample_object0::hebeac5154397b5c6
[INFO] [stdout]                                at /opt/rustwide/workdir/tests/gen.rs:36:9
[INFO] [stdout]   19:     0x643205d8b547 - gen::sample_object0::{{closure}}::h70f3893275d1c4b6
[INFO] [stdout]                                at /opt/rustwide/workdir/tests/gen.rs:42:24
[INFO] [stdout]   20:     0x643205d81106 - core::ops::function::FnOnce::call_once::h8852294de5943205
[INFO] [stdout]                                at /rustc/df4ca44d3fbc9301ee17f30f4d474e6ae4b05252/library/core/src/ops/function.rs:250:5
[INFO] [stdout]   21:     0x643205dd2fab - core::ops::function::FnOnce::call_once::h22c3ba5715e93f05
[INFO] [stdout]                                at /rustc/df4ca44d3fbc9301ee17f30f4d474e6ae4b05252/library/core/src/ops/function.rs:250:5
[INFO] [stdout]   22:     0x643205dd2fab - test::__rust_begin_short_backtrace::h8e82d8113d0da17f
[INFO] [stdout]                                at /rustc/df4ca44d3fbc9301ee17f30f4d474e6ae4b05252/library/test/src/lib.rs:621:18
[INFO] [stdout]   23:     0x643205dd2927 - test::run_test_in_process::{{closure}}::h33235f4f20b7b7c7
[INFO] [stdout]                                at /rustc/df4ca44d3fbc9301ee17f30f4d474e6ae4b05252/library/test/src/lib.rs:644:60
[INFO] [stdout]   24:     0x643205dd2927 - <core::panic::unwind_safe::AssertUnwindSafe<F> as core::ops::function::FnOnce<()>>::call_once::hb5043206310c586f
[INFO] [stdout]                                at /rustc/df4ca44d3fbc9301ee17f30f4d474e6ae4b05252/library/core/src/panic/unwind_safe.rs:272:9
[INFO] [stdout]   25:     0x643205dd2927 - std::panicking::try::do_call::h9ad4731a60ab23e2
[INFO] [stdout]                                at /rustc/df4ca44d3fbc9301ee17f30f4d474e6ae4b05252/library/std/src/panicking.rs:557:40
[INFO] [stdout]   26:     0x643205dd2927 - std::panicking::try::h3824d23db772a716
[INFO] [stdout]                                at /rustc/df4ca44d3fbc9301ee17f30f4d474e6ae4b05252/library/std/src/panicking.rs:520:19
[INFO] [stdout]   27:     0x643205dd2927 - std::panic::catch_unwind::h5afd514605fde46b
[INFO] [stdout]                                at /rustc/df4ca44d3fbc9301ee17f30f4d474e6ae4b05252/library/std/src/panic.rs:358:14
[INFO] [stdout]   28:     0x643205dd2927 - test::run_test_in_process::h0d5cbfa7067d1720
[INFO] [stdout]                                at /rustc/df4ca44d3fbc9301ee17f30f4d474e6ae4b05252/library/test/src/lib.rs:644:27
[INFO] [stdout]   29:     0x643205dd2927 - test::run_test::{{closure}}::h708eb8872708115d
[INFO] [stdout]                                at /rustc/df4ca44d3fbc9301ee17f30f4d474e6ae4b05252/library/test/src/lib.rs:565:43
[INFO] [stdout]   30:     0x643205d96044 - test::run_test::{{closure}}::h392c51cee94713ab
[INFO] [stdout]                                at /rustc/df4ca44d3fbc9301ee17f30f4d474e6ae4b05252/library/test/src/lib.rs:595:41
[INFO] [stdout]   31:     0x643205d96044 - std::sys::backtrace::__rust_begin_short_backtrace::h2f40290710935a8b
[INFO] [stdout]                                at /rustc/df4ca44d3fbc9301ee17f30f4d474e6ae4b05252/library/std/src/sys/backtrace.rs:154:18
[INFO] [stdout]   32:     0x643205d997ee - std::thread::Builder::spawn_unchecked_::{{closure}}::{{closure}}::h3fd968d89053a903
[INFO] [stdout]                                at /rustc/df4ca44d3fbc9301ee17f30f4d474e6ae4b05252/library/std/src/thread/mod.rs:541:17
[INFO] [stdout]   33:     0x643205d997ee - <core::panic::unwind_safe::AssertUnwindSafe<F> as core::ops::function::FnOnce<()>>::call_once::h743f637ba4229880
[INFO] [stdout]                                at /rustc/df4ca44d3fbc9301ee17f30f4d474e6ae4b05252/library/core/src/panic/unwind_safe.rs:272:9
[INFO] [stdout]   34:     0x643205d997ee - std::panicking::try::do_call::h07440897322525a6
[INFO] [stdout]                                at /rustc/df4ca44d3fbc9301ee17f30f4d474e6ae4b05252/library/std/src/panicking.rs:557:40
[INFO] [stdout]   35:     0x643205d997ee - std::panicking::try::he5a2e00188156637
[INFO] [stdout]                                at /rustc/df4ca44d3fbc9301ee17f30f4d474e6ae4b05252/library/std/src/panicking.rs:520:19
[INFO] [stdout]   36:     0x643205d997ee - std::panic::catch_unwind::hbaf3cae49b3c6433
[INFO] [stdout]                                at /rustc/df4ca44d3fbc9301ee17f30f4d474e6ae4b05252/library/std/src/panic.rs:358:14
[INFO] [stdout]   37:     0x643205d997ee - std::thread::Builder::spawn_unchecked_::{{closure}}::h8e141ea224820bce
[INFO] [stdout]                                at /rustc/df4ca44d3fbc9301ee17f30f4d474e6ae4b05252/library/std/src/thread/mod.rs:540:30
[INFO] [stdout]   38:     0x643205d997ee - core::ops::function::FnOnce::call_once{{vtable.shim}}::h90d312fedd7b8ea8
[INFO] [stdout]                                at /rustc/df4ca44d3fbc9301ee17f30f4d474e6ae4b05252/library/core/src/ops/function.rs:250:5
[INFO] [stdout]   39:     0x643205ed1cab - <alloc::boxed::Box<F,A> as core::ops::function::FnOnce<Args>>::call_once::h69aa08ddb6adb8b6
[INFO] [stdout]                                at /rustc/df4ca44d3fbc9301ee17f30f4d474e6ae4b05252/library/alloc/src/boxed.rs:2454:9
[INFO] [stdout]   40:     0x643205ed1cab - <alloc::boxed::Box<F,A> as core::ops::function::FnOnce<Args>>::call_once::h5aa36efdb79c806f
[INFO] [stdout]                                at /rustc/df4ca44d3fbc9301ee17f30f4d474e6ae4b05252/library/alloc/src/boxed.rs:2454:9
[INFO] [stdout]   41:     0x643205ed1cab - std::sys::pal::unix::thread::Thread::new::thread_start::h6cd80a1b4be5158d
[INFO] [stdout]                                at /rustc/df4ca44d3fbc9301ee17f30f4d474e6ae4b05252/library/std/src/sys/pal/unix/thread.rs:105:17
[INFO] [stdout]   42:     0x7c098270cac3 - <unknown>
[INFO] [stdout]   43:     0x7c098279da04 - clone
[INFO] [stdout]   44:                0x0 - <unknown>
[INFO] [stdout] 
[INFO] [stdout] 
[INFO] [stdout] failures:
[INFO] [stdout]     sample_object0
[INFO] [stdout] 
[INFO] [stdout] test result: FAILED. 0 passed; 1 failed; 0 ignored; 0 measured; 0 filtered out; finished in 0.97s
[INFO] [stdout] 
[INFO] [stderr] error: test failed, to rerun pass `--test gen`
[INFO] running `Command { std: "docker" "inspect" "0eb3ccc812fb75fbea3291bba4f22ce0f9204bd39e473861eaa61c5ffd2b7bf0", kill_on_drop: false }`
[INFO] running `Command { std: "docker" "rm" "-f" "0eb3ccc812fb75fbea3291bba4f22ce0f9204bd39e473861eaa61c5ffd2b7bf0", kill_on_drop: false }`
[INFO] [stdout] 0eb3ccc812fb75fbea3291bba4f22ce0f9204bd39e473861eaa61c5ffd2b7bf0
