[INFO] fetching crate zarrs 0.17.1...
[INFO] testing zarrs-0.17.1 against nightly-2024-10-28+rustflags=-Zrandomize-layout for randomize-layout
[INFO] extracting crate zarrs 0.17.1 into /workspace/builds/worker-4-tc2/source
[INFO] validating manifest of crates.io crate zarrs 0.17.1 on toolchain nightly-2024-10-28
[INFO] running `Command { std: CARGO_HOME="/workspace/cargo-home" RUSTUP_HOME="/workspace/rustup-home" "/workspace/cargo-home/bin/cargo" "+nightly-2024-10-28" "metadata" "--manifest-path" "Cargo.toml" "--no-deps", kill_on_drop: false }`
[INFO] started tweaking crates.io crate zarrs 0.17.1
[INFO] removed 0 missing examples
[INFO] finished tweaking crates.io crate zarrs 0.17.1
[INFO] tweaked toml for crates.io crate zarrs 0.17.1 written to /workspace/builds/worker-4-tc2/source/Cargo.toml
[INFO] crate crates.io crate zarrs 0.17.1 already has a lockfile, it will not be regenerated
[INFO] running `Command { std: CARGO_HOME="/workspace/cargo-home" RUSTUP_HOME="/workspace/rustup-home" "/workspace/cargo-home/bin/cargo" "+nightly-2024-10-28" "fetch" "--manifest-path" "Cargo.toml", kill_on_drop: false }`
[INFO] [stderr]     Blocking waiting for file lock on package cache
[INFO] [stderr]     Blocking waiting for file lock on package cache
[INFO] running `Command { std: "docker" "create" "-v" "/var/lib/crater-agent-workspace/builds/worker-4-tc2/target:/opt/rustwide/target:rw,Z" "-v" "/var/lib/crater-agent-workspace/builds/worker-4-tc2/source:/opt/rustwide/workdir:ro,Z" "-v" "/var/lib/crater-agent-workspace/cargo-home:/opt/rustwide/cargo-home:ro,Z" "-v" "/var/lib/crater-agent-workspace/rustup-home:/opt/rustwide/rustup-home:ro,Z" "-e" "SOURCE_DIR=/opt/rustwide/workdir" "-e" "CARGO_TARGET_DIR=/opt/rustwide/target" "-e" "CARGO_HOME=/opt/rustwide/cargo-home" "-e" "RUSTUP_HOME=/opt/rustwide/rustup-home" "-w" "/opt/rustwide/workdir" "-m" "1610612736" "--user" "0:0" "--network" "none" "ghcr.io/rust-lang/crates-build-env/linux@sha256:4a844ea9eb2546a2d2c7022eacef16ef2e8229c7fbb2c7d4d55a9ceca922f72d" "/opt/rustwide/cargo-home/bin/cargo" "+nightly-2024-10-28" "metadata" "--no-deps" "--format-version=1", kill_on_drop: false }`
[INFO] [stdout] 7b1c7a9ee01712917fd903f105d61f20e4b3f130a066c06e40d13d6566db5f54
[INFO] running `Command { std: "docker" "start" "-a" "7b1c7a9ee01712917fd903f105d61f20e4b3f130a066c06e40d13d6566db5f54", kill_on_drop: false }`
[INFO] running `Command { std: "docker" "inspect" "7b1c7a9ee01712917fd903f105d61f20e4b3f130a066c06e40d13d6566db5f54", kill_on_drop: false }`
[INFO] running `Command { std: "docker" "rm" "-f" "7b1c7a9ee01712917fd903f105d61f20e4b3f130a066c06e40d13d6566db5f54", kill_on_drop: false }`
[INFO] [stdout] 7b1c7a9ee01712917fd903f105d61f20e4b3f130a066c06e40d13d6566db5f54
[INFO] running `Command { std: "docker" "create" "-v" "/var/lib/crater-agent-workspace/builds/worker-4-tc2/target:/opt/rustwide/target:rw,Z" "-v" "/var/lib/crater-agent-workspace/builds/worker-4-tc2/source:/opt/rustwide/workdir:ro,Z" "-v" "/var/lib/crater-agent-workspace/cargo-home:/opt/rustwide/cargo-home:ro,Z" "-v" "/var/lib/crater-agent-workspace/rustup-home:/opt/rustwide/rustup-home:ro,Z" "-e" "SOURCE_DIR=/opt/rustwide/workdir" "-e" "CARGO_TARGET_DIR=/opt/rustwide/target" "-e" "CARGO_INCREMENTAL=0" "-e" "RUST_BACKTRACE=full" "-e" "RUSTFLAGS=--cap-lints=forbid -Zrandomize-layout" "-e" "RUSTDOCFLAGS=--cap-lints=forbid" "-e" "CARGO_HOME=/opt/rustwide/cargo-home" "-e" "RUSTUP_HOME=/opt/rustwide/rustup-home" "-w" "/opt/rustwide/workdir" "-m" "1610612736" "--user" "0:0" "--network" "none" "ghcr.io/rust-lang/crates-build-env/linux@sha256:4a844ea9eb2546a2d2c7022eacef16ef2e8229c7fbb2c7d4d55a9ceca922f72d" "/opt/rustwide/cargo-home/bin/cargo" "+nightly-2024-10-28" "build" "--frozen" "--message-format=json", kill_on_drop: false }`
[INFO] [stdout] 5dc832d73edc3c4ceb4ea0a873153ab6c5e7eb7691138d59faed9df636d2e404
[INFO] running `Command { std: "docker" "start" "-a" "5dc832d73edc3c4ceb4ea0a873153ab6c5e7eb7691138d59faed9df636d2e404", kill_on_drop: false }`
[INFO] [stderr]    Compiling proc-macro2 v1.0.88
[INFO] [stderr]    Compiling jobserver v0.1.32
[INFO] [stderr]    Compiling pkg-config v0.3.31
[INFO] [stderr]    Compiling crossbeam-utils v0.8.20
[INFO] [stderr]    Compiling thiserror v1.0.64
[INFO] [stderr]    Compiling parking_lot_core v0.9.10
[INFO] [stderr]    Compiling allocator-api2 v0.2.18
[INFO] [stderr]    Compiling foldhash v0.1.3
[INFO] [stderr]    Compiling smallvec v1.13.2
[INFO] [stderr]    Compiling unicode-xid v0.2.6
[INFO] [stderr]    Compiling either v1.13.0
[INFO] [stderr]    Compiling num-traits v0.2.19
[INFO] [stderr]    Compiling vcpkg v0.2.15
[INFO] [stderr]    Compiling rayon-core v1.12.1
[INFO] [stderr]    Compiling matrixmultiply v0.3.9
[INFO] [stderr]    Compiling zstd-safe v7.2.1
[INFO] [stderr]    Compiling serde_json v1.0.128
[INFO] [stderr]    Compiling bitflags v2.6.0
[INFO] [stderr]    Compiling crc32c v0.6.8
[INFO] [stderr]    Compiling getrandom v0.2.15
[INFO] [stderr]    Compiling rawpointer v0.2.1
[INFO] [stderr]    Compiling unsafe_cell_slice v0.1.0
[INFO] [stderr]    Compiling itertools v0.13.0
[INFO] [stderr]    Compiling cc v1.1.30
[INFO] [stderr]    Compiling raw-cpuid v11.2.0
[INFO] [stderr]    Compiling same-file v1.0.6
[INFO] [stderr]    Compiling bytes v1.7.2
[INFO] [stderr]    Compiling adler2 v2.0.0
[INFO] [stderr]    Compiling moka v0.12.8
[INFO] [stderr]    Compiling walkdir v2.5.0
[INFO] [stderr]    Compiling miniz_oxide v0.8.0
[INFO] [stderr]    Compiling hashbrown v0.15.0
[INFO] [stderr]    Compiling uuid v1.11.0
[INFO] [stderr]    Compiling parking_lot v0.12.3
[INFO] [stderr]    Compiling crc32fast v1.4.2
[INFO] [stderr]    Compiling page_size v0.6.0
[INFO] [stderr]    Compiling tagptr v0.2.0
[INFO] [stderr]    Compiling triomphe v0.1.11
[INFO] [stderr]    Compiling pathdiff v0.2.2
[INFO] [stderr]    Compiling flate2 v1.0.34
[INFO] [stderr]    Compiling thread_local v1.1.8
[INFO] [stderr]    Compiling quote v1.0.37
[INFO] [stderr]    Compiling crossbeam-epoch v0.9.18
[INFO] [stderr]    Compiling crossbeam-channel v0.5.13
[INFO] [stderr]    Compiling inventory v0.3.15
[INFO] [stderr]    Compiling indexmap v2.6.0
[INFO] [stderr]    Compiling num-integer v0.1.46
[INFO] [stderr]    Compiling lru v0.12.5
[INFO] [stderr]    Compiling syn v2.0.79
[INFO] [stderr]    Compiling crossbeam-deque v0.8.5
[INFO] [stderr]    Compiling num-bigint v0.4.6
[INFO] [stderr]    Compiling num-iter v0.1.45
[INFO] [stderr]    Compiling zstd-sys v2.0.13+zstd.1.5.6
[INFO] [stderr]    Compiling link-cplusplus v1.0.9
[INFO] [stderr]    Compiling snappy_src v0.2.3+snappy.1.2.1
[INFO] [stderr]    Compiling lz4-sys v1.11.1+lz4-1.10.0
[INFO] [stderr]    Compiling libz-sys v1.1.20
[INFO] [stderr]    Compiling blosc-src v0.3.4
[INFO] [stderr]    Compiling quanta v0.12.3
[INFO] [stderr]    Compiling rayon v1.10.0
[INFO] [stderr]    Compiling num-rational v0.4.2
[INFO] [stderr]    Compiling bytemuck_derive v1.8.0
[INFO] [stderr]    Compiling thiserror-impl v1.0.64
[INFO] [stderr]    Compiling serde_derive v1.0.210
[INFO] [stderr]    Compiling derive_more-impl v1.0.0
[INFO] [stderr]    Compiling monostate-impl v0.1.13
[INFO] [stderr]    Compiling serde_repr v0.1.19
[INFO] [stderr]    Compiling rayon_iter_concurrent_limit v0.2.0
[INFO] [stderr]    Compiling bytemuck v1.19.0
[INFO] [stderr]    Compiling num-complex v0.4.6
[INFO] [stderr]    Compiling half v2.4.1
[INFO] [stderr]    Compiling derive_more v1.0.0
[INFO] [stderr]    Compiling num v0.4.3
[INFO] [stderr]    Compiling ndarray v0.16.1
[INFO] [stderr]    Compiling zarrs_storage v0.2.2
[INFO] [stderr]    Compiling zstd v0.13.2
[INFO] [stderr]    Compiling zarrs_filesystem v0.1.0
[INFO] [stderr]    Compiling serde v1.0.210
[INFO] [stderr]    Compiling monostate v0.1.13
[INFO] [stderr]    Compiling zarrs_metadata v0.1.0
[INFO] [stderr]    Compiling zarrs v0.17.1 (/opt/rustwide/workdir)
[INFO] [stderr]     Finished `dev` profile [unoptimized + debuginfo] target(s) in 24.50s
[INFO] running `Command { std: "docker" "inspect" "5dc832d73edc3c4ceb4ea0a873153ab6c5e7eb7691138d59faed9df636d2e404", kill_on_drop: false }`
[INFO] running `Command { std: "docker" "rm" "-f" "5dc832d73edc3c4ceb4ea0a873153ab6c5e7eb7691138d59faed9df636d2e404", kill_on_drop: false }`
[INFO] [stdout] 5dc832d73edc3c4ceb4ea0a873153ab6c5e7eb7691138d59faed9df636d2e404
[INFO] running `Command { std: "docker" "create" "-v" "/var/lib/crater-agent-workspace/builds/worker-4-tc2/target:/opt/rustwide/target:rw,Z" "-v" "/var/lib/crater-agent-workspace/builds/worker-4-tc2/source:/opt/rustwide/workdir:ro,Z" "-v" "/var/lib/crater-agent-workspace/cargo-home:/opt/rustwide/cargo-home:ro,Z" "-v" "/var/lib/crater-agent-workspace/rustup-home:/opt/rustwide/rustup-home:ro,Z" "-e" "SOURCE_DIR=/opt/rustwide/workdir" "-e" "CARGO_TARGET_DIR=/opt/rustwide/target" "-e" "CARGO_INCREMENTAL=0" "-e" "RUST_BACKTRACE=full" "-e" "RUSTFLAGS=--cap-lints=forbid -Zrandomize-layout" "-e" "RUSTDOCFLAGS=--cap-lints=forbid" "-e" "CARGO_HOME=/opt/rustwide/cargo-home" "-e" "RUSTUP_HOME=/opt/rustwide/rustup-home" "-w" "/opt/rustwide/workdir" "-m" "1610612736" "--user" "0:0" "--network" "none" "ghcr.io/rust-lang/crates-build-env/linux@sha256:4a844ea9eb2546a2d2c7022eacef16ef2e8229c7fbb2c7d4d55a9ceca922f72d" "/opt/rustwide/cargo-home/bin/cargo" "+nightly-2024-10-28" "test" "--frozen" "--no-run" "--message-format=json", kill_on_drop: false }`
[INFO] [stdout] e3d0a30703bb4431906056cac56ef9c2641613e337d445128e378faae7d96f7d
[INFO] running `Command { std: "docker" "start" "-a" "e3d0a30703bb4431906056cac56ef9c2641613e337d445128e378faae7d96f7d", kill_on_drop: false }`
[INFO] [stderr]    Compiling pin-project-lite v0.2.14
[INFO] [stderr]    Compiling memchr v2.7.4
[INFO] [stderr]    Compiling serde v1.0.210
[INFO] [stderr]    Compiling num-traits v0.2.19
[INFO] [stderr]    Compiling futures-channel v0.3.31
[INFO] [stderr]    Compiling futures-task v0.3.31
[INFO] [stderr]    Compiling futures-io v0.3.31
[INFO] [stderr]    Compiling generic-array v0.14.7
[INFO] [stderr]    Compiling smallvec v1.13.2
[INFO] [stderr]    Compiling syn v2.0.79
[INFO] [stderr]    Compiling getrandom v0.2.15
[INFO] [stderr]    Compiling socket2 v0.5.7
[INFO] [stderr]    Compiling mio v1.0.2
[INFO] [stderr]    Compiling rustls-pki-types v1.10.0
[INFO] [stderr]    Compiling ring v0.17.8
[INFO] [stderr]    Compiling http v1.1.0
[INFO] [stderr]    Compiling untrusted v0.9.0
[INFO] [stderr]    Compiling spin v0.9.8
[INFO] [stderr]    Compiling byteorder v1.5.0
[INFO] [stderr]    Compiling rustls v0.23.15
[INFO] [stderr]    Compiling atomic-waker v1.1.2
[INFO] [stderr]    Compiling parking_lot_core v0.9.10
[INFO] [stderr]    Compiling tinyvec_macros v0.1.1
[INFO] [stderr]    Compiling form_urlencoded v1.2.1
[INFO] [stderr]    Compiling openssl-probe v0.1.5
[INFO] [stderr]    Compiling tinyvec v1.8.0
[INFO] [stderr]    Compiling unicode-bidi v0.3.17
[INFO] [stderr]    Compiling rand_core v0.6.4
[INFO] [stderr]    Compiling rustls-pemfile v2.2.0
[INFO] [stderr]    Compiling webpki-roots v0.26.6
[INFO] [stderr]    Compiling bitflags v2.6.0
[INFO] [stderr]    Compiling parking_lot v0.12.3
[INFO] [stderr]    Compiling rustls-native-certs v0.8.0
[INFO] [stderr]    Compiling bzip2-sys v0.1.11+1.0.8
[INFO] [stderr]    Compiling sync_wrapper v1.0.1
[INFO] [stderr]    Compiling base64 v0.22.1
[INFO] [stderr]    Compiling mime v0.3.17
[INFO] [stderr]    Compiling ipnet v2.10.1
[INFO] [stderr]    Compiling crypto-common v0.1.6
[INFO] [stderr]    Compiling block-buffer v0.10.4
[INFO] [stderr]    Compiling inout v0.1.3
[INFO] [stderr]    Compiling heck v0.5.0
[INFO] [stderr]    Compiling http-body v1.0.1
[INFO] [stderr]    Compiling digest v0.10.7
[INFO] [stderr]    Compiling cpufeatures v0.2.14
[INFO] [stderr]    Compiling crc-catalog v2.4.0
[INFO] [stderr]    Compiling anyhow v1.0.89
[INFO] [stderr]    Compiling fastrand v2.1.1
[INFO] [stderr]    Compiling powerfmt v0.2.0
[INFO] [stderr]    Compiling cipher v0.4.4
[INFO] [stderr]    Compiling num-integer v0.1.46
[INFO] [stderr]    Compiling crc v3.2.1
[INFO] [stderr]    Compiling raw-cpuid v11.2.0
[INFO] [stderr]    Compiling hmac v0.12.1
[INFO] [stderr]    Compiling rustix v0.38.37
[INFO] [stderr]    Compiling clap_lex v0.7.2
[INFO] [stderr]    Compiling unicode-normalization v0.1.24
[INFO] [stderr]    Compiling deranged v0.3.11
[INFO] [stderr]    Compiling simd-adler32 v0.3.7
[INFO] [stderr]    Compiling bumpalo v3.16.0
[INFO] [stderr]    Compiling regex-syntax v0.8.5
[INFO] [stderr]    Compiling lockfree-object-pool v0.1.6
[INFO] [stderr]    Compiling ciborium-io v0.2.2
[INFO] [stderr]    Compiling num-bigint v0.4.6
[INFO] [stderr]    Compiling num-iter v0.1.45
[INFO] [stderr]    Compiling plotters-backend v0.3.7
[INFO] [stderr]    Compiling anstyle v1.0.8
[INFO] [stderr]    Compiling time-core v0.1.2
[INFO] [stderr]    Compiling num-conv v0.1.0
[INFO] [stderr]    Compiling zip v2.2.0
[INFO] [stderr]    Compiling zopfli v0.8.1
[INFO] [stderr]    Compiling lzma-rs v0.3.0
[INFO] [stderr]    Compiling aes v0.8.4
[INFO] [stderr]    Compiling pbkdf2 v0.12.2
[INFO] [stderr]    Compiling md-5 v0.10.6
[INFO] [stderr]    Compiling plotters-svg v0.3.7
[INFO] [stderr]    Compiling clap_builder v4.5.20
[INFO] [stderr]    Compiling idna v0.5.0
[INFO] [stderr]    Compiling sha1 v0.10.6
[INFO] [stderr]    Compiling itertools v0.10.5
[INFO] [stderr]    Compiling cast v0.3.0
[INFO] [stderr]    Compiling time v0.3.36
[INFO] [stderr]    Compiling deflate64 v0.1.9
[INFO] [stderr]    Compiling humantime v2.1.0
[INFO] [stderr]    Compiling flagset v0.4.6
[INFO] [stderr]    Compiling constant_time_eq v0.3.1
[INFO] [stderr]    Compiling url v2.5.2
[INFO] [stderr]    Compiling linux-raw-sys v0.4.14
[INFO] [stderr]    Compiling plotters v0.3.7
[INFO] [stderr]    Compiling is-terminal v0.4.13
[INFO] [stderr]    Compiling oorandom v11.1.4
[INFO] [stderr]    Compiling anes v0.1.6
[INFO] [stderr]    Compiling bzip2 v0.4.4
[INFO] [stderr]    Compiling quanta v0.12.3
[INFO] [stderr]    Compiling regex-automata v0.4.8
[INFO] [stderr]    Compiling num-rational v0.4.2
[INFO] [stderr]    Compiling criterion-plot v0.5.0
[INFO] [stderr]    Compiling clap v4.5.20
[INFO] [stderr]    Compiling regex v1.11.0
[INFO] [stderr]    Compiling serde_derive v1.0.210
[INFO] [stderr]    Compiling futures-macro v0.3.31
[INFO] [stderr]    Compiling tokio-macros v2.4.0
[INFO] [stderr]    Compiling zeroize_derive v1.4.2
[INFO] [stderr]    Compiling bytemuck_derive v1.8.0
[INFO] [stderr]    Compiling tracing-attributes v0.1.27
[INFO] [stderr]    Compiling thiserror-impl v1.0.64
[INFO] [stderr]    Compiling zerocopy-derive v0.7.35
[INFO] [stderr]    Compiling derive_more-impl v1.0.0
[INFO] [stderr]    Compiling async-trait v0.1.83
[INFO] [stderr]    Compiling snafu-derive v0.8.5
[INFO] [stderr]    Compiling monostate-impl v0.1.13
[INFO] [stderr]    Compiling zeroize v1.8.1
[INFO] [stderr]    Compiling rustls-webpki v0.102.8
[INFO] [stderr]    Compiling displaydoc v0.2.5
[INFO] [stderr]    Compiling tokio v1.40.0
[INFO] [stderr]    Compiling serde_repr v0.1.19
[INFO] [stderr]    Compiling tempfile v3.13.0
[INFO] [stderr]    Compiling zerocopy v0.7.35
[INFO] [stderr]    Compiling futures-util v0.3.31
[INFO] [stderr]    Compiling bytemuck v1.19.0
[INFO] [stderr]    Compiling thiserror v1.0.64
[INFO] [stderr]    Compiling half v2.4.1
[INFO] [stderr]    Compiling num-complex v0.4.6
[INFO] [stderr]    Compiling ppv-lite86 v0.2.20
[INFO] [stderr]    Compiling tracing v0.1.40
[INFO] [stderr]    Compiling ciborium-ll v0.2.2
[INFO] [stderr]    Compiling num v0.4.3
[INFO] [stderr]    Compiling ndarray v0.16.1
[INFO] [stderr]    Compiling rand_chacha v0.3.1
[INFO] [stderr]    Compiling derive_more v1.0.0
[INFO] [stderr]    Compiling snafu v0.8.5
[INFO] [stderr]    Compiling rand v0.8.5
[INFO] [stderr]    Compiling futures-executor v0.3.31
[INFO] [stderr]    Compiling http-body-util v0.1.2
[INFO] [stderr]    Compiling futures v0.3.31
[INFO] [stderr]    Compiling zarrs_storage v0.2.2
[INFO] [stderr]    Compiling zarrs_filesystem v0.1.0
[INFO] [stderr]    Compiling zarrs_zip v0.1.0
[INFO] [stderr]    Compiling tokio-util v0.7.12
[INFO] [stderr]    Compiling tokio-rustls v0.26.0
[INFO] [stderr]    Compiling backon v1.2.0
[INFO] [stderr]    Compiling h2 v0.4.6
[INFO] [stderr]    Compiling serde_json v1.0.128
[INFO] [stderr]    Compiling serde_urlencoded v0.7.1
[INFO] [stderr]    Compiling uuid v1.11.0
[INFO] [stderr]    Compiling quick-xml v0.36.2
[INFO] [stderr]    Compiling chrono v0.4.38
[INFO] [stderr]    Compiling monostate v0.1.13
[INFO] [stderr]    Compiling ciborium v0.2.2
[INFO] [stderr]    Compiling moka v0.12.8
[INFO] [stderr]    Compiling zarrs_metadata v0.1.0
[INFO] [stderr]    Compiling tinytemplate v1.2.1
[INFO] [stderr]    Compiling criterion v0.5.1
[INFO] [stderr]    Compiling hyper v1.5.0
[INFO] [stderr]    Compiling zarrs v0.17.1 (/opt/rustwide/workdir)
[INFO] [stderr]    Compiling hyper-util v0.1.9
[INFO] [stderr]    Compiling hyper-rustls v0.27.3
[INFO] [stderr]    Compiling reqwest v0.12.8
[INFO] [stderr]    Compiling opendal v0.50.0
[INFO] [stderr]    Compiling object_store v0.11.0
[INFO] [stderr]    Compiling zarrs_object_store v0.2.1
[INFO] [stderr]    Compiling zarrs_opendal v0.3.1
[INFO] [stderr]     Finished `test` profile [unoptimized + debuginfo] target(s) in 46.52s
[INFO] running `Command { std: "docker" "inspect" "e3d0a30703bb4431906056cac56ef9c2641613e337d445128e378faae7d96f7d", kill_on_drop: false }`
[INFO] running `Command { std: "docker" "rm" "-f" "e3d0a30703bb4431906056cac56ef9c2641613e337d445128e378faae7d96f7d", kill_on_drop: false }`
[INFO] [stdout] e3d0a30703bb4431906056cac56ef9c2641613e337d445128e378faae7d96f7d
[INFO] running `Command { std: "docker" "create" "-v" "/var/lib/crater-agent-workspace/builds/worker-4-tc2/target:/opt/rustwide/target:rw,Z" "-v" "/var/lib/crater-agent-workspace/builds/worker-4-tc2/source:/opt/rustwide/workdir:ro,Z" "-v" "/var/lib/crater-agent-workspace/cargo-home:/opt/rustwide/cargo-home:ro,Z" "-v" "/var/lib/crater-agent-workspace/rustup-home:/opt/rustwide/rustup-home:ro,Z" "-e" "SOURCE_DIR=/opt/rustwide/workdir" "-e" "CARGO_TARGET_DIR=/opt/rustwide/target" "-e" "CARGO_INCREMENTAL=0" "-e" "RUST_BACKTRACE=full" "-e" "RUSTFLAGS=--cap-lints=forbid -Zrandomize-layout" "-e" "RUSTDOCFLAGS=--cap-lints=forbid" "-e" "CARGO_HOME=/opt/rustwide/cargo-home" "-e" "RUSTUP_HOME=/opt/rustwide/rustup-home" "-w" "/opt/rustwide/workdir" "-m" "1610612736" "--user" "0:0" "--network" "none" "ghcr.io/rust-lang/crates-build-env/linux@sha256:4a844ea9eb2546a2d2c7022eacef16ef2e8229c7fbb2c7d4d55a9ceca922f72d" "/opt/rustwide/cargo-home/bin/cargo" "+nightly-2024-10-28" "test" "--frozen", kill_on_drop: false }`
[INFO] [stdout] c312d1e432f32ebe6d3e5b3560e3c5423ca0746cdfdee616d16e68554dc40360
[INFO] running `Command { std: "docker" "start" "-a" "c312d1e432f32ebe6d3e5b3560e3c5423ca0746cdfdee616d16e68554dc40360", kill_on_drop: false }`
[INFO] [stderr]     Finished `test` profile [unoptimized + debuginfo] target(s) in 0.55s
[INFO] [stderr]      Running unittests src/lib.rs (/opt/rustwide/target/debug/deps/zarrs-517b874f8315fe48)
[INFO] [stdout] 
[INFO] [stdout] running 162 tests
[INFO] [stdout] test array::array_bytes::tests::array_bytes_flen ... ok
[INFO] [stdout] test array::array_builder::tests::array_builder_invalid ... ok
[INFO] [stdout] test array::array_bytes::tests::array_bytes_str ... ok
[INFO] [stdout] test array::array_bytes::tests::test_flen_update_subset ... ok
[INFO] [stdout] test array::array_builder::tests::array_builder ... ok
[INFO] [stdout] test array::bytes_representation::tests::bytes_representation ... ok
[INFO] [stdout] test array::array_sync_sharded_readable_ext::tests::array_sharded_ext_impl_transpose_invalid_inner_chunk_shape ... ok
[INFO] [stdout] test array::chunk_grid::rectangular::tests::chunk_grid_rectangular ... ok
[INFO] [stdout] test array::chunk_grid::regular::tests::chunk_grid_regular_configuration ... ok
[INFO] [stdout] test array::chunk_grid::rectangular::tests::chunk_grid_rectangular_unlimited ... ok
[INFO] [stdout] test array::chunk_grid::rectangular::tests::chunk_grid_rectangular_out_of_bounds ... ok
[INFO] [stdout] test array::chunk_grid::regular::tests::chunk_grid_regular ... ok
[INFO] [stdout] test array::chunk_grid::regular::tests::chunk_grid_regular_metadata_invalid ... ok
[INFO] [stdout] test array::chunk_grid::regular::tests::chunk_grid_regular_metadata ... ok
[INFO] [stdout] test array::chunk_grid::regular::tests::chunk_grid_regular_unlimited ... ok
[INFO] [stdout] test array::chunk_grid::tests::chunk_grid_configuration_rectangular ... ok
[INFO] [stdout] test array::chunk_grid::regular::tests::chunk_grid_regular_out_of_bounds ... ok
[INFO] [stdout] test array::chunk_key_encoding::default::tests::dot_scalar ... ok
[INFO] [stdout] test array::chunk_grid::tests::chunk_grid_configuration_regular ... ok
[INFO] [stdout] test array::chunk_key_encoding::default::tests::slash_nd ... ok
[INFO] [stdout] test array::chunk_key_encoding::default::tests::dot_nd ... ok
[INFO] [stdout] test array::chunk_key_encoding::default::tests::slash_scalar ... ok
[INFO] [stdout] test array::chunk_key_encoding::v2::tests::dot_scalar ... ok
[INFO] [stdout] test array::chunk_key_encoding::v2::tests::slash_nd ... ok
[INFO] [stdout] test array::chunk_key_encoding::v2::tests::slash_scalar ... ok
[INFO] [stdout] test array::codec::array_to_array::transpose::tests::codec_transpose_round_trip_array1 ... ok
[INFO] [stdout] test array::codec::array_to_array::transpose::tests::codec_transpose_partial_decode ... ok
[INFO] [stdout] test array::array_sync_sharded_readable_ext::tests::array_sharded_ext_unsharded ... ok
[INFO] [stdout] test array::codec::array_to_bytes::bytes::tests::codec_bytes_configuration_big ... ok
[INFO] [stdout] test array::codec::array_to_array::transpose::tests::codec_transpose_round_trip_array2 ... ok
[INFO] [stdout] test array::codec::array_to_bytes::bytes::tests::codec_bytes_configuration_none ... ok
[INFO] [stdout] test array::codec::array_to_bytes::bytes::tests::codec_bytes_round_trip_complex128 ... ok
[INFO] [stdout] test array::chunk_cache::chunk_cache_lru::tests::array_chunk_cache_decoded_chunks_thread_local ... ok
[INFO] [stdout] test array::chunk_cache::chunk_cache_lru::tests::array_chunk_cache_decoded_size ... ok
[INFO] [stdout] test array::chunk_cache::chunk_cache_lru::tests::array_chunk_cache_encoded_size_thread_local ... ok
[INFO] [stdout] test array::chunk_cache::chunk_cache_lru::tests::array_chunk_cache_encoded_chunks_thread_local ... ok
[INFO] [stdout] test array::chunk_cache::chunk_cache_lru::tests::array_chunk_cache_decoded_chunks ... ok
[INFO] [stdout] test array::chunk_cache::chunk_cache_lru::tests::array_chunk_cache_encoded_size ... ok
[INFO] [stdout] test array::codec::array_to_bytes::bytes::tests::codec_bytes_configuration_little ... ok
[INFO] [stdout] test array::chunk_cache::chunk_cache_lru::tests::array_chunk_cache_encoded_chunks ... ok
[INFO] [stdout] test array::chunk_cache::chunk_cache_lru::tests::array_chunk_cache_decoded_size_thread_local ... ok
[INFO] [stdout] test array::chunk_key_encoding::v2::tests::dot_nd ... ok
[INFO] [stdout] test array::codec::array_to_bytes::bytes::tests::codec_bytes_partial_decode ... ok
[INFO] [stdout] test array::codec::array_to_bytes::bytes::tests::codec_bytes_round_trip_f32 ... ok
[INFO] [stdout] test array::codec::array_to_bytes::bytes::tests::codec_bytes_round_trip_i32_endianness_none ... ok
[INFO] [stdout] test array::codec::array_to_bytes::bytes::tests::codec_bytes_round_trip_complex64 ... ok
[INFO] [stdout] test array::codec::array_to_bytes::bytes::tests::codec_bytes_round_trip_u16 ... ok
[INFO] [stdout] test array::codec::array_to_bytes::bytes::tests::codec_bytes_round_trip_u8 ... ok
[INFO] [stdout] test array::codec::array_to_bytes::bytes::tests::codec_bytes_round_trip_i32 ... ok
[INFO] [stdout] test array::codec::array_to_bytes::bytes::tests::codec_bytes_round_trip_u32 ... ok
[INFO] [stdout] test array::codec::array_to_bytes::sharding::tests::codec_sharding_partial_decode2 ... ok
[INFO] [stdout] test array::codec::bytes_to_bytes::blosc::tests::codec_blosc_partial_decode ... ok
[INFO] [stdout] test array::codec::bytes_to_bytes::blosc::tests::codec_blosc_round_trip2 ... ok
[INFO] [stdout] test array::codec::bytes_to_bytes::blosc::tests::codec_blosc_round_trip3 ... ok
[INFO] [stdout] test array::codec::bytes_to_bytes::blosc::tests::codec_blosc_round_trip_snappy ... ok
[INFO] [stdout] test array::codec::array_to_bytes::sharding::tests::codec_sharding_partial_decode3 ... ok
[INFO] [stdout] test array::codec::array_to_bytes::codec_chain::tests::codec_chain_round_trip_bytes ... ok
[INFO] [stdout] test array::codec::bytes_to_bytes::crc32c::tests::codec_crc32c_configuration_none ... ok
[INFO] [stdout] test array::codec::bytes_to_bytes::crc32c::tests::codec_crc32c_partial_decode ... ok
[INFO] [stdout] test array::codec::bytes_to_bytes::blosc::tests::codec_blosc_round_trip1 ... ok
[INFO] [stdout] test array::codec::bytes_to_bytes::gzip::tests::codec_gzip_configuration_invalid2 ... ok
[INFO] [stdout] test array::codec::bytes_to_bytes::gzip::tests::codec_gzip_configuration_valid ... ok
[INFO] [stdout] test array::codec::bytes_to_bytes::test_unbounded::tests::codec_test_unbounded_round_trip1 ... ok
[INFO] [stdout] test array::concurrency::tests::concurrent_limits ... ok
[INFO] [stdout] test array::codec::bytes_to_bytes::gzip::tests::codec_gzip_partial_decode ... ok
[INFO] [stdout] test array::codec::bytes_to_bytes::test_unbounded::tests::codec_test_unbounded_partial_decode ... ok
[INFO] [stdout] test array::codec::bytes_to_bytes::gzip::tests::codec_gzip_round_trip1 ... ok
[INFO] [stdout] test array::codec::bytes_to_bytes::gzip::tests::codec_gzip_configuration_invalid1 ... ok
[INFO] [stdout] test array::data_type::tests::data_type_float16 ... ok
[INFO] [stdout] test array::data_type::tests::data_type_complex64 ... ok
[INFO] [stdout] test array::codec::bytes_to_bytes::crc32c::tests::codec_crc32c ... ok
[INFO] [stdout] test array::data_type::tests::data_type_bfloat16 ... ok
[INFO] [stdout] test array::data_type::tests::data_type_bool ... ok
[INFO] [stdout] test array::data_type::tests::data_type_int16 ... ok
[INFO] [stdout] test array::data_type::tests::data_type_int32 ... ok
[INFO] [stdout] test array::data_type::tests::data_type_int8 ... ok
[INFO] [stdout] test array::data_type::tests::data_type_int64 ... ok
[INFO] [stdout] test array::data_type::tests::data_type_r16 ... ok
[INFO] [stdout] test array::codec::array_to_bytes::sharding::tests::codec_sharding_partial_decode_all ... ok
[INFO] [stdout] test array::data_type::tests::data_type_r8 ... ok
[INFO] [stdout] test array::data_type::tests::data_type_invalid ... ok
[INFO] [stdout] test array::data_type::tests::data_type_raw_bits2 ... ok
[INFO] [stdout] test array::data_type::tests::data_type_raw_bits1 ... ok
[INFO] [stdout] test array::data_type::tests::data_type_float64 ... ok
[INFO] [stdout] test array::data_type::tests::data_type_raw_bits_failure1 ... ok
[INFO] [stdout] test array::data_type::tests::data_type_string ... ok
[INFO] [stdout] test array::data_type::tests::data_type_uint16 ... ok
[INFO] [stdout] test array::data_type::tests::data_type_uint32 ... ok
[INFO] [stdout] test array::data_type::tests::data_type_complex128 ... ok
[INFO] [stdout] test array::data_type::tests::data_type_uint64 ... ok
[INFO] [stdout] test array::data_type::tests::data_type_uint8 ... ok
[INFO] [stdout] test array::data_type::tests::data_type_unknown ... ok
[INFO] [stdout] test array::data_type::tests::data_type_unknown2 ... ok
[INFO] [stdout] test array::data_type::tests::fill_value_from_metadata_failure ... ok
[INFO] [stdout] test array::data_type::tests::float_fill_value ... ok
[INFO] [stdout] test array::data_type::tests::incompatible_fill_value_metadata ... ok
[INFO] [stdout] test array::data_type::tests::data_type_unknown3 ... ok
[INFO] [stdout] test array::data_type::tests::data_type_float32 ... ok
[INFO] [stdout] test array::data_type::tests::incompatible_fill_value ... ok
[INFO] [stdout] test array::fill_value::tests::fill_value_equals_complex64 ... ok
[INFO] [stdout] test array::data_type::tests::incompatible_raw_bits_metadata ... ok
[INFO] [stdout] test array::fill_value::tests::fill_value ... ok
[INFO] [stdout] test array::data_type::tests::data_type_unknown1 ... ok
[INFO] [stdout] test array::fill_value::tests::fill_value_equals_complex32 ... ok
[INFO] [stdout] test array::codec::array_to_bytes::sharding::tests::codec_sharding_round_trip1 ... ok
[INFO] [stdout] test array::array_sync_sharded_readable_ext::tests::array_sharded_ext_sharded ... ok
[INFO] [stdout] test array::fill_value::tests::fill_value_equals_u16 ... ok
[INFO] [stdout] test array::fill_value::tests::fill_value_equals_u32 ... ok
[INFO] [stdout] test array::fill_value::tests::fill_value_equals_u64 ... ok
[INFO] [stdout] test array::fill_value::tests::fill_value_equals_u8 ... ok
[INFO] [stdout] test array::tests::array_set_shape_and_attributes ... ok
[INFO] [stdout] test array::tests::test_array_metadata_write_read ... ok
[INFO] [stdout] test array::tests::array_subset_round_trip ... ok
[INFO] [stdout] test array_subset::iterators::indices_iterator::tests::indices_iterator_empty ... ok
[INFO] [stdout] test array_subset::iterators::linearised_indices_iterator::tests::linearised_indices_iterator_partial ... ok
[INFO] [stdout] test array_subset::iterators::linearised_indices_iterator::tests::linearised_indices_iterator_empty ... ok
[INFO] [stdout] test array_subset::iterators::linearised_indices_iterator::tests::linearised_indices_iterator_oob ... ok
[INFO] [stdout] test array_subset::iterators::tests::array_subset_iter_contiguous_indices2 ... ok
[INFO] [stdout] test array::codec::array_to_bytes::sharding::tests::codec_sharding_round_trip2 ... ok
[INFO] [stdout] test array_subset::iterators::tests::array_subset_iter_chunks1 ... ok
[INFO] [stdout] test array_subset::iterators::tests::array_subset_iter_contiguous_indices3 ... ok
[INFO] [stdout] test array_subset::iterators::tests::array_subset_iter_indices2 ... ok
[INFO] [stdout] test array_subset::iterators::tests::array_subset_iter_indices ... ok
[INFO] [stdout] test array_subset::iterators::tests::array_subset_iter_linearised_indices ... ok
[INFO] [stdout] test array_subset::iterators::tests::array_subset_iter_chunks2 ... ok
[INFO] [stdout] test array_subset::tests::array_subset ... ok
[INFO] [stdout] test array_subset::iterators::tests::array_subset_iter_contiguous_indices1 ... ok
[INFO] [stdout] test array_subset::iterators::indices_iterator::tests::indices_iterator_partial ... ok
[INFO] [stdout] test array_subset::iterators::tests::array_subset_par_iter_indices ... ok
[INFO] [stdout] test array::array_sync_sharded_readable_ext::tests::array_sharded_ext_impl_transpose_valid_inner_chunk_shape ... ok
[INFO] [stdout] test group::tests::group_invalid_path ... ok
[INFO] [stdout] test group::tests::group_metadata_invalid_additional_field ... ok
[INFO] [stdout] test config::tests::config_validate_checksums ... ok
[INFO] [stdout] test array_subset::iterators::tests::array_subset_iter_continuous_linearised_indices ... ok
[INFO] [stdout] test group::group_builder::tests::group_builder ... ok
[INFO] [stdout] test array_subset::tests::array_subset_bytes ... ok
[INFO] [stdout] test group::tests::group_implicit ... ok
[INFO] [stdout] test group::tests::group_invalid_metadata ... ok
[INFO] [stdout] test array_subset::iterators::tests::array_subset_par_iter_chunks ... ok
[INFO] [stdout] test group::tests::group_metadata_invalid_path ... ok
[INFO] [stdout] test group::tests::group_metadata_invalid_type ... ok
[INFO] [stdout] test group::tests::group_metadata_v3_invalid_format ... ok
[INFO] [stdout] test group::tests::group_metadata_v3_2 ... ok
[INFO] [stdout] test group::tests::group_metadata_write_read ... ok
[INFO] [stdout] test node::node_path::tests::node_path ... ok
[INFO] [stdout] test node::tests::node_invalid_child ... ok
[INFO] [stdout] test node::node_name::tests::node_name ... ok
[INFO] [stdout] test node::tests::node_implicit ... ok
[INFO] [stdout] test node::tests::node_array ... ok
[INFO] [stdout] test node::tests::node_metadata_group ... ok
[INFO] [stdout] test node::tests::node_metadata_array ... ok
[INFO] [stdout] test node::tests::node_invalid_metadata ... ok
[INFO] [stdout] test node::tests::node_invalid_path ... ok
[INFO] [stdout] test group::tests::group_metadata_v3_1 ... ok
[INFO] [stdout] test node::tests::node_root ... ok
[INFO] [stdout] test array::codec::bytes_to_bytes::blosc::tests::codec_blosc_invalid_typesize_with_shuffling - should panic ... ok
[INFO] [stdout] test array::tests::array_v2_blosc_c ... FAILED
[INFO] [stdout] test array::tests::array_v2_zstd_c ... FAILED
[INFO] [stdout] test array::tests::array_v2_gzip_c ... FAILED
[INFO] [stdout] test array::tests::array_v2_blosc_f ... FAILED
[INFO] [stdout] test array::codec::bytes_to_bytes::zstd::tests::codec_zstd_round_trip1 ... ok
[INFO] [stdout] test array::codec::bytes_to_bytes::zstd::tests::codec_zstd_partial_decode ... ok
[INFO] [stdout] 
[INFO] [stdout] failures:
[INFO] [stdout] 
[INFO] [stdout] ---- array::tests::array_v2_blosc_c stdout ----
[INFO] [stdout] thread 'array::tests::array_v2_blosc_c' panicked at src/array.rs:975:60:
[INFO] [stdout] called `Result::unwrap()` on an `Err` value: IOError(Os { code: 30, kind: ReadOnlyFilesystem, message: "Read-only file system" })
[INFO] [stdout] stack backtrace:
[INFO] [stdout]    0:     0x64c247f01f9a - std::backtrace_rs::backtrace::libunwind::trace::h207520d6e9873551
[INFO] [stdout]                                at /rustc/df4ca44d3fbc9301ee17f30f4d474e6ae4b05252/library/std/src/../../backtrace/src/backtrace/libunwind.rs:116:5
[INFO] [stdout]    1:     0x64c247f01f9a - std::backtrace_rs::backtrace::trace_unsynchronized::h2ed7433f370e3eca
[INFO] [stdout]                                at /rustc/df4ca44d3fbc9301ee17f30f4d474e6ae4b05252/library/std/src/../../backtrace/src/backtrace/mod.rs:66:5
[INFO] [stdout]    2:     0x64c247f01f9a - std::sys::backtrace::_print_fmt::h916fac51166b18d7
[INFO] [stdout]                                at /rustc/df4ca44d3fbc9301ee17f30f4d474e6ae4b05252/library/std/src/sys/backtrace.rs:66:9
[INFO] [stdout]    3:     0x64c247f01f9a - <std::sys::backtrace::BacktraceLock::print::DisplayBacktrace as core::fmt::Display>::fmt::ha0a4c9b8ce3802e6
[INFO] [stdout]                                at /rustc/df4ca44d3fbc9301ee17f30f4d474e6ae4b05252/library/std/src/sys/backtrace.rs:39:26
[INFO] [stdout]    4:     0x64c247f2ae93 - core::fmt::rt::Argument::fmt::h4cfc8587d52b3eb5
[INFO] [stdout]                                at /rustc/df4ca44d3fbc9301ee17f30f4d474e6ae4b05252/library/core/src/fmt/rt.rs:177:76
[INFO] [stdout]    5:     0x64c247f2ae93 - core::fmt::write::h522cc39e5b36ae9f
[INFO] [stdout]                                at /rustc/df4ca44d3fbc9301ee17f30f4d474e6ae4b05252/library/core/src/fmt/mod.rs:1190:21
[INFO] [stdout]    6:     0x64c247efe9f3 - std::io::Write::write_fmt::h7d3c26752da97734
[INFO] [stdout]                                at /rustc/df4ca44d3fbc9301ee17f30f4d474e6ae4b05252/library/std/src/io/mod.rs:1839:15
[INFO] [stdout]    7:     0x64c247f01de2 - std::sys::backtrace::BacktraceLock::print::h4b9e00b29e9c0942
[INFO] [stdout]                                at /rustc/df4ca44d3fbc9301ee17f30f4d474e6ae4b05252/library/std/src/sys/backtrace.rs:42:9
[INFO] [stdout]    8:     0x64c247f0342a - std::panicking::default_hook::{{closure}}::hb59b88280d0324d9
[INFO] [stdout]                                at /rustc/df4ca44d3fbc9301ee17f30f4d474e6ae4b05252/library/std/src/panicking.rs:268:22
[INFO] [stdout]    9:     0x64c247f03234 - std::panicking::default_hook::he1dd496665be4a29
[INFO] [stdout]                                at /rustc/df4ca44d3fbc9301ee17f30f4d474e6ae4b05252/library/std/src/panicking.rs:292:9
[INFO] [stdout]   10:     0x64c247b446c9 - <alloc::boxed::Box<F,A> as core::ops::function::Fn<Args>>::call::h4ff71de18744e1dc
[INFO] [stdout]                                at /rustc/df4ca44d3fbc9301ee17f30f4d474e6ae4b05252/library/alloc/src/boxed.rs:2468:9
[INFO] [stdout]   11:     0x64c247b446c9 - test::test_main::{{closure}}::hcf7c055ce117aa81
[INFO] [stdout]                                at /rustc/df4ca44d3fbc9301ee17f30f4d474e6ae4b05252/library/test/src/lib.rs:133:21
[INFO] [stdout]   12:     0x64c247f03b28 - <alloc::boxed::Box<F,A> as core::ops::function::Fn<Args>>::call::h1d66c6bbd60c9692
[INFO] [stdout]                                at /rustc/df4ca44d3fbc9301ee17f30f4d474e6ae4b05252/library/alloc/src/boxed.rs:2468:9
[INFO] [stdout]   13:     0x64c247f03b28 - std::panicking::rust_panic_with_hook::h2ff17fe8f26dfcf8
[INFO] [stdout]                                at /rustc/df4ca44d3fbc9301ee17f30f4d474e6ae4b05252/library/std/src/panicking.rs:809:13
[INFO] [stdout]   14:     0x64c247f038ea - std::panicking::begin_panic_handler::{{closure}}::h4fad77951c07e101
[INFO] [stdout]                                at /rustc/df4ca44d3fbc9301ee17f30f4d474e6ae4b05252/library/std/src/panicking.rs:674:13
[INFO] [stdout]   15:     0x64c247f02479 - std::sys::backtrace::__rust_end_short_backtrace::hb1a25b3da5d0ea08
[INFO] [stdout]                                at /rustc/df4ca44d3fbc9301ee17f30f4d474e6ae4b05252/library/std/src/sys/backtrace.rs:170:18
[INFO] [stdout]   16:     0x64c247f0357c - rust_begin_unwind
[INFO] [stdout]                                at /rustc/df4ca44d3fbc9301ee17f30f4d474e6ae4b05252/library/std/src/panicking.rs:665:5
[INFO] [stdout]   17:     0x64c247f28850 - core::panicking::panic_fmt::ha9db07b529f9b256
[INFO] [stdout]                                at /rustc/df4ca44d3fbc9301ee17f30f4d474e6ae4b05252/library/core/src/panicking.rs:75:14
[INFO] [stdout]   18:     0x64c247f28d36 - core::result::unwrap_failed::h5e8218e4d4338b8a
[INFO] [stdout]                                at /rustc/df4ca44d3fbc9301ee17f30f4d474e6ae4b05252/library/core/src/result.rs:1698:5
[INFO] [stdout]   19:     0x64c2476eace6 - core::result::Result<T,E>::unwrap::hb2feea4b41de1c9f
[INFO] [stdout]                                at /rustc/df4ca44d3fbc9301ee17f30f4d474e6ae4b05252/library/core/src/result.rs:1103:23
[INFO] [stdout]   20:     0x64c2476eace6 - zarrs::array::tests::array_v2_to_v3::hb38b42285dfd4b25
[INFO] [stdout]                                at /opt/rustwide/workdir/src/array.rs:975:30
[INFO] [stdout]   21:     0x64c2476f336e - zarrs::array::tests::array_v2_blosc_c::h837116aa35d3d89d
[INFO] [stdout]                                at /opt/rustwide/workdir/src/array.rs:1022:9
[INFO] [stdout]   22:     0x64c2476f3337 - zarrs::array::tests::array_v2_blosc_c::{{closure}}::h060eed9d3ef7d97a
[INFO] [stdout]                                at /opt/rustwide/workdir/src/array.rs:1021:26
[INFO] [stdout]   23:     0x64c247ab0146 - core::ops::function::FnOnce::call_once::h8b66275ff216cf27
[INFO] [stdout]                                at /rustc/df4ca44d3fbc9301ee17f30f4d474e6ae4b05252/library/core/src/ops/function.rs:250:5
[INFO] [stdout]   24:     0x64c247b48f9b - core::ops::function::FnOnce::call_once::h22c3ba5715e93f05
[INFO] [stdout]                                at /rustc/df4ca44d3fbc9301ee17f30f4d474e6ae4b05252/library/core/src/ops/function.rs:250:5
[INFO] [stdout]   25:     0x64c247b48f9b - test::__rust_begin_short_backtrace::h8e82d8113d0da17f
[INFO] [stdout]                                at /rustc/df4ca44d3fbc9301ee17f30f4d474e6ae4b05252/library/test/src/lib.rs:621:18
[INFO] [stdout]   26:     0x64c247b48917 - test::run_test_in_process::{{closure}}::h33235f4f20b7b7c7
[INFO] [stdout]                                at /rustc/df4ca44d3fbc9301ee17f30f4d474e6ae4b05252/library/test/src/lib.rs:644:60
[INFO] [stdout]   27:     0x64c247b48917 - <core::panic::unwind_safe::AssertUnwindSafe<F> as core::ops::function::FnOnce<()>>::call_once::hb5043206310c586f
[INFO] [stdout]                                at /rustc/df4ca44d3fbc9301ee17f30f4d474e6ae4b05252/library/core/src/panic/unwind_safe.rs:272:9
[INFO] [stdout]   28:     0x64c247b48917 - std::panicking::try::do_call::h9ad4731a60ab23e2
[INFO] [stdout]                                at /rustc/df4ca44d3fbc9301ee17f30f4d474e6ae4b05252/library/std/src/panicking.rs:557:40
[INFO] [stdout]   29:     0x64c247b48917 - std::panicking::try::h3824d23db772a716
[INFO] [stdout]                                at /rustc/df4ca44d3fbc9301ee17f30f4d474e6ae4b05252/library/std/src/panicking.rs:520:19
[INFO] [stdout]   30:     0x64c247b48917 - std::panic::catch_unwind::h5afd514605fde46b
[INFO] [stdout]                                at /rustc/df4ca44d3fbc9301ee17f30f4d474e6ae4b05252/library/std/src/panic.rs:358:14
[INFO] [stdout]   31:     0x64c247b48917 - test::run_test_in_process::h0d5cbfa7067d1720
[INFO] [stdout]                                at /rustc/df4ca44d3fbc9301ee17f30f4d474e6ae4b05252/library/test/src/lib.rs:644:27
[INFO] [stdout]   32:     0x64c247b48917 - test::run_test::{{closure}}::h708eb8872708115d
[INFO] [stdout]                                at /rustc/df4ca44d3fbc9301ee17f30f4d474e6ae4b05252/library/test/src/lib.rs:565:43
[INFO] [stdout]   33:     0x64c247b0c034 - test::run_test::{{closure}}::h392c51cee94713ab
[INFO] [stdout]                                at /rustc/df4ca44d3fbc9301ee17f30f4d474e6ae4b05252/library/test/src/lib.rs:595:41
[INFO] [stdout]   34:     0x64c247b0c034 - std::sys::backtrace::__rust_begin_short_backtrace::h2f40290710935a8b
[INFO] [stdout]                                at /rustc/df4ca44d3fbc9301ee17f30f4d474e6ae4b05252/library/std/src/sys/backtrace.rs:154:18
[INFO] [stdout]   35:     0x64c247b0f7de - std::thread::Builder::spawn_unchecked_::{{closure}}::{{closure}}::h3fd968d89053a903
[INFO] [stdout]                                at /rustc/df4ca44d3fbc9301ee17f30f4d474e6ae4b05252/library/std/src/thread/mod.rs:541:17
[INFO] [stdout]   36:     0x64c247b0f7de - <core::panic::unwind_safe::AssertUnwindSafe<F> as core::ops::function::FnOnce<()>>::call_once::h743f637ba4229880
[INFO] [stdout]                                at /rustc/df4ca44d3fbc9301ee17f30f4d474e6ae4b05252/library/core/src/panic/unwind_safe.rs:272:9
[INFO] [stdout]   37:     0x64c247b0f7de - std::panicking::try::do_call::h07440897322525a6
[INFO] [stdout]                                at /rustc/df4ca44d3fbc9301ee17f30f4d474e6ae4b05252/library/std/src/panicking.rs:557:40
[INFO] [stdout]   38:     0x64c247b0f7de - std::panicking::try::he5a2e00188156637
[INFO] [stdout]                                at /rustc/df4ca44d3fbc9301ee17f30f4d474e6ae4b05252/library/std/src/panicking.rs:520:19
[INFO] [stdout]   39:     0x64c247b0f7de - std::panic::catch_unwind::hbaf3cae49b3c6433
[INFO] [stdout]                                at /rustc/df4ca44d3fbc9301ee17f30f4d474e6ae4b05252/library/std/src/panic.rs:358:14
[INFO] [stdout]   40:     0x64c247b0f7de - std::thread::Builder::spawn_unchecked_::{{closure}}::h8e141ea224820bce
[INFO] [stdout]                                at /rustc/df4ca44d3fbc9301ee17f30f4d474e6ae4b05252/library/std/src/thread/mod.rs:540:30
[INFO] [stdout]   41:     0x64c247b0f7de - core::ops::function::FnOnce::call_once{{vtable.shim}}::h90d312fedd7b8ea8
[INFO] [stdout]                                at /rustc/df4ca44d3fbc9301ee17f30f4d474e6ae4b05252/library/core/src/ops/function.rs:250:5
[INFO] [stdout]   42:     0x64c247f0864b - <alloc::boxed::Box<F,A> as core::ops::function::FnOnce<Args>>::call_once::h69aa08ddb6adb8b6
[INFO] [stdout]                                at /rustc/df4ca44d3fbc9301ee17f30f4d474e6ae4b05252/library/alloc/src/boxed.rs:2454:9
[INFO] [stdout]   43:     0x64c247f0864b - <alloc::boxed::Box<F,A> as core::ops::function::FnOnce<Args>>::call_once::h5aa36efdb79c806f
[INFO] [stdout]                                at /rustc/df4ca44d3fbc9301ee17f30f4d474e6ae4b05252/library/alloc/src/boxed.rs:2454:9
[INFO] [stdout]   44:     0x64c247f0864b - std::sys::pal::unix::thread::Thread::new::thread_start::h6cd80a1b4be5158d
[INFO] [stdout]                                at /rustc/df4ca44d3fbc9301ee17f30f4d474e6ae4b05252/library/std/src/sys/pal/unix/thread.rs:105:17
[INFO] [stdout]   45:     0x778ec8101ac3 - <unknown>
[INFO] [stdout]   46:     0x778ec8192a04 - clone
[INFO] [stdout]   47:                0x0 - <unknown>
[INFO] [stdout] 
[INFO] [stdout] ---- array::tests::array_v2_zstd_c stdout ----
[INFO] [stdout] thread 'array::tests::array_v2_zstd_c' panicked at src/array.rs:975:60:
[INFO] [stdout] called `Result::unwrap()` on an `Err` value: IOError(Os { code: 30, kind: ReadOnlyFilesystem, message: "Read-only file system" })
[INFO] [stdout] stack backtrace:
[INFO] [stdout]    0:     0x64c247f01f9a - std::backtrace_rs::backtrace::libunwind::trace::h207520d6e9873551
[INFO] [stdout]                                at /rustc/df4ca44d3fbc9301ee17f30f4d474e6ae4b05252/library/std/src/../../backtrace/src/backtrace/libunwind.rs:116:5
[INFO] [stdout]    1:     0x64c247f01f9a - std::backtrace_rs::backtrace::trace_unsynchronized::h2ed7433f370e3eca
[INFO] [stdout]                                at /rustc/df4ca44d3fbc9301ee17f30f4d474e6ae4b05252/library/std/src/../../backtrace/src/backtrace/mod.rs:66:5
[INFO] [stdout]    2:     0x64c247f01f9a - std::sys::backtrace::_print_fmt::h916fac51166b18d7
[INFO] [stdout]                                at /rustc/df4ca44d3fbc9301ee17f30f4d474e6ae4b05252/library/std/src/sys/backtrace.rs:66:9
[INFO] [stdout]    3:     0x64c247f01f9a - <std::sys::backtrace::BacktraceLock::print::DisplayBacktrace as core::fmt::Display>::fmt::ha0a4c9b8ce3802e6
[INFO] [stdout]                                at /rustc/df4ca44d3fbc9301ee17f30f4d474e6ae4b05252/library/std/src/sys/backtrace.rs:39:26
[INFO] [stdout]    4:     0x64c247f2ae93 - core::fmt::rt::Argument::fmt::h4cfc8587d52b3eb5
[INFO] [stdout]                                at /rustc/df4ca44d3fbc9301ee17f30f4d474e6ae4b05252/library/core/src/fmt/rt.rs:177:76
[INFO] [stdout]    5:     0x64c247f2ae93 - core::fmt::write::h522cc39e5b36ae9f
[INFO] [stdout]                                at /rustc/df4ca44d3fbc9301ee17f30f4d474e6ae4b05252/library/core/src/fmt/mod.rs:1190:21
[INFO] [stdout]    6:     0x64c247efe9f3 - std::io::Write::write_fmt::h7d3c26752da97734
[INFO] [stdout]                                at /rustc/df4ca44d3fbc9301ee17f30f4d474e6ae4b05252/library/std/src/io/mod.rs:1839:15
[INFO] [stdout]    7:     0x64c247f01de2 - std::sys::backtrace::BacktraceLock::print::h4b9e00b29e9c0942
[INFO] [stdout]                                at /rustc/df4ca44d3fbc9301ee17f30f4d474e6ae4b05252/library/std/src/sys/backtrace.rs:42:9
[INFO] [stdout]    8:     0x64c247f0342a - std::panicking::default_hook::{{closure}}::hb59b88280d0324d9
[INFO] [stdout]                                at /rustc/df4ca44d3fbc9301ee17f30f4d474e6ae4b05252/library/std/src/panicking.rs:268:22
[INFO] [stdout]    9:     0x64c247f03234 - std::panicking::default_hook::he1dd496665be4a29
[INFO] [stdout]                                at /rustc/df4ca44d3fbc9301ee17f30f4d474e6ae4b05252/library/std/src/panicking.rs:292:9
[INFO] [stdout]   10:     0x64c247b446c9 - <alloc::boxed::Box<F,A> as core::ops::function::Fn<Args>>::call::h4ff71de18744e1dc
[INFO] [stdout]                                at /rustc/df4ca44d3fbc9301ee17f30f4d474e6ae4b05252/library/alloc/src/boxed.rs:2468:9
[INFO] [stdout]   11:     0x64c247b446c9 - test::test_main::{{closure}}::hcf7c055ce117aa81
[INFO] [stdout]                                at /rustc/df4ca44d3fbc9301ee17f30f4d474e6ae4b05252/library/test/src/lib.rs:133:21
[INFO] [stdout]   12:     0x64c247f03b28 - <alloc::boxed::Box<F,A> as core::ops::function::Fn<Args>>::call::h1d66c6bbd60c9692
[INFO] [stdout]                                at /rustc/df4ca44d3fbc9301ee17f30f4d474e6ae4b05252/library/alloc/src/boxed.rs:2468:9
[INFO] [stdout]   13:     0x64c247f03b28 - std::panicking::rust_panic_with_hook::h2ff17fe8f26dfcf8
[INFO] [stdout]                                at /rustc/df4ca44d3fbc9301ee17f30f4d474e6ae4b05252/library/std/src/panicking.rs:809:13
[INFO] [stdout]   14:     0x64c247f038ea - std::panicking::begin_panic_handler::{{closure}}::h4fad77951c07e101
[INFO] [stdout]                                at /rustc/df4ca44d3fbc9301ee17f30f4d474e6ae4b05252/library/std/src/panicking.rs:674:13
[INFO] [stdout]   15:     0x64c247f02479 - std::sys::backtrace::__rust_end_short_backtrace::hb1a25b3da5d0ea08
[INFO] [stdout]                                at /rustc/df4ca44d3fbc9301ee17f30f4d474e6ae4b05252/library/std/src/sys/backtrace.rs:170:18
[INFO] [stdout]   16:     0x64c247f0357c - rust_begin_unwind
[INFO] [stdout]                                at /rustc/df4ca44d3fbc9301ee17f30f4d474e6ae4b05252/library/std/src/panicking.rs:665:5
[INFO] [stdout]   17:     0x64c247f28850 - core::panicking::panic_fmt::ha9db07b529f9b256
[INFO] [stdout]                                at /rustc/df4ca44d3fbc9301ee17f30f4d474e6ae4b05252/library/core/src/panicking.rs:75:14
[INFO] [stdout]   18:     0x64c247f28d36 - core::result::unwrap_failed::h5e8218e4d4338b8a
[INFO] [stdout]                                at /rustc/df4ca44d3fbc9301ee17f30f4d474e6ae4b05252/library/core/src/result.rs:1698:5
[INFO] [stdout]   19:     0x64c2476eace6 - core::result::Result<T,E>::unwrap::hb2feea4b41de1c9f
[INFO] [stdout]                                at /rustc/df4ca44d3fbc9301ee17f30f4d474e6ae4b05252/library/core/src/result.rs:1103:23
[INFO] [stdout]   20:     0x64c2476eace6 - zarrs::array::tests::array_v2_to_v3::hb38b42285dfd4b25
[INFO] [stdout]                                at /opt/rustwide/workdir/src/array.rs:975:30
[INFO] [stdout]   21:     0x64c2476f345e - zarrs::array::tests::array_v2_zstd_c::h42f2f4261253314b
[INFO] [stdout]                                at /opt/rustwide/workdir/src/array.rs:1067:9
[INFO] [stdout]   22:     0x64c2476f3427 - zarrs::array::tests::array_v2_zstd_c::{{closure}}::h680f999812c38753
[INFO] [stdout]                                at /opt/rustwide/workdir/src/array.rs:1066:25
[INFO] [stdout]   23:     0x64c247aaeff6 - core::ops::function::FnOnce::call_once::h4ad0c8b7a22a4e4c
[INFO] [stdout]                                at /rustc/df4ca44d3fbc9301ee17f30f4d474e6ae4b05252/library/core/src/ops/function.rs:250:5
[INFO] [stdout]   24:     0x64c247b48f9b - core::ops::function::FnOnce::call_once::h22c3ba5715e93f05
[INFO] [stdout]                                at /rustc/df4ca44d3fbc9301ee17f30f4d474e6ae4b05252/library/core/src/ops/function.rs:250:5
[INFO] [stdout]   25:     0x64c247b48f9b - test::__rust_begin_short_backtrace::h8e82d8113d0da17f
[INFO] [stdout]                                at /rustc/df4ca44d3fbc9301ee17f30f4d474e6ae4b05252/library/test/src/lib.rs:621:18
[INFO] [stdout]   26:     0x64c247b48917 - test::run_test_in_process::{{closure}}::h33235f4f20b7b7c7
[INFO] [stdout]                                at /rustc/df4ca44d3fbc9301ee17f30f4d474e6ae4b05252/library/test/src/lib.rs:644:60
[INFO] [stdout]   27:     0x64c247b48917 - <core::panic::unwind_safe::AssertUnwindSafe<F> as core::ops::function::FnOnce<()>>::call_once::hb5043206310c586f
[INFO] [stdout]                                at /rustc/df4ca44d3fbc9301ee17f30f4d474e6ae4b05252/library/core/src/panic/unwind_safe.rs:272:9
[INFO] [stdout]   28:     0x64c247b48917 - std::panicking::try::do_call::h9ad4731a60ab23e2
[INFO] [stdout]                                at /rustc/df4ca44d3fbc9301ee17f30f4d474e6ae4b05252/library/std/src/panicking.rs:557:40
[INFO] [stdout]   29:     0x64c247b48917 - std::panicking::try::h3824d23db772a716
[INFO] [stdout]                                at /rustc/df4ca44d3fbc9301ee17f30f4d474e6ae4b05252/library/std/src/panicking.rs:520:19
[INFO] [stdout]   30:     0x64c247b48917 - std::panic::catch_unwind::h5afd514605fde46b
[INFO] [stdout]                                at /rustc/df4ca44d3fbc9301ee17f30f4d474e6ae4b05252/library/std/src/panic.rs:358:14
[INFO] [stdout]   31:     0x64c247b48917 - test::run_test_in_process::h0d5cbfa7067d1720
[INFO] [stdout]                                at /rustc/df4ca44d3fbc9301ee17f30f4d474e6ae4b05252/library/test/src/lib.rs:644:27
[INFO] [stdout]   32:     0x64c247b48917 - test::run_test::{{closure}}::h708eb8872708115d
[INFO] [stdout]                                at /rustc/df4ca44d3fbc9301ee17f30f4d474e6ae4b05252/library/test/src/lib.rs:565:43
[INFO] [stdout]   33:     0x64c247b0c034 - test::run_test::{{closure}}::h392c51cee94713ab
[INFO] [stdout]                                at /rustc/df4ca44d3fbc9301ee17f30f4d474e6ae4b05252/library/test/src/lib.rs:595:41
[INFO] [stdout]   34:     0x64c247b0c034 - std::sys::backtrace::__rust_begin_short_backtrace::h2f40290710935a8b
[INFO] [stdout]                                at /rustc/df4ca44d3fbc9301ee17f30f4d474e6ae4b05252/library/std/src/sys/backtrace.rs:154:18
[INFO] [stdout]   35:     0x64c247b0f7de - std::thread::Builder::spawn_unchecked_::{{closure}}::{{closure}}::h3fd968d89053a903
[INFO] [stdout]                                at /rustc/df4ca44d3fbc9301ee17f30f4d474e6ae4b05252/library/std/src/thread/mod.rs:541:17
[INFO] [stdout]   36:     0x64c247b0f7de - <core::panic::unwind_safe::AssertUnwindSafe<F> as core::ops::function::FnOnce<()>>::call_once::h743f637ba4229880
[INFO] [stdout]                                at /rustc/df4ca44d3fbc9301ee17f30f4d474e6ae4b05252/library/core/src/panic/unwind_safe.rs:272:9
[INFO] [stdout]   37:     0x64c247b0f7de - std::panicking::try::do_call::h07440897322525a6
[INFO] [stdout]                                at /rustc/df4ca44d3fbc9301ee17f30f4d474e6ae4b05252/library/std/src/panicking.rs:557:40
[INFO] [stdout]   38:     0x64c247b0f7de - std::panicking::try::he5a2e00188156637
[INFO] [stdout]                                at /rustc/df4ca44d3fbc9301ee17f30f4d474e6ae4b05252/library/std/src/panicking.rs:520:19
[INFO] [stdout]   39:     0x64c247b0f7de - std::panic::catch_unwind::hbaf3cae49b3c6433
[INFO] [stdout]                                at /rustc/df4ca44d3fbc9301ee17f30f4d474e6ae4b05252/library/std/src/panic.rs:358:14
[INFO] [stdout]   40:     0x64c247b0f7de - std::thread::Builder::spawn_unchecked_::{{closure}}::h8e141ea224820bce
[INFO] [stdout]                                at /rustc/df4ca44d3fbc9301ee17f30f4d474e6ae4b05252/library/std/src/thread/mod.rs:540:30
[INFO] [stdout]   41:     0x64c247b0f7de - core::ops::function::FnOnce::call_once{{vtable.shim}}::h90d312fedd7b8ea8
[INFO] [stdout]                                at /rustc/df4ca44d3fbc9301ee17f30f4d474e6ae4b05252/library/core/src/ops/function.rs:250:5
[INFO] [stdout]   42:     0x64c247f0864b - <alloc::boxed::Box<F,A> as core::ops::function::FnOnce<Args>>::call_once::h69aa08ddb6adb8b6
[INFO] [stdout]                                at /rustc/df4ca44d3fbc9301ee17f30f4d474e6ae4b05252/library/alloc/src/boxed.rs:2454:9
[INFO] [stdout]   43:     0x64c247f0864b - <alloc::boxed::Box<F,A> as core::ops::function::FnOnce<Args>>::call_once::h5aa36efdb79c806f
[INFO] [stdout]                                at /rustc/df4ca44d3fbc9301ee17f30f4d474e6ae4b05252/library/alloc/src/boxed.rs:2454:9
[INFO] [stdout]   44:     0x64c247f0864b - std::sys::pal::unix::thread::Thread::new::thread_start::h6cd80a1b4be5158d
[INFO] [stdout]                                at /rustc/df4ca44d3fbc9301ee17f30f4d474e6ae4b05252/library/std/src/sys/pal/unix/thread.rs:105:17
[INFO] [stdout]   45:     0x778ec8101ac3 - <unknown>
[INFO] [stdout]   46:     0x778ec8192a04 - clone
[INFO] [stdout]   47:                0x0 - <unknown>
[INFO] [stdout] 
[INFO] [stdout] ---- array::tests::array_v2_gzip_c stdout ----
[INFO] [stdout] thread 'array::tests::array_v2_gzip_c' panicked at src/array.rs:975:60:
[INFO] [stdout] called `Result::unwrap()` on an `Err` value: IOError(Os { code: 30, kind: ReadOnlyFilesystem, message: "Read-only file system" })
[INFO] [stdout] stack backtrace:
[INFO] [stdout]    0:     0x64c247f01f9a - std::backtrace_rs::backtrace::libunwind::trace::h207520d6e9873551
[INFO] [stdout]                                at /rustc/df4ca44d3fbc9301ee17f30f4d474e6ae4b05252/library/std/src/../../backtrace/src/backtrace/libunwind.rs:116:5
[INFO] [stdout]    1:     0x64c247f01f9a - std::backtrace_rs::backtrace::trace_unsynchronized::h2ed7433f370e3eca
[INFO] [stdout]                                at /rustc/df4ca44d3fbc9301ee17f30f4d474e6ae4b05252/library/std/src/../../backtrace/src/backtrace/mod.rs:66:5
[INFO] [stdout]    2:     0x64c247f01f9a - std::sys::backtrace::_print_fmt::h916fac51166b18d7
[INFO] [stdout]                                at /rustc/df4ca44d3fbc9301ee17f30f4d474e6ae4b05252/library/std/src/sys/backtrace.rs:66:9
[INFO] [stdout]    3:     0x64c247f01f9a - <std::sys::backtrace::BacktraceLock::print::DisplayBacktrace as core::fmt::Display>::fmt::ha0a4c9b8ce3802e6
[INFO] [stdout]                                at /rustc/df4ca44d3fbc9301ee17f30f4d474e6ae4b05252/library/std/src/sys/backtrace.rs:39:26
[INFO] [stdout]    4:     0x64c247f2ae93 - core::fmt::rt::Argument::fmt::h4cfc8587d52b3eb5
[INFO] [stdout]                                at /rustc/df4ca44d3fbc9301ee17f30f4d474e6ae4b05252/library/core/src/fmt/rt.rs:177:76
[INFO] [stdout]    5:     0x64c247f2ae93 - core::fmt::write::h522cc39e5b36ae9f
[INFO] [stdout]                                at /rustc/df4ca44d3fbc9301ee17f30f4d474e6ae4b05252/library/core/src/fmt/mod.rs:1190:21
[INFO] [stdout]    6:     0x64c247efe9f3 - std::io::Write::write_fmt::h7d3c26752da97734
[INFO] [stdout]                                at /rustc/df4ca44d3fbc9301ee17f30f4d474e6ae4b05252/library/std/src/io/mod.rs:1839:15
[INFO] [stdout]    7:     0x64c247f01de2 - std::sys::backtrace::BacktraceLock::print::h4b9e00b29e9c0942
[INFO] [stdout]                                at /rustc/df4ca44d3fbc9301ee17f30f4d474e6ae4b05252/library/std/src/sys/backtrace.rs:42:9
[INFO] [stdout]    8:     0x64c247f0342a - std::panicking::default_hook::{{closure}}::hb59b88280d0324d9
[INFO] [stdout]                                at /rustc/df4ca44d3fbc9301ee17f30f4d474e6ae4b05252/library/std/src/panicking.rs:268:22
[INFO] [stdout]    9:     0x64c247f03234 - std::panicking::default_hook::he1dd496665be4a29
[INFO] [stdout]                                at /rustc/df4ca44d3fbc9301ee17f30f4d474e6ae4b05252/library/std/src/panicking.rs:292:9
[INFO] [stdout]   10:     0x64c247b446c9 - <alloc::boxed::Box<F,A> as core::ops::function::Fn<Args>>::call::h4ff71de18744e1dc
[INFO] [stdout]                                at /rustc/df4ca44d3fbc9301ee17f30f4d474e6ae4b05252/library/alloc/src/boxed.rs:2468:9
[INFO] [stdout]   11:     0x64c247b446c9 - test::test_main::{{closure}}::hcf7c055ce117aa81
[INFO] [stdout]                                at /rustc/df4ca44d3fbc9301ee17f30f4d474e6ae4b05252/library/test/src/lib.rs:133:21
[INFO] [stdout]   12:     0x64c247f03b28 - <alloc::boxed::Box<F,A> as core::ops::function::Fn<Args>>::call::h1d66c6bbd60c9692
[INFO] [stdout]                                at /rustc/df4ca44d3fbc9301ee17f30f4d474e6ae4b05252/library/alloc/src/boxed.rs:2468:9
[INFO] [stdout]   13:     0x64c247f03b28 - std::panicking::rust_panic_with_hook::h2ff17fe8f26dfcf8
[INFO] [stdout]                                at /rustc/df4ca44d3fbc9301ee17f30f4d474e6ae4b05252/library/std/src/panicking.rs:809:13
[INFO] [stdout]   14:     0x64c247f038ea - std::panicking::begin_panic_handler::{{closure}}::h4fad77951c07e101
[INFO] [stdout]                                at /rustc/df4ca44d3fbc9301ee17f30f4d474e6ae4b05252/library/std/src/panicking.rs:674:13
[INFO] [stdout]   15:     0x64c247f02479 - std::sys::backtrace::__rust_end_short_backtrace::hb1a25b3da5d0ea08
[INFO] [stdout]                                at /rustc/df4ca44d3fbc9301ee17f30f4d474e6ae4b05252/library/std/src/sys/backtrace.rs:170:18
[INFO] [stdout]   16:     0x64c247f0357c - rust_begin_unwind
[INFO] [stdout]                                at /rustc/df4ca44d3fbc9301ee17f30f4d474e6ae4b05252/library/std/src/panicking.rs:665:5
[INFO] [stdout]   17:     0x64c247f28850 - core::panicking::panic_fmt::ha9db07b529f9b256
[INFO] [stdout]                                at /rustc/df4ca44d3fbc9301ee17f30f4d474e6ae4b05252/library/core/src/panicking.rs:75:14
[INFO] [stdout]   18:     0x64c247f28d36 - core::result::unwrap_failed::h5e8218e4d4338b8a
[INFO] [stdout]                                at /rustc/df4ca44d3fbc9301ee17f30f4d474e6ae4b05252/library/core/src/result.rs:1698:5
[INFO] [stdout]   19:     0x64c2476eace6 - core::result::Result<T,E>::unwrap::hb2feea4b41de1c9f
[INFO] [stdout]                                at /rustc/df4ca44d3fbc9301ee17f30f4d474e6ae4b05252/library/core/src/result.rs:1103:23
[INFO] [stdout]   20:     0x64c2476eace6 - zarrs::array::tests::array_v2_to_v3::hb38b42285dfd4b25
[INFO] [stdout]                                at /opt/rustwide/workdir/src/array.rs:975:30
[INFO] [stdout]   21:     0x64c2476f340e - zarrs::array::tests::array_v2_gzip_c::hd9d14bf9a67f3412
[INFO] [stdout]                                at /opt/rustwide/workdir/src/array.rs:1040:9
[INFO] [stdout]   22:     0x64c2476f33d7 - zarrs::array::tests::array_v2_gzip_c::{{closure}}::h675d45cf7f60e0d6
[INFO] [stdout]                                at /opt/rustwide/workdir/src/array.rs:1039:25
[INFO] [stdout]   23:     0x64c247ab0356 - core::ops::function::FnOnce::call_once::h9349827a645d4fd2
[INFO] [stdout]                                at /rustc/df4ca44d3fbc9301ee17f30f4d474e6ae4b05252/library/core/src/ops/function.rs:250:5
[INFO] [stdout]   24:     0x64c247b48f9b - core::ops::function::FnOnce::call_once::h22c3ba5715e93f05
[INFO] [stdout]                                at /rustc/df4ca44d3fbc9301ee17f30f4d474e6ae4b05252/library/core/src/ops/function.rs:250:5
[INFO] [stdout]   25:     0x64c247b48f9b - test::__rust_begin_short_backtrace::h8e82d8113d0da17f
[INFO] [stdout]                                at /rustc/df4ca44d3fbc9301ee17f30f4d474e6ae4b05252/library/test/src/lib.rs:621:18
[INFO] [stdout]   26:     0x64c247b48917 - test::run_test_in_process::{{closure}}::h33235f4f20b7b7c7
[INFO] [stdout]                                at /rustc/df4ca44d3fbc9301ee17f30f4d474e6ae4b05252/library/test/src/lib.rs:644:60
[INFO] [stdout]   27:     0x64c247b48917 - <core::panic::unwind_safe::AssertUnwindSafe<F> as core::ops::function::FnOnce<()>>::call_once::hb5043206310c586f
[INFO] [stdout]                                at /rustc/df4ca44d3fbc9301ee17f30f4d474e6ae4b05252/library/core/src/panic/unwind_safe.rs:272:9
[INFO] [stdout]   28:     0x64c247b48917 - std::panicking::try::do_call::h9ad4731a60ab23e2
[INFO] [stdout]                                at /rustc/df4ca44d3fbc9301ee17f30f4d474e6ae4b05252/library/std/src/panicking.rs:557:40
[INFO] [stdout]   29:     0x64c247b48917 - std::panicking::try::h3824d23db772a716
[INFO] [stdout]                                at /rustc/df4ca44d3fbc9301ee17f30f4d474e6ae4b05252/library/std/src/panicking.rs:520:19
[INFO] [stdout]   30:     0x64c247b48917 - std::panic::catch_unwind::h5afd514605fde46b
[INFO] [stdout]                                at /rustc/df4ca44d3fbc9301ee17f30f4d474e6ae4b05252/library/std/src/panic.rs:358:14
[INFO] [stdout]   31:     0x64c247b48917 - test::run_test_in_process::h0d5cbfa7067d1720
[INFO] [stdout]                                at /rustc/df4ca44d3fbc9301ee17f30f4d474e6ae4b05252/library/test/src/lib.rs:644:27
[INFO] [stdout]   32:     0x64c247b48917 - test::run_test::{{closure}}::h708eb8872708115d
[INFO] [stdout]                                at /rustc/df4ca44d3fbc9301ee17f30f4d474e6ae4b05252/library/test/src/lib.rs:565:43
[INFO] [stdout]   33:     0x64c247b0c034 - test::run_test::{{closure}}::h392c51cee94713ab
[INFO] [stdout]                                at /rustc/df4ca44d3fbc9301ee17f30f4d474e6ae4b05252/library/test/src/lib.rs:595:41
[INFO] [stdout]   34:     0x64c247b0c034 - std::sys::backtrace::__rust_begin_short_backtrace::h2f40290710935a8b
[INFO] [stdout]                                at /rustc/df4ca44d3fbc9301ee17f30f4d474e6ae4b05252/library/std/src/sys/backtrace.rs:154:18
[INFO] [stdout]   35:     0x64c247b0f7de - std::thread::Builder::spawn_unchecked_::{{closure}}::{{closure}}::h3fd968d89053a903
[INFO] [stdout]                                at /rustc/df4ca44d3fbc9301ee17f30f4d474e6ae4b05252/library/std/src/thread/mod.rs:541:17
[INFO] [stdout]   36:     0x64c247b0f7de - <core::panic::unwind_safe::AssertUnwindSafe<F> as core::ops::function::FnOnce<()>>::call_once::h743f637ba4229880
[INFO] [stdout]                                at /rustc/df4ca44d3fbc9301ee17f30f4d474e6ae4b05252/library/core/src/panic/unwind_safe.rs:272:9
[INFO] [stdout]   37:     0x64c247b0f7de - std::panicking::try::do_call::h07440897322525a6
[INFO] [stdout]                                at /rustc/df4ca44d3fbc9301ee17f30f4d474e6ae4b05252/library/std/src/panicking.rs:557:40
[INFO] [stdout]   38:     0x64c247b0f7de - std::panicking::try::he5a2e00188156637
[INFO] [stdout]                                at /rustc/df4ca44d3fbc9301ee17f30f4d474e6ae4b05252/library/std/src/panicking.rs:520:19
[INFO] [stdout]   39:     0x64c247b0f7de - std::panic::catch_unwind::hbaf3cae49b3c6433
[INFO] [stdout]                                at /rustc/df4ca44d3fbc9301ee17f30f4d474e6ae4b05252/library/std/src/panic.rs:358:14
[INFO] [stdout]   40:     0x64c247b0f7de - std::thread::Builder::spawn_unchecked_::{{closure}}::h8e141ea224820bce
[INFO] [stdout]                                at /rustc/df4ca44d3fbc9301ee17f30f4d474e6ae4b05252/library/std/src/thread/mod.rs:540:30
[INFO] [stdout]   41:     0x64c247b0f7de - core::ops::function::FnOnce::call_once{{vtable.shim}}::h90d312fedd7b8ea8
[INFO] [stdout]                                at /rustc/df4ca44d3fbc9301ee17f30f4d474e6ae4b05252/library/core/src/ops/function.rs:250:5
[INFO] [stdout]   42:     0x64c247f0864b - <alloc::boxed::Box<F,A> as core::ops::function::FnOnce<Args>>::call_once::h69aa08ddb6adb8b6
[INFO] [stdout]                                at /rustc/df4ca44d3fbc9301ee17f30f4d474e6ae4b05252/library/alloc/src/boxed.rs:2454:9
[INFO] [stdout]   43:     0x64c247f0864b - <alloc::boxed::Box<F,A> as core::ops::function::FnOnce<Args>>::call_once::h5aa36efdb79c806f
[INFO] [stdout]                                at /rustc/df4ca44d3fbc9301ee17f30f4d474e6ae4b05252/library/alloc/src/boxed.rs:2454:9
[INFO] [stdout]   44:     0x64c247f0864b - std::sys::pal::unix::thread::Thread::new::thread_start::h6cd80a1b4be5158d
[INFO] [stdout]                                at /rustc/df4ca44d3fbc9301ee17f30f4d474e6ae4b05252/library/std/src/sys/pal/unix/thread.rs:105:17
[INFO] [stdout]   45:     0x778ec8101ac3 - <unknown>
[INFO] [stdout]   46:     0x778ec8192a04 - clone
[INFO] [stdout]   47:                0x0 - <unknown>
[INFO] [stdout] 
[INFO] [stdout] ---- array::tests::array_v2_blosc_f stdout ----
[INFO] [stdout] thread 'array::tests::array_v2_blosc_f' panicked at src/array.rs:975:60:
[INFO] [stdout] called `Result::unwrap()` on an `Err` value: IOError(Os { code: 30, kind: ReadOnlyFilesystem, message: "Read-only file system" })
[INFO] [stdout] stack backtrace:
[INFO] [stdout]    0:     0x64c247f01f9a - std::backtrace_rs::backtrace::libunwind::trace::h207520d6e9873551
[INFO] [stdout]                                at /rustc/df4ca44d3fbc9301ee17f30f4d474e6ae4b05252/library/std/src/../../backtrace/src/backtrace/libunwind.rs:116:5
[INFO] [stdout]    1:     0x64c247f01f9a - std::backtrace_rs::backtrace::trace_unsynchronized::h2ed7433f370e3eca
[INFO] [stdout]                                at /rustc/df4ca44d3fbc9301ee17f30f4d474e6ae4b05252/library/std/src/../../backtrace/src/backtrace/mod.rs:66:5
[INFO] [stdout]    2:     0x64c247f01f9a - std::sys::backtrace::_print_fmt::h916fac51166b18d7
[INFO] [stdout]                                at /rustc/df4ca44d3fbc9301ee17f30f4d474e6ae4b05252/library/std/src/sys/backtrace.rs:66:9
[INFO] [stdout]    3:     0x64c247f01f9a - <std::sys::backtrace::BacktraceLock::print::DisplayBacktrace as core::fmt::Display>::fmt::ha0a4c9b8ce3802e6
[INFO] [stdout]                                at /rustc/df4ca44d3fbc9301ee17f30f4d474e6ae4b05252/library/std/src/sys/backtrace.rs:39:26
[INFO] [stdout]    4:     0x64c247f2ae93 - core::fmt::rt::Argument::fmt::h4cfc8587d52b3eb5
[INFO] [stdout]                                at /rustc/df4ca44d3fbc9301ee17f30f4d474e6ae4b05252/library/core/src/fmt/rt.rs:177:76
[INFO] [stdout]    5:     0x64c247f2ae93 - core::fmt::write::h522cc39e5b36ae9f
[INFO] [stdout]                                at /rustc/df4ca44d3fbc9301ee17f30f4d474e6ae4b05252/library/core/src/fmt/mod.rs:1190:21
[INFO] [stdout]    6:     0x64c247efe9f3 - std::io::Write::write_fmt::h7d3c26752da97734
[INFO] [stdout]                                at /rustc/df4ca44d3fbc9301ee17f30f4d474e6ae4b05252/library/std/src/io/mod.rs:1839:15
[INFO] [stdout]    7:     0x64c247f01de2 - std::sys::backtrace::BacktraceLock::print::h4b9e00b29e9c0942
[INFO] [stdout]                                at /rustc/df4ca44d3fbc9301ee17f30f4d474e6ae4b05252/library/std/src/sys/backtrace.rs:42:9
[INFO] [stdout]    8:     0x64c247f0342a - std::panicking::default_hook::{{closure}}::hb59b88280d0324d9
[INFO] [stdout]                                at /rustc/df4ca44d3fbc9301ee17f30f4d474e6ae4b05252/library/std/src/panicking.rs:268:22
[INFO] [stdout]    9:     0x64c247f03234 - std::panicking::default_hook::he1dd496665be4a29
[INFO] [stdout]                                at /rustc/df4ca44d3fbc9301ee17f30f4d474e6ae4b05252/library/std/src/panicking.rs:292:9
[INFO] [stdout]   10:     0x64c247b446c9 - <alloc::boxed::Box<F,A> as core::ops::function::Fn<Args>>::call::h4ff71de18744e1dc
[INFO] [stdout]                                at /rustc/df4ca44d3fbc9301ee17f30f4d474e6ae4b05252/library/alloc/src/boxed.rs:2468:9
[INFO] [stdout]   11:     0x64c247b446c9 - test::test_main::{{closure}}::hcf7c055ce117aa81
[INFO] [stdout]                                at /rustc/df4ca44d3fbc9301ee17f30f4d474e6ae4b05252/library/test/src/lib.rs:133:21
[INFO] [stdout]   12:     0x64c247f03b28 - <alloc::boxed::Box<F,A> as core::ops::function::Fn<Args>>::call::h1d66c6bbd60c9692
[INFO] [stdout]                                at /rustc/df4ca44d3fbc9301ee17f30f4d474e6ae4b05252/library/alloc/src/boxed.rs:2468:9
[INFO] [stdout]   13:     0x64c247f03b28 - std::panicking::rust_panic_with_hook::h2ff17fe8f26dfcf8
[INFO] [stdout]                                at /rustc/df4ca44d3fbc9301ee17f30f4d474e6ae4b05252/library/std/src/panicking.rs:809:13
[INFO] [stdout]   14:     0x64c247f038ea - std::panicking::begin_panic_handler::{{closure}}::h4fad77951c07e101
[INFO] [stdout]                                at /rustc/df4ca44d3fbc9301ee17f30f4d474e6ae4b05252/library/std/src/panicking.rs:674:13
[INFO] [stdout]   15:     0x64c247f02479 - std::sys::backtrace::__rust_end_short_backtrace::hb1a25b3da5d0ea08
[INFO] [stdout]                                at /rustc/df4ca44d3fbc9301ee17f30f4d474e6ae4b05252/library/std/src/sys/backtrace.rs:170:18
[INFO] [stdout]   16:     0x64c247f0357c - rust_begin_unwind
[INFO] [stdout]                                at /rustc/df4ca44d3fbc9301ee17f30f4d474e6ae4b05252/library/std/src/panicking.rs:665:5
[INFO] [stdout]   17:     0x64c247f28850 - core::panicking::panic_fmt::ha9db07b529f9b256
[INFO] [stdout]                                at /rustc/df4ca44d3fbc9301ee17f30f4d474e6ae4b05252/library/core/src/panicking.rs:75:14
[INFO] [stdout]   18:     0x64c247f28d36 - core::result::unwrap_failed::h5e8218e4d4338b8a
[INFO] [stdout]                                at /rustc/df4ca44d3fbc9301ee17f30f4d474e6ae4b05252/library/core/src/result.rs:1698:5
[INFO] [stdout]   19:     0x64c2476eace6 - core::result::Result<T,E>::unwrap::hb2feea4b41de1c9f
[INFO] [stdout]                                at /rustc/df4ca44d3fbc9301ee17f30f4d474e6ae4b05252/library/core/src/result.rs:1103:23
[INFO] [stdout]   20:     0x64c2476eace6 - zarrs::array::tests::array_v2_to_v3::hb38b42285dfd4b25
[INFO] [stdout]                                at /opt/rustwide/workdir/src/array.rs:975:30
[INFO] [stdout]   21:     0x64c2476f33be - zarrs::array::tests::array_v2_blosc_f::hcb127847a0d2c6d7
[INFO] [stdout]                                at /opt/rustwide/workdir/src/array.rs:1031:9
[INFO] [stdout]   22:     0x64c2476f3387 - zarrs::array::tests::array_v2_blosc_f::{{closure}}::h93cd17af1fe68778
[INFO] [stdout]                                at /opt/rustwide/workdir/src/array.rs:1030:26
[INFO] [stdout]   23:     0x64c247aafab6 - core::ops::function::FnOnce::call_once::h6b822e2954e488e8
[INFO] [stdout]                                at /rustc/df4ca44d3fbc9301ee17f30f4d474e6ae4b05252/library/core/src/ops/function.rs:250:5
[INFO] [stdout]   24:     0x64c247b48f9b - core::ops::function::FnOnce::call_once::h22c3ba5715e93f05
[INFO] [stdout]                                at /rustc/df4ca44d3fbc9301ee17f30f4d474e6ae4b05252/library/core/src/ops/function.rs:250:5
[INFO] [stdout]   25:     0x64c247b48f9b - test::__rust_begin_short_backtrace::h8e82d8113d0da17f
[INFO] [stdout]                                at /rustc/df4ca44d3fbc9301ee17f30f4d474e6ae4b05252/library/test/src/lib.rs:621:18
[INFO] [stdout]   26:     0x64c247b48917 - test::run_test_in_process::{{closure}}::h33235f4f20b7b7c7
[INFO] [stdout]                                at /rustc/df4ca44d3fbc9301ee17f30f4d474e6ae4b05252/library/test/src/lib.rs:644:60
[INFO] [stdout]   27:     0x64c247b48917 - <core::panic::unwind_safe::AssertUnwindSafe<F> as core::ops::function::FnOnce<()>>::call_once::hb5043206310c586f
[INFO] [stdout]                                at /rustc/df4ca44d3fbc9301ee17f30f4d474e6ae4b05252/library/core/src/panic/unwind_safe.rs:272:9
[INFO] [stdout]   28:     0x64c247b48917 - std::panicking::try::do_call::h9ad4731a60ab23e2
[INFO] [stdout]                                at /rustc/df4ca44d3fbc9301ee17f30f4d474e6ae4b05252/library/std/src/panicking.rs:557:40
[INFO] [stdout]   29:     0x64c247b48917 - std::panicking::try::h3824d23db772a716
[INFO] [stdout]                                at /rustc/df4ca44d3fbc9301ee17f30f4d474e6ae4b05252/library/std/src/panicking.rs:520:19
[INFO] [stdout]   30:     0x64c247b48917 - std::panic::catch_unwind::h5afd514605fde46b
[INFO] [stdout]                                at /rustc/df4ca44d3fbc9301ee17f30f4d474e6ae4b05252/library/std/src/panic.rs:358:14
[INFO] [stdout]   31:     0x64c247b48917 - test::run_test_in_process::h0d5cbfa7067d1720
[INFO] [stdout]                                at /rustc/df4ca44d3fbc9301ee17f30f4d474e6ae4b05252/library/test/src/lib.rs:644:27
[INFO] [stdout]   32:     0x64c247b48917 - test::run_test::{{closure}}::h708eb8872708115d
[INFO] [stdout]                                at /rustc/df4ca44d3fbc9301ee17f30f4d474e6ae4b05252/library/test/src/lib.rs:565:43
[INFO] [stdout]   33:     0x64c247b0c034 - test::run_test::{{closure}}::h392c51cee94713ab
[INFO] [stdout]                                at /rustc/df4ca44d3fbc9301ee17f30f4d474e6ae4b05252/library/test/src/lib.rs:595:41
[INFO] [stdout]   34:     0x64c247b0c034 - std::sys::backtrace::__rust_begin_short_backtrace::h2f40290710935a8b
[INFO] [stdout]                                at /rustc/df4ca44d3fbc9301ee17f30f4d474e6ae4b05252/library/std/src/sys/backtrace.rs:154:18
[INFO] [stdout]   35:     0x64c247b0f7de - std::thread::Builder::spawn_unchecked_::{{closure}}::{{closure}}::h3fd968d89053a903
[INFO] [stdout]                                at /rustc/df4ca44d3fbc9301ee17f30f4d474e6ae4b05252/library/std/src/thread/mod.rs:541:17
[INFO] [stdout]   36:     0x64c247b0f7de - <core::panic::unwind_safe::AssertUnwindSafe<F> as core::ops::function::FnOnce<()>>::call_once::h743f637ba4229880
[INFO] [stdout]                                at /rustc/df4ca44d3fbc9301ee17f30f4d474e6ae4b05252/library/core/src/panic/unwind_safe.rs:272:9
[INFO] [stdout]   37:     0x64c247b0f7de - std::panicking::try::do_call::h07440897322525a6
[INFO] [stdout]                                at /rustc/df4ca44d3fbc9301ee17f30f4d474e6ae4b05252/library/std/src/panicking.rs:557:40
[INFO] [stdout]   38:     0x64c247b0f7de - std::panicking::try::he5a2e00188156637
[INFO] [stdout]                                at /rustc/df4ca44d3fbc9301ee17f30f4d474e6ae4b05252/library/std/src/panicking.rs:520:19
[INFO] [stdout]   39:     0x64c247b0f7de - std::panic::catch_unwind::hbaf3cae49b3c6433
[INFO] [stdout]                                at /rustc/df4ca44d3fbc9301ee17f30f4d474e6ae4b05252/library/std/src/panic.rs:358:14
[INFO] [stdout]   40:     0x64c247b0f7de - std::thread::Builder::spawn_unchecked_::{{closure}}::h8e141ea224820bce
[INFO] [stdout]                                at /rustc/df4ca44d3fbc9301ee17f30f4d474e6ae4b05252/library/std/src/thread/mod.rs:540:30
[INFO] [stdout]   41:     0x64c247b0f7de - core::ops::function::FnOnce::call_once{{vtable.shim}}::h90d312fedd7b8ea8
[INFO] [stdout]                                at /rustc/df4ca44d3fbc9301ee17f30f4d474e6ae4b05252/library/core/src/ops/function.rs:250:5
[INFO] [stdout]   42:     0x64c247f0864b - <alloc::boxed::Box<F,A> as core::ops::function::FnOnce<Args>>::call_once::h69aa08ddb6adb8b6
[INFO] [stdout]                                at /rustc/df4ca44d3fbc9301ee17f30f4d474e6ae4b05252/library/alloc/src/boxed.rs:2454:9
[INFO] [stdout]   43:     0x64c247f0864b - <alloc::boxed::Box<F,A> as core::ops::function::FnOnce<Args>>::call_once::h5aa36efdb79c806f
[INFO] [stdout]                                at /rustc/df4ca44d3fbc9301ee17f30f4d474e6ae4b05252/library/alloc/src/boxed.rs:2454:9
[INFO] [stdout]   44:     0x64c247f0864b - std::sys::pal::unix::thread::Thread::new::thread_start::h6cd80a1b4be5158d
[INFO] [stdout]                                at /rustc/df4ca44d3fbc9301ee17f30f4d474e6ae4b05252/library/std/src/sys/pal/unix/thread.rs:105:17
[INFO] [stdout]   45:     0x778ec8101ac3 - <unknown>
[INFO] [stdout]   46:     0x778ec8192a04 - clone
[INFO] [stdout]   47:                0x0 - <unknown>
[INFO] [stdout] 
[INFO] [stdout] 
[INFO] [stdout] failures:
[INFO] [stdout]     array::tests::array_v2_blosc_c
[INFO] [stdout]     array::tests::array_v2_blosc_f
[INFO] [stdout]     array::tests::array_v2_gzip_c
[INFO] [stdout]     array::tests::array_v2_zstd_c
[INFO] [stdout] 
[INFO] [stdout] test result: FAILED. 158 passed; 4 failed; 0 ignored; 0 measured; 0 filtered out; finished in 0.63s
[INFO] [stdout] 
[INFO] [stderr] error: test failed, to rerun pass `--lib`
[INFO] running `Command { std: "docker" "inspect" "c312d1e432f32ebe6d3e5b3560e3c5423ca0746cdfdee616d16e68554dc40360", kill_on_drop: false }`
[INFO] running `Command { std: "docker" "rm" "-f" "c312d1e432f32ebe6d3e5b3560e3c5423ca0746cdfdee616d16e68554dc40360", kill_on_drop: false }`
[INFO] [stdout] c312d1e432f32ebe6d3e5b3560e3c5423ca0746cdfdee616d16e68554dc40360
