[INFO] fetching crate yuuang-test-napi 1.7.6...
[INFO] testing yuuang-test-napi-1.7.6 against nightly-2024-10-28 for randomize-layout
[INFO] extracting crate yuuang-test-napi 1.7.6 into /workspace/builds/worker-4-tc1/source
[INFO] validating manifest of crates.io crate yuuang-test-napi 1.7.6 on toolchain nightly-2024-10-28
[INFO] running `Command { std: CARGO_HOME="/workspace/cargo-home" RUSTUP_HOME="/workspace/rustup-home" "/workspace/cargo-home/bin/cargo" "+nightly-2024-10-28" "metadata" "--manifest-path" "Cargo.toml" "--no-deps", kill_on_drop: false }`
[INFO] started tweaking crates.io crate yuuang-test-napi 1.7.6
[INFO] finished tweaking crates.io crate yuuang-test-napi 1.7.6
[INFO] tweaked toml for crates.io crate yuuang-test-napi 1.7.6 written to /workspace/builds/worker-4-tc1/source/Cargo.toml
[INFO] running `Command { std: CARGO_HOME="/workspace/cargo-home" RUSTUP_HOME="/workspace/rustup-home" "/workspace/cargo-home/bin/cargo" "+nightly-2024-10-28" "generate-lockfile" "--manifest-path" "Cargo.toml", kill_on_drop: false }`
[INFO] [stderr]     Updating crates.io index
[INFO] [stderr]      Locking 36 packages to latest compatible versions
[INFO] [stderr]       Adding napi-sys v1.1.2 (available: v2.4.0)
[INFO] running `Command { std: CARGO_HOME="/workspace/cargo-home" RUSTUP_HOME="/workspace/rustup-home" "/workspace/cargo-home/bin/cargo" "+nightly-2024-10-28" "fetch" "--manifest-path" "Cargo.toml", kill_on_drop: false }`
[INFO] [stderr]  Downloading crates ...
[INFO] [stderr]   Downloaded windows-targets v0.52.6
[INFO] [stderr]   Downloaded napi-sys v1.1.2
[INFO] [stderr]   Downloaded addr2line v0.24.2
[INFO] [stderr]   Downloaded serde_derive v1.0.214
[INFO] [stderr]   Downloaded backtrace v0.3.74
[INFO] [stderr]   Downloaded serde_json v1.0.132
[INFO] [stderr]   Downloaded gimli v0.31.1
[INFO] [stderr]   Downloaded object v0.36.5
[INFO] [stderr]   Downloaded windows_x86_64_gnullvm v0.52.6
[INFO] [stderr]   Downloaded windows_i686_gnullvm v0.52.6
[INFO] [stderr]   Downloaded windows_aarch64_gnullvm v0.52.6
[INFO] [stderr]   Downloaded windows_x86_64_gnu v0.52.6
[INFO] [stderr]   Downloaded windows_aarch64_msvc v0.52.6
[INFO] [stderr]   Downloaded windows_i686_msvc v0.52.6
[INFO] [stderr]   Downloaded windows_x86_64_msvc v0.52.6
[INFO] [stderr]   Downloaded windows_i686_gnu v0.52.6
[INFO] [stderr]   Downloaded tokio v1.41.0
[INFO] running `Command { std: "docker" "create" "-v" "/var/lib/crater-agent-workspace/builds/worker-4-tc1/target:/opt/rustwide/target:rw,Z" "-v" "/var/lib/crater-agent-workspace/builds/worker-4-tc1/source:/opt/rustwide/workdir:ro,Z" "-v" "/var/lib/crater-agent-workspace/cargo-home:/opt/rustwide/cargo-home:ro,Z" "-v" "/var/lib/crater-agent-workspace/rustup-home:/opt/rustwide/rustup-home:ro,Z" "-e" "SOURCE_DIR=/opt/rustwide/workdir" "-e" "CARGO_TARGET_DIR=/opt/rustwide/target" "-e" "CARGO_HOME=/opt/rustwide/cargo-home" "-e" "RUSTUP_HOME=/opt/rustwide/rustup-home" "-w" "/opt/rustwide/workdir" "-m" "1610612736" "--user" "0:0" "--network" "none" "ghcr.io/rust-lang/crates-build-env/linux@sha256:4a844ea9eb2546a2d2c7022eacef16ef2e8229c7fbb2c7d4d55a9ceca922f72d" "/opt/rustwide/cargo-home/bin/cargo" "+nightly-2024-10-28" "metadata" "--no-deps" "--format-version=1", kill_on_drop: false }`
[INFO] [stdout] d194a6cf18951632ff35a4f6bdaadf08683d818c5ddd5257761e109ef9b55da9
[INFO] running `Command { std: "docker" "start" "-a" "d194a6cf18951632ff35a4f6bdaadf08683d818c5ddd5257761e109ef9b55da9", kill_on_drop: false }`
[INFO] running `Command { std: "docker" "inspect" "d194a6cf18951632ff35a4f6bdaadf08683d818c5ddd5257761e109ef9b55da9", kill_on_drop: false }`
[INFO] running `Command { std: "docker" "rm" "-f" "d194a6cf18951632ff35a4f6bdaadf08683d818c5ddd5257761e109ef9b55da9", kill_on_drop: false }`
[INFO] [stdout] d194a6cf18951632ff35a4f6bdaadf08683d818c5ddd5257761e109ef9b55da9
[INFO] running `Command { std: "docker" "create" "-v" "/var/lib/crater-agent-workspace/builds/worker-4-tc1/target:/opt/rustwide/target:rw,Z" "-v" "/var/lib/crater-agent-workspace/builds/worker-4-tc1/source:/opt/rustwide/workdir:ro,Z" "-v" "/var/lib/crater-agent-workspace/cargo-home:/opt/rustwide/cargo-home:ro,Z" "-v" "/var/lib/crater-agent-workspace/rustup-home:/opt/rustwide/rustup-home:ro,Z" "-e" "SOURCE_DIR=/opt/rustwide/workdir" "-e" "CARGO_TARGET_DIR=/opt/rustwide/target" "-e" "CARGO_INCREMENTAL=0" "-e" "RUST_BACKTRACE=full" "-e" "RUSTFLAGS=--cap-lints=forbid" "-e" "RUSTDOCFLAGS=--cap-lints=forbid" "-e" "CARGO_HOME=/opt/rustwide/cargo-home" "-e" "RUSTUP_HOME=/opt/rustwide/rustup-home" "-w" "/opt/rustwide/workdir" "-m" "1610612736" "--user" "0:0" "--network" "none" "ghcr.io/rust-lang/crates-build-env/linux@sha256:4a844ea9eb2546a2d2c7022eacef16ef2e8229c7fbb2c7d4d55a9ceca922f72d" "/opt/rustwide/cargo-home/bin/cargo" "+nightly-2024-10-28" "build" "--frozen" "--message-format=json", kill_on_drop: false }`
[INFO] [stdout] 6b7c64aa9b3225f7e7d745fbedacded75ddc75a78812719c67a0fb80cc0fc7fe
[INFO] running `Command { std: "docker" "start" "-a" "6b7c64aa9b3225f7e7d745fbedacded75ddc75a78812719c67a0fb80cc0fc7fe", kill_on_drop: false }`
[INFO] [stderr]    Compiling napi-sys v1.1.2
[INFO] [stderr]    Compiling yuuang-test-napi v1.7.6 (/opt/rustwide/workdir)
[INFO] [stdout] warning: field `value_type` is never read
[INFO] [stdout]  --> src/js_values/value.rs:9:7
[INFO] [stdout]   |
[INFO] [stdout] 6 | pub struct Value {
[INFO] [stdout]   |            ----- field in this struct
[INFO] [stdout] ...
[INFO] [stdout] 9 |   pub value_type: ValueType,
[INFO] [stdout]   |       ^^^^^^^^^^
[INFO] [stdout]   |
[INFO] [stdout]   = note: `Value` has a derived impl for the trait `Clone`, but this is intentionally ignored during dead code analysis
[INFO] [stdout]   = note: `#[warn(dead_code)]` on by default
[INFO] [stdout] 
[INFO] [stdout] 
[INFO] [stdout] warning: unused return value of `Box::<T>::from_raw` that must be used
[INFO] [stdout]     --> src/env.rs:1372:3
[INFO] [stdout]      |
[INFO] [stdout] 1372 |   Box::from_raw(tagged_object);
[INFO] [stdout]      |   ^^^^^^^^^^^^^^^^^^^^^^^^^^^^
[INFO] [stdout]      |
[INFO] [stdout]      = note: call `drop(Box::from_raw(ptr))` if you intend to drop the `Box`
[INFO] [stdout]      = note: `#[warn(unused_must_use)]` on by default
[INFO] [stdout] help: use `let _ = ...` to ignore the resulting value
[INFO] [stdout]      |
[INFO] [stdout] 1372 |   let _ = Box::from_raw(tagged_object);
[INFO] [stdout]      |   +++++++
[INFO] [stdout] 
[INFO] [stdout] 
[INFO] [stderr]     Finished `dev` profile [unoptimized + debuginfo] target(s) in 1.03s
[INFO] running `Command { std: "docker" "inspect" "6b7c64aa9b3225f7e7d745fbedacded75ddc75a78812719c67a0fb80cc0fc7fe", kill_on_drop: false }`
[INFO] running `Command { std: "docker" "rm" "-f" "6b7c64aa9b3225f7e7d745fbedacded75ddc75a78812719c67a0fb80cc0fc7fe", kill_on_drop: false }`
[INFO] [stdout] 6b7c64aa9b3225f7e7d745fbedacded75ddc75a78812719c67a0fb80cc0fc7fe
[INFO] running `Command { std: "docker" "create" "-v" "/var/lib/crater-agent-workspace/builds/worker-4-tc1/target:/opt/rustwide/target:rw,Z" "-v" "/var/lib/crater-agent-workspace/builds/worker-4-tc1/source:/opt/rustwide/workdir:ro,Z" "-v" "/var/lib/crater-agent-workspace/cargo-home:/opt/rustwide/cargo-home:ro,Z" "-v" "/var/lib/crater-agent-workspace/rustup-home:/opt/rustwide/rustup-home:ro,Z" "-e" "SOURCE_DIR=/opt/rustwide/workdir" "-e" "CARGO_TARGET_DIR=/opt/rustwide/target" "-e" "CARGO_INCREMENTAL=0" "-e" "RUST_BACKTRACE=full" "-e" "RUSTFLAGS=--cap-lints=forbid" "-e" "RUSTDOCFLAGS=--cap-lints=forbid" "-e" "CARGO_HOME=/opt/rustwide/cargo-home" "-e" "RUSTUP_HOME=/opt/rustwide/rustup-home" "-w" "/opt/rustwide/workdir" "-m" "1610612736" "--user" "0:0" "--network" "none" "ghcr.io/rust-lang/crates-build-env/linux@sha256:4a844ea9eb2546a2d2c7022eacef16ef2e8229c7fbb2c7d4d55a9ceca922f72d" "/opt/rustwide/cargo-home/bin/cargo" "+nightly-2024-10-28" "test" "--frozen" "--no-run" "--message-format=json", kill_on_drop: false }`
[INFO] [stdout] 0b630da565d2b52a2cf331c22b3a86ab5a25f3c1a6e6ca646ccbc2276fb43a5a
[INFO] running `Command { std: "docker" "start" "-a" "0b630da565d2b52a2cf331c22b3a86ab5a25f3c1a6e6ca646ccbc2276fb43a5a", kill_on_drop: false }`
[INFO] [stdout] warning: field `value_type` is never read
[INFO] [stdout]  --> src/js_values/value.rs:9:7
[INFO] [stdout]   |
[INFO] [stdout] 6 | pub struct Value {
[INFO] [stdout]   |            ----- field in this struct
[INFO] [stdout] ...
[INFO] [stdout] 9 |   pub value_type: ValueType,
[INFO] [stdout]   |       ^^^^^^^^^^
[INFO] [stdout]   |
[INFO] [stdout]   = note: `Value` has a derived impl for the trait `Clone`, but this is intentionally ignored during dead code analysis
[INFO] [stdout]   = note: `#[warn(dead_code)]` on by default
[INFO] [stdout] 
[INFO] [stdout] 
[INFO] [stdout] warning: unused return value of `Box::<T>::from_raw` that must be used
[INFO] [stdout]     --> src/env.rs:1372:3
[INFO] [stdout]      |
[INFO] [stdout] 1372 |   Box::from_raw(tagged_object);
[INFO] [stdout]      |   ^^^^^^^^^^^^^^^^^^^^^^^^^^^^
[INFO] [stdout]      |
[INFO] [stdout]      = note: call `drop(Box::from_raw(ptr))` if you intend to drop the `Box`
[INFO] [stdout]      = note: `#[warn(unused_must_use)]` on by default
[INFO] [stdout] help: use `let _ = ...` to ignore the resulting value
[INFO] [stdout]      |
[INFO] [stdout] 1372 |   let _ = Box::from_raw(tagged_object);
[INFO] [stdout]      |   +++++++
[INFO] [stdout] 
[INFO] [stdout] 
[INFO] [stderr]    Compiling yuuang-test-napi v1.7.6 (/opt/rustwide/workdir)
[INFO] [stdout] warning: field `value_type` is never read
[INFO] [stdout]  --> src/js_values/value.rs:9:7
[INFO] [stdout]   |
[INFO] [stdout] 6 | pub struct Value {
[INFO] [stdout]   |            ----- field in this struct
[INFO] [stdout] ...
[INFO] [stdout] 9 |   pub value_type: ValueType,
[INFO] [stdout]   |       ^^^^^^^^^^
[INFO] [stdout]   |
[INFO] [stdout]   = note: `Value` has a derived impl for the trait `Clone`, but this is intentionally ignored during dead code analysis
[INFO] [stdout]   = note: `#[warn(dead_code)]` on by default
[INFO] [stdout] 
[INFO] [stdout] 
[INFO] [stdout] warning: unused return value of `Box::<T>::from_raw` that must be used
[INFO] [stdout]     --> src/env.rs:1372:3
[INFO] [stdout]      |
[INFO] [stdout] 1372 |   Box::from_raw(tagged_object);
[INFO] [stdout]      |   ^^^^^^^^^^^^^^^^^^^^^^^^^^^^
[INFO] [stdout]      |
[INFO] [stdout]      = note: call `drop(Box::from_raw(ptr))` if you intend to drop the `Box`
[INFO] [stdout]      = note: `#[warn(unused_must_use)]` on by default
[INFO] [stdout] help: use `let _ = ...` to ignore the resulting value
[INFO] [stdout]      |
[INFO] [stdout] 1372 |   let _ = Box::from_raw(tagged_object);
[INFO] [stdout]      |   +++++++
[INFO] [stdout] 
[INFO] [stdout] 
[INFO] [stderr]     Finished `test` profile [unoptimized + debuginfo] target(s) in 0.73s
[INFO] running `Command { std: "docker" "inspect" "0b630da565d2b52a2cf331c22b3a86ab5a25f3c1a6e6ca646ccbc2276fb43a5a", kill_on_drop: false }`
[INFO] running `Command { std: "docker" "rm" "-f" "0b630da565d2b52a2cf331c22b3a86ab5a25f3c1a6e6ca646ccbc2276fb43a5a", kill_on_drop: false }`
[INFO] [stdout] 0b630da565d2b52a2cf331c22b3a86ab5a25f3c1a6e6ca646ccbc2276fb43a5a
[INFO] running `Command { std: "docker" "create" "-v" "/var/lib/crater-agent-workspace/builds/worker-4-tc1/target:/opt/rustwide/target:rw,Z" "-v" "/var/lib/crater-agent-workspace/builds/worker-4-tc1/source:/opt/rustwide/workdir:ro,Z" "-v" "/var/lib/crater-agent-workspace/cargo-home:/opt/rustwide/cargo-home:ro,Z" "-v" "/var/lib/crater-agent-workspace/rustup-home:/opt/rustwide/rustup-home:ro,Z" "-e" "SOURCE_DIR=/opt/rustwide/workdir" "-e" "CARGO_TARGET_DIR=/opt/rustwide/target" "-e" "CARGO_INCREMENTAL=0" "-e" "RUST_BACKTRACE=full" "-e" "RUSTFLAGS=--cap-lints=forbid" "-e" "RUSTDOCFLAGS=--cap-lints=forbid" "-e" "CARGO_HOME=/opt/rustwide/cargo-home" "-e" "RUSTUP_HOME=/opt/rustwide/rustup-home" "-w" "/opt/rustwide/workdir" "-m" "1610612736" "--user" "0:0" "--network" "none" "ghcr.io/rust-lang/crates-build-env/linux@sha256:4a844ea9eb2546a2d2c7022eacef16ef2e8229c7fbb2c7d4d55a9ceca922f72d" "/opt/rustwide/cargo-home/bin/cargo" "+nightly-2024-10-28" "test" "--frozen", kill_on_drop: false }`
[INFO] [stdout] 39b50c052783b2198869a19147430cec009a5b0edad23867f04a58ef912cbdd1
[INFO] running `Command { std: "docker" "start" "-a" "39b50c052783b2198869a19147430cec009a5b0edad23867f04a58ef912cbdd1", kill_on_drop: false }`
[INFO] [stderr] warning: field `value_type` is never read
[INFO] [stderr]  --> src/js_values/value.rs:9:7
[INFO] [stderr]   |
[INFO] [stderr] 6 | pub struct Value {
[INFO] [stderr]   |            ----- field in this struct
[INFO] [stderr] ...
[INFO] [stderr] 9 |   pub value_type: ValueType,
[INFO] [stderr]   |       ^^^^^^^^^^
[INFO] [stderr]   |
[INFO] [stderr]   = note: `Value` has a derived impl for the trait `Clone`, but this is intentionally ignored during dead code analysis
[INFO] [stderr]   = note: `#[warn(dead_code)]` on by default
[INFO] [stderr] 
[INFO] [stderr] warning: unused return value of `Box::<T>::from_raw` that must be used
[INFO] [stderr]     --> src/env.rs:1372:3
[INFO] [stderr]      |
[INFO] [stderr] 1372 |   Box::from_raw(tagged_object);
[INFO] [stderr]      |   ^^^^^^^^^^^^^^^^^^^^^^^^^^^^
[INFO] [stderr]      |
[INFO] [stderr]      = note: call `drop(Box::from_raw(ptr))` if you intend to drop the `Box`
[INFO] [stderr]      = note: `#[warn(unused_must_use)]` on by default
[INFO] [stderr] help: use `let _ = ...` to ignore the resulting value
[INFO] [stderr]      |
[INFO] [stderr] 1372 |   let _ = Box::from_raw(tagged_object);
[INFO] [stderr]      |   +++++++
[INFO] [stderr] 
[INFO] [stderr] warning: `yuuang-test-napi` (lib) generated 2 warnings
[INFO] [stderr] warning: `yuuang-test-napi` (lib test) generated 2 warnings (2 duplicates)
[INFO] [stderr]     Finished `test` profile [unoptimized + debuginfo] target(s) in 0.02s
[INFO] [stderr]      Running unittests src/lib.rs (/opt/rustwide/target/debug/deps/yuuang_test_napi-3bd221cd560bff46)
[INFO] [stdout] 
[INFO] [stdout] running 0 tests
[INFO] [stdout] 
[INFO] [stdout] test result: ok. 0 passed; 0 failed; 0 ignored; 0 measured; 0 filtered out; finished in 0.00s
[INFO] [stdout] 
[INFO] [stderr]    Doc-tests yuuang_test_napi
[INFO] [stdout] 
[INFO] [stdout] running 5 tests
[INFO] [stdout] test src/lib.rs - (line 41) ... FAILED
[INFO] [stdout] test src/js_values/function.rs - js_values::function::JsFunction (line 12) ... FAILED
[INFO] [stdout] test src/lib.rs - register_module (line 125) ... FAILED
[INFO] [stdout] test src/lib.rs - (line 20) ... FAILED
[INFO] [stdout] test src/lib.rs - (line 55) ... FAILED
[INFO] [stdout] 
[INFO] [stdout] failures:
[INFO] [stdout] 
[INFO] [stdout] ---- src/lib.rs - (line 41) stdout ----
[INFO] [stdout] error: expected one of `.`, `;`, `?`, `}`, or an operator, found `node`
[INFO] [stdout]  --> src/lib.rs:42:40
[INFO] [stdout]   |
[INFO] [stdout] 3 | NAPI_RS_TOKIO_CHANNEL_BUFFER_SIZE=1000 node ./app.js
[INFO] [stdout]   |                                        ^^^^ expected one of `.`, `;`, `?`, `}`, or an operator
[INFO] [stdout] 
[INFO] [stdout] error: aborting due to 1 previous error
[INFO] [stdout] 
[INFO] [stdout] Couldn't compile the test.
[INFO] [stdout] ---- src/js_values/function.rs - js_values::function::JsFunction (line 12) stdout ----
[INFO] [stdout] error[E0432]: unresolved import `napi`
[INFO] [stdout]  --> src/js_values/function.rs:13:5
[INFO] [stdout]   |
[INFO] [stdout] 3 | use napi::{JsFunction, CallContext, JsNull, Result};
[INFO] [stdout]   |     ^^^^ use of undeclared crate or module `napi`
[INFO] [stdout] 
[INFO] [stdout] error: cannot find attribute `js_function` in this scope
[INFO] [stdout]  --> src/js_values/function.rs:15:3
[INFO] [stdout]   |
[INFO] [stdout] 5 | #[js_function(1)]
[INFO] [stdout]   |   ^^^^^^^^^^^
[INFO] [stdout] 
[INFO] [stdout] error: aborting due to 2 previous errors
[INFO] [stdout] 
[INFO] [stdout] For more information about this error, try `rustc --explain E0432`.
[INFO] [stdout] Couldn't compile the test.
[INFO] [stdout] ---- src/lib.rs - register_module (line 125) stdout ----
[INFO] [stdout] error: cannot find macro `register_module` in this scope
[INFO] [stdout]  --> src/lib.rs:126:1
[INFO] [stdout]   |
[INFO] [stdout] 3 | register_module!(test_module, init);
[INFO] [stdout]   | ^^^^^^^^^^^^^^^
[INFO] [stdout]   |
[INFO] [stdout] help: consider importing this macro
[INFO] [stdout]   |
[INFO] [stdout] 2 + use yuuang_test_napi::register_module;
[INFO] [stdout]   |
[INFO] [stdout] 
[INFO] [stdout] error[E0412]: cannot find type `Module` in this scope
[INFO] [stdout]  --> src/lib.rs:128:22
[INFO] [stdout]   |
[INFO] [stdout] 5 | fn init(module: &mut Module) -> Result<()> {
[INFO] [stdout]   |                      ^^^^^^ not found in this scope
[INFO] [stdout]   |
[INFO] [stdout] help: consider importing this struct
[INFO] [stdout]   |
[INFO] [stdout] 2 + use yuuang_test_napi::Module;
[INFO] [stdout]   |
[INFO] [stdout] 
[INFO] [stdout] error[E0425]: cannot find value `native_function` in this scope
[INFO] [stdout]  --> src/lib.rs:129:50
[INFO] [stdout]   |
[INFO] [stdout] 6 |     module.create_named_method("nativeFunction", native_function)?;
[INFO] [stdout]   |                                                  ^^^^^^^^^^^^^^^ not found in this scope
[INFO] [stdout] 
[INFO] [stdout] error[E0107]: enum takes 2 generic arguments but 1 generic argument was supplied
[INFO] [stdout]  --> src/lib.rs:128:33
[INFO] [stdout]   |
[INFO] [stdout] 5 | fn init(module: &mut Module) -> Result<()> {
[INFO] [stdout]   |                                 ^^^^^^ -- supplied 1 generic argument
[INFO] [stdout]   |                                 |
[INFO] [stdout]   |                                 expected 2 generic arguments
[INFO] [stdout]   |
[INFO] [stdout] help: add missing generic argument
[INFO] [stdout]   |
[INFO] [stdout] 5 | fn init(module: &mut Module) -> Result<(), E> {
[INFO] [stdout]   |                                          +++
[INFO] [stdout] 
[INFO] [stdout] error: aborting due to 4 previous errors
[INFO] [stdout] 
[INFO] [stdout] Some errors have detailed explanations: E0107, E0412, E0425.
[INFO] [stdout] For more information about an error, try `rustc --explain E0107`.
[INFO] [stdout] Couldn't compile the test.
[INFO] [stdout] ---- src/lib.rs - (line 20) stdout ----
[INFO] [stdout] error[E0433]: failed to resolve: use of undeclared crate or module `futures`
[INFO] [stdout]  --> src/lib.rs:21:5
[INFO] [stdout]   |
[INFO] [stdout] 3 | use futures::prelude::*;
[INFO] [stdout]   |     ^^^^^^^ use of undeclared crate or module `futures`
[INFO] [stdout] 
[INFO] [stdout] error[E0432]: unresolved import `napi`
[INFO] [stdout]  --> src/lib.rs:22:5
[INFO] [stdout]   |
[INFO] [stdout] 4 | use napi::{CallContext, Error, JsObject, JsString, Result, Status};
[INFO] [stdout]   |     ^^^^ use of undeclared crate or module `napi`
[INFO] [stdout] 
[INFO] [stdout] error[E0432]: unresolved import `tokio`
[INFO] [stdout]  --> src/lib.rs:23:5
[INFO] [stdout]   |
[INFO] [stdout] 5 | use tokio;
[INFO] [stdout]   |     ^^^^^ no external crate `tokio`
[INFO] [stdout] 
[INFO] [stdout] error: cannot find attribute `js_function` in this scope
[INFO] [stdout]  --> src/lib.rs:25:3
[INFO] [stdout]   |
[INFO] [stdout] 7 | #[js_function(1)]
[INFO] [stdout]   |   ^^^^^^^^^^^
[INFO] [stdout] 
[INFO] [stdout] error: aborting due to 4 previous errors
[INFO] [stdout] 
[INFO] [stdout] Some errors have detailed explanations: E0432, E0433.
[INFO] [stdout] For more information about an error, try `rustc --explain E0432`.
[INFO] [stdout] Couldn't compile the test.
[INFO] [stdout] ---- src/lib.rs - (line 55) stdout ----
[INFO] [stdout] error: unexpected token: `...`
[INFO] [stdout]   --> src/lib.rs:67:5
[INFO] [stdout]    |
[INFO] [stdout] 14 |     ...
[INFO] [stdout]    |     ^^^
[INFO] [stdout]    |
[INFO] [stdout] help: use `..` for an exclusive range
[INFO] [stdout]    |
[INFO] [stdout] 14 |     ..
[INFO] [stdout]    |
[INFO] [stdout] help: or `..=` for an inclusive range
[INFO] [stdout]    |
[INFO] [stdout] 14 |     ..=
[INFO] [stdout]    |
[INFO] [stdout] 
[INFO] [stdout] error[E0586]: inclusive range with no end
[INFO] [stdout]   --> src/lib.rs:67:5
[INFO] [stdout]    |
[INFO] [stdout] 14 |     ...
[INFO] [stdout]    |     ^^^
[INFO] [stdout]    |
[INFO] [stdout]    = note: inclusive ranges must be bounded at the end (`..=b` or `a..=b`)
[INFO] [stdout] help: use `..` instead
[INFO] [stdout]    |
[INFO] [stdout] 14 -     ...
[INFO] [stdout] 14 +     ..
[INFO] [stdout]    |
[INFO] [stdout] 
[INFO] [stdout] error: cannot find attribute `js_function` in this scope
[INFO] [stdout]   --> src/lib.rs:70:3
[INFO] [stdout]    |
[INFO] [stdout] 17 | #[js_function]
[INFO] [stdout]    |   ^^^^^^^^^^^
[INFO] [stdout] 
[INFO] [stdout] error: cannot find attribute `js_function` in this scope
[INFO] [stdout]   --> src/lib.rs:63:3
[INFO] [stdout]    |
[INFO] [stdout] 10 | #[js_function(1)]
[INFO] [stdout]    |   ^^^^^^^^^^^
[INFO] [stdout] 
[INFO] [stdout] error: cannot find derive macro `Serialize` in this scope
[INFO] [stdout]  --> src/lib.rs:56:10
[INFO] [stdout]   |
[INFO] [stdout] 3 | #[derive(Serialize, Debug, Deserialize)]
[INFO] [stdout]   |          ^^^^^^^^^
[INFO] [stdout] 
[INFO] [stdout] error: cannot find derive macro `Deserialize` in this scope
[INFO] [stdout]  --> src/lib.rs:56:28
[INFO] [stdout]   |
[INFO] [stdout] 3 | #[derive(Serialize, Debug, Deserialize)]
[INFO] [stdout]   |                            ^^^^^^^^^^^
[INFO] [stdout] 
[INFO] [stdout] error[E0412]: cannot find type `CallContext` in this scope
[INFO] [stdout]   --> src/lib.rs:64:29
[INFO] [stdout]    |
[INFO] [stdout] 11 | fn deserialize_from_js(ctx: CallContext) -> Result<JsUndefined> {
[INFO] [stdout]    |                             ^^^^^^^^^^^ not found in this scope
[INFO] [stdout]    |
[INFO] [stdout] help: consider importing this struct
[INFO] [stdout]    |
[INFO] [stdout] 2  + use yuuang_test_napi::CallContext;
[INFO] [stdout]    |
[INFO] [stdout] 
[INFO] [stdout] error[E0412]: cannot find type `JsUndefined` in this scope
[INFO] [stdout]   --> src/lib.rs:64:52
[INFO] [stdout]    |
[INFO] [stdout] 11 | fn deserialize_from_js(ctx: CallContext) -> Result<JsUndefined> {
[INFO] [stdout]    |                                                    ^^^^^^^^^^^ not found in this scope
[INFO] [stdout]    |
[INFO] [stdout] help: consider importing this struct
[INFO] [stdout]    |
[INFO] [stdout] 2  + use yuuang_test_napi::JsUndefined;
[INFO] [stdout]    |
[INFO] [stdout] 
[INFO] [stdout] error[E0412]: cannot find type `JsUnknown` in this scope
[INFO] [stdout]   --> src/lib.rs:65:26
[INFO] [stdout]    |
[INFO] [stdout] 12 |     let arg0 = ctx.get::<JsUnknown>(0)?;
[INFO] [stdout]    |                          ^^^^^^^^^ not found in this scope
[INFO] [stdout]    |
[INFO] [stdout] help: consider importing this struct
[INFO] [stdout]    |
[INFO] [stdout] 2  + use yuuang_test_napi::JsUnknown;
[INFO] [stdout]    |
[INFO] [stdout] 
[INFO] [stdout] error[E0412]: cannot find type `CallContext` in this scope
[INFO] [stdout]   --> src/lib.rs:71:19
[INFO] [stdout]    |
[INFO] [stdout] 18 | fn serialize(ctx: CallContext) -> Result<JsUnknown> {
[INFO] [stdout]    |                   ^^^^^^^^^^^ not found in this scope
[INFO] [stdout]    |
[INFO] [stdout] help: consider importing this struct
[INFO] [stdout]    |
[INFO] [stdout] 2  + use yuuang_test_napi::CallContext;
[INFO] [stdout]    |
[INFO] [stdout] 
[INFO] [stdout] error[E0412]: cannot find type `JsUnknown` in this scope
[INFO] [stdout]   --> src/lib.rs:71:42
[INFO] [stdout]    |
[INFO] [stdout] 18 | fn serialize(ctx: CallContext) -> Result<JsUnknown> {
[INFO] [stdout]    |                                          ^^^^^^^^^ not found in this scope
[INFO] [stdout]    |
[INFO] [stdout] help: consider importing this struct
[INFO] [stdout]    |
[INFO] [stdout] 2  + use yuuang_test_napi::JsUnknown;
[INFO] [stdout]    |
[INFO] [stdout] 
[INFO] [stdout] error[E0422]: cannot find struct, variant or union type `AnyObject` in this scope
[INFO] [stdout]   --> src/lib.rs:72:17
[INFO] [stdout]    |
[INFO] [stdout] 4  | struct AnObject {
[INFO] [stdout]    | --------------- similarly named struct `AnObject` defined here
[INFO] [stdout] ...
[INFO] [stdout] 19 |     let value = AnyObject { a: 1, b: vec![0.1, 2.22], c: "hello" };
[INFO] [stdout]    |                 ^^^^^^^^^ help: a struct with a similar name exists: `AnObject`
[INFO] [stdout] 
[INFO] [stdout] error[E0107]: enum takes 2 generic arguments but 1 generic argument was supplied
[INFO] [stdout]   --> src/lib.rs:64:45
[INFO] [stdout]    |
[INFO] [stdout] 11 | fn deserialize_from_js(ctx: CallContext) -> Result<JsUndefined> {
[INFO] [stdout]    |                                             ^^^^^^ ----------- supplied 1 generic argument
[INFO] [stdout]    |                                             |
[INFO] [stdout]    |                                             expected 2 generic arguments
[INFO] [stdout]    |
[INFO] [stdout] help: add missing generic argument
[INFO] [stdout]    |
[INFO] [stdout] 11 | fn deserialize_from_js(ctx: CallContext) -> Result<JsUndefined, E> {
[INFO] [stdout]    |                                                               +++
[INFO] [stdout] 
[INFO] [stdout] error[E0107]: enum takes 2 generic arguments but 1 generic argument was supplied
[INFO] [stdout]   --> src/lib.rs:71:35
[INFO] [stdout]    |
[INFO] [stdout] 18 | fn serialize(ctx: CallContext) -> Result<JsUnknown> {
[INFO] [stdout]    |                                   ^^^^^^ --------- supplied 1 generic argument
[INFO] [stdout]    |                                   |
[INFO] [stdout]    |                                   expected 2 generic arguments
[INFO] [stdout]    |
[INFO] [stdout] help: add missing generic argument
[INFO] [stdout]    |
[INFO] [stdout] 18 | fn serialize(ctx: CallContext) -> Result<JsUnknown, E> {
[INFO] [stdout]    |                                                   +++
[INFO] [stdout] 
[INFO] [stdout] error: aborting due to 14 previous errors
[INFO] [stdout] 
[INFO] [stdout] Some errors have detailed explanations: E0107, E0412, E0422, E0586.
[INFO] [stdout] For more information about an error, try `rustc --explain E0107`.
[INFO] [stdout] Couldn't compile the test.
[INFO] [stdout] 
[INFO] [stdout] failures:
[INFO] [stdout]     src/js_values/function.rs - js_values::function::JsFunction (line 12)
[INFO] [stdout]     src/lib.rs - (line 20)
[INFO] [stdout]     src/lib.rs - (line 41)
[INFO] [stdout]     src/lib.rs - (line 55)
[INFO] [stdout]     src/lib.rs - register_module (line 125)
[INFO] [stdout] 
[INFO] [stdout] test result: FAILED. 0 passed; 5 failed; 0 ignored; 0 measured; 0 filtered out; finished in 0.07s
[INFO] [stdout] 
[INFO] [stderr] error: doctest failed, to rerun pass `--doc`
[INFO] running `Command { std: "docker" "inspect" "39b50c052783b2198869a19147430cec009a5b0edad23867f04a58ef912cbdd1", kill_on_drop: false }`
[INFO] running `Command { std: "docker" "rm" "-f" "39b50c052783b2198869a19147430cec009a5b0edad23867f04a58ef912cbdd1", kill_on_drop: false }`
[INFO] [stdout] 39b50c052783b2198869a19147430cec009a5b0edad23867f04a58ef912cbdd1
