[INFO] fetching crate ytesrev 0.2.7...
[INFO] testing ytesrev-0.2.7 against nightly-2024-10-28 for randomize-layout
[INFO] extracting crate ytesrev 0.2.7 into /workspace/builds/worker-5-tc1/source
[INFO] validating manifest of crates.io crate ytesrev 0.2.7 on toolchain nightly-2024-10-28
[INFO] running `Command { std: CARGO_HOME="/workspace/cargo-home" RUSTUP_HOME="/workspace/rustup-home" "/workspace/cargo-home/bin/cargo" "+nightly-2024-10-28" "metadata" "--manifest-path" "Cargo.toml" "--no-deps", kill_on_drop: false }`
[INFO] started tweaking crates.io crate ytesrev 0.2.7
[INFO] finished tweaking crates.io crate ytesrev 0.2.7
[INFO] tweaked toml for crates.io crate ytesrev 0.2.7 written to /workspace/builds/worker-5-tc1/source/Cargo.toml
[INFO] running `Command { std: CARGO_HOME="/workspace/cargo-home" RUSTUP_HOME="/workspace/rustup-home" "/workspace/cargo-home/bin/cargo" "+nightly-2024-10-28" "generate-lockfile" "--manifest-path" "Cargo.toml", kill_on_drop: false }`
[INFO] [stderr]     Updating crates.io index
[INFO] [stderr]      Locking 54 packages to latest compatible versions
[INFO] [stderr]       Adding png v0.12.0 (available: v0.17.14)
[INFO] [stderr]       Adding rand v0.5.6 (available: v0.8.5)
[INFO] [stderr]       Adding sdl2 v0.31.0 (available: v0.37.0)
[INFO] running `Command { std: CARGO_HOME="/workspace/cargo-home" RUSTUP_HOME="/workspace/rustup-home" "/workspace/cargo-home/bin/cargo" "+nightly-2024-10-28" "fetch" "--manifest-path" "Cargo.toml", kill_on_drop: false }`
[INFO] [stderr] warning: no edition set: defaulting to the 2015 edition while the latest is 2021
[INFO] [stderr]  Downloading crates ...
[INFO] [stderr]   Downloaded sdl2 v0.31.0
[INFO] [stderr]   Downloaded sdl2-sys v0.31.0
[INFO] running `Command { std: "docker" "create" "-v" "/var/lib/crater-agent-workspace/builds/worker-5-tc1/target:/opt/rustwide/target:rw,Z" "-v" "/var/lib/crater-agent-workspace/builds/worker-5-tc1/source:/opt/rustwide/workdir:ro,Z" "-v" "/var/lib/crater-agent-workspace/cargo-home:/opt/rustwide/cargo-home:ro,Z" "-v" "/var/lib/crater-agent-workspace/rustup-home:/opt/rustwide/rustup-home:ro,Z" "-e" "SOURCE_DIR=/opt/rustwide/workdir" "-e" "CARGO_TARGET_DIR=/opt/rustwide/target" "-e" "CARGO_HOME=/opt/rustwide/cargo-home" "-e" "RUSTUP_HOME=/opt/rustwide/rustup-home" "-w" "/opt/rustwide/workdir" "-m" "1610612736" "--user" "0:0" "--network" "none" "ghcr.io/rust-lang/crates-build-env/linux@sha256:4a844ea9eb2546a2d2c7022eacef16ef2e8229c7fbb2c7d4d55a9ceca922f72d" "/opt/rustwide/cargo-home/bin/cargo" "+nightly-2024-10-28" "metadata" "--no-deps" "--format-version=1", kill_on_drop: false }`
[INFO] [stdout] 94b35a568dacee263d86add55dc382ea5760379c9fc2d89d2b57b23c3cf082e9
[INFO] running `Command { std: "docker" "start" "-a" "94b35a568dacee263d86add55dc382ea5760379c9fc2d89d2b57b23c3cf082e9", kill_on_drop: false }`
[INFO] running `Command { std: "docker" "inspect" "94b35a568dacee263d86add55dc382ea5760379c9fc2d89d2b57b23c3cf082e9", kill_on_drop: false }`
[INFO] running `Command { std: "docker" "rm" "-f" "94b35a568dacee263d86add55dc382ea5760379c9fc2d89d2b57b23c3cf082e9", kill_on_drop: false }`
[INFO] [stdout] 94b35a568dacee263d86add55dc382ea5760379c9fc2d89d2b57b23c3cf082e9
[INFO] running `Command { std: "docker" "create" "-v" "/var/lib/crater-agent-workspace/builds/worker-5-tc1/target:/opt/rustwide/target:rw,Z" "-v" "/var/lib/crater-agent-workspace/builds/worker-5-tc1/source:/opt/rustwide/workdir:ro,Z" "-v" "/var/lib/crater-agent-workspace/cargo-home:/opt/rustwide/cargo-home:ro,Z" "-v" "/var/lib/crater-agent-workspace/rustup-home:/opt/rustwide/rustup-home:ro,Z" "-e" "SOURCE_DIR=/opt/rustwide/workdir" "-e" "CARGO_TARGET_DIR=/opt/rustwide/target" "-e" "CARGO_INCREMENTAL=0" "-e" "RUST_BACKTRACE=full" "-e" "RUSTFLAGS=--cap-lints=forbid" "-e" "RUSTDOCFLAGS=--cap-lints=forbid" "-e" "CARGO_HOME=/opt/rustwide/cargo-home" "-e" "RUSTUP_HOME=/opt/rustwide/rustup-home" "-w" "/opt/rustwide/workdir" "-m" "1610612736" "--user" "0:0" "--network" "none" "ghcr.io/rust-lang/crates-build-env/linux@sha256:4a844ea9eb2546a2d2c7022eacef16ef2e8229c7fbb2c7d4d55a9ceca922f72d" "/opt/rustwide/cargo-home/bin/cargo" "+nightly-2024-10-28" "build" "--frozen" "--message-format=json", kill_on_drop: false }`
[INFO] [stdout] 0d441dec574c3093120952e255f1f1f3b430416ce8e829967a8a0590cf5f8e2a
[INFO] running `Command { std: "docker" "start" "-a" "0d441dec574c3093120952e255f1f1f3b430416ce8e829967a8a0590cf5f8e2a", kill_on_drop: false }`
[INFO] [stderr] warning: no edition set: defaulting to the 2015 edition while the latest is 2021
[INFO] [stderr]    Compiling num-traits v0.2.19
[INFO] [stderr]    Compiling cfg-if v0.1.10
[INFO] [stderr]    Compiling adler32 v1.2.0
[INFO] [stderr]    Compiling rand_core v0.4.2
[INFO] [stderr]    Compiling rand v0.4.6
[INFO] [stderr]    Compiling lazy_static v0.2.11
[INFO] [stderr]    Compiling once_cell v1.20.2
[INFO] [stderr]    Compiling bitflags v0.7.0
[INFO] [stderr]    Compiling deflate v0.7.20
[INFO] [stderr]    Compiling sdl2-sys v0.31.0
[INFO] [stderr]    Compiling inflate v0.4.5
[INFO] [stderr]    Compiling rand_core v0.3.1
[INFO] [stderr]    Compiling tempfile v3.13.0
[INFO] [stderr]    Compiling rand v0.5.6
[INFO] [stderr]    Compiling rand v0.3.23
[INFO] [stderr]    Compiling num-integer v0.1.46
[INFO] [stderr]    Compiling num-iter v0.1.45
[INFO] [stderr]    Compiling num v0.1.42
[INFO] [stderr]    Compiling png v0.12.0
[INFO] [stderr]    Compiling sdl2 v0.31.0
[INFO] [stderr]    Compiling ytesrev v0.2.7 (/opt/rustwide/workdir)
[INFO] [stderr]     Finished `dev` profile [unoptimized + debuginfo] target(s) in 4.35s
[INFO] [stderr] warning: the following packages contain code that will be rejected by a future version of Rust: bitflags v0.7.0
[INFO] [stderr] note: to see what the problems were, use the option `--future-incompat-report`, or run `cargo report future-incompatibilities --id 2`
[INFO] running `Command { std: "docker" "inspect" "0d441dec574c3093120952e255f1f1f3b430416ce8e829967a8a0590cf5f8e2a", kill_on_drop: false }`
[INFO] running `Command { std: "docker" "rm" "-f" "0d441dec574c3093120952e255f1f1f3b430416ce8e829967a8a0590cf5f8e2a", kill_on_drop: false }`
[INFO] [stdout] 0d441dec574c3093120952e255f1f1f3b430416ce8e829967a8a0590cf5f8e2a
[INFO] running `Command { std: "docker" "create" "-v" "/var/lib/crater-agent-workspace/builds/worker-5-tc1/target:/opt/rustwide/target:rw,Z" "-v" "/var/lib/crater-agent-workspace/builds/worker-5-tc1/source:/opt/rustwide/workdir:ro,Z" "-v" "/var/lib/crater-agent-workspace/cargo-home:/opt/rustwide/cargo-home:ro,Z" "-v" "/var/lib/crater-agent-workspace/rustup-home:/opt/rustwide/rustup-home:ro,Z" "-e" "SOURCE_DIR=/opt/rustwide/workdir" "-e" "CARGO_TARGET_DIR=/opt/rustwide/target" "-e" "CARGO_INCREMENTAL=0" "-e" "RUST_BACKTRACE=full" "-e" "RUSTFLAGS=--cap-lints=forbid" "-e" "RUSTDOCFLAGS=--cap-lints=forbid" "-e" "CARGO_HOME=/opt/rustwide/cargo-home" "-e" "RUSTUP_HOME=/opt/rustwide/rustup-home" "-w" "/opt/rustwide/workdir" "-m" "1610612736" "--user" "0:0" "--network" "none" "ghcr.io/rust-lang/crates-build-env/linux@sha256:4a844ea9eb2546a2d2c7022eacef16ef2e8229c7fbb2c7d4d55a9ceca922f72d" "/opt/rustwide/cargo-home/bin/cargo" "+nightly-2024-10-28" "test" "--frozen" "--no-run" "--message-format=json", kill_on_drop: false }`
[INFO] [stdout] 388930c742e5120f6305f606a312316527c5e2645929e31cd92daadeebb44875
[INFO] running `Command { std: "docker" "start" "-a" "388930c742e5120f6305f606a312316527c5e2645929e31cd92daadeebb44875", kill_on_drop: false }`
[INFO] [stderr] warning: no edition set: defaulting to the 2015 edition while the latest is 2021
[INFO] [stderr]    Compiling ytesrev v0.2.7 (/opt/rustwide/workdir)
[INFO] [stderr]     Finished `test` profile [unoptimized + debuginfo] target(s) in 0.52s
[INFO] [stderr] warning: the following packages contain code that will be rejected by a future version of Rust: bitflags v0.7.0
[INFO] [stderr] note: to see what the problems were, use the option `--future-incompat-report`, or run `cargo report future-incompatibilities --id 2`
[INFO] running `Command { std: "docker" "inspect" "388930c742e5120f6305f606a312316527c5e2645929e31cd92daadeebb44875", kill_on_drop: false }`
[INFO] running `Command { std: "docker" "rm" "-f" "388930c742e5120f6305f606a312316527c5e2645929e31cd92daadeebb44875", kill_on_drop: false }`
[INFO] [stdout] 388930c742e5120f6305f606a312316527c5e2645929e31cd92daadeebb44875
[INFO] running `Command { std: "docker" "create" "-v" "/var/lib/crater-agent-workspace/builds/worker-5-tc1/target:/opt/rustwide/target:rw,Z" "-v" "/var/lib/crater-agent-workspace/builds/worker-5-tc1/source:/opt/rustwide/workdir:ro,Z" "-v" "/var/lib/crater-agent-workspace/cargo-home:/opt/rustwide/cargo-home:ro,Z" "-v" "/var/lib/crater-agent-workspace/rustup-home:/opt/rustwide/rustup-home:ro,Z" "-e" "SOURCE_DIR=/opt/rustwide/workdir" "-e" "CARGO_TARGET_DIR=/opt/rustwide/target" "-e" "CARGO_INCREMENTAL=0" "-e" "RUST_BACKTRACE=full" "-e" "RUSTFLAGS=--cap-lints=forbid" "-e" "RUSTDOCFLAGS=--cap-lints=forbid" "-e" "CARGO_HOME=/opt/rustwide/cargo-home" "-e" "RUSTUP_HOME=/opt/rustwide/rustup-home" "-w" "/opt/rustwide/workdir" "-m" "1610612736" "--user" "0:0" "--network" "none" "ghcr.io/rust-lang/crates-build-env/linux@sha256:4a844ea9eb2546a2d2c7022eacef16ef2e8229c7fbb2c7d4d55a9ceca922f72d" "/opt/rustwide/cargo-home/bin/cargo" "+nightly-2024-10-28" "test" "--frozen", kill_on_drop: false }`
[INFO] [stdout] c7e5e9024e4de5f3a07384176552af7f0c3f0042bfe62b74681dcd90f2d7cbbd
[INFO] running `Command { std: "docker" "start" "-a" "c7e5e9024e4de5f3a07384176552af7f0c3f0042bfe62b74681dcd90f2d7cbbd", kill_on_drop: false }`
[INFO] [stderr] warning: no edition set: defaulting to the 2015 edition while the latest is 2021
[INFO] [stderr]     Finished `test` profile [unoptimized + debuginfo] target(s) in 0.02s
[INFO] [stderr] warning: the following packages contain code that will be rejected by a future version of Rust: bitflags v0.7.0
[INFO] [stderr] note: to see what the problems were, use the option `--future-incompat-report`, or run `cargo report future-incompatibilities --id 2`
[INFO] [stderr]      Running unittests src/lib.rs (/opt/rustwide/target/debug/deps/ytesrev-9e0978f649e2afb8)
[INFO] [stdout] 
[INFO] [stdout] running 0 tests
[INFO] [stdout] 
[INFO] [stdout] test result: ok. 0 passed; 0 failed; 0 ignored; 0 measured; 0 filtered out; finished in 0.00s
[INFO] [stdout] 
[INFO] [stderr]      Running unittests src/example/showcase.rs (/opt/rustwide/target/debug/deps/ytesrev_sample-79e9b141af7625a3)
[INFO] [stdout] 
[INFO] [stdout] running 0 tests
[INFO] [stdout] 
[INFO] [stdout] test result: ok. 0 passed; 0 failed; 0 ignored; 0 measured; 0 filtered out; finished in 0.00s
[INFO] [stdout] 
[INFO] [stderr]    Doc-tests ytesrev
[INFO] [stdout] 
[INFO] [stdout] running 8 tests
[INFO] [stdout] test src/layout/mod.rs - layout::Orientation::Horizontal (line 18) ... FAILED
[INFO] [stdout] test src/drawable/mod.rs - drawable::Position::into_rect_with_size_unbounded (line 114) ... FAILED
[INFO] [stdout] test src/layout/mod.rs - layout::Orientation::Vertical (line 10) ... FAILED
[INFO] [stdout] test src/drawable/mod.rs - drawable::Position::into_rect_with_size (line 62) ... FAILED
[INFO] [stdout] test src/latex/render.rs - latex::render::add_prelude (line 85) ... ok
[INFO] [stdout] test src/latex/latex_obj.rs - latex::latex_obj::LatexObj::text (line 84) ... ok
[INFO] [stdout] test src/latex/render.rs - latex::render::register_equation (line 61) ... ok
[INFO] [stdout] test src/latex/latex_obj.rs - latex::latex_obj::LatexObj::math (line 66) ... ok
[INFO] [stdout] 
[INFO] [stdout] failures:
[INFO] [stdout] 
[INFO] [stdout] ---- src/layout/mod.rs - layout::Orientation::Horizontal (line 18) stdout ----
[INFO] [stdout] error: expected expression, found `->`
[INFO] [stdout]  --> src/layout/mod.rs:19:3
[INFO] [stdout]   |
[INFO] [stdout] 3 | --->
[INFO] [stdout]   |   ^^ expected expression
[INFO] [stdout] 
[INFO] [stdout] error: aborting due to 1 previous error
[INFO] [stdout] 
[INFO] [stdout] Couldn't compile the test.
[INFO] [stdout] ---- src/drawable/mod.rs - drawable::Position::into_rect_with_size_unbounded (line 114) stdout ----
[INFO] [stdout] error[E0432]: unresolved imports `ytesrev::Point`, `ytesrev::Rect`
[INFO] [stdout]  --> src/drawable/mod.rs:116:15
[INFO] [stdout]   |
[INFO] [stdout] 5 | use ytesrev::{Point, Rect};
[INFO] [stdout]   |               ^^^^^  ^^^^ no `Rect` in the root
[INFO] [stdout]   |               |
[INFO] [stdout]   |               no `Point` in the root
[INFO] [stdout]   |
[INFO] [stdout]   = help: consider importing this struct instead:
[INFO] [stdout]           ytesrev::sdl2::rect::Point
[INFO] [stdout]   = help: consider importing one of these items instead:
[INFO] [stdout]           ytesrev::prelude::Position::Rect
[INFO] [stdout]           ytesrev::sdl2::rect::Rect
[INFO] [stdout] 
[INFO] [stdout] error: aborting due to 1 previous error
[INFO] [stdout] 
[INFO] [stdout] For more information about this error, try `rustc --explain E0432`.
[INFO] [stdout] Couldn't compile the test.
[INFO] [stdout] ---- src/layout/mod.rs - layout::Orientation::Vertical (line 10) stdout ----
[INFO] [stdout] error: expected expression, found `^`
[INFO] [stdout]  --> src/layout/mod.rs:11:1
[INFO] [stdout]   |
[INFO] [stdout] 3 | ^
[INFO] [stdout]   | ^ expected expression
[INFO] [stdout] 
[INFO] [stdout] error: aborting due to 1 previous error
[INFO] [stdout] 
[INFO] [stdout] Couldn't compile the test.
[INFO] [stdout] ---- src/drawable/mod.rs - drawable::Position::into_rect_with_size (line 62) stdout ----
[INFO] [stdout] error[E0432]: unresolved imports `ytesrev::Point`, `ytesrev::Rect`
[INFO] [stdout]  --> src/drawable/mod.rs:64:15
[INFO] [stdout]   |
[INFO] [stdout] 5 | use ytesrev::{Point, Rect};
[INFO] [stdout]   |               ^^^^^  ^^^^ no `Rect` in the root
[INFO] [stdout]   |               |
[INFO] [stdout]   |               no `Point` in the root
[INFO] [stdout]   |
[INFO] [stdout]   = help: consider importing this struct instead:
[INFO] [stdout]           ytesrev::sdl2::rect::Point
[INFO] [stdout]   = help: consider importing one of these items instead:
[INFO] [stdout]           ytesrev::prelude::Position::Rect
[INFO] [stdout]           ytesrev::sdl2::rect::Rect
[INFO] [stdout] 
[INFO] [stdout] error: aborting due to 1 previous error
[INFO] [stdout] 
[INFO] [stdout] For more information about this error, try `rustc --explain E0432`.
[INFO] [stdout] Couldn't compile the test.
[INFO] [stdout] 
[INFO] [stdout] failures:
[INFO] [stdout]     src/drawable/mod.rs - drawable::Position::into_rect_with_size (line 62)
[INFO] [stdout]     src/drawable/mod.rs - drawable::Position::into_rect_with_size_unbounded (line 114)
[INFO] [stdout]     src/layout/mod.rs - layout::Orientation::Horizontal (line 18)
[INFO] [stdout]     src/layout/mod.rs - layout::Orientation::Vertical (line 10)
[INFO] [stdout] 
[INFO] [stdout] test result: FAILED. 4 passed; 4 failed; 0 ignored; 0 measured; 0 filtered out; finished in 0.22s
[INFO] [stdout] 
[INFO] [stderr] error: doctest failed, to rerun pass `--doc`
[INFO] running `Command { std: "docker" "inspect" "c7e5e9024e4de5f3a07384176552af7f0c3f0042bfe62b74681dcd90f2d7cbbd", kill_on_drop: false }`
[INFO] running `Command { std: "docker" "rm" "-f" "c7e5e9024e4de5f3a07384176552af7f0c3f0042bfe62b74681dcd90f2d7cbbd", kill_on_drop: false }`
[INFO] [stdout] c7e5e9024e4de5f3a07384176552af7f0c3f0042bfe62b74681dcd90f2d7cbbd
