[INFO] fetching crate yoke 0.7.4...
[INFO] testing yoke-0.7.4 against nightly-2024-10-28 for randomize-layout
[INFO] extracting crate yoke 0.7.4 into /workspace/builds/worker-3-tc1/source
[INFO] validating manifest of crates.io crate yoke 0.7.4 on toolchain nightly-2024-10-28
[INFO] running `Command { std: CARGO_HOME="/workspace/cargo-home" RUSTUP_HOME="/workspace/rustup-home" "/workspace/cargo-home/bin/cargo" "+nightly-2024-10-28" "metadata" "--manifest-path" "Cargo.toml" "--no-deps", kill_on_drop: false }`
[INFO] started tweaking crates.io crate yoke 0.7.4
[INFO] finished tweaking crates.io crate yoke 0.7.4
[INFO] tweaked toml for crates.io crate yoke 0.7.4 written to /workspace/builds/worker-3-tc1/source/Cargo.toml
[INFO] running `Command { std: CARGO_HOME="/workspace/cargo-home" RUSTUP_HOME="/workspace/rustup-home" "/workspace/cargo-home/bin/cargo" "+nightly-2024-10-28" "generate-lockfile" "--manifest-path" "Cargo.toml", kill_on_drop: false }`
[INFO] [stderr]     Updating crates.io index
[INFO] [stderr]      Locking 14 packages to latest compatible versions
[INFO] running `Command { std: CARGO_HOME="/workspace/cargo-home" RUSTUP_HOME="/workspace/rustup-home" "/workspace/cargo-home/bin/cargo" "+nightly-2024-10-28" "fetch" "--manifest-path" "Cargo.toml", kill_on_drop: false }`
[INFO] running `Command { std: "docker" "create" "-v" "/var/lib/crater-agent-workspace/builds/worker-3-tc1/target:/opt/rustwide/target:rw,Z" "-v" "/var/lib/crater-agent-workspace/builds/worker-3-tc1/source:/opt/rustwide/workdir:ro,Z" "-v" "/var/lib/crater-agent-workspace/cargo-home:/opt/rustwide/cargo-home:ro,Z" "-v" "/var/lib/crater-agent-workspace/rustup-home:/opt/rustwide/rustup-home:ro,Z" "-e" "SOURCE_DIR=/opt/rustwide/workdir" "-e" "CARGO_TARGET_DIR=/opt/rustwide/target" "-e" "CARGO_HOME=/opt/rustwide/cargo-home" "-e" "RUSTUP_HOME=/opt/rustwide/rustup-home" "-w" "/opt/rustwide/workdir" "-m" "1610612736" "--user" "0:0" "--network" "none" "ghcr.io/rust-lang/crates-build-env/linux@sha256:4a844ea9eb2546a2d2c7022eacef16ef2e8229c7fbb2c7d4d55a9ceca922f72d" "/opt/rustwide/cargo-home/bin/cargo" "+nightly-2024-10-28" "metadata" "--no-deps" "--format-version=1", kill_on_drop: false }`
[INFO] [stdout] 091a7769e121c72ea4a5012b9c7a262dc34d91a2beb0e2f2ffca564d8b956549
[INFO] running `Command { std: "docker" "start" "-a" "091a7769e121c72ea4a5012b9c7a262dc34d91a2beb0e2f2ffca564d8b956549", kill_on_drop: false }`
[INFO] running `Command { std: "docker" "inspect" "091a7769e121c72ea4a5012b9c7a262dc34d91a2beb0e2f2ffca564d8b956549", kill_on_drop: false }`
[INFO] running `Command { std: "docker" "rm" "-f" "091a7769e121c72ea4a5012b9c7a262dc34d91a2beb0e2f2ffca564d8b956549", kill_on_drop: false }`
[INFO] [stdout] 091a7769e121c72ea4a5012b9c7a262dc34d91a2beb0e2f2ffca564d8b956549
[INFO] running `Command { std: "docker" "create" "-v" "/var/lib/crater-agent-workspace/builds/worker-3-tc1/target:/opt/rustwide/target:rw,Z" "-v" "/var/lib/crater-agent-workspace/builds/worker-3-tc1/source:/opt/rustwide/workdir:ro,Z" "-v" "/var/lib/crater-agent-workspace/cargo-home:/opt/rustwide/cargo-home:ro,Z" "-v" "/var/lib/crater-agent-workspace/rustup-home:/opt/rustwide/rustup-home:ro,Z" "-e" "SOURCE_DIR=/opt/rustwide/workdir" "-e" "CARGO_TARGET_DIR=/opt/rustwide/target" "-e" "CARGO_INCREMENTAL=0" "-e" "RUST_BACKTRACE=full" "-e" "RUSTFLAGS=--cap-lints=forbid" "-e" "RUSTDOCFLAGS=--cap-lints=forbid" "-e" "CARGO_HOME=/opt/rustwide/cargo-home" "-e" "RUSTUP_HOME=/opt/rustwide/rustup-home" "-w" "/opt/rustwide/workdir" "-m" "1610612736" "--user" "0:0" "--network" "none" "ghcr.io/rust-lang/crates-build-env/linux@sha256:4a844ea9eb2546a2d2c7022eacef16ef2e8229c7fbb2c7d4d55a9ceca922f72d" "/opt/rustwide/cargo-home/bin/cargo" "+nightly-2024-10-28" "build" "--frozen" "--message-format=json", kill_on_drop: false }`
[INFO] [stdout] 08d48663cfa0223939b45e3647f13ddb8009e32c5ef15798ab4cdb3502da7a45
[INFO] running `Command { std: "docker" "start" "-a" "08d48663cfa0223939b45e3647f13ddb8009e32c5ef15798ab4cdb3502da7a45", kill_on_drop: false }`
[INFO] [stderr]    Compiling stable_deref_trait v1.2.0
[INFO] [stderr]    Compiling zerofrom v0.1.4
[INFO] [stderr]    Compiling yoke v0.7.4 (/opt/rustwide/workdir)
[INFO] [stderr]     Finished `dev` profile [unoptimized + debuginfo] target(s) in 0.21s
[INFO] running `Command { std: "docker" "inspect" "08d48663cfa0223939b45e3647f13ddb8009e32c5ef15798ab4cdb3502da7a45", kill_on_drop: false }`
[INFO] running `Command { std: "docker" "rm" "-f" "08d48663cfa0223939b45e3647f13ddb8009e32c5ef15798ab4cdb3502da7a45", kill_on_drop: false }`
[INFO] [stdout] 08d48663cfa0223939b45e3647f13ddb8009e32c5ef15798ab4cdb3502da7a45
[INFO] running `Command { std: "docker" "create" "-v" "/var/lib/crater-agent-workspace/builds/worker-3-tc1/target:/opt/rustwide/target:rw,Z" "-v" "/var/lib/crater-agent-workspace/builds/worker-3-tc1/source:/opt/rustwide/workdir:ro,Z" "-v" "/var/lib/crater-agent-workspace/cargo-home:/opt/rustwide/cargo-home:ro,Z" "-v" "/var/lib/crater-agent-workspace/rustup-home:/opt/rustwide/rustup-home:ro,Z" "-e" "SOURCE_DIR=/opt/rustwide/workdir" "-e" "CARGO_TARGET_DIR=/opt/rustwide/target" "-e" "CARGO_INCREMENTAL=0" "-e" "RUST_BACKTRACE=full" "-e" "RUSTFLAGS=--cap-lints=forbid" "-e" "RUSTDOCFLAGS=--cap-lints=forbid" "-e" "CARGO_HOME=/opt/rustwide/cargo-home" "-e" "RUSTUP_HOME=/opt/rustwide/rustup-home" "-w" "/opt/rustwide/workdir" "-m" "1610612736" "--user" "0:0" "--network" "none" "ghcr.io/rust-lang/crates-build-env/linux@sha256:4a844ea9eb2546a2d2c7022eacef16ef2e8229c7fbb2c7d4d55a9ceca922f72d" "/opt/rustwide/cargo-home/bin/cargo" "+nightly-2024-10-28" "test" "--frozen" "--no-run" "--message-format=json", kill_on_drop: false }`
[INFO] [stdout] 921b54e6e7537e6c09c661592c995f8006e16d34cc27f3d63fe652f62aacaa7f
[INFO] running `Command { std: "docker" "start" "-a" "921b54e6e7537e6c09c661592c995f8006e16d34cc27f3d63fe652f62aacaa7f", kill_on_drop: false }`
[INFO] [stderr]    Compiling proc-macro2 v1.0.89
[INFO] [stderr]    Compiling unicode-ident v1.0.13
[INFO] [stderr]    Compiling serde v1.0.214
[INFO] [stderr]    Compiling cobs v0.2.3
[INFO] [stderr]    Compiling quote v1.0.37
[INFO] [stderr]    Compiling syn v2.0.86
[INFO] [stderr]    Compiling serde_derive v1.0.214
[INFO] [stderr]    Compiling postcard v1.0.10
[INFO] [stderr]    Compiling bincode v1.3.3
[INFO] [stderr]    Compiling yoke v0.7.4 (/opt/rustwide/workdir)
[INFO] [stderr]     Finished `test` profile [unoptimized + debuginfo] target(s) in 7.65s
[INFO] running `Command { std: "docker" "inspect" "921b54e6e7537e6c09c661592c995f8006e16d34cc27f3d63fe652f62aacaa7f", kill_on_drop: false }`
[INFO] running `Command { std: "docker" "rm" "-f" "921b54e6e7537e6c09c661592c995f8006e16d34cc27f3d63fe652f62aacaa7f", kill_on_drop: false }`
[INFO] [stdout] 921b54e6e7537e6c09c661592c995f8006e16d34cc27f3d63fe652f62aacaa7f
[INFO] running `Command { std: "docker" "create" "-v" "/var/lib/crater-agent-workspace/builds/worker-3-tc1/target:/opt/rustwide/target:rw,Z" "-v" "/var/lib/crater-agent-workspace/builds/worker-3-tc1/source:/opt/rustwide/workdir:ro,Z" "-v" "/var/lib/crater-agent-workspace/cargo-home:/opt/rustwide/cargo-home:ro,Z" "-v" "/var/lib/crater-agent-workspace/rustup-home:/opt/rustwide/rustup-home:ro,Z" "-e" "SOURCE_DIR=/opt/rustwide/workdir" "-e" "CARGO_TARGET_DIR=/opt/rustwide/target" "-e" "CARGO_INCREMENTAL=0" "-e" "RUST_BACKTRACE=full" "-e" "RUSTFLAGS=--cap-lints=forbid" "-e" "RUSTDOCFLAGS=--cap-lints=forbid" "-e" "CARGO_HOME=/opt/rustwide/cargo-home" "-e" "RUSTUP_HOME=/opt/rustwide/rustup-home" "-w" "/opt/rustwide/workdir" "-m" "1610612736" "--user" "0:0" "--network" "none" "ghcr.io/rust-lang/crates-build-env/linux@sha256:4a844ea9eb2546a2d2c7022eacef16ef2e8229c7fbb2c7d4d55a9ceca922f72d" "/opt/rustwide/cargo-home/bin/cargo" "+nightly-2024-10-28" "test" "--frozen", kill_on_drop: false }`
[INFO] [stdout] 04082d7396738ea0c85156e74a6928ef02c4c80496159b0d6d1323383e0c0b86
[INFO] running `Command { std: "docker" "start" "-a" "04082d7396738ea0c85156e74a6928ef02c4c80496159b0d6d1323383e0c0b86", kill_on_drop: false }`
[INFO] [stderr]     Finished `test` profile [unoptimized + debuginfo] target(s) in 0.02s
[INFO] [stderr]      Running unittests src/lib.rs (/opt/rustwide/target/debug/deps/yoke-c026402402646925)
[INFO] [stdout] 
[INFO] [stdout] running 6 tests
[INFO] [stdout] test cartable_ptr::tests::test_new_rc ... ok
[INFO] [stdout] test cartable_ptr::tests::test_new_sentinel ... ok
[INFO] [stdout] test cartable_ptr::tests::test_rc_clone ... ok
[INFO] [stdout] test cartable_ptr::tests::test_sizes ... ok
[INFO] [stdout] test yoke::test_clone ... ok
[INFO] [stdout] test yoke::test_debug ... ok
[INFO] [stdout] 
[INFO] [stdout] test result: ok. 6 passed; 0 failed; 0 ignored; 0 measured; 0 filtered out; finished in 0.00s
[INFO] [stdout] 
[INFO] [stderr]      Running tests/bincode.rs (/opt/rustwide/target/debug/deps/bincode-faa7b98dd9c9e35d)
[INFO] [stdout] 
[INFO] [stdout] running 1 test
[INFO] [stdout] test test_load ... ok
[INFO] [stdout] 
[INFO] [stdout] test result: ok. 1 passed; 0 failed; 0 ignored; 0 measured; 0 filtered out; finished in 0.00s
[INFO] [stdout] 
[INFO] [stderr]      Running tests/miri.rs (/opt/rustwide/target/debug/deps/miri-61f0d13cf4024af7)
[INFO] [stdout] 
[INFO] [stdout] running 1 test
[INFO] [stdout] test run_test ... ok
[INFO] [stdout] 
[INFO] [stdout] test result: ok. 1 passed; 0 failed; 0 ignored; 0 measured; 0 filtered out; finished in 0.00s
[INFO] [stdout] 
[INFO] [stderr]    Doc-tests yoke
[INFO] [stdout] 
[INFO] [stdout] running 38 tests
[INFO] [stdout] test src/trait_hack.rs - trait_hack (line 31) - compile fail ... ok
[INFO] [stdout] test src/trait_hack.rs - trait_hack::YokeTraitHack (line 276) ... ok
[INFO] [stdout] test src/yoke.rs - yoke::Yoke<Y,C>::map_project (line 743) ... ok
[INFO] [stdout] test src/trait_hack.rs - trait_hack (line 195) ... ok
[INFO] [stdout] test src/yoke.rs - yoke::Yoke<Y,C>::map_project (line 732) ... ok
[INFO] [stdout] test src/yoke.rs - yoke::Yoke<Y,()>::new_always_owned (line 487) ... ok
[INFO] [stdout] test src/trait_hack.rs - trait_hack (line 129) ... ok
[INFO] [stdout] test src/yoke.rs - yoke::Yoke<Y,Arc<C>>::erase_arc_cart (line 1093) ... ok
[INFO] [stdout] test src/yoke.rs - yoke::Yoke<Y,C>::try_map_project (line 827) ... ok
[INFO] [stdout] test src/yoke.rs - yoke::Yoke (line 58) ... ok
[INFO] [stdout] test src/yoke.rs - yoke::Yoke<Y,C>::into_backing_cart (line 315) ... ok
[INFO] [stdout] test src/yoke.rs - yoke::Yoke<Y,C>::get (line 256) ... ok
[INFO] [stdout] test src/yoke.rs - yoke::Yoke<Y,C>::attach_to_cart (line 157) ... ok
[INFO] [stdout] test src/yoke.rs - yoke::_ (line 1343) ... ignored
[INFO] [stdout] test src/yoke.rs - yoke::_ (line 1366) ... ignored
[INFO] [stdout] test src/either.rs - either::EitherCart (line 25) ... ok
[INFO] [stdout] test src/yoke.rs - yoke::Yoke<Y,C>::into_backing_cart (line 299) ... ok
[INFO] [stdout] test src/yoke.rs - yoke::Yoke<Y,C>::attach_to_cart (line 133) ... ok
[INFO] [stdout] test src/yoke.rs - yoke::_ (line 1253) - compile fail ... ok
[INFO] [stdout] test src/yoke.rs - yoke::Yoke<Y,Box<C>>::erase_box_cart (line 1139) ... ok
[INFO] [stdout] test src/yoke.rs - yoke::Yoke<Y,Option<C>>::convert_cart_into_option_pointer (line 581) ... FAILED
[INFO] [stdout] test src/yoke.rs - yoke::_ (line 1266) - compile fail ... ok
[INFO] [stdout] test src/yoke.rs - yoke::_ (line 1455) - compile fail ... ok
[INFO] [stdout] test src/yoke.rs - yoke::_ (line 1279) - compile fail ... ok
[INFO] [stdout] test src/yoke.rs - yoke::_ (line 1416) - compile fail ... ok
[INFO] [stdout] test src/yoke.rs - yoke::_ (line 1440) - compile fail ... ok
[INFO] [stdout] test src/yokeable.rs - yokeable::Yokeable::transform_mut (line 147) - compile fail ... ok
[INFO] [stdout] test src/yoke.rs - yoke::_ (line 1467) - compile fail ... ok
[INFO] [stdout] test src/yokeable.rs - yokeable::Yokeable::transform_mut (line 170) - compile fail ... ok
[INFO] [stdout] test src/yoke.rs - yoke::Yoke<Y,C>::try_map_project (line 841) ... ok
[INFO] [stdout] test src/yoke.rs - yoke::Yoke<Y,Option<C>>::new_owned (line 530) ... ok
[INFO] [stdout] test src/yokeable.rs - yokeable::Yokeable (line 53) ... ok
[INFO] [stdout] test src/yoke.rs - yoke::Yoke<Y,Rc<C>>::erase_rc_cart (line 1047) ... ok
[INFO] [stdout] test src/yoke.rs - yoke::_ (line 1428) ... ok
[INFO] [stdout] test src/yoke.rs - yoke::Yoke<Y,Option<C>>::convert_cart_into_option_pointer (line 568) ... ok
[INFO] [stdout] test src/yokeable.rs - yokeable::Yokeable::transform_mut (line 220) ... ok
[INFO] [stdout] test src/zero_from.rs - zero_from::Yoke<Y,C>::attach_to_zero_copy_cart (line 42) ... ok
[INFO] [stdout] test src/yoke.rs - yoke::Yoke<Y,C>::with_mut (line 384) ... ok
[INFO] [stdout] 
[INFO] [stdout] failures:
[INFO] [stdout] 
[INFO] [stdout] ---- src/yoke.rs - yoke::Yoke<Y,Option<C>>::convert_cart_into_option_pointer (line 581) stdout ----
[INFO] [stdout] error[E0433]: failed to resolve: could not find `Yokeable` in `yoke`
[INFO] [stdout]   --> src/yoke.rs:589:16
[INFO] [stdout]    |
[INFO] [stdout] 11 | #[derive(yoke::Yokeable)]
[INFO] [stdout]    |                ^^^^^^^^ could not find `Yokeable` in `yoke`
[INFO] [stdout]    |
[INFO] [stdout] note: found an item that was configured out
[INFO] [stdout]   --> /opt/rustwide/workdir/src/lib.rs:61:22
[INFO] [stdout]    |
[INFO] [stdout] 61 | pub use yoke_derive::Yokeable;
[INFO] [stdout]    |                      ^^^^^^^^
[INFO] [stdout] note: the item is gated behind the `derive` feature
[INFO] [stdout]   --> /opt/rustwide/workdir/src/lib.rs:60:7
[INFO] [stdout]    |
[INFO] [stdout] 60 | #[cfg(feature = "derive")]
[INFO] [stdout]    |       ^^^^^^^^^^^^^^^^^^
[INFO] [stdout] 
[INFO] [stdout] error[E0277]: the trait bound `for<'a> MyDataStruct<'static>: Yokeable<'a>` is not satisfied
[INFO] [stdout]   --> src/yoke.rs:600:10
[INFO] [stdout]    |
[INFO] [stdout] 22 |     Yoke(Yoke<MyDataStruct<'static>, Option<Rc<String>>>),
[INFO] [stdout]    |          ^^^^^^^^^^^^^^^^^^^^^^^^^^^^^^^^^^^^^^^^^^^^^^^ the trait `for<'a> Yokeable<'a>` is not implemented for `MyDataStruct<'static>`
[INFO] [stdout]    |
[INFO] [stdout]    = help: the following other types implement trait `Yokeable<'a>`:
[INFO] [stdout]              &'static T
[INFO] [stdout]              (T1, T2)
[INFO] [stdout]              Cow<'static, T>
[INFO] [stdout]              Option<T>
[INFO] [stdout]              Vec<T>
[INFO] [stdout]              [T; N]
[INFO] [stdout]              bool
[INFO] [stdout]              char
[INFO] [stdout]            and 12 others
[INFO] [stdout] note: required by a bound in `Yoke`
[INFO] [stdout]   --> /opt/rustwide/workdir/src/yoke.rs:79:20
[INFO] [stdout]    |
[INFO] [stdout] 79 | pub struct Yoke<Y: for<'a> Yokeable<'a>, C> {
[INFO] [stdout]    |                    ^^^^^^^^^^^^^^^^^^^^ required by this bound in `Yoke`
[INFO] [stdout] 
[INFO] [stdout] error[E0277]: the trait bound `for<'a> MyDataStruct<'static>: Yokeable<'a>` is not satisfied
[INFO] [stdout]   --> src/yoke.rs:607:10
[INFO] [stdout]    |
[INFO] [stdout] 29 |     Yoke(Yoke<MyDataStruct<'static>, CartableOptionPointer<Rc<String>>>),
[INFO] [stdout]    |          ^^^^^^^^^^^^^^^^^^^^^^^^^^^^^^^^^^^^^^^^^^^^^^^^^^^^^^^^^^^^^^ the trait `for<'a> Yokeable<'a>` is not implemented for `MyDataStruct<'static>`
[INFO] [stdout]    |
[INFO] [stdout]    = help: the following other types implement trait `Yokeable<'a>`:
[INFO] [stdout]              &'static T
[INFO] [stdout]              (T1, T2)
[INFO] [stdout]              Cow<'static, T>
[INFO] [stdout]              Option<T>
[INFO] [stdout]              Vec<T>
[INFO] [stdout]              [T; N]
[INFO] [stdout]              bool
[INFO] [stdout]              char
[INFO] [stdout]            and 12 others
[INFO] [stdout] note: required by a bound in `Yoke`
[INFO] [stdout]   --> /opt/rustwide/workdir/src/yoke.rs:79:20
[INFO] [stdout]    |
[INFO] [stdout] 79 | pub struct Yoke<Y: for<'a> Yokeable<'a>, C> {
[INFO] [stdout]    |                    ^^^^^^^^^^^^^^^^^^^^ required by this bound in `Yoke`
[INFO] [stdout] 
[INFO] [stdout] error: aborting due to 3 previous errors
[INFO] [stdout] 
[INFO] [stdout] Some errors have detailed explanations: E0277, E0433.
[INFO] [stdout] For more information about an error, try `rustc --explain E0277`.
[INFO] [stdout] Couldn't compile the test.
[INFO] [stdout] 
[INFO] [stdout] failures:
[INFO] [stdout]     src/yoke.rs - yoke::Yoke<Y,Option<C>>::convert_cart_into_option_pointer (line 581)
[INFO] [stdout] 
[INFO] [stdout] test result: FAILED. 35 passed; 1 failed; 2 ignored; 0 measured; 0 filtered out; finished in 0.51s
[INFO] [stdout] 
[INFO] [stderr] error: doctest failed, to rerun pass `--doc`
[INFO] running `Command { std: "docker" "inspect" "04082d7396738ea0c85156e74a6928ef02c4c80496159b0d6d1323383e0c0b86", kill_on_drop: false }`
[INFO] running `Command { std: "docker" "rm" "-f" "04082d7396738ea0c85156e74a6928ef02c4c80496159b0d6d1323383e0c0b86", kill_on_drop: false }`
[INFO] [stdout] 04082d7396738ea0c85156e74a6928ef02c4c80496159b0d6d1323383e0c0b86
