[INFO] fetching crate ymir 0.2.0...
[INFO] testing ymir-0.2.0 against nightly-2024-10-28+rustflags=-Zrandomize-layout for randomize-layout
[INFO] extracting crate ymir 0.2.0 into /workspace/builds/worker-4-tc2/source
[INFO] validating manifest of crates.io crate ymir 0.2.0 on toolchain nightly-2024-10-28
[INFO] running `Command { std: CARGO_HOME="/workspace/cargo-home" RUSTUP_HOME="/workspace/rustup-home" "/workspace/cargo-home/bin/cargo" "+nightly-2024-10-28" "metadata" "--manifest-path" "Cargo.toml" "--no-deps", kill_on_drop: false }`
[INFO] started tweaking crates.io crate ymir 0.2.0
[INFO] finished tweaking crates.io crate ymir 0.2.0
[INFO] tweaked toml for crates.io crate ymir 0.2.0 written to /workspace/builds/worker-4-tc2/source/Cargo.toml
[INFO] running `Command { std: CARGO_HOME="/workspace/cargo-home" RUSTUP_HOME="/workspace/rustup-home" "/workspace/cargo-home/bin/cargo" "+nightly-2024-10-28" "generate-lockfile" "--manifest-path" "Cargo.toml", kill_on_drop: false }`
[INFO] [stderr]     Updating crates.io index
[INFO] [stderr]      Locking 245 packages to latest compatible versions
[INFO] [stderr]       Adding matchit v0.8.0 (available: v0.8.4)
[INFO] running `Command { std: CARGO_HOME="/workspace/cargo-home" RUSTUP_HOME="/workspace/rustup-home" "/workspace/cargo-home/bin/cargo" "+nightly-2024-10-28" "fetch" "--manifest-path" "Cargo.toml", kill_on_drop: false }`
[INFO] running `Command { std: "docker" "create" "-v" "/var/lib/crater-agent-workspace/builds/worker-4-tc2/target:/opt/rustwide/target:rw,Z" "-v" "/var/lib/crater-agent-workspace/builds/worker-4-tc2/source:/opt/rustwide/workdir:ro,Z" "-v" "/var/lib/crater-agent-workspace/cargo-home:/opt/rustwide/cargo-home:ro,Z" "-v" "/var/lib/crater-agent-workspace/rustup-home:/opt/rustwide/rustup-home:ro,Z" "-e" "SOURCE_DIR=/opt/rustwide/workdir" "-e" "CARGO_TARGET_DIR=/opt/rustwide/target" "-e" "CARGO_HOME=/opt/rustwide/cargo-home" "-e" "RUSTUP_HOME=/opt/rustwide/rustup-home" "-w" "/opt/rustwide/workdir" "-m" "1610612736" "--user" "0:0" "--network" "none" "ghcr.io/rust-lang/crates-build-env/linux@sha256:4a844ea9eb2546a2d2c7022eacef16ef2e8229c7fbb2c7d4d55a9ceca922f72d" "/opt/rustwide/cargo-home/bin/cargo" "+nightly-2024-10-28" "metadata" "--no-deps" "--format-version=1", kill_on_drop: false }`
[INFO] [stdout] e09db155d8b4633272dd4f85418fec458d942692590394edcc87a77aa08d5618
[INFO] running `Command { std: "docker" "start" "-a" "e09db155d8b4633272dd4f85418fec458d942692590394edcc87a77aa08d5618", kill_on_drop: false }`
[INFO] running `Command { std: "docker" "inspect" "e09db155d8b4633272dd4f85418fec458d942692590394edcc87a77aa08d5618", kill_on_drop: false }`
[INFO] running `Command { std: "docker" "rm" "-f" "e09db155d8b4633272dd4f85418fec458d942692590394edcc87a77aa08d5618", kill_on_drop: false }`
[INFO] [stdout] e09db155d8b4633272dd4f85418fec458d942692590394edcc87a77aa08d5618
[INFO] running `Command { std: "docker" "create" "-v" "/var/lib/crater-agent-workspace/builds/worker-4-tc2/target:/opt/rustwide/target:rw,Z" "-v" "/var/lib/crater-agent-workspace/builds/worker-4-tc2/source:/opt/rustwide/workdir:ro,Z" "-v" "/var/lib/crater-agent-workspace/cargo-home:/opt/rustwide/cargo-home:ro,Z" "-v" "/var/lib/crater-agent-workspace/rustup-home:/opt/rustwide/rustup-home:ro,Z" "-e" "SOURCE_DIR=/opt/rustwide/workdir" "-e" "CARGO_TARGET_DIR=/opt/rustwide/target" "-e" "CARGO_INCREMENTAL=0" "-e" "RUST_BACKTRACE=full" "-e" "RUSTFLAGS=--cap-lints=forbid -Zrandomize-layout" "-e" "RUSTDOCFLAGS=--cap-lints=forbid" "-e" "CARGO_HOME=/opt/rustwide/cargo-home" "-e" "RUSTUP_HOME=/opt/rustwide/rustup-home" "-w" "/opt/rustwide/workdir" "-m" "1610612736" "--user" "0:0" "--network" "none" "ghcr.io/rust-lang/crates-build-env/linux@sha256:4a844ea9eb2546a2d2c7022eacef16ef2e8229c7fbb2c7d4d55a9ceca922f72d" "/opt/rustwide/cargo-home/bin/cargo" "+nightly-2024-10-28" "build" "--frozen" "--message-format=json", kill_on_drop: false }`
[INFO] [stdout] 73a9d9282bd45d06d855d142c235305b89b81947471bb93d43f865213ea81adc
[INFO] running `Command { std: "docker" "start" "-a" "73a9d9282bd45d06d855d142c235305b89b81947471bb93d43f865213ea81adc", kill_on_drop: false }`
[INFO] [stderr]    Compiling serde v1.0.214
[INFO] [stderr]    Compiling memchr v2.7.4
[INFO] [stderr]    Compiling slab v0.4.9
[INFO] [stderr]    Compiling fnv v1.0.7
[INFO] [stderr]    Compiling byteorder v1.5.0
[INFO] [stderr]    Compiling syn v2.0.86
[INFO] [stderr]    Compiling futures-task v0.3.31
[INFO] [stderr]    Compiling signal-hook-registry v1.4.2
[INFO] [stderr]    Compiling http v1.1.0
[INFO] [stderr]    Compiling jobserver v0.1.32
[INFO] [stderr]    Compiling crunchy v0.2.2
[INFO] [stderr]    Compiling tracing-core v0.1.32
[INFO] [stderr]    Compiling futures-util v0.3.31
[INFO] [stderr]    Compiling ahash v0.8.11
[INFO] [stderr]    Compiling cc v1.1.31
[INFO] [stderr]    Compiling pkg-config v0.3.31
[INFO] [stderr]    Compiling log v0.4.22
[INFO] [stderr]    Compiling tiny-keccak v2.0.2
[INFO] [stderr]    Compiling http-body v1.0.1
[INFO] [stderr]    Compiling httparse v1.9.5
[INFO] [stderr]    Compiling mime v0.3.17
[INFO] [stderr]    Compiling crypto-common v0.1.6
[INFO] [stderr]    Compiling getrandom v0.2.15
[INFO] [stderr]    Compiling num-traits v0.2.19
[INFO] [stderr]    Compiling allocator-api2 v0.2.18
[INFO] [stderr]    Compiling tower-service v0.3.3
[INFO] [stderr]    Compiling httpdate v1.0.3
[INFO] [stderr]    Compiling ucd-trie v0.1.7
[INFO] [stderr]    Compiling const-random-macro v0.1.16
[INFO] [stderr]    Compiling digest v0.10.7
[INFO] [stderr]    Compiling zstd-safe v7.2.1
[INFO] [stderr]    Compiling rustversion v1.0.18
[INFO] [stderr]    Compiling alloc-no-stdlib v2.0.4
[INFO] [stderr]    Compiling time-core v0.1.2
[INFO] [stderr]    Compiling tower-layer v0.3.3
[INFO] [stderr]    Compiling num-conv v0.1.0
[INFO] [stderr]    Compiling smallvec v1.13.2
[INFO] [stderr]    Compiling powerfmt v0.2.0
[INFO] [stderr]    Compiling alloc-stdlib v0.2.2
[INFO] [stderr]    Compiling time-macros v0.2.18
[INFO] [stderr]    Compiling const-random v0.1.18
[INFO] [stderr]    Compiling deranged v0.3.11
[INFO] [stderr]    Compiling futures-channel v0.3.31
[INFO] [stderr]    Compiling encoding_rs v0.8.35
[INFO] [stderr]    Compiling base64 v0.21.7
[INFO] [stderr]    Compiling zstd-sys v2.0.13+zstd.1.5.6
[INFO] [stderr]    Compiling adler2 v2.0.0
[INFO] [stderr]    Compiling http-body-util v0.1.2
[INFO] [stderr]    Compiling hashbrown v0.15.0
[INFO] [stderr]    Compiling unicase v2.8.0
[INFO] [stderr]    Compiling equivalent v1.0.1
[INFO] [stderr]    Compiling miniz_oxide v0.8.0
[INFO] [stderr]    Compiling brotli-decompressor v4.0.1
[INFO] [stderr]    Compiling mime_guess v2.0.5
[INFO] [stderr]    Compiling dlv-list v0.5.2
[INFO] [stderr]    Compiling indexmap v2.6.0
[INFO] [stderr]    Compiling time v0.3.36
[INFO] [stderr]    Compiling aho-corasick v1.1.3
[INFO] [stderr]    Compiling cookie v0.18.1
[INFO] [stderr]    Compiling multer v3.1.0
[INFO] [stderr]    Compiling crc32fast v1.4.2
[INFO] [stderr]    Compiling rust_decimal v1.36.0
[INFO] [stderr]    Compiling winnow v0.6.20
[INFO] [stderr]    Compiling sync_wrapper v0.1.2
[INFO] [stderr]    Compiling regex-syntax v0.6.29
[INFO] [stderr]    Compiling lazy_static v1.5.0
[INFO] [stderr]    Compiling sync_wrapper v1.0.1
[INFO] [stderr]    Compiling regex-syntax v0.8.5
[INFO] [stderr]    Compiling flate2 v1.0.34
[INFO] [stderr]    Compiling brotli v7.0.0
[INFO] [stderr]    Compiling regex-automata v0.1.10
[INFO] [stderr]    Compiling serde_derive v1.0.214
[INFO] [stderr]    Compiling zerocopy-derive v0.7.35
[INFO] [stderr]    Compiling tokio-macros v2.4.0
[INFO] [stderr]    Compiling zerocopy v0.7.35
[INFO] [stderr]    Compiling tokio v1.41.0
[INFO] [stderr]    Compiling tracing-attributes v0.1.27
[INFO] [stderr]    Compiling thiserror-impl v1.0.66
[INFO] [stderr]    Compiling hashbrown v0.14.5
[INFO] [stderr]    Compiling ppv-lite86 v0.2.20
[INFO] [stderr]    Compiling hashlink v0.8.4
[INFO] [stderr]    Compiling thiserror v1.0.66
[INFO] [stderr]    Compiling rand_chacha v0.3.1
[INFO] [stderr]    Compiling ordered-multimap v0.7.3
[INFO] [stderr]    Compiling tracing v0.1.40
[INFO] [stderr]    Compiling pest v2.7.14
[INFO] [stderr]    Compiling axum-core v0.5.0-alpha.1
[INFO] [stderr]    Compiling regex-automata v0.4.8
[INFO] [stderr]    Compiling axum-macros v0.5.0-alpha.1
[INFO] [stderr]    Compiling sha1 v0.10.6
[INFO] [stderr]    Compiling headers-core v0.3.0
[INFO] [stderr]    Compiling futures-sink v0.3.31
[INFO] [stderr]    Compiling arrayvec v0.7.6
[INFO] [stderr]    Compiling arraydeque v0.5.1
[INFO] [stderr]    Compiling matchit v0.8.0
[INFO] [stderr]    Compiling pest_meta v2.7.14
[INFO] [stderr]    Compiling iana-time-zone v0.1.61
[INFO] [stderr]    Compiling base64ct v1.6.0
[INFO] [stderr]    Compiling spin v0.9.8
[INFO] [stderr]    Compiling unicode-segmentation v1.12.0
[INFO] [stderr]    Compiling overload v0.1.1
[INFO] [stderr]    Compiling nom v7.1.3
[INFO] [stderr]    Compiling pest_generator v2.7.14
[INFO] [stderr]    Compiling regex v1.11.1
[INFO] [stderr]    Compiling hyper v1.5.0
[INFO] [stderr]    Compiling tower v0.5.1
[INFO] [stderr]    Compiling pest_derive v2.7.14
[INFO] [stderr]    Compiling tokio-util v0.7.12
[INFO] [stderr]    Compiling bitflags v2.6.0
[INFO] [stderr]    Compiling serde_spanned v0.6.8
[INFO] [stderr]    Compiling serde_json v1.0.132
[INFO] [stderr]    Compiling toml_datetime v0.6.8
[INFO] [stderr]    Compiling hyper-util v0.1.10
[INFO] [stderr]    Compiling toml_edit v0.22.22
[INFO] [stderr]    Compiling serde_path_to_error v0.1.16
[INFO] [stderr]    Compiling serde_urlencoded v0.7.1
[INFO] [stderr]    Compiling ron v0.8.1
[INFO] [stderr]    Compiling json5 v0.4.1
[INFO] [stderr]    Compiling convert_case v0.6.0
[INFO] [stderr]    Compiling axum v0.8.0-alpha.1
[INFO] [stderr]    Compiling nu-ansi-term v0.46.0
[INFO] [stderr]    Compiling zstd v0.13.2
[INFO] [stderr]    Compiling password-hash v0.5.0
[INFO] [stderr]    Compiling async-compression v0.4.17
[INFO] [stderr]    Compiling chrono v0.4.38
[INFO] [stderr]    Compiling yaml-rust2 v0.8.1
[INFO] [stderr]    Compiling toml v0.8.19
[INFO] [stderr]    Compiling headers v0.4.0
[INFO] [stderr]    Compiling rust-ini v0.20.0
[INFO] [stderr]    Compiling rand v0.8.5
[INFO] [stderr]    Compiling matchers v0.1.0
[INFO] [stderr]    Compiling async-trait v0.1.83
[INFO] [stderr]    Compiling sharded-slab v0.1.7
[INFO] [stderr]    Compiling blake2 v0.10.6
[INFO] [stderr]    Compiling tracing-log v0.2.0
[INFO] [stderr]    Compiling thread_local v1.1.8
[INFO] [stderr]    Compiling pathdiff v0.2.2
[INFO] [stderr]    Compiling utf8-width v0.1.7
[INFO] [stderr]    Compiling http-range-header v0.4.1
[INFO] [stderr]    Compiling fastrand v2.1.1
[INFO] [stderr]    Compiling tracing-subscriber v0.3.18
[INFO] [stderr]    Compiling byte-unit v5.1.4
[INFO] [stderr]    Compiling config v0.14.1
[INFO] [stderr]    Compiling tower-http v0.6.1
[INFO] [stderr]    Compiling argon2 v0.5.3
[INFO] [stderr]    Compiling rusty_ulid v2.0.0
[INFO] [stderr]    Compiling colored v2.1.0
[INFO] [stderr]    Compiling dotenvy v0.15.7
[INFO] [stderr]    Compiling axum-extra v0.10.0-alpha.1
[INFO] [stderr]    Compiling ymir v0.2.0 (/opt/rustwide/workdir)
[INFO] [stderr]     Finished `dev` profile [unoptimized + debuginfo] target(s) in 24.28s
[INFO] running `Command { std: "docker" "inspect" "73a9d9282bd45d06d855d142c235305b89b81947471bb93d43f865213ea81adc", kill_on_drop: false }`
[INFO] running `Command { std: "docker" "rm" "-f" "73a9d9282bd45d06d855d142c235305b89b81947471bb93d43f865213ea81adc", kill_on_drop: false }`
[INFO] [stdout] 73a9d9282bd45d06d855d142c235305b89b81947471bb93d43f865213ea81adc
[INFO] running `Command { std: "docker" "create" "-v" "/var/lib/crater-agent-workspace/builds/worker-4-tc2/target:/opt/rustwide/target:rw,Z" "-v" "/var/lib/crater-agent-workspace/builds/worker-4-tc2/source:/opt/rustwide/workdir:ro,Z" "-v" "/var/lib/crater-agent-workspace/cargo-home:/opt/rustwide/cargo-home:ro,Z" "-v" "/var/lib/crater-agent-workspace/rustup-home:/opt/rustwide/rustup-home:ro,Z" "-e" "SOURCE_DIR=/opt/rustwide/workdir" "-e" "CARGO_TARGET_DIR=/opt/rustwide/target" "-e" "CARGO_INCREMENTAL=0" "-e" "RUST_BACKTRACE=full" "-e" "RUSTFLAGS=--cap-lints=forbid -Zrandomize-layout" "-e" "RUSTDOCFLAGS=--cap-lints=forbid" "-e" "CARGO_HOME=/opt/rustwide/cargo-home" "-e" "RUSTUP_HOME=/opt/rustwide/rustup-home" "-w" "/opt/rustwide/workdir" "-m" "1610612736" "--user" "0:0" "--network" "none" "ghcr.io/rust-lang/crates-build-env/linux@sha256:4a844ea9eb2546a2d2c7022eacef16ef2e8229c7fbb2c7d4d55a9ceca922f72d" "/opt/rustwide/cargo-home/bin/cargo" "+nightly-2024-10-28" "test" "--frozen" "--no-run" "--message-format=json", kill_on_drop: false }`
[INFO] [stdout] 6efd884788d29ec4ad6fa7eb7b5981ef83982f8a8d8d32c582bafd5b4d72dd44
[INFO] running `Command { std: "docker" "start" "-a" "6efd884788d29ec4ad6fa7eb7b5981ef83982f8a8d8d32c582bafd5b4d72dd44", kill_on_drop: false }`
[INFO] [stderr]    Compiling ymir v0.2.0 (/opt/rustwide/workdir)
[INFO] [stderr]     Finished `test` profile [unoptimized + debuginfo] target(s) in 0.99s
[INFO] running `Command { std: "docker" "inspect" "6efd884788d29ec4ad6fa7eb7b5981ef83982f8a8d8d32c582bafd5b4d72dd44", kill_on_drop: false }`
[INFO] running `Command { std: "docker" "rm" "-f" "6efd884788d29ec4ad6fa7eb7b5981ef83982f8a8d8d32c582bafd5b4d72dd44", kill_on_drop: false }`
[INFO] [stdout] 6efd884788d29ec4ad6fa7eb7b5981ef83982f8a8d8d32c582bafd5b4d72dd44
[INFO] running `Command { std: "docker" "create" "-v" "/var/lib/crater-agent-workspace/builds/worker-4-tc2/target:/opt/rustwide/target:rw,Z" "-v" "/var/lib/crater-agent-workspace/builds/worker-4-tc2/source:/opt/rustwide/workdir:ro,Z" "-v" "/var/lib/crater-agent-workspace/cargo-home:/opt/rustwide/cargo-home:ro,Z" "-v" "/var/lib/crater-agent-workspace/rustup-home:/opt/rustwide/rustup-home:ro,Z" "-e" "SOURCE_DIR=/opt/rustwide/workdir" "-e" "CARGO_TARGET_DIR=/opt/rustwide/target" "-e" "CARGO_INCREMENTAL=0" "-e" "RUST_BACKTRACE=full" "-e" "RUSTFLAGS=--cap-lints=forbid -Zrandomize-layout" "-e" "RUSTDOCFLAGS=--cap-lints=forbid" "-e" "CARGO_HOME=/opt/rustwide/cargo-home" "-e" "RUSTUP_HOME=/opt/rustwide/rustup-home" "-w" "/opt/rustwide/workdir" "-m" "1610612736" "--user" "0:0" "--network" "none" "ghcr.io/rust-lang/crates-build-env/linux@sha256:4a844ea9eb2546a2d2c7022eacef16ef2e8229c7fbb2c7d4d55a9ceca922f72d" "/opt/rustwide/cargo-home/bin/cargo" "+nightly-2024-10-28" "test" "--frozen", kill_on_drop: false }`
[INFO] [stdout] 92e43e2d10caf9c5eaacea0bd9f48794327e4163a8801284f3f6affb4eec0dc8
[INFO] running `Command { std: "docker" "start" "-a" "92e43e2d10caf9c5eaacea0bd9f48794327e4163a8801284f3f6affb4eec0dc8", kill_on_drop: false }`
[INFO] [stderr]     Finished `test` profile [unoptimized + debuginfo] target(s) in 0.14s
[INFO] [stderr]      Running unittests src/lib.rs (/opt/rustwide/target/debug/deps/ymir-349853a5ba9ca644)
[INFO] [stdout] 
[INFO] [stdout] running 0 tests
[INFO] [stdout] 
[INFO] [stdout] test result: ok. 0 passed; 0 failed; 0 ignored; 0 measured; 0 filtered out; finished in 0.00s
[INFO] [stdout] 
[INFO] [stderr]    Doc-tests ymir
[INFO] [stdout] 
[INFO] [stdout] running 2 tests
[INFO] [stdout] test src/errors.rs - errors::Error (line 103) ... FAILED
[INFO] [stdout] test src/hooks.rs - hooks::LifeCycle::app_name (line 21) ... ok
[INFO] [stdout] 
[INFO] [stdout] failures:
[INFO] [stdout] 
[INFO] [stdout] ---- src/errors.rs - errors::Error (line 103) stdout ----
[INFO] [stdout] error[E0412]: cannot find type `Response` in this scope
[INFO] [stdout]  --> src/errors.rs:105:32
[INFO] [stdout]   |
[INFO] [stdout] 4 | async fn get_hello() -> Result<Response> {
[INFO] [stdout]   |                                ^^^^^^^^ not found in this scope
[INFO] [stdout]   |
[INFO] [stdout] help: consider importing one of these items
[INFO] [stdout]   |
[INFO] [stdout] 3 + use axum::response::Response;
[INFO] [stdout]   |
[INFO] [stdout] 3 + use http::Response;
[INFO] [stdout]   |
[INFO] [stdout] 
[INFO] [stdout] error[E0433]: failed to resolve: use of undeclared type `Error`
[INFO] [stdout]  --> src/errors.rs:106:9
[INFO] [stdout]   |
[INFO] [stdout] 5 |     Err(Error::NotFound(msg.into()))
[INFO] [stdout]   |         ^^^^^ use of undeclared type `Error`
[INFO] [stdout]   |
[INFO] [stdout] help: consider importing one of these items
[INFO] [stdout]   |
[INFO] [stdout] 3 + use std::error::Error;
[INFO] [stdout]   |
[INFO] [stdout] 3 + use std::fmt::Error;
[INFO] [stdout]   |
[INFO] [stdout] 3 + use std::io::Error;
[INFO] [stdout]   |
[INFO] [stdout] 3 + use core::error::Error;
[INFO] [stdout]   |
[INFO] [stdout]     and 14 other candidates
[INFO] [stdout] 
[INFO] [stdout] error[E0425]: cannot find value `msg` in this scope
[INFO] [stdout]  --> src/errors.rs:106:25
[INFO] [stdout]   |
[INFO] [stdout] 5 |     Err(Error::NotFound(msg.into()))
[INFO] [stdout]   |                         ^^^ not found in this scope
[INFO] [stdout] 
[INFO] [stdout] error[E0107]: enum takes 2 generic arguments but 1 generic argument was supplied
[INFO] [stdout]  --> src/errors.rs:105:25
[INFO] [stdout]   |
[INFO] [stdout] 4 | async fn get_hello() -> Result<Response> {
[INFO] [stdout]   |                         ^^^^^^ -------- supplied 1 generic argument
[INFO] [stdout]   |                         |
[INFO] [stdout]   |                         expected 2 generic arguments
[INFO] [stdout]   |
[INFO] [stdout] help: add missing generic argument
[INFO] [stdout]   |
[INFO] [stdout] 4 | async fn get_hello() -> Result<Response, E> {
[INFO] [stdout]   |                                        +++
[INFO] [stdout] 
[INFO] [stdout] error: aborting due to 4 previous errors
[INFO] [stdout] 
[INFO] [stdout] Some errors have detailed explanations: E0107, E0412, E0425, E0433.
[INFO] [stdout] For more information about an error, try `rustc --explain E0107`.
[INFO] [stdout] Couldn't compile the test.
[INFO] [stdout] 
[INFO] [stdout] failures:
[INFO] [stdout]     src/errors.rs - errors::Error (line 103)
[INFO] [stdout] 
[INFO] [stdout] test result: FAILED. 1 passed; 1 failed; 0 ignored; 0 measured; 0 filtered out; finished in 0.09s
[INFO] [stdout] 
[INFO] [stderr] error: doctest failed, to rerun pass `--doc`
[INFO] running `Command { std: "docker" "inspect" "92e43e2d10caf9c5eaacea0bd9f48794327e4163a8801284f3f6affb4eec0dc8", kill_on_drop: false }`
[INFO] running `Command { std: "docker" "rm" "-f" "92e43e2d10caf9c5eaacea0bd9f48794327e4163a8801284f3f6affb4eec0dc8", kill_on_drop: false }`
[INFO] [stdout] 92e43e2d10caf9c5eaacea0bd9f48794327e4163a8801284f3f6affb4eec0dc8
