[INFO] fetching crate yew_quick 0.2.2...
[INFO] testing yew_quick-0.2.2 against nightly-2024-10-28 for randomize-layout
[INFO] extracting crate yew_quick 0.2.2 into /workspace/builds/worker-6-tc1/source
[INFO] validating manifest of crates.io crate yew_quick 0.2.2 on toolchain nightly-2024-10-28
[INFO] running `Command { std: CARGO_HOME="/workspace/cargo-home" RUSTUP_HOME="/workspace/rustup-home" "/workspace/cargo-home/bin/cargo" "+nightly-2024-10-28" "metadata" "--manifest-path" "Cargo.toml" "--no-deps", kill_on_drop: false }`
[INFO] started tweaking crates.io crate yew_quick 0.2.2
[INFO] finished tweaking crates.io crate yew_quick 0.2.2
[INFO] tweaked toml for crates.io crate yew_quick 0.2.2 written to /workspace/builds/worker-6-tc1/source/Cargo.toml
[INFO] running `Command { std: CARGO_HOME="/workspace/cargo-home" RUSTUP_HOME="/workspace/rustup-home" "/workspace/cargo-home/bin/cargo" "+nightly-2024-10-28" "generate-lockfile" "--manifest-path" "Cargo.toml", kill_on_drop: false }`
[INFO] [stderr]     Updating crates.io index
[INFO] [stderr]      Locking 108 packages to latest compatible versions
[INFO] [stderr]       Adding stylist v0.12.1 (available: v0.13.0)
[INFO] [stderr]       Adding yew v0.20.0 (available: v0.21.0)
[INFO] running `Command { std: CARGO_HOME="/workspace/cargo-home" RUSTUP_HOME="/workspace/rustup-home" "/workspace/cargo-home/bin/cargo" "+nightly-2024-10-28" "fetch" "--manifest-path" "Cargo.toml", kill_on_drop: false }`
[INFO] [stderr]  Downloading crates ...
[INFO] [stderr]   Downloaded stylist-core v0.12.1
[INFO] [stderr]   Downloaded stylist-macros v0.12.1
[INFO] [stderr]   Downloaded stylist v0.12.1
[INFO] running `Command { std: "docker" "create" "-v" "/var/lib/crater-agent-workspace/builds/worker-6-tc1/target:/opt/rustwide/target:rw,Z" "-v" "/var/lib/crater-agent-workspace/builds/worker-6-tc1/source:/opt/rustwide/workdir:ro,Z" "-v" "/var/lib/crater-agent-workspace/cargo-home:/opt/rustwide/cargo-home:ro,Z" "-v" "/var/lib/crater-agent-workspace/rustup-home:/opt/rustwide/rustup-home:ro,Z" "-e" "SOURCE_DIR=/opt/rustwide/workdir" "-e" "CARGO_TARGET_DIR=/opt/rustwide/target" "-e" "CARGO_HOME=/opt/rustwide/cargo-home" "-e" "RUSTUP_HOME=/opt/rustwide/rustup-home" "-w" "/opt/rustwide/workdir" "-m" "1610612736" "--user" "0:0" "--network" "none" "ghcr.io/rust-lang/crates-build-env/linux@sha256:4a844ea9eb2546a2d2c7022eacef16ef2e8229c7fbb2c7d4d55a9ceca922f72d" "/opt/rustwide/cargo-home/bin/cargo" "+nightly-2024-10-28" "metadata" "--no-deps" "--format-version=1", kill_on_drop: false }`
[INFO] [stdout] 517f6bb66699aa2fa118a2a533b6c3739f9b4186dfc56c4c235ec343defdb7dd
[INFO] running `Command { std: "docker" "start" "-a" "517f6bb66699aa2fa118a2a533b6c3739f9b4186dfc56c4c235ec343defdb7dd", kill_on_drop: false }`
[INFO] running `Command { std: "docker" "inspect" "517f6bb66699aa2fa118a2a533b6c3739f9b4186dfc56c4c235ec343defdb7dd", kill_on_drop: false }`
[INFO] running `Command { std: "docker" "rm" "-f" "517f6bb66699aa2fa118a2a533b6c3739f9b4186dfc56c4c235ec343defdb7dd", kill_on_drop: false }`
[INFO] [stdout] 517f6bb66699aa2fa118a2a533b6c3739f9b4186dfc56c4c235ec343defdb7dd
[INFO] running `Command { std: "docker" "create" "-v" "/var/lib/crater-agent-workspace/builds/worker-6-tc1/target:/opt/rustwide/target:rw,Z" "-v" "/var/lib/crater-agent-workspace/builds/worker-6-tc1/source:/opt/rustwide/workdir:ro,Z" "-v" "/var/lib/crater-agent-workspace/cargo-home:/opt/rustwide/cargo-home:ro,Z" "-v" "/var/lib/crater-agent-workspace/rustup-home:/opt/rustwide/rustup-home:ro,Z" "-e" "SOURCE_DIR=/opt/rustwide/workdir" "-e" "CARGO_TARGET_DIR=/opt/rustwide/target" "-e" "CARGO_INCREMENTAL=0" "-e" "RUST_BACKTRACE=full" "-e" "RUSTFLAGS=--cap-lints=forbid" "-e" "RUSTDOCFLAGS=--cap-lints=forbid" "-e" "CARGO_HOME=/opt/rustwide/cargo-home" "-e" "RUSTUP_HOME=/opt/rustwide/rustup-home" "-w" "/opt/rustwide/workdir" "-m" "1610612736" "--user" "0:0" "--network" "none" "ghcr.io/rust-lang/crates-build-env/linux@sha256:4a844ea9eb2546a2d2c7022eacef16ef2e8229c7fbb2c7d4d55a9ceca922f72d" "/opt/rustwide/cargo-home/bin/cargo" "+nightly-2024-10-28" "build" "--frozen" "--message-format=json", kill_on_drop: false }`
[INFO] [stdout] 50e30dad0f57c138c368cab12d72bccf1de1f80d36d788a08d8477e8a8616cf0
[INFO] running `Command { std: "docker" "start" "-a" "50e30dad0f57c138c368cab12d72bccf1de1f80d36d788a08d8477e8a8616cf0", kill_on_drop: false }`
[INFO] [stderr]    Compiling wasm-bindgen-shared v0.2.95
[INFO] [stderr]    Compiling bumpalo v3.16.0
[INFO] [stderr]    Compiling log v0.4.22
[INFO] [stderr]    Compiling wasm-bindgen v0.2.95
[INFO] [stderr]    Compiling version_check v0.9.5
[INFO] [stderr]    Compiling futures-sink v0.3.31
[INFO] [stderr]    Compiling syn v1.0.109
[INFO] [stderr]    Compiling rustversion v1.0.18
[INFO] [stderr]    Compiling percent-encoding v2.3.1
[INFO] [stderr]    Compiling indexmap v1.9.3
[INFO] [stderr]    Compiling syn v2.0.86
[INFO] [stderr]    Compiling prettyplease v0.1.25
[INFO] [stderr]    Compiling fnv v1.0.7
[INFO] [stderr]    Compiling tokio v1.41.0
[INFO] [stderr]    Compiling anymap2 v0.13.0
[INFO] [stderr]    Compiling nom v7.1.3
[INFO] [stderr]    Compiling futures-channel v0.3.31
[INFO] [stderr]    Compiling http v0.2.12
[INFO] [stderr]    Compiling form_urlencoded v1.2.1
[INFO] [stderr]    Compiling num_cpus v1.16.0
[INFO] [stderr]    Compiling tracing-core v0.1.32
[INFO] [stderr]    Compiling boolinator v2.4.0
[INFO] [stderr]    Compiling either v1.13.0
[INFO] [stderr]    Compiling litrs v0.4.1
[INFO] [stderr]    Compiling instant v0.1.13
[INFO] [stderr]    Compiling fastrand v2.1.1
[INFO] [stderr]    Compiling proc-macro-error-attr v1.0.4
[INFO] [stderr]    Compiling proc-macro-error v1.0.4
[INFO] [stderr]    Compiling itertools v0.10.5
[INFO] [stderr]    Compiling implicit-clone v0.3.9
[INFO] [stderr]    Compiling tokio-stream v0.1.16
[INFO] [stderr]    Compiling wasm-bindgen-backend v0.2.95
[INFO] [stderr]    Compiling yew-macro v0.20.0
[INFO] [stderr]    Compiling serde_derive v1.0.214
[INFO] [stderr]    Compiling thiserror-impl v1.0.66
[INFO] [stderr]    Compiling futures-macro v0.3.31
[INFO] [stderr]    Compiling pin-project-internal v1.1.7
[INFO] [stderr]    Compiling tracing-attributes v0.1.27
[INFO] [stderr]    Compiling futures-util v0.3.31
[INFO] [stderr]    Compiling pin-project v1.1.7
[INFO] [stderr]    Compiling wasm-bindgen-macro-support v0.2.95
[INFO] [stderr]    Compiling thiserror v1.0.66
[INFO] [stderr]    Compiling tracing v0.1.40
[INFO] [stderr]    Compiling wasm-bindgen-macro v0.2.95
[INFO] [stderr]    Compiling serde v1.0.214
[INFO] [stderr]    Compiling js-sys v0.3.72
[INFO] [stderr]    Compiling console_error_panic_hook v0.1.7
[INFO] [stderr]    Compiling futures v0.3.31
[INFO] [stderr]    Compiling pinned v0.1.0
[INFO] [stderr]    Compiling prokio v0.1.0
[INFO] [stderr]    Compiling serde_json v1.0.132
[INFO] [stderr]    Compiling serde_urlencoded v0.7.1
[INFO] [stderr]    Compiling bincode v1.3.3
[INFO] [stderr]    Compiling stylist-core v0.12.1
[INFO] [stderr]    Compiling web-sys v0.3.72
[INFO] [stderr]    Compiling wasm-bindgen-futures v0.4.45
[INFO] [stderr]    Compiling serde-wasm-bindgen v0.5.0
[INFO] [stderr]    Compiling gloo-timers v0.2.6
[INFO] [stderr]    Compiling stylist-macros v0.12.1
[INFO] [stderr]    Compiling gloo-utils v0.1.7
[INFO] [stderr]    Compiling gloo-events v0.1.2
[INFO] [stderr]    Compiling gloo-dialogs v0.1.1
[INFO] [stderr]    Compiling gloo-render v0.1.1
[INFO] [stderr]    Compiling gloo-console v0.2.3
[INFO] [stderr]    Compiling gloo-storage v0.2.2
[INFO] [stderr]    Compiling gloo-net v0.3.1
[INFO] [stderr]    Compiling gloo-file v0.2.3
[INFO] [stderr]    Compiling gloo-history v0.1.5
[INFO] [stderr]    Compiling gloo-worker v0.2.1
[INFO] [stderr]    Compiling gloo v0.8.1
[INFO] [stderr]    Compiling yew v0.20.0
[INFO] [stderr]    Compiling stylist v0.12.1
[INFO] [stderr]    Compiling yew_quick v0.2.2 (/opt/rustwide/workdir)
[INFO] [stderr]     Finished `dev` profile [unoptimized + debuginfo] target(s) in 18.67s
[INFO] running `Command { std: "docker" "inspect" "50e30dad0f57c138c368cab12d72bccf1de1f80d36d788a08d8477e8a8616cf0", kill_on_drop: false }`
[INFO] running `Command { std: "docker" "rm" "-f" "50e30dad0f57c138c368cab12d72bccf1de1f80d36d788a08d8477e8a8616cf0", kill_on_drop: false }`
[INFO] [stdout] 50e30dad0f57c138c368cab12d72bccf1de1f80d36d788a08d8477e8a8616cf0
[INFO] running `Command { std: "docker" "create" "-v" "/var/lib/crater-agent-workspace/builds/worker-6-tc1/target:/opt/rustwide/target:rw,Z" "-v" "/var/lib/crater-agent-workspace/builds/worker-6-tc1/source:/opt/rustwide/workdir:ro,Z" "-v" "/var/lib/crater-agent-workspace/cargo-home:/opt/rustwide/cargo-home:ro,Z" "-v" "/var/lib/crater-agent-workspace/rustup-home:/opt/rustwide/rustup-home:ro,Z" "-e" "SOURCE_DIR=/opt/rustwide/workdir" "-e" "CARGO_TARGET_DIR=/opt/rustwide/target" "-e" "CARGO_INCREMENTAL=0" "-e" "RUST_BACKTRACE=full" "-e" "RUSTFLAGS=--cap-lints=forbid" "-e" "RUSTDOCFLAGS=--cap-lints=forbid" "-e" "CARGO_HOME=/opt/rustwide/cargo-home" "-e" "RUSTUP_HOME=/opt/rustwide/rustup-home" "-w" "/opt/rustwide/workdir" "-m" "1610612736" "--user" "0:0" "--network" "none" "ghcr.io/rust-lang/crates-build-env/linux@sha256:4a844ea9eb2546a2d2c7022eacef16ef2e8229c7fbb2c7d4d55a9ceca922f72d" "/opt/rustwide/cargo-home/bin/cargo" "+nightly-2024-10-28" "test" "--frozen" "--no-run" "--message-format=json", kill_on_drop: false }`
[INFO] [stdout] a273ca5f94728465ad60c8c09e13b5d0d37d790a6691bc5e328d1763d5586539
[INFO] running `Command { std: "docker" "start" "-a" "a273ca5f94728465ad60c8c09e13b5d0d37d790a6691bc5e328d1763d5586539", kill_on_drop: false }`
[INFO] [stderr]    Compiling yew_quick v0.2.2 (/opt/rustwide/workdir)
[INFO] [stderr]     Finished `test` profile [unoptimized + debuginfo] target(s) in 0.84s
[INFO] running `Command { std: "docker" "inspect" "a273ca5f94728465ad60c8c09e13b5d0d37d790a6691bc5e328d1763d5586539", kill_on_drop: false }`
[INFO] running `Command { std: "docker" "rm" "-f" "a273ca5f94728465ad60c8c09e13b5d0d37d790a6691bc5e328d1763d5586539", kill_on_drop: false }`
[INFO] [stdout] a273ca5f94728465ad60c8c09e13b5d0d37d790a6691bc5e328d1763d5586539
[INFO] running `Command { std: "docker" "create" "-v" "/var/lib/crater-agent-workspace/builds/worker-6-tc1/target:/opt/rustwide/target:rw,Z" "-v" "/var/lib/crater-agent-workspace/builds/worker-6-tc1/source:/opt/rustwide/workdir:ro,Z" "-v" "/var/lib/crater-agent-workspace/cargo-home:/opt/rustwide/cargo-home:ro,Z" "-v" "/var/lib/crater-agent-workspace/rustup-home:/opt/rustwide/rustup-home:ro,Z" "-e" "SOURCE_DIR=/opt/rustwide/workdir" "-e" "CARGO_TARGET_DIR=/opt/rustwide/target" "-e" "CARGO_INCREMENTAL=0" "-e" "RUST_BACKTRACE=full" "-e" "RUSTFLAGS=--cap-lints=forbid" "-e" "RUSTDOCFLAGS=--cap-lints=forbid" "-e" "CARGO_HOME=/opt/rustwide/cargo-home" "-e" "RUSTUP_HOME=/opt/rustwide/rustup-home" "-w" "/opt/rustwide/workdir" "-m" "1610612736" "--user" "0:0" "--network" "none" "ghcr.io/rust-lang/crates-build-env/linux@sha256:4a844ea9eb2546a2d2c7022eacef16ef2e8229c7fbb2c7d4d55a9ceca922f72d" "/opt/rustwide/cargo-home/bin/cargo" "+nightly-2024-10-28" "test" "--frozen", kill_on_drop: false }`
[INFO] [stdout] 8ebbfc7c4c565f4265fbb0e281429825ea88cd9911c0271d25a86205953dc424
[INFO] running `Command { std: "docker" "start" "-a" "8ebbfc7c4c565f4265fbb0e281429825ea88cd9911c0271d25a86205953dc424", kill_on_drop: false }`
[INFO] [stderr]     Finished `test` profile [unoptimized + debuginfo] target(s) in 0.07s
[INFO] [stderr]      Running unittests src/lib.rs (/opt/rustwide/target/debug/deps/yew_quick-31a39fbd2250a6dd)
[INFO] [stdout] 
[INFO] [stdout] running 0 tests
[INFO] [stdout] 
[INFO] [stdout] test result: ok. 0 passed; 0 failed; 0 ignored; 0 measured; 0 filtered out; finished in 0.00s
[INFO] [stdout] 
[INFO] [stderr]    Doc-tests yew_quick
[INFO] [stdout] 
[INFO] [stdout] running 12 tests
[INFO] [stdout] test src/components/text.rs - components::text::Text::run::inner (line 165) ... FAILED
[INFO] [stdout] test src/components/box.rs - components::r#box::Box (line 257) ... FAILED
[INFO] [stdout] test src/components/text_ellipsis.rs - components::text_ellipsis::TextEllipsis::run::inner (line 168) ... FAILED
[INFO] [stdout] test src/components/image.rs - components::image::Image::run::inner (line 121) ... FAILED
[INFO] [stdout] test src/components/box.rs - components::r#box::Box::run::inner (line 257) ... FAILED
[INFO] [stdout] test src/components/flex.rs - components::flex::Flex::run::inner (line 259) ... FAILED
[INFO] [stdout] test src/components/line.rs - components::line::Line::run::inner (line 106) ... FAILED
[INFO] [stdout] test src/components/text.rs - components::text::Text (line 165) ... FAILED
[INFO] [stdout] test src/components/flex.rs - components::flex::Flex (line 259) ... FAILED
[INFO] [stdout] test src/components/line.rs - components::line::Line (line 106) ... FAILED
[INFO] [stdout] test src/components/image.rs - components::image::Image (line 121) ... FAILED
[INFO] [stdout] test src/components/text_ellipsis.rs - components::text_ellipsis::TextEllipsis (line 168) ... FAILED
[INFO] [stdout] 
[INFO] [stdout] failures:
[INFO] [stdout] 
[INFO] [stdout] ---- src/components/text.rs - components::text::Text::run::inner (line 165) stdout ----
[INFO] [stdout] error: struct literal body without path
[INFO] [stdout]   --> src/components/text.rs:165:86
[INFO] [stdout]    |
[INFO] [stdout] 2  |   fn main() { #[allow(non_snake_case)] fn _doctest_main_src_components_text_rs_165_1() {
[INFO] [stdout]    |  ______________________________________________________________________________________^
[INFO] [stdout] 3  | | size: String,
[INFO] [stdout] 4  | |  padding: String,
[INFO] [stdout] 5  | |  margin: String,
[INFO] [stdout] ...  |
[INFO] [stdout] 29 | |  d_color: String, // dark 模式
[INFO] [stdout] 30 | | } _doctest_main_src_components_text_rs_165_1() }
[INFO] [stdout]    | |_^
[INFO] [stdout]    |
[INFO] [stdout] help: you might have forgotten to add the struct literal inside the block
[INFO] [stdout]    |
[INFO] [stdout] 2  ~ fn main() { #[allow(non_snake_case)] fn _doctest_main_src_components_text_rs_165_1() { SomeStruct {
[INFO] [stdout] 3  | size: String,
[INFO] [stdout] ...
[INFO] [stdout] 29 |  d_color: String, // dark 模式
[INFO] [stdout] 30 ~ } } _doctest_main_src_components_text_rs_165_1() }
[INFO] [stdout]    |
[INFO] [stdout] 
[INFO] [stdout] error: aborting due to 1 previous error
[INFO] [stdout] 
[INFO] [stdout] Couldn't compile the test.
[INFO] [stdout] ---- src/components/box.rs - components::r#box::Box (line 257) stdout ----
[INFO] [stdout] error: struct literal body without path
[INFO] [stdout]   --> src/components/box.rs:257:85
[INFO] [stdout]    |
[INFO] [stdout] 2  |   fn main() { #[allow(non_snake_case)] fn _doctest_main_src_components_box_rs_257_0() {
[INFO] [stdout]    |  _____________________________________________________________________________________^
[INFO] [stdout] 3  | | display: Display,
[INFO] [stdout] 4  | | size: String,  // "22" "10 20" "auto 100%" "50% calc(50vh-100px)"
[INFO] [stdout] 5  | | padding: String, // "1 2 2 1"
[INFO] [stdout] ...  |
[INFO] [stdout] 54 | | d_color: String, // dark 模式
[INFO] [stdout] 55 | | } _doctest_main_src_components_box_rs_257_0() }
[INFO] [stdout]    | |_^
[INFO] [stdout]    |
[INFO] [stdout] help: you might have forgotten to add the struct literal inside the block
[INFO] [stdout]    |
[INFO] [stdout] 2  ~ fn main() { #[allow(non_snake_case)] fn _doctest_main_src_components_box_rs_257_0() { SomeStruct {
[INFO] [stdout] 3  | display: Display,
[INFO] [stdout] ...
[INFO] [stdout] 54 | d_color: String, // dark 模式
[INFO] [stdout] 55 ~ } } _doctest_main_src_components_box_rs_257_0() }
[INFO] [stdout]    |
[INFO] [stdout] 
[INFO] [stdout] error: aborting due to 1 previous error
[INFO] [stdout] 
[INFO] [stdout] Couldn't compile the test.
[INFO] [stdout] ---- src/components/text_ellipsis.rs - components::text_ellipsis::TextEllipsis::run::inner (line 168) stdout ----
[INFO] [stdout] error: struct literal body without path
[INFO] [stdout]   --> src/components/text_ellipsis.rs:168:95
[INFO] [stdout]    |
[INFO] [stdout] 2  |   fn main() { #[allow(non_snake_case)] fn _doctest_main_src_components_text_ellipsis_rs_168_1() {
[INFO] [stdout]    |  _______________________________________________________________________________________________^
[INFO] [stdout] 3  | | line: String, // "2"  多少行之后，显示省略号
[INFO] [stdout] 4  | |  size: String,
[INFO] [stdout] 5  | |  padding: String,
[INFO] [stdout] ...  |
[INFO] [stdout] 30 | |  d_color: String, // dark 模式
[INFO] [stdout] 31 | | } _doctest_main_src_components_text_ellipsis_rs_168_1() }
[INFO] [stdout]    | |_^
[INFO] [stdout]    |
[INFO] [stdout] help: you might have forgotten to add the struct literal inside the block
[INFO] [stdout]    |
[INFO] [stdout] 2  ~ fn main() { #[allow(non_snake_case)] fn _doctest_main_src_components_text_ellipsis_rs_168_1() { SomeStruct {
[INFO] [stdout] 3  | line: String, // "2"  多少行之后，显示省略号
[INFO] [stdout] ...
[INFO] [stdout] 30 |  d_color: String, // dark 模式
[INFO] [stdout] 31 ~ } } _doctest_main_src_components_text_ellipsis_rs_168_1() }
[INFO] [stdout]    |
[INFO] [stdout] 
[INFO] [stdout] error: aborting due to 1 previous error
[INFO] [stdout] 
[INFO] [stdout] Couldn't compile the test.
[INFO] [stdout] ---- src/components/image.rs - components::image::Image::run::inner (line 121) stdout ----
[INFO] [stdout] error: struct literal body without path
[INFO] [stdout]   --> src/components/image.rs:121:87
[INFO] [stdout]    |
[INFO] [stdout] 2  |   fn main() { #[allow(non_snake_case)] fn _doctest_main_src_components_image_rs_121_1() {
[INFO] [stdout]    |  _______________________________________________________________________________________^
[INFO] [stdout] 3  | | size: String,
[INFO] [stdout] 4  | |  padding: String,
[INFO] [stdout] 5  | |  margin: String,
[INFO] [stdout] ...  |
[INFO] [stdout] 22 | |  h_radius: String,    //hover 样式 "12"
[INFO] [stdout] 23 | | } _doctest_main_src_components_image_rs_121_1() }
[INFO] [stdout]    | |_^
[INFO] [stdout]    |
[INFO] [stdout] help: you might have forgotten to add the struct literal inside the block
[INFO] [stdout]    |
[INFO] [stdout] 2  ~ fn main() { #[allow(non_snake_case)] fn _doctest_main_src_components_image_rs_121_1() { SomeStruct {
[INFO] [stdout] 3  | size: String,
[INFO] [stdout] ...
[INFO] [stdout] 22 |  h_radius: String,    //hover 样式 "12"
[INFO] [stdout] 23 ~ } } _doctest_main_src_components_image_rs_121_1() }
[INFO] [stdout]    |
[INFO] [stdout] 
[INFO] [stdout] error: aborting due to 1 previous error
[INFO] [stdout] 
[INFO] [stdout] Couldn't compile the test.
[INFO] [stdout] ---- src/components/box.rs - components::r#box::Box::run::inner (line 257) stdout ----
[INFO] [stdout] error: struct literal body without path
[INFO] [stdout]   --> src/components/box.rs:257:85
[INFO] [stdout]    |
[INFO] [stdout] 2  |   fn main() { #[allow(non_snake_case)] fn _doctest_main_src_components_box_rs_257_1() {
[INFO] [stdout]    |  _____________________________________________________________________________________^
[INFO] [stdout] 3  | | display: Display,
[INFO] [stdout] 4  | | size: String,  // "22" "10 20" "auto 100%" "50% calc(50vh-100px)"
[INFO] [stdout] 5  | | padding: String, // "1 2 2 1"
[INFO] [stdout] ...  |
[INFO] [stdout] 54 | | d_color: String, // dark 模式
[INFO] [stdout] 55 | | } _doctest_main_src_components_box_rs_257_1() }
[INFO] [stdout]    | |_^
[INFO] [stdout]    |
[INFO] [stdout] help: you might have forgotten to add the struct literal inside the block
[INFO] [stdout]    |
[INFO] [stdout] 2  ~ fn main() { #[allow(non_snake_case)] fn _doctest_main_src_components_box_rs_257_1() { SomeStruct {
[INFO] [stdout] 3  | display: Display,
[INFO] [stdout] ...
[INFO] [stdout] 54 | d_color: String, // dark 模式
[INFO] [stdout] 55 ~ } } _doctest_main_src_components_box_rs_257_1() }
[INFO] [stdout]    |
[INFO] [stdout] 
[INFO] [stdout] error: aborting due to 1 previous error
[INFO] [stdout] 
[INFO] [stdout] Couldn't compile the test.
[INFO] [stdout] ---- src/components/flex.rs - components::flex::Flex::run::inner (line 259) stdout ----
[INFO] [stdout] error: struct literal body without path
[INFO] [stdout]   --> src/components/flex.rs:259:86
[INFO] [stdout]    |
[INFO] [stdout] 2  |   fn main() { #[allow(non_snake_case)] fn _doctest_main_src_components_flex_rs_259_1() {
[INFO] [stdout]    |  ______________________________________________________________________________________^
[INFO] [stdout] 3  | | flex: FlexWay,
[INFO] [stdout] 4  | | size: String,  // "22" "10 20" "auto 100%" "50% calc(50vh-100px)"
[INFO] [stdout] 5  | | padding: String, // "1 2 2 1"
[INFO] [stdout] ...  |
[INFO] [stdout] 54 | | d_color: String, // dark 模式
[INFO] [stdout] 55 | | } _doctest_main_src_components_flex_rs_259_1() }
[INFO] [stdout]    | |_^
[INFO] [stdout]    |
[INFO] [stdout] help: you might have forgotten to add the struct literal inside the block
[INFO] [stdout]    |
[INFO] [stdout] 2  ~ fn main() { #[allow(non_snake_case)] fn _doctest_main_src_components_flex_rs_259_1() { SomeStruct {
[INFO] [stdout] 3  | flex: FlexWay,
[INFO] [stdout] ...
[INFO] [stdout] 54 | d_color: String, // dark 模式
[INFO] [stdout] 55 ~ } } _doctest_main_src_components_flex_rs_259_1() }
[INFO] [stdout]    |
[INFO] [stdout] 
[INFO] [stdout] error: aborting due to 1 previous error
[INFO] [stdout] 
[INFO] [stdout] Couldn't compile the test.
[INFO] [stdout] ---- src/components/line.rs - components::line::Line::run::inner (line 106) stdout ----
[INFO] [stdout] error: struct literal body without path
[INFO] [stdout]   --> src/components/line.rs:106:86
[INFO] [stdout]    |
[INFO] [stdout] 2  |   fn main() { #[allow(non_snake_case)] fn _doctest_main_src_components_line_rs_106_1() {
[INFO] [stdout]    |  ______________________________________________________________________________________^
[INFO] [stdout] 3  | | size: String,
[INFO] [stdout] 4  | |  radius: String,
[INFO] [stdout] 5  | |  margin: String, // "1 2 2 1"
[INFO] [stdout] ...  |
[INFO] [stdout] 18 | |  d_bg_color: String,  // dark 模式
[INFO] [stdout] 19 | | } _doctest_main_src_components_line_rs_106_1() }
[INFO] [stdout]    | |_^
[INFO] [stdout]    |
[INFO] [stdout] help: you might have forgotten to add the struct literal inside the block
[INFO] [stdout]    |
[INFO] [stdout] 2  ~ fn main() { #[allow(non_snake_case)] fn _doctest_main_src_components_line_rs_106_1() { SomeStruct {
[INFO] [stdout] 3  | size: String,
[INFO] [stdout] ...
[INFO] [stdout] 18 |  d_bg_color: String,  // dark 模式
[INFO] [stdout] 19 ~ } } _doctest_main_src_components_line_rs_106_1() }
[INFO] [stdout]    |
[INFO] [stdout] 
[INFO] [stdout] error: aborting due to 1 previous error
[INFO] [stdout] 
[INFO] [stdout] Couldn't compile the test.
[INFO] [stdout] ---- src/components/text.rs - components::text::Text (line 165) stdout ----
[INFO] [stdout] error: struct literal body without path
[INFO] [stdout]   --> src/components/text.rs:165:86
[INFO] [stdout]    |
[INFO] [stdout] 2  |   fn main() { #[allow(non_snake_case)] fn _doctest_main_src_components_text_rs_165_0() {
[INFO] [stdout]    |  ______________________________________________________________________________________^
[INFO] [stdout] 3  | | size: String,
[INFO] [stdout] 4  | |  padding: String,
[INFO] [stdout] 5  | |  margin: String,
[INFO] [stdout] ...  |
[INFO] [stdout] 29 | |  d_color: String, // dark 模式
[INFO] [stdout] 30 | | } _doctest_main_src_components_text_rs_165_0() }
[INFO] [stdout]    | |_^
[INFO] [stdout]    |
[INFO] [stdout] help: you might have forgotten to add the struct literal inside the block
[INFO] [stdout]    |
[INFO] [stdout] 2  ~ fn main() { #[allow(non_snake_case)] fn _doctest_main_src_components_text_rs_165_0() { SomeStruct {
[INFO] [stdout] 3  | size: String,
[INFO] [stdout] ...
[INFO] [stdout] 29 |  d_color: String, // dark 模式
[INFO] [stdout] 30 ~ } } _doctest_main_src_components_text_rs_165_0() }
[INFO] [stdout]    |
[INFO] [stdout] 
[INFO] [stdout] error: aborting due to 1 previous error
[INFO] [stdout] 
[INFO] [stdout] Couldn't compile the test.
[INFO] [stdout] ---- src/components/flex.rs - components::flex::Flex (line 259) stdout ----
[INFO] [stdout] error: struct literal body without path
[INFO] [stdout]   --> src/components/flex.rs:259:86
[INFO] [stdout]    |
[INFO] [stdout] 2  |   fn main() { #[allow(non_snake_case)] fn _doctest_main_src_components_flex_rs_259_0() {
[INFO] [stdout]    |  ______________________________________________________________________________________^
[INFO] [stdout] 3  | | flex: FlexWay,
[INFO] [stdout] 4  | | size: String,  // "22" "10 20" "auto 100%" "50% calc(50vh-100px)"
[INFO] [stdout] 5  | | padding: String, // "1 2 2 1"
[INFO] [stdout] ...  |
[INFO] [stdout] 54 | | d_color: String, // dark 模式
[INFO] [stdout] 55 | | } _doctest_main_src_components_flex_rs_259_0() }
[INFO] [stdout]    | |_^
[INFO] [stdout]    |
[INFO] [stdout] help: you might have forgotten to add the struct literal inside the block
[INFO] [stdout]    |
[INFO] [stdout] 2  ~ fn main() { #[allow(non_snake_case)] fn _doctest_main_src_components_flex_rs_259_0() { SomeStruct {
[INFO] [stdout] 3  | flex: FlexWay,
[INFO] [stdout] ...
[INFO] [stdout] 54 | d_color: String, // dark 模式
[INFO] [stdout] 55 ~ } } _doctest_main_src_components_flex_rs_259_0() }
[INFO] [stdout]    |
[INFO] [stdout] 
[INFO] [stdout] error: aborting due to 1 previous error
[INFO] [stdout] 
[INFO] [stdout] Couldn't compile the test.
[INFO] [stdout] ---- src/components/line.rs - components::line::Line (line 106) stdout ----
[INFO] [stdout] error: struct literal body without path
[INFO] [stdout]   --> src/components/line.rs:106:86
[INFO] [stdout]    |
[INFO] [stdout] 2  |   fn main() { #[allow(non_snake_case)] fn _doctest_main_src_components_line_rs_106_0() {
[INFO] [stdout]    |  ______________________________________________________________________________________^
[INFO] [stdout] 3  | | size: String,
[INFO] [stdout] 4  | |  radius: String,
[INFO] [stdout] 5  | |  margin: String, // "1 2 2 1"
[INFO] [stdout] ...  |
[INFO] [stdout] 18 | |  d_bg_color: String,  // dark 模式
[INFO] [stdout] 19 | | } _doctest_main_src_components_line_rs_106_0() }
[INFO] [stdout]    | |_^
[INFO] [stdout]    |
[INFO] [stdout] help: you might have forgotten to add the struct literal inside the block
[INFO] [stdout]    |
[INFO] [stdout] 2  ~ fn main() { #[allow(non_snake_case)] fn _doctest_main_src_components_line_rs_106_0() { SomeStruct {
[INFO] [stdout] 3  | size: String,
[INFO] [stdout] ...
[INFO] [stdout] 18 |  d_bg_color: String,  // dark 模式
[INFO] [stdout] 19 ~ } } _doctest_main_src_components_line_rs_106_0() }
[INFO] [stdout]    |
[INFO] [stdout] 
[INFO] [stdout] error: aborting due to 1 previous error
[INFO] [stdout] 
[INFO] [stdout] Couldn't compile the test.
[INFO] [stdout] ---- src/components/image.rs - components::image::Image (line 121) stdout ----
[INFO] [stdout] error: struct literal body without path
[INFO] [stdout]   --> src/components/image.rs:121:87
[INFO] [stdout]    |
[INFO] [stdout] 2  |   fn main() { #[allow(non_snake_case)] fn _doctest_main_src_components_image_rs_121_0() {
[INFO] [stdout]    |  _______________________________________________________________________________________^
[INFO] [stdout] 3  | | size: String,
[INFO] [stdout] 4  | |  padding: String,
[INFO] [stdout] 5  | |  margin: String,
[INFO] [stdout] ...  |
[INFO] [stdout] 22 | |  h_radius: String,    //hover 样式 "12"
[INFO] [stdout] 23 | | } _doctest_main_src_components_image_rs_121_0() }
[INFO] [stdout]    | |_^
[INFO] [stdout]    |
[INFO] [stdout] help: you might have forgotten to add the struct literal inside the block
[INFO] [stdout]    |
[INFO] [stdout] 2  ~ fn main() { #[allow(non_snake_case)] fn _doctest_main_src_components_image_rs_121_0() { SomeStruct {
[INFO] [stdout] 3  | size: String,
[INFO] [stdout] ...
[INFO] [stdout] 22 |  h_radius: String,    //hover 样式 "12"
[INFO] [stdout] 23 ~ } } _doctest_main_src_components_image_rs_121_0() }
[INFO] [stdout]    |
[INFO] [stdout] 
[INFO] [stdout] error: aborting due to 1 previous error
[INFO] [stdout] 
[INFO] [stdout] Couldn't compile the test.
[INFO] [stdout] ---- src/components/text_ellipsis.rs - components::text_ellipsis::TextEllipsis (line 168) stdout ----
[INFO] [stdout] error: struct literal body without path
[INFO] [stdout]   --> src/components/text_ellipsis.rs:168:95
[INFO] [stdout]    |
[INFO] [stdout] 2  |   fn main() { #[allow(non_snake_case)] fn _doctest_main_src_components_text_ellipsis_rs_168_0() {
[INFO] [stdout]    |  _______________________________________________________________________________________________^
[INFO] [stdout] 3  | | line: String, // "2"  多少行之后，显示省略号
[INFO] [stdout] 4  | |  size: String,
[INFO] [stdout] 5  | |  padding: String,
[INFO] [stdout] ...  |
[INFO] [stdout] 30 | |  d_color: String, // dark 模式
[INFO] [stdout] 31 | | } _doctest_main_src_components_text_ellipsis_rs_168_0() }
[INFO] [stdout]    | |_^
[INFO] [stdout]    |
[INFO] [stdout] help: you might have forgotten to add the struct literal inside the block
[INFO] [stdout]    |
[INFO] [stdout] 2  ~ fn main() { #[allow(non_snake_case)] fn _doctest_main_src_components_text_ellipsis_rs_168_0() { SomeStruct {
[INFO] [stdout] 3  | line: String, // "2"  多少行之后，显示省略号
[INFO] [stdout] ...
[INFO] [stdout] 30 |  d_color: String, // dark 模式
[INFO] [stdout] 31 ~ } } _doctest_main_src_components_text_ellipsis_rs_168_0() }
[INFO] [stdout]    |
[INFO] [stdout] 
[INFO] [stdout] error: aborting due to 1 previous error
[INFO] [stdout] 
[INFO] [stdout] Couldn't compile the test.
[INFO] [stdout] 
[INFO] [stdout] failures:
[INFO] [stdout]     src/components/box.rs - components::r#box::Box (line 257)
[INFO] [stdout]     src/components/box.rs - components::r#box::Box::run::inner (line 257)
[INFO] [stdout]     src/components/flex.rs - components::flex::Flex (line 259)
[INFO] [stdout]     src/components/flex.rs - components::flex::Flex::run::inner (line 259)
[INFO] [stdout]     src/components/image.rs - components::image::Image (line 121)
[INFO] [stdout]     src/components/image.rs - components::image::Image::run::inner (line 121)
[INFO] [stdout]     src/components/line.rs - components::line::Line (line 106)
[INFO] [stdout]     src/components/line.rs - components::line::Line::run::inner (line 106)
[INFO] [stdout]     src/components/text.rs - components::text::Text (line 165)
[INFO] [stdout]     src/components/text.rs - components::text::Text::run::inner (line 165)
[INFO] [stdout]     src/components/text_ellipsis.rs - components::text_ellipsis::TextEllipsis (line 168)
[INFO] [stdout]     src/components/text_ellipsis.rs - components::text_ellipsis::TextEllipsis::run::inner (line 168)
[INFO] [stdout] 
[INFO] [stdout] test result: FAILED. 0 passed; 12 failed; 0 ignored; 0 measured; 0 filtered out; finished in 0.04s
[INFO] [stdout] 
[INFO] [stderr] error: doctest failed, to rerun pass `--doc`
[INFO] running `Command { std: "docker" "inspect" "8ebbfc7c4c565f4265fbb0e281429825ea88cd9911c0271d25a86205953dc424", kill_on_drop: false }`
[INFO] running `Command { std: "docker" "rm" "-f" "8ebbfc7c4c565f4265fbb0e281429825ea88cd9911c0271d25a86205953dc424", kill_on_drop: false }`
[INFO] [stdout] 8ebbfc7c4c565f4265fbb0e281429825ea88cd9911c0271d25a86205953dc424
