[INFO] fetching crate yew-router-nested-macro 0.16.1...
[INFO] testing yew-router-nested-macro-0.16.1 against nightly-2024-10-28 for randomize-layout
[INFO] extracting crate yew-router-nested-macro 0.16.1 into /workspace/builds/worker-7-tc1/source
[INFO] validating manifest of crates.io crate yew-router-nested-macro 0.16.1 on toolchain nightly-2024-10-28
[INFO] running `Command { std: CARGO_HOME="/workspace/cargo-home" RUSTUP_HOME="/workspace/rustup-home" "/workspace/cargo-home/bin/cargo" "+nightly-2024-10-28" "metadata" "--manifest-path" "Cargo.toml" "--no-deps", kill_on_drop: false }`
[INFO] started tweaking crates.io crate yew-router-nested-macro 0.16.1
[INFO] finished tweaking crates.io crate yew-router-nested-macro 0.16.1
[INFO] tweaked toml for crates.io crate yew-router-nested-macro 0.16.1 written to /workspace/builds/worker-7-tc1/source/Cargo.toml
[INFO] running `Command { std: CARGO_HOME="/workspace/cargo-home" RUSTUP_HOME="/workspace/rustup-home" "/workspace/cargo-home/bin/cargo" "+nightly-2024-10-28" "generate-lockfile" "--manifest-path" "Cargo.toml", kill_on_drop: false }`
[INFO] [stderr]     Updating crates.io index
[INFO] [stderr]      Locking 14 packages to latest compatible versions
[INFO] [stderr]       Adding syn v1.0.109 (available: v2.0.86)
[INFO] running `Command { std: CARGO_HOME="/workspace/cargo-home" RUSTUP_HOME="/workspace/rustup-home" "/workspace/cargo-home/bin/cargo" "+nightly-2024-10-28" "fetch" "--manifest-path" "Cargo.toml", kill_on_drop: false }`
[INFO] [stderr]  Downloading crates ...
[INFO] [stderr]   Downloaded yew-router-nested-route-parser v0.16.1
[INFO] running `Command { std: "docker" "create" "-v" "/var/lib/crater-agent-workspace/builds/worker-7-tc1/target:/opt/rustwide/target:rw,Z" "-v" "/var/lib/crater-agent-workspace/builds/worker-7-tc1/source:/opt/rustwide/workdir:ro,Z" "-v" "/var/lib/crater-agent-workspace/cargo-home:/opt/rustwide/cargo-home:ro,Z" "-v" "/var/lib/crater-agent-workspace/rustup-home:/opt/rustwide/rustup-home:ro,Z" "-e" "SOURCE_DIR=/opt/rustwide/workdir" "-e" "CARGO_TARGET_DIR=/opt/rustwide/target" "-e" "CARGO_HOME=/opt/rustwide/cargo-home" "-e" "RUSTUP_HOME=/opt/rustwide/rustup-home" "-w" "/opt/rustwide/workdir" "-m" "1610612736" "--user" "0:0" "--network" "none" "ghcr.io/rust-lang/crates-build-env/linux@sha256:4a844ea9eb2546a2d2c7022eacef16ef2e8229c7fbb2c7d4d55a9ceca922f72d" "/opt/rustwide/cargo-home/bin/cargo" "+nightly-2024-10-28" "metadata" "--no-deps" "--format-version=1", kill_on_drop: false }`
[INFO] [stdout] 52124c56dbafa90eab33bec5eaf8f160fb76f579f4d3d9417ac2c3ac17564c4d
[INFO] running `Command { std: "docker" "start" "-a" "52124c56dbafa90eab33bec5eaf8f160fb76f579f4d3d9417ac2c3ac17564c4d", kill_on_drop: false }`
[INFO] running `Command { std: "docker" "inspect" "52124c56dbafa90eab33bec5eaf8f160fb76f579f4d3d9417ac2c3ac17564c4d", kill_on_drop: false }`
[INFO] running `Command { std: "docker" "rm" "-f" "52124c56dbafa90eab33bec5eaf8f160fb76f579f4d3d9417ac2c3ac17564c4d", kill_on_drop: false }`
[INFO] [stdout] 52124c56dbafa90eab33bec5eaf8f160fb76f579f4d3d9417ac2c3ac17564c4d
[INFO] running `Command { std: "docker" "create" "-v" "/var/lib/crater-agent-workspace/builds/worker-7-tc1/target:/opt/rustwide/target:rw,Z" "-v" "/var/lib/crater-agent-workspace/builds/worker-7-tc1/source:/opt/rustwide/workdir:ro,Z" "-v" "/var/lib/crater-agent-workspace/cargo-home:/opt/rustwide/cargo-home:ro,Z" "-v" "/var/lib/crater-agent-workspace/rustup-home:/opt/rustwide/rustup-home:ro,Z" "-e" "SOURCE_DIR=/opt/rustwide/workdir" "-e" "CARGO_TARGET_DIR=/opt/rustwide/target" "-e" "CARGO_INCREMENTAL=0" "-e" "RUST_BACKTRACE=full" "-e" "RUSTFLAGS=--cap-lints=forbid" "-e" "RUSTDOCFLAGS=--cap-lints=forbid" "-e" "CARGO_HOME=/opt/rustwide/cargo-home" "-e" "RUSTUP_HOME=/opt/rustwide/rustup-home" "-w" "/opt/rustwide/workdir" "-m" "1610612736" "--user" "0:0" "--network" "none" "ghcr.io/rust-lang/crates-build-env/linux@sha256:4a844ea9eb2546a2d2c7022eacef16ef2e8229c7fbb2c7d4d55a9ceca922f72d" "/opt/rustwide/cargo-home/bin/cargo" "+nightly-2024-10-28" "build" "--frozen" "--message-format=json", kill_on_drop: false }`
[INFO] [stdout] 49386ad8fa168d04d8fb5845f208e76df54e8b4ca6f80c14b05025232125dc79
[INFO] running `Command { std: "docker" "start" "-a" "49386ad8fa168d04d8fb5845f208e76df54e8b4ca6f80c14b05025232125dc79", kill_on_drop: false }`
[INFO] [stderr]    Compiling lexical-core v0.7.6
[INFO] [stderr]    Compiling static_assertions v1.1.0
[INFO] [stderr]    Compiling nom v5.1.3
[INFO] [stderr]    Compiling ryu v1.0.18
[INFO] [stderr]    Compiling arrayvec v0.5.2
[INFO] [stderr]    Compiling memchr v2.7.4
[INFO] [stderr]    Compiling syn v1.0.109
[INFO] [stderr]    Compiling yew-router-nested-route-parser v0.16.1
[INFO] [stderr]    Compiling yew-router-nested-macro v0.16.1 (/opt/rustwide/workdir)
[INFO] [stdout] warning: trait `Flatten` is never used
[INFO] [stdout]    --> src/switch.rs:105:7
[INFO] [stdout]     |
[INFO] [stdout] 105 | trait Flatten<T> {
[INFO] [stdout]     |       ^^^^^^^
[INFO] [stdout]     |
[INFO] [stdout]     = note: `#[warn(dead_code)]` on by default
[INFO] [stdout] 
[INFO] [stdout] 
[INFO] [stderr]     Finished `dev` profile [unoptimized + debuginfo] target(s) in 3.02s
[INFO] running `Command { std: "docker" "inspect" "49386ad8fa168d04d8fb5845f208e76df54e8b4ca6f80c14b05025232125dc79", kill_on_drop: false }`
[INFO] running `Command { std: "docker" "rm" "-f" "49386ad8fa168d04d8fb5845f208e76df54e8b4ca6f80c14b05025232125dc79", kill_on_drop: false }`
[INFO] [stdout] 49386ad8fa168d04d8fb5845f208e76df54e8b4ca6f80c14b05025232125dc79
[INFO] running `Command { std: "docker" "create" "-v" "/var/lib/crater-agent-workspace/builds/worker-7-tc1/target:/opt/rustwide/target:rw,Z" "-v" "/var/lib/crater-agent-workspace/builds/worker-7-tc1/source:/opt/rustwide/workdir:ro,Z" "-v" "/var/lib/crater-agent-workspace/cargo-home:/opt/rustwide/cargo-home:ro,Z" "-v" "/var/lib/crater-agent-workspace/rustup-home:/opt/rustwide/rustup-home:ro,Z" "-e" "SOURCE_DIR=/opt/rustwide/workdir" "-e" "CARGO_TARGET_DIR=/opt/rustwide/target" "-e" "CARGO_INCREMENTAL=0" "-e" "RUST_BACKTRACE=full" "-e" "RUSTFLAGS=--cap-lints=forbid" "-e" "RUSTDOCFLAGS=--cap-lints=forbid" "-e" "CARGO_HOME=/opt/rustwide/cargo-home" "-e" "RUSTUP_HOME=/opt/rustwide/rustup-home" "-w" "/opt/rustwide/workdir" "-m" "1610612736" "--user" "0:0" "--network" "none" "ghcr.io/rust-lang/crates-build-env/linux@sha256:4a844ea9eb2546a2d2c7022eacef16ef2e8229c7fbb2c7d4d55a9ceca922f72d" "/opt/rustwide/cargo-home/bin/cargo" "+nightly-2024-10-28" "test" "--frozen" "--no-run" "--message-format=json", kill_on_drop: false }`
[INFO] [stdout] 7f7c507d00b9b098f203b81fd571ad5a41a401e64776e171a03a2936635ae046
[INFO] running `Command { std: "docker" "start" "-a" "7f7c507d00b9b098f203b81fd571ad5a41a401e64776e171a03a2936635ae046", kill_on_drop: false }`
[INFO] [stderr]    Compiling yew-router-nested-macro v0.16.1 (/opt/rustwide/workdir)
[INFO] [stdout] warning: trait `Flatten` is never used
[INFO] [stdout]    --> src/switch.rs:105:7
[INFO] [stdout]     |
[INFO] [stdout] 105 | trait Flatten<T> {
[INFO] [stdout]     |       ^^^^^^^
[INFO] [stdout]     |
[INFO] [stdout]     = note: `#[warn(dead_code)]` on by default
[INFO] [stdout] 
[INFO] [stdout] 
[INFO] [stdout] warning: trait `Flatten` is never used
[INFO] [stdout]    --> src/switch.rs:105:7
[INFO] [stdout]     |
[INFO] [stdout] 105 | trait Flatten<T> {
[INFO] [stdout]     |       ^^^^^^^
[INFO] [stdout]     |
[INFO] [stdout]     = note: `#[warn(dead_code)]` on by default
[INFO] [stdout] 
[INFO] [stdout] 
[INFO] [stderr]     Finished `test` profile [unoptimized + debuginfo] target(s) in 0.46s
[INFO] running `Command { std: "docker" "inspect" "7f7c507d00b9b098f203b81fd571ad5a41a401e64776e171a03a2936635ae046", kill_on_drop: false }`
[INFO] running `Command { std: "docker" "rm" "-f" "7f7c507d00b9b098f203b81fd571ad5a41a401e64776e171a03a2936635ae046", kill_on_drop: false }`
[INFO] [stdout] 7f7c507d00b9b098f203b81fd571ad5a41a401e64776e171a03a2936635ae046
[INFO] running `Command { std: "docker" "create" "-v" "/var/lib/crater-agent-workspace/builds/worker-7-tc1/target:/opt/rustwide/target:rw,Z" "-v" "/var/lib/crater-agent-workspace/builds/worker-7-tc1/source:/opt/rustwide/workdir:ro,Z" "-v" "/var/lib/crater-agent-workspace/cargo-home:/opt/rustwide/cargo-home:ro,Z" "-v" "/var/lib/crater-agent-workspace/rustup-home:/opt/rustwide/rustup-home:ro,Z" "-e" "SOURCE_DIR=/opt/rustwide/workdir" "-e" "CARGO_TARGET_DIR=/opt/rustwide/target" "-e" "CARGO_INCREMENTAL=0" "-e" "RUST_BACKTRACE=full" "-e" "RUSTFLAGS=--cap-lints=forbid" "-e" "RUSTDOCFLAGS=--cap-lints=forbid" "-e" "CARGO_HOME=/opt/rustwide/cargo-home" "-e" "RUSTUP_HOME=/opt/rustwide/rustup-home" "-w" "/opt/rustwide/workdir" "-m" "1610612736" "--user" "0:0" "--network" "none" "ghcr.io/rust-lang/crates-build-env/linux@sha256:4a844ea9eb2546a2d2c7022eacef16ef2e8229c7fbb2c7d4d55a9ceca922f72d" "/opt/rustwide/cargo-home/bin/cargo" "+nightly-2024-10-28" "test" "--frozen", kill_on_drop: false }`
[INFO] [stdout] 052d659a751d2a7d75cfa1fa53e8588ac7cd6479c87ab387031d0c19a714f485
[INFO] running `Command { std: "docker" "start" "-a" "052d659a751d2a7d75cfa1fa53e8588ac7cd6479c87ab387031d0c19a714f485", kill_on_drop: false }`
[INFO] [stderr] warning: trait `Flatten` is never used
[INFO] [stderr]    --> src/switch.rs:105:7
[INFO] [stderr]     |
[INFO] [stderr] 105 | trait Flatten<T> {
[INFO] [stderr]     |       ^^^^^^^
[INFO] [stderr]     |
[INFO] [stderr]     = note: `#[warn(dead_code)]` on by default
[INFO] [stderr] 
[INFO] [stderr] warning: `yew-router-nested-macro` (lib) generated 1 warning
[INFO] [stderr] warning: `yew-router-nested-macro` (lib test) generated 1 warning (1 duplicate)
[INFO] [stderr]     Finished `test` profile [unoptimized + debuginfo] target(s) in 0.01s
[INFO] [stderr]      Running unittests src/lib.rs (/opt/rustwide/target/debug/deps/yew_router_nested_macro-65014f7c562679ab)
[INFO] [stdout] 
[INFO] [stdout] running 0 tests
[INFO] [stdout] 
[INFO] [stdout] test result: ok. 0 passed; 0 failed; 0 ignored; 0 measured; 0 filtered out; finished in 0.00s
[INFO] [stdout] 
[INFO] [stderr]    Doc-tests yew_router_nested_macro
[INFO] [stdout] 
[INFO] [stdout] running 1 test
[INFO] [stdout] test src/lib.rs - switch (line 54) ... FAILED
[INFO] [stdout] 
[INFO] [stdout] failures:
[INFO] [stdout] 
[INFO] [stdout] ---- src/lib.rs - switch (line 54) stdout ----
[INFO] [stdout] error[E0432]: unresolved import `yew_router`
[INFO] [stdout]  --> src/lib.rs:55:5
[INFO] [stdout]   |
[INFO] [stdout] 3 | use yew_router::Switch;
[INFO] [stdout]   |     ^^^^^^^^^^ use of undeclared crate or module `yew_router`
[INFO] [stdout] 
[INFO] [stdout] error: cannot find attribute `to` in this scope
[INFO] [stdout]   --> src/lib.rs:72:3
[INFO] [stdout]    |
[INFO] [stdout] 20 | #[to = "/inner/route/{first}/{second}"]
[INFO] [stdout]    |   ^^
[INFO] [stdout]    |
[INFO] [stdout] help: consider importing this attribute macro
[INFO] [stdout]    |
[INFO] [stdout] 2  + use yew_router_nested_macro::to;
[INFO] [stdout]    |
[INFO] [stdout] 
[INFO] [stdout] error: cannot find attribute `to` in this scope
[INFO] [stdout]  --> src/lib.rs:59:7
[INFO] [stdout]   |
[INFO] [stdout] 7 |     #[to = "/some/simple/route"]
[INFO] [stdout]   |       ^^
[INFO] [stdout]   |
[INFO] [stdout] help: consider importing this attribute macro
[INFO] [stdout]   |
[INFO] [stdout] 2 + use yew_router_nested_macro::to;
[INFO] [stdout]   |
[INFO] [stdout] 
[INFO] [stdout] error: cannot find attribute `to` in this scope
[INFO] [stdout]  --> src/lib.rs:61:7
[INFO] [stdout]   |
[INFO] [stdout] 9 |     #[to = "/capture/{}"]
[INFO] [stdout]   |       ^^
[INFO] [stdout]   |
[INFO] [stdout] help: consider importing this attribute macro
[INFO] [stdout]   |
[INFO] [stdout] 2 + use yew_router_nested_macro::to;
[INFO] [stdout]   |
[INFO] [stdout] 
[INFO] [stdout] error: cannot find attribute `to` in this scope
[INFO] [stdout]   --> src/lib.rs:63:7
[INFO] [stdout]    |
[INFO] [stdout] 11 |     #[to = "/named/capture/{name}"]
[INFO] [stdout]    |       ^^
[INFO] [stdout]    |
[INFO] [stdout] help: consider importing this attribute macro
[INFO] [stdout]    |
[INFO] [stdout] 2  + use yew_router_nested_macro::to;
[INFO] [stdout]    |
[INFO] [stdout] 
[INFO] [stdout] error: cannot find attribute `to` in this scope
[INFO] [stdout]   --> src/lib.rs:65:7
[INFO] [stdout]    |
[INFO] [stdout] 13 |     #[to = "/convert/{id}"]
[INFO] [stdout]    |       ^^
[INFO] [stdout]    |
[INFO] [stdout] help: consider importing this attribute macro
[INFO] [stdout]    |
[INFO] [stdout] 2  + use yew_router_nested_macro::to;
[INFO] [stdout]    |
[INFO] [stdout] 
[INFO] [stdout] error: cannot find attribute `rest` in this scope
[INFO] [stdout]   --> src/lib.rs:67:7
[INFO] [stdout]    |
[INFO] [stdout] 15 |     #[rest] // shorthand for #[to="{*}"]
[INFO] [stdout]    |       ^^^^
[INFO] [stdout]   --> /rustc/df4ca44d3fbc9301ee17f30f4d474e6ae4b05252/library/core/src/macros/mod.rs:1679:5
[INFO] [stdout]    |
[INFO] [stdout]    = note: similarly named attribute macro `test` defined here
[INFO] [stdout]    |
[INFO] [stdout] help: an attribute macro with a similar name exists
[INFO] [stdout]    |
[INFO] [stdout] 15 |     #[test] // shorthand for #[to="{*}"]
[INFO] [stdout]    |       ~~~~
[INFO] [stdout] help: consider importing this attribute macro
[INFO] [stdout]    |
[INFO] [stdout] 2  + use yew_router_nested_macro::rest;
[INFO] [stdout]    |
[INFO] [stdout] 
[INFO] [stdout] error: aborting due to 7 previous errors
[INFO] [stdout] 
[INFO] [stdout] For more information about this error, try `rustc --explain E0432`.
[INFO] [stdout] Couldn't compile the test.
[INFO] [stdout] 
[INFO] [stdout] failures:
[INFO] [stdout]     src/lib.rs - switch (line 54)
[INFO] [stdout] 
[INFO] [stdout] test result: FAILED. 0 passed; 1 failed; 0 ignored; 0 measured; 0 filtered out; finished in 0.06s
[INFO] [stdout] 
[INFO] [stderr] error: doctest failed, to rerun pass `--doc`
[INFO] running `Command { std: "docker" "inspect" "052d659a751d2a7d75cfa1fa53e8588ac7cd6479c87ab387031d0c19a714f485", kill_on_drop: false }`
[INFO] running `Command { std: "docker" "rm" "-f" "052d659a751d2a7d75cfa1fa53e8588ac7cd6479c87ab387031d0c19a714f485", kill_on_drop: false }`
[INFO] [stdout] 052d659a751d2a7d75cfa1fa53e8588ac7cd6479c87ab387031d0c19a714f485
