[INFO] fetching crate yew-alert 0.1.0...
[INFO] testing yew-alert-0.1.0 against nightly-2024-10-28 for randomize-layout
[INFO] extracting crate yew-alert 0.1.0 into /workspace/builds/worker-0-tc1/source
[INFO] validating manifest of crates.io crate yew-alert 0.1.0 on toolchain nightly-2024-10-28
[INFO] running `Command { std: CARGO_HOME="/workspace/cargo-home" RUSTUP_HOME="/workspace/rustup-home" "/workspace/cargo-home/bin/cargo" "+nightly-2024-10-28" "metadata" "--manifest-path" "Cargo.toml" "--no-deps", kill_on_drop: false }`
[INFO] started tweaking crates.io crate yew-alert 0.1.0
[INFO] finished tweaking crates.io crate yew-alert 0.1.0
[INFO] tweaked toml for crates.io crate yew-alert 0.1.0 written to /workspace/builds/worker-0-tc1/source/Cargo.toml
[INFO] running `Command { std: CARGO_HOME="/workspace/cargo-home" RUSTUP_HOME="/workspace/rustup-home" "/workspace/cargo-home/bin/cargo" "+nightly-2024-10-28" "generate-lockfile" "--manifest-path" "Cargo.toml", kill_on_drop: false }`
[INFO] [stderr]     Blocking waiting for file lock on package cache
[INFO] [stderr]     Updating crates.io index
[INFO] [stderr]     Blocking waiting for file lock on package cache
[INFO] [stderr]      Locking 123 packages to latest compatible versions
[INFO] running `Command { std: CARGO_HOME="/workspace/cargo-home" RUSTUP_HOME="/workspace/rustup-home" "/workspace/cargo-home/bin/cargo" "+nightly-2024-10-28" "fetch" "--manifest-path" "Cargo.toml", kill_on_drop: false }`
[INFO] [stderr]     Blocking waiting for file lock on package cache
[INFO] [stderr]  Downloading crates ...
[INFO] [stderr]   Downloaded gloo-net v0.5.0
[INFO] [stderr]   Downloaded gloo-worker v0.5.0
[INFO] [stderr]   Downloaded gloo v0.11.0
[INFO] running `Command { std: "docker" "create" "-v" "/var/lib/crater-agent-workspace/builds/worker-0-tc1/target:/opt/rustwide/target:rw,Z" "-v" "/var/lib/crater-agent-workspace/builds/worker-0-tc1/source:/opt/rustwide/workdir:ro,Z" "-v" "/var/lib/crater-agent-workspace/cargo-home:/opt/rustwide/cargo-home:ro,Z" "-v" "/var/lib/crater-agent-workspace/rustup-home:/opt/rustwide/rustup-home:ro,Z" "-e" "SOURCE_DIR=/opt/rustwide/workdir" "-e" "CARGO_TARGET_DIR=/opt/rustwide/target" "-e" "CARGO_HOME=/opt/rustwide/cargo-home" "-e" "RUSTUP_HOME=/opt/rustwide/rustup-home" "-w" "/opt/rustwide/workdir" "-m" "1610612736" "--user" "0:0" "--network" "none" "ghcr.io/rust-lang/crates-build-env/linux@sha256:4a844ea9eb2546a2d2c7022eacef16ef2e8229c7fbb2c7d4d55a9ceca922f72d" "/opt/rustwide/cargo-home/bin/cargo" "+nightly-2024-10-28" "metadata" "--no-deps" "--format-version=1", kill_on_drop: false }`
[INFO] [stdout] 363926ccdd9d92a9b887cd79e05c48d6a04dc5741a2f1739a0b05a97586c488f
[INFO] running `Command { std: "docker" "start" "-a" "363926ccdd9d92a9b887cd79e05c48d6a04dc5741a2f1739a0b05a97586c488f", kill_on_drop: false }`
[INFO] running `Command { std: "docker" "inspect" "363926ccdd9d92a9b887cd79e05c48d6a04dc5741a2f1739a0b05a97586c488f", kill_on_drop: false }`
[INFO] running `Command { std: "docker" "rm" "-f" "363926ccdd9d92a9b887cd79e05c48d6a04dc5741a2f1739a0b05a97586c488f", kill_on_drop: false }`
[INFO] [stdout] 363926ccdd9d92a9b887cd79e05c48d6a04dc5741a2f1739a0b05a97586c488f
[INFO] running `Command { std: "docker" "create" "-v" "/var/lib/crater-agent-workspace/builds/worker-0-tc1/target:/opt/rustwide/target:rw,Z" "-v" "/var/lib/crater-agent-workspace/builds/worker-0-tc1/source:/opt/rustwide/workdir:ro,Z" "-v" "/var/lib/crater-agent-workspace/cargo-home:/opt/rustwide/cargo-home:ro,Z" "-v" "/var/lib/crater-agent-workspace/rustup-home:/opt/rustwide/rustup-home:ro,Z" "-e" "SOURCE_DIR=/opt/rustwide/workdir" "-e" "CARGO_TARGET_DIR=/opt/rustwide/target" "-e" "CARGO_INCREMENTAL=0" "-e" "RUST_BACKTRACE=full" "-e" "RUSTFLAGS=--cap-lints=forbid" "-e" "RUSTDOCFLAGS=--cap-lints=forbid" "-e" "CARGO_HOME=/opt/rustwide/cargo-home" "-e" "RUSTUP_HOME=/opt/rustwide/rustup-home" "-w" "/opt/rustwide/workdir" "-m" "1610612736" "--user" "0:0" "--network" "none" "ghcr.io/rust-lang/crates-build-env/linux@sha256:4a844ea9eb2546a2d2c7022eacef16ef2e8229c7fbb2c7d4d55a9ceca922f72d" "/opt/rustwide/cargo-home/bin/cargo" "+nightly-2024-10-28" "build" "--frozen" "--message-format=json", kill_on_drop: false }`
[INFO] [stdout] bb9c63109de7f1aa80895c7e300b58fae39cf62ae2dea194184816413b6b7713
[INFO] running `Command { std: "docker" "start" "-a" "bb9c63109de7f1aa80895c7e300b58fae39cf62ae2dea194184816413b6b7713", kill_on_drop: false }`
[INFO] [stderr]    Compiling hashbrown v0.15.0
[INFO] [stderr]    Compiling futures-io v0.3.31
[INFO] [stderr]    Compiling rustversion v1.0.18
[INFO] [stderr]    Compiling toml_datetime v0.6.8
[INFO] [stderr]    Compiling winnow v0.5.40
[INFO] [stderr]    Compiling percent-encoding v2.3.1
[INFO] [stderr]    Compiling syn v1.0.109
[INFO] [stderr]    Compiling prettyplease v0.2.25
[INFO] [stderr]    Compiling tokio v1.41.0
[INFO] [stderr]    Compiling syn v2.0.86
[INFO] [stderr]    Compiling proc-macro-error-attr v1.0.4
[INFO] [stderr]    Compiling http v0.2.12
[INFO] [stderr]    Compiling proc-macro-error v1.0.4
[INFO] [stderr]    Compiling boolinator v2.4.0
[INFO] [stderr]    Compiling num_cpus v1.16.0
[INFO] [stderr]    Compiling form_urlencoded v1.2.1
[INFO] [stderr]    Compiling indexmap v2.6.0
[INFO] [stderr]    Compiling tokio-stream v0.1.16
[INFO] [stderr]    Compiling toml_edit v0.19.15
[INFO] [stderr]    Compiling proc-macro-crate v1.3.1
[INFO] [stderr]    Compiling wasm-bindgen-backend v0.2.95
[INFO] [stderr]    Compiling serde_derive v1.0.214
[INFO] [stderr]    Compiling thiserror-impl v1.0.66
[INFO] [stderr]    Compiling futures-macro v0.3.31
[INFO] [stderr]    Compiling pin-project-internal v1.1.7
[INFO] [stderr]    Compiling gloo-worker-macros v0.1.0
[INFO] [stderr]    Compiling tracing-attributes v0.1.27
[INFO] [stderr]    Compiling implicit-clone-derive v0.1.1
[INFO] [stderr]    Compiling yew-macro v0.21.0
[INFO] [stderr]    Compiling implicit-clone v0.4.9
[INFO] [stderr]    Compiling wasm-bindgen-macro-support v0.2.95
[INFO] [stderr]    Compiling futures-util v0.3.31
[INFO] [stderr]    Compiling thiserror v1.0.66
[INFO] [stderr]    Compiling pin-project v1.1.7
[INFO] [stderr]    Compiling tracing v0.1.40
[INFO] [stderr]    Compiling wasm-bindgen-macro v0.2.95
[INFO] [stderr]    Compiling wasm-bindgen v0.2.95
[INFO] [stderr]    Compiling serde v1.0.214
[INFO] [stderr]    Compiling js-sys v0.3.72
[INFO] [stderr]    Compiling console_error_panic_hook v0.1.7
[INFO] [stderr]    Compiling futures v0.3.31
[INFO] [stderr]    Compiling pinned v0.1.0
[INFO] [stderr]    Compiling prokio v0.1.0
[INFO] [stderr]    Compiling serde_json v1.0.132
[INFO] [stderr]    Compiling bincode v1.3.3
[INFO] [stderr]    Compiling serde_urlencoded v0.7.1
[INFO] [stderr]    Compiling web-sys v0.3.72
[INFO] [stderr]    Compiling wasm-bindgen-futures v0.4.45
[INFO] [stderr]    Compiling serde-wasm-bindgen v0.6.5
[INFO] [stderr]    Compiling gloo-timers v0.3.0
[INFO] [stderr]    Compiling gloo-utils v0.2.0
[INFO] [stderr]    Compiling gloo-events v0.2.0
[INFO] [stderr]    Compiling gloo-dialogs v0.2.0
[INFO] [stderr]    Compiling gloo-render v0.2.0
[INFO] [stderr]    Compiling gloo-console v0.3.0
[INFO] [stderr]    Compiling gloo-storage v0.3.0
[INFO] [stderr]    Compiling gloo-net v0.4.0
[INFO] [stderr]    Compiling gloo-worker v0.4.0
[INFO] [stderr]    Compiling gloo-worker v0.5.0
[INFO] [stderr]    Compiling gloo-net v0.5.0
[INFO] [stderr]    Compiling gloo-file v0.3.0
[INFO] [stderr]    Compiling gloo-history v0.2.2
[INFO] [stderr]    Compiling gloo v0.10.0
[INFO] [stderr]    Compiling gloo v0.11.0
[INFO] [stderr]    Compiling yew v0.21.0
[INFO] [stderr]    Compiling yew-alert v0.1.0 (/opt/rustwide/workdir)
[INFO] [stderr]     Finished `dev` profile [unoptimized + debuginfo] target(s) in 18.11s
[INFO] running `Command { std: "docker" "inspect" "bb9c63109de7f1aa80895c7e300b58fae39cf62ae2dea194184816413b6b7713", kill_on_drop: false }`
[INFO] running `Command { std: "docker" "rm" "-f" "bb9c63109de7f1aa80895c7e300b58fae39cf62ae2dea194184816413b6b7713", kill_on_drop: false }`
[INFO] [stdout] bb9c63109de7f1aa80895c7e300b58fae39cf62ae2dea194184816413b6b7713
[INFO] running `Command { std: "docker" "create" "-v" "/var/lib/crater-agent-workspace/builds/worker-0-tc1/target:/opt/rustwide/target:rw,Z" "-v" "/var/lib/crater-agent-workspace/builds/worker-0-tc1/source:/opt/rustwide/workdir:ro,Z" "-v" "/var/lib/crater-agent-workspace/cargo-home:/opt/rustwide/cargo-home:ro,Z" "-v" "/var/lib/crater-agent-workspace/rustup-home:/opt/rustwide/rustup-home:ro,Z" "-e" "SOURCE_DIR=/opt/rustwide/workdir" "-e" "CARGO_TARGET_DIR=/opt/rustwide/target" "-e" "CARGO_INCREMENTAL=0" "-e" "RUST_BACKTRACE=full" "-e" "RUSTFLAGS=--cap-lints=forbid" "-e" "RUSTDOCFLAGS=--cap-lints=forbid" "-e" "CARGO_HOME=/opt/rustwide/cargo-home" "-e" "RUSTUP_HOME=/opt/rustwide/rustup-home" "-w" "/opt/rustwide/workdir" "-m" "1610612736" "--user" "0:0" "--network" "none" "ghcr.io/rust-lang/crates-build-env/linux@sha256:4a844ea9eb2546a2d2c7022eacef16ef2e8229c7fbb2c7d4d55a9ceca922f72d" "/opt/rustwide/cargo-home/bin/cargo" "+nightly-2024-10-28" "test" "--frozen" "--no-run" "--message-format=json", kill_on_drop: false }`
[INFO] [stdout] 2c57749d675e043449fe44961fbe2c5d23d2a4f0849c29d807f913427caa2a4b
[INFO] running `Command { std: "docker" "start" "-a" "2c57749d675e043449fe44961fbe2c5d23d2a4f0849c29d807f913427caa2a4b", kill_on_drop: false }`
[INFO] [stderr]    Compiling yew-alert v0.1.0 (/opt/rustwide/workdir)
[INFO] [stderr]     Finished `test` profile [unoptimized + debuginfo] target(s) in 0.37s
[INFO] running `Command { std: "docker" "inspect" "2c57749d675e043449fe44961fbe2c5d23d2a4f0849c29d807f913427caa2a4b", kill_on_drop: false }`
[INFO] running `Command { std: "docker" "rm" "-f" "2c57749d675e043449fe44961fbe2c5d23d2a4f0849c29d807f913427caa2a4b", kill_on_drop: false }`
[INFO] [stdout] 2c57749d675e043449fe44961fbe2c5d23d2a4f0849c29d807f913427caa2a4b
[INFO] running `Command { std: "docker" "create" "-v" "/var/lib/crater-agent-workspace/builds/worker-0-tc1/target:/opt/rustwide/target:rw,Z" "-v" "/var/lib/crater-agent-workspace/builds/worker-0-tc1/source:/opt/rustwide/workdir:ro,Z" "-v" "/var/lib/crater-agent-workspace/cargo-home:/opt/rustwide/cargo-home:ro,Z" "-v" "/var/lib/crater-agent-workspace/rustup-home:/opt/rustwide/rustup-home:ro,Z" "-e" "SOURCE_DIR=/opt/rustwide/workdir" "-e" "CARGO_TARGET_DIR=/opt/rustwide/target" "-e" "CARGO_INCREMENTAL=0" "-e" "RUST_BACKTRACE=full" "-e" "RUSTFLAGS=--cap-lints=forbid" "-e" "RUSTDOCFLAGS=--cap-lints=forbid" "-e" "CARGO_HOME=/opt/rustwide/cargo-home" "-e" "RUSTUP_HOME=/opt/rustwide/rustup-home" "-w" "/opt/rustwide/workdir" "-m" "1610612736" "--user" "0:0" "--network" "none" "ghcr.io/rust-lang/crates-build-env/linux@sha256:4a844ea9eb2546a2d2c7022eacef16ef2e8229c7fbb2c7d4d55a9ceca922f72d" "/opt/rustwide/cargo-home/bin/cargo" "+nightly-2024-10-28" "test" "--frozen", kill_on_drop: false }`
[INFO] [stdout] 00ec7f10f28a98539292338a440e2b829d0c2199adad0302c0435c121fd3494b
[INFO] running `Command { std: "docker" "start" "-a" "00ec7f10f28a98539292338a440e2b829d0c2199adad0302c0435c121fd3494b", kill_on_drop: false }`
[INFO] [stderr]     Finished `test` profile [unoptimized + debuginfo] target(s) in 0.08s
[INFO] [stderr]      Running unittests src/lib.rs (/opt/rustwide/target/debug/deps/yew_alert-af3cd36ec21a8146)
[INFO] [stdout] 
[INFO] [stdout] running 0 tests
[INFO] [stdout] 
[INFO] [stdout] test result: ok. 0 passed; 0 failed; 0 ignored; 0 measured; 0 filtered out; finished in 0.00s
[INFO] [stdout] 
[INFO] [stderr]    Doc-tests yew_alert
[INFO] [stdout] 
[INFO] [stdout] running 2 tests
[INFO] [stdout] test src/lib.rs - (line 22) - compile ... FAILED
[INFO] [stdout] test src/lib.rs - (line 57) - compile ... FAILED
[INFO] [stdout] 
[INFO] [stdout] failures:
[INFO] [stdout] 
[INFO] [stdout] ---- src/lib.rs - (line 22) stdout ----
[INFO] [stdout] error: expected an expression following this equals sign
[INFO] [stdout]   --> src/lib.rs:36:28
[INFO] [stdout]    |
[INFO] [stdout] 17 |             <button onclick=/* Your callback function here to trigger the alert */>{"Show Alert"}</button>
[INFO] [stdout]    |                            ^
[INFO] [stdout] 
[INFO] [stdout] error: aborting due to 1 previous error
[INFO] [stdout] 
[INFO] [stdout] Couldn't compile the test.
[INFO] [stdout] ---- src/lib.rs - (line 57) stdout ----
[INFO] [stdout] error: cannot find macro `html` in this scope
[INFO] [stdout]   --> src/lib.rs:67:23
[INFO] [stdout]    |
[INFO] [stdout] 13 | let alert_component = html! {
[INFO] [stdout]    |                       ^^^^
[INFO] [stdout]    |
[INFO] [stdout] help: consider importing this macro
[INFO] [stdout]    |
[INFO] [stdout] 2  + use yew::html;
[INFO] [stdout]    |
[INFO] [stdout] 
[INFO] [stdout] error[E0063]: missing fields `alert_class`, `cancel_button_class`, `cancel_button_text` and 18 other fields in initializer of `AlertProps`
[INFO] [stdout]  --> src/lib.rs:61:19
[INFO] [stdout]   |
[INFO] [stdout] 7 | let alert_props = AlertProps {
[INFO] [stdout]   |                   ^^^^^^^^^^ missing `alert_class`, `cancel_button_class`, `cancel_button_text` and 18 other fields
[INFO] [stdout] 
[INFO] [stdout] error: aborting due to 2 previous errors
[INFO] [stdout] 
[INFO] [stdout] For more information about this error, try `rustc --explain E0063`.
[INFO] [stdout] Couldn't compile the test.
[INFO] [stdout] 
[INFO] [stdout] failures:
[INFO] [stdout]     src/lib.rs - (line 22)
[INFO] [stdout]     src/lib.rs - (line 57)
[INFO] [stdout] 
[INFO] [stdout] test result: FAILED. 0 passed; 2 failed; 0 ignored; 0 measured; 0 filtered out; finished in 0.09s
[INFO] [stdout] 
[INFO] [stderr] error: doctest failed, to rerun pass `--doc`
[INFO] running `Command { std: "docker" "inspect" "00ec7f10f28a98539292338a440e2b829d0c2199adad0302c0435c121fd3494b", kill_on_drop: false }`
[INFO] running `Command { std: "docker" "rm" "-f" "00ec7f10f28a98539292338a440e2b829d0c2199adad0302c0435c121fd3494b", kill_on_drop: false }`
[INFO] [stdout] 00ec7f10f28a98539292338a440e2b829d0c2199adad0302c0435c121fd3494b
