[INFO] fetching crate yabai 0.5.0...
[INFO] testing yabai-0.5.0 against nightly-2024-10-28 for randomize-layout
[INFO] extracting crate yabai 0.5.0 into /workspace/builds/worker-5-tc1/source
[INFO] validating manifest of crates.io crate yabai 0.5.0 on toolchain nightly-2024-10-28
[INFO] running `Command { std: CARGO_HOME="/workspace/cargo-home" RUSTUP_HOME="/workspace/rustup-home" "/workspace/cargo-home/bin/cargo" "+nightly-2024-10-28" "metadata" "--manifest-path" "Cargo.toml" "--no-deps", kill_on_drop: false }`
[INFO] started tweaking crates.io crate yabai 0.5.0
[INFO] finished tweaking crates.io crate yabai 0.5.0
[INFO] tweaked toml for crates.io crate yabai 0.5.0 written to /workspace/builds/worker-5-tc1/source/Cargo.toml
[INFO] crate crates.io crate yabai 0.5.0 already has a lockfile, it will not be regenerated
[INFO] running `Command { std: CARGO_HOME="/workspace/cargo-home" RUSTUP_HOME="/workspace/rustup-home" "/workspace/cargo-home/bin/cargo" "+nightly-2024-10-28" "fetch" "--manifest-path" "Cargo.toml", kill_on_drop: false }`
[INFO] [stderr]  Downloading crates ...
[INFO] [stderr]   Downloaded pyo3-build-config v0.21.0
[INFO] [stderr]   Downloaded pyo3-macros-backend v0.21.0
[INFO] [stderr]   Downloaded pyo3-ffi v0.21.0
[INFO] [stderr]   Downloaded pyo3-macros v0.21.0
[INFO] [stderr]   Downloaded pyo3 v0.21.0
[INFO] running `Command { std: "docker" "create" "-v" "/var/lib/crater-agent-workspace/builds/worker-5-tc1/target:/opt/rustwide/target:rw,Z" "-v" "/var/lib/crater-agent-workspace/builds/worker-5-tc1/source:/opt/rustwide/workdir:ro,Z" "-v" "/var/lib/crater-agent-workspace/cargo-home:/opt/rustwide/cargo-home:ro,Z" "-v" "/var/lib/crater-agent-workspace/rustup-home:/opt/rustwide/rustup-home:ro,Z" "-e" "SOURCE_DIR=/opt/rustwide/workdir" "-e" "CARGO_TARGET_DIR=/opt/rustwide/target" "-e" "CARGO_HOME=/opt/rustwide/cargo-home" "-e" "RUSTUP_HOME=/opt/rustwide/rustup-home" "-w" "/opt/rustwide/workdir" "-m" "1610612736" "--user" "0:0" "--network" "none" "ghcr.io/rust-lang/crates-build-env/linux@sha256:4a844ea9eb2546a2d2c7022eacef16ef2e8229c7fbb2c7d4d55a9ceca922f72d" "/opt/rustwide/cargo-home/bin/cargo" "+nightly-2024-10-28" "metadata" "--no-deps" "--format-version=1", kill_on_drop: false }`
[INFO] [stdout] 43c6e80d1f48f673339d5fbb2d7f935f3fa278756a2e2e1ab8a5816cc5ae0173
[INFO] running `Command { std: "docker" "start" "-a" "43c6e80d1f48f673339d5fbb2d7f935f3fa278756a2e2e1ab8a5816cc5ae0173", kill_on_drop: false }`
[INFO] running `Command { std: "docker" "inspect" "43c6e80d1f48f673339d5fbb2d7f935f3fa278756a2e2e1ab8a5816cc5ae0173", kill_on_drop: false }`
[INFO] running `Command { std: "docker" "rm" "-f" "43c6e80d1f48f673339d5fbb2d7f935f3fa278756a2e2e1ab8a5816cc5ae0173", kill_on_drop: false }`
[INFO] [stdout] 43c6e80d1f48f673339d5fbb2d7f935f3fa278756a2e2e1ab8a5816cc5ae0173
[INFO] running `Command { std: "docker" "create" "-v" "/var/lib/crater-agent-workspace/builds/worker-5-tc1/target:/opt/rustwide/target:rw,Z" "-v" "/var/lib/crater-agent-workspace/builds/worker-5-tc1/source:/opt/rustwide/workdir:ro,Z" "-v" "/var/lib/crater-agent-workspace/cargo-home:/opt/rustwide/cargo-home:ro,Z" "-v" "/var/lib/crater-agent-workspace/rustup-home:/opt/rustwide/rustup-home:ro,Z" "-e" "SOURCE_DIR=/opt/rustwide/workdir" "-e" "CARGO_TARGET_DIR=/opt/rustwide/target" "-e" "CARGO_INCREMENTAL=0" "-e" "RUST_BACKTRACE=full" "-e" "RUSTFLAGS=--cap-lints=forbid" "-e" "RUSTDOCFLAGS=--cap-lints=forbid" "-e" "CARGO_HOME=/opt/rustwide/cargo-home" "-e" "RUSTUP_HOME=/opt/rustwide/rustup-home" "-w" "/opt/rustwide/workdir" "-m" "1610612736" "--user" "0:0" "--network" "none" "ghcr.io/rust-lang/crates-build-env/linux@sha256:4a844ea9eb2546a2d2c7022eacef16ef2e8229c7fbb2c7d4d55a9ceca922f72d" "/opt/rustwide/cargo-home/bin/cargo" "+nightly-2024-10-28" "build" "--frozen" "--message-format=json", kill_on_drop: false }`
[INFO] [stdout] 1585b9ebe32a81e0f2f47fef601ab0b1abd42306682492f6c2b1c59bb7444250
[INFO] running `Command { std: "docker" "start" "-a" "1585b9ebe32a81e0f2f47fef601ab0b1abd42306682492f6c2b1c59bb7444250", kill_on_drop: false }`
[INFO] [stderr]    Compiling proc-macro2 v1.0.79
[INFO] [stderr]    Compiling serde v1.0.197
[INFO] [stderr]    Compiling anyhow v1.0.81
[INFO] [stderr]    Compiling serde_json v1.0.115
[INFO] [stderr]    Compiling thiserror v1.0.58
[INFO] [stderr]    Compiling ryu v1.0.17
[INFO] [stderr]    Compiling heck v0.4.1
[INFO] [stderr]    Compiling itoa v1.0.11
[INFO] [stderr]    Compiling strum v0.26.2
[INFO] [stderr]    Compiling byteorder v1.5.0
[INFO] [stderr]    Compiling quote v1.0.35
[INFO] [stderr]    Compiling syn v2.0.57
[INFO] [stderr]    Compiling serde_derive v1.0.197
[INFO] [stderr]    Compiling thiserror-impl v1.0.58
[INFO] [stderr]    Compiling strum_macros v0.26.2
[INFO] [stderr]    Compiling yabai v0.5.0 (/opt/rustwide/workdir)
[INFO] [stderr]     Finished `dev` profile [unoptimized + debuginfo] target(s) in 6.47s
[INFO] running `Command { std: "docker" "inspect" "1585b9ebe32a81e0f2f47fef601ab0b1abd42306682492f6c2b1c59bb7444250", kill_on_drop: false }`
[INFO] running `Command { std: "docker" "rm" "-f" "1585b9ebe32a81e0f2f47fef601ab0b1abd42306682492f6c2b1c59bb7444250", kill_on_drop: false }`
[INFO] [stdout] 1585b9ebe32a81e0f2f47fef601ab0b1abd42306682492f6c2b1c59bb7444250
[INFO] running `Command { std: "docker" "create" "-v" "/var/lib/crater-agent-workspace/builds/worker-5-tc1/target:/opt/rustwide/target:rw,Z" "-v" "/var/lib/crater-agent-workspace/builds/worker-5-tc1/source:/opt/rustwide/workdir:ro,Z" "-v" "/var/lib/crater-agent-workspace/cargo-home:/opt/rustwide/cargo-home:ro,Z" "-v" "/var/lib/crater-agent-workspace/rustup-home:/opt/rustwide/rustup-home:ro,Z" "-e" "SOURCE_DIR=/opt/rustwide/workdir" "-e" "CARGO_TARGET_DIR=/opt/rustwide/target" "-e" "CARGO_INCREMENTAL=0" "-e" "RUST_BACKTRACE=full" "-e" "RUSTFLAGS=--cap-lints=forbid" "-e" "RUSTDOCFLAGS=--cap-lints=forbid" "-e" "CARGO_HOME=/opt/rustwide/cargo-home" "-e" "RUSTUP_HOME=/opt/rustwide/rustup-home" "-w" "/opt/rustwide/workdir" "-m" "1610612736" "--user" "0:0" "--network" "none" "ghcr.io/rust-lang/crates-build-env/linux@sha256:4a844ea9eb2546a2d2c7022eacef16ef2e8229c7fbb2c7d4d55a9ceca922f72d" "/opt/rustwide/cargo-home/bin/cargo" "+nightly-2024-10-28" "test" "--frozen" "--no-run" "--message-format=json", kill_on_drop: false }`
[INFO] [stdout] 0ced4cf16bd2aa4c3ae56a1eb9d905e890b70a96af74d5f696ed390982b481ba
[INFO] running `Command { std: "docker" "start" "-a" "0ced4cf16bd2aa4c3ae56a1eb9d905e890b70a96af74d5f696ed390982b481ba", kill_on_drop: false }`
[INFO] [stderr]    Compiling yabai v0.5.0 (/opt/rustwide/workdir)
[INFO] [stderr]     Finished `test` profile [unoptimized + debuginfo] target(s) in 0.42s
[INFO] running `Command { std: "docker" "inspect" "0ced4cf16bd2aa4c3ae56a1eb9d905e890b70a96af74d5f696ed390982b481ba", kill_on_drop: false }`
[INFO] running `Command { std: "docker" "rm" "-f" "0ced4cf16bd2aa4c3ae56a1eb9d905e890b70a96af74d5f696ed390982b481ba", kill_on_drop: false }`
[INFO] [stdout] 0ced4cf16bd2aa4c3ae56a1eb9d905e890b70a96af74d5f696ed390982b481ba
[INFO] running `Command { std: "docker" "create" "-v" "/var/lib/crater-agent-workspace/builds/worker-5-tc1/target:/opt/rustwide/target:rw,Z" "-v" "/var/lib/crater-agent-workspace/builds/worker-5-tc1/source:/opt/rustwide/workdir:ro,Z" "-v" "/var/lib/crater-agent-workspace/cargo-home:/opt/rustwide/cargo-home:ro,Z" "-v" "/var/lib/crater-agent-workspace/rustup-home:/opt/rustwide/rustup-home:ro,Z" "-e" "SOURCE_DIR=/opt/rustwide/workdir" "-e" "CARGO_TARGET_DIR=/opt/rustwide/target" "-e" "CARGO_INCREMENTAL=0" "-e" "RUST_BACKTRACE=full" "-e" "RUSTFLAGS=--cap-lints=forbid" "-e" "RUSTDOCFLAGS=--cap-lints=forbid" "-e" "CARGO_HOME=/opt/rustwide/cargo-home" "-e" "RUSTUP_HOME=/opt/rustwide/rustup-home" "-w" "/opt/rustwide/workdir" "-m" "1610612736" "--user" "0:0" "--network" "none" "ghcr.io/rust-lang/crates-build-env/linux@sha256:4a844ea9eb2546a2d2c7022eacef16ef2e8229c7fbb2c7d4d55a9ceca922f72d" "/opt/rustwide/cargo-home/bin/cargo" "+nightly-2024-10-28" "test" "--frozen", kill_on_drop: false }`
[INFO] [stdout] bdc5d5f73ff2cf09e3cb08e9f1b188a150b03224d300a329a2411aec7bdf7e93
[INFO] running `Command { std: "docker" "start" "-a" "bdc5d5f73ff2cf09e3cb08e9f1b188a150b03224d300a329a2411aec7bdf7e93", kill_on_drop: false }`
[INFO] [stderr]     Finished `test` profile [unoptimized + debuginfo] target(s) in 0.04s
[INFO] [stderr]      Running unittests src/lib.rs (/opt/rustwide/target/debug/deps/yabai-5bec8ea2f0ba46ed)
[INFO] [stdout] 
[INFO] [stdout] running 0 tests
[INFO] [stdout] 
[INFO] [stdout] test result: ok. 0 passed; 0 failed; 0 ignored; 0 measured; 0 filtered out; finished in 0.00s
[INFO] [stdout] 
[INFO] [stderr]    Doc-tests yabai
[INFO] [stdout] 
[INFO] [stdout] running 5 tests
[INFO] [stdout] test src/lib.rs - send (line 52) ... FAILED
[INFO] [stdout] test src/lib.rs - (line 18) ... FAILED
[INFO] [stdout] test src/lib.rs - (line 12) ... FAILED
[INFO] [stdout] test src/lib.rs - send_command (line 94) ... FAILED
[INFO] [stdout] test src/lib.rs - (line 7) ... FAILED
[INFO] [stdout] 
[INFO] [stdout] failures:
[INFO] [stdout] 
[INFO] [stdout] ---- src/lib.rs - send (line 52) stdout ----
[INFO] [stdout] error[E0425]: cannot find function `send_str` in crate `yabai`
[INFO] [stdout]  --> src/lib.rs:54:8
[INFO] [stdout]   |
[INFO] [stdout] 5 | yabai::send_str("space --focus 2")?;
[INFO] [stdout]   |        ^^^^^^^^ not found in `yabai`
[INFO] [stdout] 
[INFO] [stdout] error: aborting due to 1 previous error
[INFO] [stdout] 
[INFO] [stdout] For more information about this error, try `rustc --explain E0425`.
[INFO] [stdout] Couldn't compile the test.
[INFO] [stdout] ---- src/lib.rs - (line 18) stdout ----
[INFO] [stdout] error[E0277]: the `?` operator can only be used in a function that returns `Result` or `Option` (or another type that implements `FromResidual`)
[INFO] [stdout]  --> src/lib.rs:20:39
[INFO] [stdout]   |
[INFO] [stdout] 4 | fn main() { #[allow(non_snake_case)] fn _doctest_main_src_lib_rs_18_0() {
[INFO] [stdout]   |                                      ---------------------------------- this function should return `Result` or `Option` to accept `?`
[INFO] [stdout] 5 | let displays = yabai::query_displays()?;
[INFO] [stdout]   |                                       ^ cannot use the `?` operator in a function that returns `()`
[INFO] [stdout]   |
[INFO] [stdout]   = help: the trait `FromResidual<Result<Infallible, anyhow::Error>>` is not implemented for `()`
[INFO] [stdout] help: consider adding return type
[INFO] [stdout]   |
[INFO] [stdout] 4 ~ fn main() { #[allow(non_snake_case)] fn _doctest_main_src_lib_rs_18_0() -> Result<(), Box<dyn std::error::Error>> {
[INFO] [stdout] 5 | let displays = yabai::query_displays()?;
[INFO] [stdout] 6 +     Ok(())
[INFO] [stdout]   |
[INFO] [stdout] 
[INFO] [stdout] error: aborting due to 1 previous error
[INFO] [stdout] 
[INFO] [stdout] For more information about this error, try `rustc --explain E0277`.
[INFO] [stdout] Couldn't compile the test.
[INFO] [stdout] ---- src/lib.rs - (line 12) stdout ----
[INFO] [stdout] error[E0433]: failed to resolve: could not find `SpaceOption` in `yabai`
[INFO] [stdout]  --> src/lib.rs:14:65
[INFO] [stdout]   |
[INFO] [stdout] 5 | let command: yabai::Command = yabai::Command::FocusSpace(yabai::SpaceOption::Recent);
[INFO] [stdout]   |                                                                 ^^^^^^^^^^^ could not find `SpaceOption` in `yabai`
[INFO] [stdout] 
[INFO] [stdout] error[E0533]: expected value, found struct variant `yabai::Command::FocusSpace`
[INFO] [stdout]  --> src/lib.rs:14:31
[INFO] [stdout]   |
[INFO] [stdout] 5 | let command: yabai::Command = yabai::Command::FocusSpace(yabai::SpaceOption::Recent);
[INFO] [stdout]   |                               ^^^^^^^^^^^^^^^^^^^^^^^^^^ not a value
[INFO] [stdout]   |
[INFO] [stdout] help: you might have meant to create a new value of the struct
[INFO] [stdout]   |
[INFO] [stdout] 5 | let command: yabai::Command = yabai::Command::FocusSpace { option: /* value */ };
[INFO] [stdout]   |                                                          ~~~~~~~~~~~~~~~~~~~~~~~
[INFO] [stdout] 
[INFO] [stdout] error[E0277]: the `?` operator can only be used in a function that returns `Result` or `Option` (or another type that implements `FromResidual`)
[INFO] [stdout]  --> src/lib.rs:15:29
[INFO] [stdout]   |
[INFO] [stdout] 4 | fn main() { #[allow(non_snake_case)] fn _doctest_main_src_lib_rs_12_0() {
[INFO] [stdout]   |                                      ---------------------------------- this function should return `Result` or `Option` to accept `?`
[INFO] [stdout] 5 | let command: yabai::Command = yabai::Command::FocusSpace(yabai::SpaceOption::Recent);
[INFO] [stdout] 6 | yabai::send_command(command)?;
[INFO] [stdout]   |                             ^ cannot use the `?` operator in a function that returns `()`
[INFO] [stdout]   |
[INFO] [stdout]   = help: the trait `FromResidual<Result<Infallible, anyhow::Error>>` is not implemented for `()`
[INFO] [stdout] help: consider adding return type
[INFO] [stdout]   |
[INFO] [stdout] 4 ~ fn main() { #[allow(non_snake_case)] fn _doctest_main_src_lib_rs_12_0() -> Result<(), Box<dyn std::error::Error>> {
[INFO] [stdout] 5 | let command: yabai::Command = yabai::Command::FocusSpace(yabai::SpaceOption::Recent);
[INFO] [stdout] 6 | yabai::send_command(command)?;
[INFO] [stdout] 7 +     Ok(())
[INFO] [stdout]   |
[INFO] [stdout] 
[INFO] [stdout] error: aborting due to 3 previous errors
[INFO] [stdout] 
[INFO] [stdout] Some errors have detailed explanations: E0277, E0433, E0533.
[INFO] [stdout] For more information about an error, try `rustc --explain E0277`.
[INFO] [stdout] Couldn't compile the test.
[INFO] [stdout] ---- src/lib.rs - send_command (line 94) stdout ----
[INFO] [stdout] error[E0433]: failed to resolve: could not find `SpaceOption` in `yabai`
[INFO] [stdout]  --> src/lib.rs:96:49
[INFO] [stdout]   |
[INFO] [stdout] 5 | let command = yabai::Command::FocusSpace(yabai::SpaceOption::Recent);
[INFO] [stdout]   |                                                 ^^^^^^^^^^^ could not find `SpaceOption` in `yabai`
[INFO] [stdout] 
[INFO] [stdout] error[E0533]: expected value, found struct variant `yabai::Command::FocusSpace`
[INFO] [stdout]  --> src/lib.rs:96:15
[INFO] [stdout]   |
[INFO] [stdout] 5 | let command = yabai::Command::FocusSpace(yabai::SpaceOption::Recent);
[INFO] [stdout]   |               ^^^^^^^^^^^^^^^^^^^^^^^^^^ not a value
[INFO] [stdout]   |
[INFO] [stdout] help: you might have meant to create a new value of the struct
[INFO] [stdout]   |
[INFO] [stdout] 5 | let command = yabai::Command::FocusSpace { option: /* value */ };
[INFO] [stdout]   |                                          ~~~~~~~~~~~~~~~~~~~~~~~
[INFO] [stdout] 
[INFO] [stdout] error[E0277]: the `?` operator can only be used in a function that returns `Result` or `Option` (or another type that implements `FromResidual`)
[INFO] [stdout]  --> src/lib.rs:97:29
[INFO] [stdout]   |
[INFO] [stdout] 4 | fn main() { #[allow(non_snake_case)] fn _doctest_main_src_lib_rs_94_0() {
[INFO] [stdout]   |                                      ---------------------------------- this function should return `Result` or `Option` to accept `?`
[INFO] [stdout] 5 | let command = yabai::Command::FocusSpace(yabai::SpaceOption::Recent);
[INFO] [stdout] 6 | yabai::send_command(command)?;
[INFO] [stdout]   |                             ^ cannot use the `?` operator in a function that returns `()`
[INFO] [stdout]   |
[INFO] [stdout]   = help: the trait `FromResidual<Result<Infallible, anyhow::Error>>` is not implemented for `()`
[INFO] [stdout] help: consider adding return type
[INFO] [stdout]   |
[INFO] [stdout] 4 ~ fn main() { #[allow(non_snake_case)] fn _doctest_main_src_lib_rs_94_0() -> Result<(), Box<dyn std::error::Error>> {
[INFO] [stdout] 5 | let command = yabai::Command::FocusSpace(yabai::SpaceOption::Recent);
[INFO] [stdout] 6 | yabai::send_command(command)?;
[INFO] [stdout] 7 +     Ok(())
[INFO] [stdout]   |
[INFO] [stdout] 
[INFO] [stdout] error: aborting due to 3 previous errors
[INFO] [stdout] 
[INFO] [stdout] Some errors have detailed explanations: E0277, E0433, E0533.
[INFO] [stdout] For more information about an error, try `rustc --explain E0277`.
[INFO] [stdout] Couldn't compile the test.
[INFO] [stdout] ---- src/lib.rs - (line 7) stdout ----
[INFO] [stdout] Test executable failed (exit status: 101).
[INFO] [stdout] 
[INFO] [stdout] stderr:
[INFO] [stdout] thread 'main' panicked at src/lib.rs:41:35:
[INFO] [stdout] called `Result::unwrap()` on an `Err` value: NotPresent
[INFO] [stdout] stack backtrace:
[INFO] [stdout]    0:     0x63b723306b6a - std::backtrace_rs::backtrace::libunwind::trace::h207520d6e9873551
[INFO] [stdout]                                at /rustc/df4ca44d3fbc9301ee17f30f4d474e6ae4b05252/library/std/src/../../backtrace/src/backtrace/libunwind.rs:116:5
[INFO] [stdout]    1:     0x63b723306b6a - std::backtrace_rs::backtrace::trace_unsynchronized::h2ed7433f370e3eca
[INFO] [stdout]                                at /rustc/df4ca44d3fbc9301ee17f30f4d474e6ae4b05252/library/std/src/../../backtrace/src/backtrace/mod.rs:66:5
[INFO] [stdout]    2:     0x63b723306b6a - std::sys::backtrace::_print_fmt::h916fac51166b18d7
[INFO] [stdout]                                at /rustc/df4ca44d3fbc9301ee17f30f4d474e6ae4b05252/library/std/src/sys/backtrace.rs:66:9
[INFO] [stdout]    3:     0x63b723306b6a - <std::sys::backtrace::BacktraceLock::print::DisplayBacktrace as core::fmt::Display>::fmt::ha0a4c9b8ce3802e6
[INFO] [stdout]                                at /rustc/df4ca44d3fbc9301ee17f30f4d474e6ae4b05252/library/std/src/sys/backtrace.rs:39:26
[INFO] [stdout]    4:     0x63b723323423 - core::fmt::rt::Argument::fmt::h4cfc8587d52b3eb5
[INFO] [stdout]                                at /rustc/df4ca44d3fbc9301ee17f30f4d474e6ae4b05252/library/core/src/fmt/rt.rs:177:76
[INFO] [stdout]    5:     0x63b723323423 - core::fmt::write::h522cc39e5b36ae9f
[INFO] [stdout]                                at /rustc/df4ca44d3fbc9301ee17f30f4d474e6ae4b05252/library/core/src/fmt/mod.rs:1190:21
[INFO] [stdout]    6:     0x63b723304223 - std::io::Write::write_fmt::hf1c1dcc8cc1287f0
[INFO] [stdout]                                at /rustc/df4ca44d3fbc9301ee17f30f4d474e6ae4b05252/library/std/src/io/mod.rs:1839:15
[INFO] [stdout]    7:     0x63b7233069b2 - std::sys::backtrace::BacktraceLock::print::h4b9e00b29e9c0942
[INFO] [stdout]                                at /rustc/df4ca44d3fbc9301ee17f30f4d474e6ae4b05252/library/std/src/sys/backtrace.rs:42:9
[INFO] [stdout]    8:     0x63b72330797c - std::panicking::default_hook::{{closure}}::hb59b88280d0324d9
[INFO] [stdout]                                at /rustc/df4ca44d3fbc9301ee17f30f4d474e6ae4b05252/library/std/src/panicking.rs:268:22
[INFO] [stdout]    9:     0x63b7233077c2 - std::panicking::default_hook::he1dd496665be4a29
[INFO] [stdout]                                at /rustc/df4ca44d3fbc9301ee17f30f4d474e6ae4b05252/library/std/src/panicking.rs:295:9
[INFO] [stdout]   10:     0x63b723307f77 - std::panicking::rust_panic_with_hook::h2ff17fe8f26dfcf8
[INFO] [stdout]                                at /rustc/df4ca44d3fbc9301ee17f30f4d474e6ae4b05252/library/std/src/panicking.rs:801:13
[INFO] [stdout]   11:     0x63b723307e0a - std::panicking::begin_panic_handler::{{closure}}::h4fad77951c07e101
[INFO] [stdout]                                at /rustc/df4ca44d3fbc9301ee17f30f4d474e6ae4b05252/library/std/src/panicking.rs:674:13
[INFO] [stdout]   12:     0x63b723307049 - std::sys::backtrace::__rust_end_short_backtrace::hb1a25b3da5d0ea08
[INFO] [stdout]                                at /rustc/df4ca44d3fbc9301ee17f30f4d474e6ae4b05252/library/std/src/sys/backtrace.rs:170:18
[INFO] [stdout]   13:     0x63b723307a9c - rust_begin_unwind
[INFO] [stdout]                                at /rustc/df4ca44d3fbc9301ee17f30f4d474e6ae4b05252/library/std/src/panicking.rs:665:5
[INFO] [stdout]   14:     0x63b7233225d0 - core::panicking::panic_fmt::ha9db07b529f9b256
[INFO] [stdout]                                at /rustc/df4ca44d3fbc9301ee17f30f4d474e6ae4b05252/library/core/src/panicking.rs:75:14
[INFO] [stdout]   15:     0x63b7233229e6 - core::result::unwrap_failed::h5e8218e4d4338b8a
[INFO] [stdout]                                at /rustc/df4ca44d3fbc9301ee17f30f4d474e6ae4b05252/library/core/src/result.rs:1698:5
[INFO] [stdout]   16:     0x63b7232d3cd5 - core::result::Result<T,E>::unwrap::h40bcfe809be9ed38
[INFO] [stdout]                                at /rustc/df4ca44d3fbc9301ee17f30f4d474e6ae4b05252/library/core/src/result.rs:1103:23
[INFO] [stdout]   17:     0x63b7232d3cd5 - <yabai::SOCKET_PATH as core::ops::deref::Deref>::deref::__static_ref_initialize::hfe0750369f108fe8
[INFO] [stdout]                                at /opt/rustwide/workdir/src/lib.rs:41:13
[INFO] [stdout]   18:     0x63b7232d3cd5 - core::ops::function::FnOnce::call_once::he77696c0b0099ae6
[INFO] [stdout]                                at /rustc/df4ca44d3fbc9301ee17f30f4d474e6ae4b05252/library/core/src/ops/function.rs:250:5
[INFO] [stdout]   19:     0x63b7232d5e91 - lazy_static::lazy::Lazy<T>::get::{{closure}}::h10a52c65fd3dc991
[INFO] [stdout]                                at /opt/rustwide/cargo-home/registry/src/index.crates.io-6f17d22bba15001f/lazy_static-1.4.0/src/inline_lazy.rs:31:29
[INFO] [stdout]   20:     0x63b7232d65c9 - std::sync::once::Once::call_once::{{closure}}::hc0bfa8fe8f338153
[INFO] [stdout]                                at /rustc/df4ca44d3fbc9301ee17f30f4d474e6ae4b05252/library/std/src/sync/once.rs:158:41
[INFO] [stdout]   21:     0x63b72330aa13 - std::sys::sync::once::futex::Once::call::h71269da0f72c5b8f
[INFO] [stdout]                                at /rustc/df4ca44d3fbc9301ee17f30f4d474e6ae4b05252/library/std/src/sys/sync/once/futex.rs:176:21
[INFO] [stdout]   22:     0x63b7232d6534 - std::sync::once::Once::call_once::h7b94ef0073eb4f72
[INFO] [stdout]                                at /rustc/df4ca44d3fbc9301ee17f30f4d474e6ae4b05252/library/std/src/sync/once.rs:158:9
[INFO] [stdout]   23:     0x63b7232d2c40 - lazy_static::lazy::Lazy<T>::get::h84fa5a34c3c22af0
[INFO] [stdout]                                at /opt/rustwide/cargo-home/registry/src/index.crates.io-6f17d22bba15001f/lazy_static-1.4.0/src/inline_lazy.rs:30:9
[INFO] [stdout]   24:     0x63b7232d2c40 - <yabai::SOCKET_PATH as core::ops::deref::Deref>::deref::__stability::he8b25a46a9546161
[INFO] [stdout]                                at /opt/rustwide/cargo-home/registry/src/index.crates.io-6f17d22bba15001f/lazy_static-1.4.0/src/lib.rs:142:21
[INFO] [stdout]   25:     0x63b7232d2c40 - <yabai::SOCKET_PATH as core::ops::deref::Deref>::deref::he841dce0a44993a3
[INFO] [stdout]                                at /opt/rustwide/cargo-home/registry/src/index.crates.io-6f17d22bba15001f/lazy_static-1.4.0/src/lib.rs:144:17
[INFO] [stdout]   26:     0x63b7232d2328 - yabai::send_raw::habf68ebb43ab7075
[INFO] [stdout]                                at /opt/rustwide/workdir/src/lib.rs:64:42
[INFO] [stdout]   27:     0x63b7232d227b - yabai::send::hd158cbbca72d369b
[INFO] [stdout]                                at /opt/rustwide/workdir/src/lib.rs:56:5
[INFO] [stdout]   28:     0x63b7232cdc59 - rust_out::main::_doctest_main_src_lib_rs_7_0::h830c10adb983d4d3
[INFO] [stdout]   29:     0x63b7232cdc36 - rust_out::main::ha213a30daa5df4da
[INFO] [stdout]   30:     0x63b7232cdbc3 - core::ops::function::FnOnce::call_once::hf7edf7132571051c
[INFO] [stdout]   31:     0x63b7232cdb66 - std::sys::backtrace::__rust_begin_short_backtrace::h32fd822fd2ba4079
[INFO] [stdout]   32:     0x63b7232cdb49 - std::rt::lang_start::{{closure}}::h4039a1c394ed4f7c
[INFO] [stdout]   33:     0x63b7233015a7 - core::ops::function::impls::<impl core::ops::function::FnOnce<A> for &F>::call_once::hd87d66b906e0ccaf
[INFO] [stdout]                                at /rustc/df4ca44d3fbc9301ee17f30f4d474e6ae4b05252/library/core/src/ops/function.rs:284:13
[INFO] [stdout]   34:     0x63b7233015a7 - std::panicking::try::do_call::hae3703de71fc9e3a
[INFO] [stdout]                                at /rustc/df4ca44d3fbc9301ee17f30f4d474e6ae4b05252/library/std/src/panicking.rs:557:40
[INFO] [stdout]   35:     0x63b7233015a7 - std::panicking::try::h1178330e9a2b2645
[INFO] [stdout]                                at /rustc/df4ca44d3fbc9301ee17f30f4d474e6ae4b05252/library/std/src/panicking.rs:520:19
[INFO] [stdout]   36:     0x63b7233015a7 - std::panic::catch_unwind::h0acf49d2305d32ad
[INFO] [stdout]                                at /rustc/df4ca44d3fbc9301ee17f30f4d474e6ae4b05252/library/std/src/panic.rs:358:14
[INFO] [stdout]   37:     0x63b7233015a7 - std::rt::lang_start_internal::{{closure}}::h2d95182d798177be
[INFO] [stdout]                                at /rustc/df4ca44d3fbc9301ee17f30f4d474e6ae4b05252/library/std/src/rt.rs:174:48
[INFO] [stdout]   38:     0x63b7233015a7 - std::panicking::try::do_call::hb506f5bfe11fd30c
[INFO] [stdout]                                at /rustc/df4ca44d3fbc9301ee17f30f4d474e6ae4b05252/library/std/src/panicking.rs:557:40
[INFO] [stdout]   39:     0x63b7233015a7 - std::panicking::try::h54d825c46bd0fa95
[INFO] [stdout]                                at /rustc/df4ca44d3fbc9301ee17f30f4d474e6ae4b05252/library/std/src/panicking.rs:520:19
[INFO] [stdout]   40:     0x63b7233015a7 - std::panic::catch_unwind::hffbb0ad20c4e9fac
[INFO] [stdout]                                at /rustc/df4ca44d3fbc9301ee17f30f4d474e6ae4b05252/library/std/src/panic.rs:358:14
[INFO] [stdout]   41:     0x63b7233015a7 - std::rt::lang_start_internal::h52c291ef1962c925
[INFO] [stdout]                                at /rustc/df4ca44d3fbc9301ee17f30f4d474e6ae4b05252/library/std/src/rt.rs:174:20
[INFO] [stdout]   42:     0x63b7232cdb27 - std::rt::lang_start::h8c6075cd6f225ba1
[INFO] [stdout]   43:     0x63b7232cdc85 - main
[INFO] [stdout]   44:     0x717de30ccd90 - <unknown>
[INFO] [stdout]   45:     0x717de30cce40 - __libc_start_main
[INFO] [stdout]   46:     0x63b7232cda35 - _start
[INFO] [stdout]   47:                0x0 - <unknown>
[INFO] [stdout] 
[INFO] [stdout] 
[INFO] [stdout] 
[INFO] [stdout] failures:
[INFO] [stdout]     src/lib.rs - (line 12)
[INFO] [stdout]     src/lib.rs - (line 18)
[INFO] [stdout]     src/lib.rs - (line 7)
[INFO] [stdout]     src/lib.rs - send (line 52)
[INFO] [stdout]     src/lib.rs - send_command (line 94)
[INFO] [stdout] 
[INFO] [stdout] test result: FAILED. 0 passed; 5 failed; 0 ignored; 0 measured; 0 filtered out; finished in 0.10s
[INFO] [stdout] 
[INFO] [stderr] error: doctest failed, to rerun pass `--doc`
[INFO] running `Command { std: "docker" "inspect" "bdc5d5f73ff2cf09e3cb08e9f1b188a150b03224d300a329a2411aec7bdf7e93", kill_on_drop: false }`
[INFO] running `Command { std: "docker" "rm" "-f" "bdc5d5f73ff2cf09e3cb08e9f1b188a150b03224d300a329a2411aec7bdf7e93", kill_on_drop: false }`
[INFO] [stdout] bdc5d5f73ff2cf09e3cb08e9f1b188a150b03224d300a329a2411aec7bdf7e93
