[INFO] fetching crate xsynth-core 0.3.1...
[INFO] testing xsynth-core-0.3.1 against nightly-2024-10-28 for randomize-layout
[INFO] extracting crate xsynth-core 0.3.1 into /workspace/builds/worker-4-tc1/source
[INFO] validating manifest of crates.io crate xsynth-core 0.3.1 on toolchain nightly-2024-10-28
[INFO] running `Command { std: CARGO_HOME="/workspace/cargo-home" RUSTUP_HOME="/workspace/rustup-home" "/workspace/cargo-home/bin/cargo" "+nightly-2024-10-28" "metadata" "--manifest-path" "Cargo.toml" "--no-deps", kill_on_drop: false }`
[INFO] started tweaking crates.io crate xsynth-core 0.3.1
[INFO] removed 0 missing examples
[INFO] finished tweaking crates.io crate xsynth-core 0.3.1
[INFO] tweaked toml for crates.io crate xsynth-core 0.3.1 written to /workspace/builds/worker-4-tc1/source/Cargo.toml
[INFO] crate crates.io crate xsynth-core 0.3.1 already has a lockfile, it will not be regenerated
[INFO] running `Command { std: CARGO_HOME="/workspace/cargo-home" RUSTUP_HOME="/workspace/rustup-home" "/workspace/cargo-home/bin/cargo" "+nightly-2024-10-28" "fetch" "--manifest-path" "Cargo.toml", kill_on_drop: false }`
[INFO] [stderr]     Updating crates.io index
[INFO] [stderr]  Downloading crates ...
[INFO] [stderr]   Downloaded soundfont v0.0.3
[INFO] [stderr]   Downloaded regex-bnf-macro v0.1.1
[INFO] [stderr]   Downloaded rubato v0.15.0
[INFO] [stderr]   Downloaded midi-toolkit-rs-derive v0.1.0
[INFO] [stderr]   Downloaded lazy-regex-proc_macros v3.2.0
[INFO] [stderr]   Downloaded regex-bnf v0.1.2
[INFO] [stderr]   Downloaded lazy-regex v3.2.0
[INFO] [stderr]   Downloaded realfft v3.3.0
[INFO] [stderr]   Downloaded biquad v0.4.2
[INFO] [stderr]   Downloaded midi-toolkit-rs v0.1.0
[INFO] [stderr]   Downloaded simdeez v2.0.0-dev3
[INFO] [stderr]   Downloaded xsynth-soundfonts v0.3.1
[INFO] [stderr]   Downloaded to_vec v0.1.0
[INFO] running `Command { std: "docker" "create" "-v" "/var/lib/crater-agent-workspace/builds/worker-4-tc1/target:/opt/rustwide/target:rw,Z" "-v" "/var/lib/crater-agent-workspace/builds/worker-4-tc1/source:/opt/rustwide/workdir:ro,Z" "-v" "/var/lib/crater-agent-workspace/cargo-home:/opt/rustwide/cargo-home:ro,Z" "-v" "/var/lib/crater-agent-workspace/rustup-home:/opt/rustwide/rustup-home:ro,Z" "-e" "SOURCE_DIR=/opt/rustwide/workdir" "-e" "CARGO_TARGET_DIR=/opt/rustwide/target" "-e" "CARGO_HOME=/opt/rustwide/cargo-home" "-e" "RUSTUP_HOME=/opt/rustwide/rustup-home" "-w" "/opt/rustwide/workdir" "-m" "1610612736" "--user" "0:0" "--network" "none" "ghcr.io/rust-lang/crates-build-env/linux@sha256:4a844ea9eb2546a2d2c7022eacef16ef2e8229c7fbb2c7d4d55a9ceca922f72d" "/opt/rustwide/cargo-home/bin/cargo" "+nightly-2024-10-28" "metadata" "--no-deps" "--format-version=1", kill_on_drop: false }`
[INFO] [stdout] 0d7b9bb4f0a0f82beedf59bd8ee4c4fcd5dc634944b93d2c7186259fc0af3c92
[INFO] running `Command { std: "docker" "start" "-a" "0d7b9bb4f0a0f82beedf59bd8ee4c4fcd5dc634944b93d2c7186259fc0af3c92", kill_on_drop: false }`
[INFO] running `Command { std: "docker" "inspect" "0d7b9bb4f0a0f82beedf59bd8ee4c4fcd5dc634944b93d2c7186259fc0af3c92", kill_on_drop: false }`
[INFO] running `Command { std: "docker" "rm" "-f" "0d7b9bb4f0a0f82beedf59bd8ee4c4fcd5dc634944b93d2c7186259fc0af3c92", kill_on_drop: false }`
[INFO] [stdout] 0d7b9bb4f0a0f82beedf59bd8ee4c4fcd5dc634944b93d2c7186259fc0af3c92
[INFO] running `Command { std: "docker" "create" "-v" "/var/lib/crater-agent-workspace/builds/worker-4-tc1/target:/opt/rustwide/target:rw,Z" "-v" "/var/lib/crater-agent-workspace/builds/worker-4-tc1/source:/opt/rustwide/workdir:ro,Z" "-v" "/var/lib/crater-agent-workspace/cargo-home:/opt/rustwide/cargo-home:ro,Z" "-v" "/var/lib/crater-agent-workspace/rustup-home:/opt/rustwide/rustup-home:ro,Z" "-e" "SOURCE_DIR=/opt/rustwide/workdir" "-e" "CARGO_TARGET_DIR=/opt/rustwide/target" "-e" "CARGO_INCREMENTAL=0" "-e" "RUST_BACKTRACE=full" "-e" "RUSTFLAGS=--cap-lints=forbid" "-e" "RUSTDOCFLAGS=--cap-lints=forbid" "-e" "CARGO_HOME=/opt/rustwide/cargo-home" "-e" "RUSTUP_HOME=/opt/rustwide/rustup-home" "-w" "/opt/rustwide/workdir" "-m" "1610612736" "--user" "0:0" "--network" "none" "ghcr.io/rust-lang/crates-build-env/linux@sha256:4a844ea9eb2546a2d2c7022eacef16ef2e8229c7fbb2c7d4d55a9ceca922f72d" "/opt/rustwide/cargo-home/bin/cargo" "+nightly-2024-10-28" "build" "--frozen" "--message-format=json", kill_on_drop: false }`
[INFO] [stdout] 6a79d9b547be1f6e0ef5fa5203bbded12506cef7f75bf5f3576426ba757cee24
[INFO] running `Command { std: "docker" "start" "-a" "6a79d9b547be1f6e0ef5fa5203bbded12506cef7f75bf5f3576426ba757cee24", kill_on_drop: false }`
[INFO] [stderr]    Compiling log v0.4.17
[INFO] [stderr]    Compiling proc-macro2 v1.0.86
[INFO] [stderr]    Compiling unicode-ident v1.0.8
[INFO] [stderr]    Compiling bytemuck v1.16.3
[INFO] [stderr]    Compiling bitflags v1.3.2
[INFO] [stderr]    Compiling lazy_static v1.5.0
[INFO] [stderr]    Compiling arrayvec v0.7.2
[INFO] [stderr]    Compiling num-traits v0.2.15
[INFO] [stderr]    Compiling crossbeam-utils v0.8.20
[INFO] [stderr]    Compiling memchr v2.6.4
[INFO] [stderr]    Compiling version_check v0.9.4
[INFO] [stderr]    Compiling regex-syntax v0.8.2
[INFO] [stderr]    Compiling strength_reduce v0.2.4
[INFO] [stderr]    Compiling symphonia-core v0.5.4
[INFO] [stderr]    Compiling rustfft v6.2.0
[INFO] [stderr]    Compiling syn v1.0.109
[INFO] [stderr]    Compiling paste v1.0.12
[INFO] [stderr]    Compiling quote v1.0.36
[INFO] [stderr]    Compiling aho-corasick v1.0.1
[INFO] [stderr]    Compiling syn v2.0.72
[INFO] [stderr]    Compiling crossbeam-epoch v0.9.18
[INFO] [stderr]    Compiling num-integer v0.1.46
[INFO] [stderr]    Compiling num-complex v0.4.5
[INFO] [stderr]    Compiling symphonia-metadata v0.5.4
[INFO] [stderr]    Compiling transpose v0.2.3
[INFO] [stderr]    Compiling primal-check v0.3.3
[INFO] [stderr]    Compiling symphonia-utils-xiph v0.5.4
[INFO] [stderr]    Compiling rayon-core v1.12.1
[INFO] [stderr]    Compiling libm v0.1.4
[INFO] [stderr]    Compiling crossbeam-deque v0.8.5
[INFO] [stderr]    Compiling extended v0.1.0
[INFO] [stderr]    Compiling once_cell v1.17.1
[INFO] [stderr]    Compiling riff v1.0.1
[INFO] [stderr]    Compiling symphonia-format-riff v0.5.4
[INFO] [stderr]    Compiling regex-automata v0.4.3
[INFO] [stderr]    Compiling simdeez v2.0.0-dev3
[INFO] [stderr]    Compiling soundfont v0.0.3
[INFO] [stderr]    Compiling regex-bnf-macro v0.1.1
[INFO] [stderr]    Compiling symphonia-bundle-flac v0.5.4
[INFO] [stderr]    Compiling symphonia-format-ogg v0.5.4
[INFO] [stderr]    Compiling symphonia-codec-vorbis v0.5.4
[INFO] [stderr]    Compiling symphonia-format-mkv v0.5.4
[INFO] [stderr]    Compiling symphonia-codec-adpcm v0.5.4
[INFO] [stderr]    Compiling symphonia-codec-pcm v0.5.4
[INFO] [stderr]    Compiling regex v1.10.2
[INFO] [stderr]    Compiling encoding_rs_io v0.1.7
[INFO] [stderr]    Compiling either v1.8.1
[INFO] [stderr]    Compiling rayon v1.10.0
[INFO] [stderr]    Compiling symphonia v0.5.4
[INFO] [stderr]    Compiling biquad v0.4.2
[INFO] [stderr]    Compiling crossbeam-channel v0.5.13
[INFO] [stderr]    Compiling atomic_refcell v0.1.13
[INFO] [stderr]    Compiling spin_sleep v1.2.1
[INFO] [stderr]    Compiling to_vec v0.1.0
[INFO] [stderr]    Compiling thiserror-impl v1.0.63
[INFO] [stderr]    Compiling realfft v3.3.0
[INFO] [stderr]    Compiling rubato v0.15.0
[INFO] [stderr]    Compiling lazy-regex-proc_macros v3.2.0
[INFO] [stderr]    Compiling thiserror v1.0.63
[INFO] [stderr]    Compiling regex-bnf v0.1.2
[INFO] [stderr]    Compiling lazy-regex v3.2.0
[INFO] [stderr]    Compiling xsynth-soundfonts v0.3.1
[INFO] [stderr]    Compiling xsynth-core v0.3.1 (/opt/rustwide/workdir)
[INFO] [stderr]     Finished `dev` profile [unoptimized + debuginfo] target(s) in 21.11s
[INFO] running `Command { std: "docker" "inspect" "6a79d9b547be1f6e0ef5fa5203bbded12506cef7f75bf5f3576426ba757cee24", kill_on_drop: false }`
[INFO] running `Command { std: "docker" "rm" "-f" "6a79d9b547be1f6e0ef5fa5203bbded12506cef7f75bf5f3576426ba757cee24", kill_on_drop: false }`
[INFO] [stdout] 6a79d9b547be1f6e0ef5fa5203bbded12506cef7f75bf5f3576426ba757cee24
[INFO] running `Command { std: "docker" "create" "-v" "/var/lib/crater-agent-workspace/builds/worker-4-tc1/target:/opt/rustwide/target:rw,Z" "-v" "/var/lib/crater-agent-workspace/builds/worker-4-tc1/source:/opt/rustwide/workdir:ro,Z" "-v" "/var/lib/crater-agent-workspace/cargo-home:/opt/rustwide/cargo-home:ro,Z" "-v" "/var/lib/crater-agent-workspace/rustup-home:/opt/rustwide/rustup-home:ro,Z" "-e" "SOURCE_DIR=/opt/rustwide/workdir" "-e" "CARGO_TARGET_DIR=/opt/rustwide/target" "-e" "CARGO_INCREMENTAL=0" "-e" "RUST_BACKTRACE=full" "-e" "RUSTFLAGS=--cap-lints=forbid" "-e" "RUSTDOCFLAGS=--cap-lints=forbid" "-e" "CARGO_HOME=/opt/rustwide/cargo-home" "-e" "RUSTUP_HOME=/opt/rustwide/rustup-home" "-w" "/opt/rustwide/workdir" "-m" "1610612736" "--user" "0:0" "--network" "none" "ghcr.io/rust-lang/crates-build-env/linux@sha256:4a844ea9eb2546a2d2c7022eacef16ef2e8229c7fbb2c7d4d55a9ceca922f72d" "/opt/rustwide/cargo-home/bin/cargo" "+nightly-2024-10-28" "test" "--frozen" "--no-run" "--message-format=json", kill_on_drop: false }`
[INFO] [stdout] a9c3520f235b1a8e22743ec2b4b3fe444935ce23b79ab1cacc447f969fb8748a
[INFO] running `Command { std: "docker" "start" "-a" "a9c3520f235b1a8e22743ec2b4b3fe444935ce23b79ab1cacc447f969fb8748a", kill_on_drop: false }`
[INFO] [stderr]    Compiling libc v0.2.149
[INFO] [stderr]    Compiling serde v1.0.209
[INFO] [stderr]    Compiling either v1.8.1
[INFO] [stderr]    Compiling serde_derive v1.0.209
[INFO] [stderr]    Compiling proc-macro-error-attr v1.0.4
[INFO] [stderr]    Compiling proc-macro-error v1.0.4
[INFO] [stderr]    Compiling num-traits v0.2.15
[INFO] [stderr]    Compiling serde_json v1.0.127
[INFO] [stderr]    Compiling rayon v1.10.0
[INFO] [stderr]    Compiling anstyle v1.0.8
[INFO] [stderr]    Compiling ryu v1.0.13
[INFO] [stderr]    Compiling itoa v1.0.6
[INFO] [stderr]    Compiling plotters-backend v0.3.4
[INFO] [stderr]    Compiling ciborium-io v0.2.0
[INFO] [stderr]    Compiling half v1.8.2
[INFO] [stderr]    Compiling clap_lex v0.7.2
[INFO] [stderr]    Compiling plotters-svg v0.3.3
[INFO] [stderr]    Compiling ciborium-ll v0.2.0
[INFO] [stderr]    Compiling clap_builder v4.5.15
[INFO] [stderr]    Compiling itertools v0.10.5
[INFO] [stderr]    Compiling same-file v1.0.6
[INFO] [stderr]    Compiling ppv-lite86 v0.2.17
[INFO] [stderr]    Compiling cast v0.3.0
[INFO] [stderr]    Compiling convert_case v0.4.0
[INFO] [stderr]    Compiling getrandom v0.2.9
[INFO] [stderr]    Compiling rand_core v0.6.4
[INFO] [stderr]    Compiling is-terminal v0.4.12
[INFO] [stderr]    Compiling walkdir v2.3.3
[INFO] [stderr]    Compiling plotters v0.3.4
[INFO] [stderr]    Compiling midi-toolkit-rs-derive v0.1.0
[INFO] [stderr]    Compiling rand_chacha v0.3.1
[INFO] [stderr]    Compiling anes v0.1.6
[INFO] [stderr]    Compiling oorandom v11.1.3
[INFO] [stderr]    Compiling rand v0.8.5
[INFO] [stderr]    Compiling midi-toolkit-rs v0.1.0
[INFO] [stderr]    Compiling criterion-plot v0.5.0
[INFO] [stderr]    Compiling xsynth-core v0.3.1 (/opt/rustwide/workdir)
[INFO] [stderr]    Compiling clap v4.5.16
[INFO] [stderr]    Compiling ciborium v0.2.0
[INFO] [stderr]    Compiling tinytemplate v1.2.1
[INFO] [stderr]    Compiling criterion v0.5.1
[INFO] [stderr]     Finished `test` profile [unoptimized + debuginfo] target(s) in 16.46s
[INFO] running `Command { std: "docker" "inspect" "a9c3520f235b1a8e22743ec2b4b3fe444935ce23b79ab1cacc447f969fb8748a", kill_on_drop: false }`
[INFO] running `Command { std: "docker" "rm" "-f" "a9c3520f235b1a8e22743ec2b4b3fe444935ce23b79ab1cacc447f969fb8748a", kill_on_drop: false }`
[INFO] [stdout] a9c3520f235b1a8e22743ec2b4b3fe444935ce23b79ab1cacc447f969fb8748a
[INFO] running `Command { std: "docker" "create" "-v" "/var/lib/crater-agent-workspace/builds/worker-4-tc1/target:/opt/rustwide/target:rw,Z" "-v" "/var/lib/crater-agent-workspace/builds/worker-4-tc1/source:/opt/rustwide/workdir:ro,Z" "-v" "/var/lib/crater-agent-workspace/cargo-home:/opt/rustwide/cargo-home:ro,Z" "-v" "/var/lib/crater-agent-workspace/rustup-home:/opt/rustwide/rustup-home:ro,Z" "-e" "SOURCE_DIR=/opt/rustwide/workdir" "-e" "CARGO_TARGET_DIR=/opt/rustwide/target" "-e" "CARGO_INCREMENTAL=0" "-e" "RUST_BACKTRACE=full" "-e" "RUSTFLAGS=--cap-lints=forbid" "-e" "RUSTDOCFLAGS=--cap-lints=forbid" "-e" "CARGO_HOME=/opt/rustwide/cargo-home" "-e" "RUSTUP_HOME=/opt/rustwide/rustup-home" "-w" "/opt/rustwide/workdir" "-m" "1610612736" "--user" "0:0" "--network" "none" "ghcr.io/rust-lang/crates-build-env/linux@sha256:4a844ea9eb2546a2d2c7022eacef16ef2e8229c7fbb2c7d4d55a9ceca922f72d" "/opt/rustwide/cargo-home/bin/cargo" "+nightly-2024-10-28" "test" "--frozen", kill_on_drop: false }`
[INFO] [stdout] 443e40da287e1cf710de090423d52c16f6522065b5bb9d5cace5422963bc733b
[INFO] running `Command { std: "docker" "start" "-a" "443e40da287e1cf710de090423d52c16f6522065b5bb9d5cace5422963bc733b", kill_on_drop: false }`
[INFO] [stderr]     Finished `test` profile [unoptimized + debuginfo] target(s) in 0.12s
[INFO] [stderr]      Running unittests src/lib.rs (/opt/rustwide/target/debug/deps/xsynth_core-34234ce33bc6242b)
[INFO] [stdout] 
[INFO] [stdout] running 5 tests
[INFO] [stdout] test helpers::simd::tests::test_simd_add ... ok
[INFO] [stdout] test voice::envelopes::tests::test_simd_lerp ... ok
[INFO] [stdout] test voice::envelopes::tests::test_stage_time ... ok
[INFO] [stdout] test voice::simd::tests::test_simd_voice_combine ... ok
[INFO] [stdout] test voice::envelopes::tests::test_envelope ... FAILED
[INFO] [stdout] 
[INFO] [stdout] failures:
[INFO] [stdout] 
[INFO] [stdout] ---- voice::envelopes::tests::test_envelope stdout ----
[INFO] [stdout] thread 'voice::envelopes::tests::test_envelope' panicked at src/voice/envelopes.rs:851:17:
[INFO] [stdout] assertion `left == right` failed
[INFO] [stdout]   left: [0.5, 0.5333, 0.5667, 0.6, 0.6333, 0.6667, 0.7, 0.7333, 0.7667, 0.8, 0.8333, 0.8667, 0.9, 0.9333, 0.9667, 1.0, 0.7694, 0.6204, 0.5269, 0.4702, 0.437, 0.4184, 0.4086, 0.4037, 0.4014, 0.4005, 0.4001, 0.4, 0.4, 0.4, 0.4, 0.4, 0.4, 0.4, 0.4, 0.4, 0.4, 0.4, 0.4, 0.4, 0.4, 0.4, 0.4, 0.4, 0.4, 0.4, 0.4, 0.4, 0.4, 0.2387, 0.1374, 0.076, 0.04, 0.02, 0.0093, 0.004, 0.0016, 0.0005, 0.0002, 0.0, 0.0, 0.0, 0.0, 0.0, 0.0, 0.0, 0.0, 0.0, 0.0, 0.0, 0.0, 0.0, 0.0, 0.0, 0.0, 0.0, 0.0, 0.0, 0.0, 0.0]
[INFO] [stdout]  right: [0.5, 0.5333, 0.5667, 0.6, 0.6333, 0.6667, 0.7, 0.7333, 0.7667, 0.8, 0.8333, 0.8667, 0.9, 0.9333, 0.9667, 1.0, 0.9647, 0.9294, 0.8941, 0.8588, 0.8235, 0.7882, 0.7529, 0.7176, 0.6824, 0.6471, 0.6118, 0.5765, 0.5412, 0.5059, 0.4706, 0.4353, 0.4, 0.4, 0.4, 0.4, 0.4, 0.4, 0.4, 0.4, 0.4, 0.4, 0.4, 0.4, 0.4, 0.4, 0.4, 0.4, 0.4, 0.2387, 0.1374, 0.076, 0.04, 0.02, 0.0093, 0.004, 0.0016, 0.0005, 0.0002, 0.0, 0.0, 0.0, 0.0, 0.0, 0.0, 0.0, 0.0, 0.0, 0.0, 0.0, 0.0, 0.0, 0.0, 0.0, 0.0, 0.0, 0.0, 0.0, 0.0, 0.0]
[INFO] [stdout] stack backtrace:
[INFO] [stdout]    0:     0x6296fa133f7a - std::backtrace_rs::backtrace::libunwind::trace::h207520d6e9873551
[INFO] [stdout]                                at /rustc/df4ca44d3fbc9301ee17f30f4d474e6ae4b05252/library/std/src/../../backtrace/src/backtrace/libunwind.rs:116:5
[INFO] [stdout]    1:     0x6296fa133f7a - std::backtrace_rs::backtrace::trace_unsynchronized::h2ed7433f370e3eca
[INFO] [stdout]                                at /rustc/df4ca44d3fbc9301ee17f30f4d474e6ae4b05252/library/std/src/../../backtrace/src/backtrace/mod.rs:66:5
[INFO] [stdout]    2:     0x6296fa133f7a - std::sys::backtrace::_print_fmt::h916fac51166b18d7
[INFO] [stdout]                                at /rustc/df4ca44d3fbc9301ee17f30f4d474e6ae4b05252/library/std/src/sys/backtrace.rs:66:9
[INFO] [stdout]    3:     0x6296fa133f7a - <std::sys::backtrace::BacktraceLock::print::DisplayBacktrace as core::fmt::Display>::fmt::ha0a4c9b8ce3802e6
[INFO] [stdout]                                at /rustc/df4ca44d3fbc9301ee17f30f4d474e6ae4b05252/library/std/src/sys/backtrace.rs:39:26
[INFO] [stdout]    4:     0x6296fa15b423 - core::fmt::rt::Argument::fmt::h4cfc8587d52b3eb5
[INFO] [stdout]                                at /rustc/df4ca44d3fbc9301ee17f30f4d474e6ae4b05252/library/core/src/fmt/rt.rs:177:76
[INFO] [stdout]    5:     0x6296fa15b423 - core::fmt::write::h522cc39e5b36ae9f
[INFO] [stdout]                                at /rustc/df4ca44d3fbc9301ee17f30f4d474e6ae4b05252/library/core/src/fmt/mod.rs:1190:21
[INFO] [stdout]    6:     0x6296fa130be3 - std::io::Write::write_fmt::h7d3c26752da97734
[INFO] [stdout]                                at /rustc/df4ca44d3fbc9301ee17f30f4d474e6ae4b05252/library/std/src/io/mod.rs:1839:15
[INFO] [stdout]    7:     0x6296fa133dc2 - std::sys::backtrace::BacktraceLock::print::h4b9e00b29e9c0942
[INFO] [stdout]                                at /rustc/df4ca44d3fbc9301ee17f30f4d474e6ae4b05252/library/std/src/sys/backtrace.rs:42:9
[INFO] [stdout]    8:     0x6296fa13540a - std::panicking::default_hook::{{closure}}::hb59b88280d0324d9
[INFO] [stdout]                                at /rustc/df4ca44d3fbc9301ee17f30f4d474e6ae4b05252/library/std/src/panicking.rs:268:22
[INFO] [stdout]    9:     0x6296fa135214 - std::panicking::default_hook::he1dd496665be4a29
[INFO] [stdout]                                at /rustc/df4ca44d3fbc9301ee17f30f4d474e6ae4b05252/library/std/src/panicking.rs:292:9
[INFO] [stdout]   10:     0x6296fa0faaa9 - <alloc::boxed::Box<F,A> as core::ops::function::Fn<Args>>::call::h4ff71de18744e1dc
[INFO] [stdout]                                at /rustc/df4ca44d3fbc9301ee17f30f4d474e6ae4b05252/library/alloc/src/boxed.rs:2468:9
[INFO] [stdout]   11:     0x6296fa0faaa9 - test::test_main::{{closure}}::hcf7c055ce117aa81
[INFO] [stdout]                                at /rustc/df4ca44d3fbc9301ee17f30f4d474e6ae4b05252/library/test/src/lib.rs:133:21
[INFO] [stdout]   12:     0x6296fa135b08 - <alloc::boxed::Box<F,A> as core::ops::function::Fn<Args>>::call::h1d66c6bbd60c9692
[INFO] [stdout]                                at /rustc/df4ca44d3fbc9301ee17f30f4d474e6ae4b05252/library/alloc/src/boxed.rs:2468:9
[INFO] [stdout]   13:     0x6296fa135b08 - std::panicking::rust_panic_with_hook::h2ff17fe8f26dfcf8
[INFO] [stdout]                                at /rustc/df4ca44d3fbc9301ee17f30f4d474e6ae4b05252/library/std/src/panicking.rs:809:13
[INFO] [stdout]   14:     0x6296fa1358ca - std::panicking::begin_panic_handler::{{closure}}::h4fad77951c07e101
[INFO] [stdout]                                at /rustc/df4ca44d3fbc9301ee17f30f4d474e6ae4b05252/library/std/src/panicking.rs:674:13
[INFO] [stdout]   15:     0x6296fa134459 - std::sys::backtrace::__rust_end_short_backtrace::hb1a25b3da5d0ea08
[INFO] [stdout]                                at /rustc/df4ca44d3fbc9301ee17f30f4d474e6ae4b05252/library/std/src/sys/backtrace.rs:170:18
[INFO] [stdout]   16:     0x6296fa13555c - rust_begin_unwind
[INFO] [stdout]                                at /rustc/df4ca44d3fbc9301ee17f30f4d474e6ae4b05252/library/std/src/panicking.rs:665:5
[INFO] [stdout]   17:     0x6296fa1594b0 - core::panicking::panic_fmt::ha9db07b529f9b256
[INFO] [stdout]                                at /rustc/df4ca44d3fbc9301ee17f30f4d474e6ae4b05252/library/core/src/panicking.rs:75:14
[INFO] [stdout]   18:     0x6296fa15987b - core::panicking::assert_failed_inner::h04f38944d74a80a8
[INFO] [stdout]   19:     0x6296fa0ac515 - core::panicking::assert_failed::h45ff6b8a8dbabecf
[INFO] [stdout]                                at /rustc/df4ca44d3fbc9301ee17f30f4d474e6ae4b05252/library/core/src/panicking.rs:377:5
[INFO] [stdout]   20:     0x6296fa0b7496 - xsynth_core::voice::envelopes::tests::test_envelope::__run_generic::{{closure}}::h51dfd40f01d2f73f
[INFO] [stdout]                                at /opt/rustwide/workdir/src/voice/envelopes.rs:851:17
[INFO] [stdout]   21:     0x6296fa0b7496 - <simdeez::engines::avx2::simd::Avx2 as simdeez::Simd>::invoke::inner::hd35b5fbad860c58e
[INFO] [stdout]                                at /opt/rustwide/cargo-home/registry/src/index.crates.io-6f17d22bba15001f/simdeez-2.0.0-dev3/src/engines/avx2/simd.rs:20:13
[INFO] [stdout]   22:     0x6296fa0b35f6 - <simdeez::engines::avx2::simd::Avx2 as simdeez::Simd>::invoke::habe525dd6d82bc05
[INFO] [stdout]                                at /opt/rustwide/cargo-home/registry/src/index.crates.io-6f17d22bba15001f/simdeez-2.0.0-dev3/src/engines/avx2/simd.rs:23:18
[INFO] [stdout]   23:     0x6296fa0b2e66 - xsynth_core::voice::envelopes::tests::test_envelope::__run_generic::h391d3ec96a640604
[INFO] [stdout]                                at /opt/rustwide/cargo-home/registry/src/index.crates.io-6f17d22bba15001f/simdeez-2.0.0-dev3/src/invoking.rs:29:17
[INFO] [stdout]   24:     0x6296fa0b2e66 - <xsynth_core::voice::envelopes::tests::test_envelope::__run_dispatch_struct as simdeez::invoking::__SimdRunner<(),()>>::run::h1573c96c3c6b20eb
[INFO] [stdout]                                at /opt/rustwide/cargo-home/registry/src/index.crates.io-6f17d22bba15001f/simdeez-2.0.0-dev3/src/invoking.rs:43:21
[INFO] [stdout]   25:     0x6296fa0b2bff - simdeez::invoking::__run_simd_runtime_decide::hc91380ab4d7bca48
[INFO] [stdout]                                at /opt/rustwide/cargo-home/registry/src/index.crates.io-6f17d22bba15001f/simdeez-2.0.0-dev3/src/invoking.rs:166:29
[INFO] [stdout]   26:     0x6296fa0b2bff - xsynth_core::voice::envelopes::tests::test_envelope::run::h6ca2c2704d910b98
[INFO] [stdout]                                at /opt/rustwide/cargo-home/registry/src/index.crates.io-6f17d22bba15001f/simdeez-2.0.0-dev3/src/invoking.rs:61:17
[INFO] [stdout]   27:     0x6296fa0b2bff - xsynth_core::voice::envelopes::tests::test_envelope::h1a2ce73e6f0a7e97
[INFO] [stdout]                                at /opt/rustwide/workdir/src/voice/envelopes.rs:855:9
[INFO] [stdout]   28:     0x6296fa0b2b97 - xsynth_core::voice::envelopes::tests::test_envelope::{{closure}}::h03a08846d297a1d9
[INFO] [stdout]                                at /opt/rustwide/workdir/src/voice/envelopes.rs:781:23
[INFO] [stdout]   29:     0x6296fa0ab446 - core::ops::function::FnOnce::call_once::hbdee66f625dcaa48
[INFO] [stdout]                                at /rustc/df4ca44d3fbc9301ee17f30f4d474e6ae4b05252/library/core/src/ops/function.rs:250:5
[INFO] [stdout]   30:     0x6296fa0ff37b - core::ops::function::FnOnce::call_once::h22c3ba5715e93f05
[INFO] [stdout]                                at /rustc/df4ca44d3fbc9301ee17f30f4d474e6ae4b05252/library/core/src/ops/function.rs:250:5
[INFO] [stdout]   31:     0x6296fa0ff37b - test::__rust_begin_short_backtrace::h8e82d8113d0da17f
[INFO] [stdout]                                at /rustc/df4ca44d3fbc9301ee17f30f4d474e6ae4b05252/library/test/src/lib.rs:621:18
[INFO] [stdout]   32:     0x6296fa0fecf7 - test::run_test_in_process::{{closure}}::h33235f4f20b7b7c7
[INFO] [stdout]                                at /rustc/df4ca44d3fbc9301ee17f30f4d474e6ae4b05252/library/test/src/lib.rs:644:60
[INFO] [stdout]   33:     0x6296fa0fecf7 - <core::panic::unwind_safe::AssertUnwindSafe<F> as core::ops::function::FnOnce<()>>::call_once::hb5043206310c586f
[INFO] [stdout]                                at /rustc/df4ca44d3fbc9301ee17f30f4d474e6ae4b05252/library/core/src/panic/unwind_safe.rs:272:9
[INFO] [stdout]   34:     0x6296fa0fecf7 - std::panicking::try::do_call::h9ad4731a60ab23e2
[INFO] [stdout]                                at /rustc/df4ca44d3fbc9301ee17f30f4d474e6ae4b05252/library/std/src/panicking.rs:557:40
[INFO] [stdout]   35:     0x6296fa0fecf7 - std::panicking::try::h3824d23db772a716
[INFO] [stdout]                                at /rustc/df4ca44d3fbc9301ee17f30f4d474e6ae4b05252/library/std/src/panicking.rs:520:19
[INFO] [stdout]   36:     0x6296fa0fecf7 - std::panic::catch_unwind::h5afd514605fde46b
[INFO] [stdout]                                at /rustc/df4ca44d3fbc9301ee17f30f4d474e6ae4b05252/library/std/src/panic.rs:358:14
[INFO] [stdout]   37:     0x6296fa0fecf7 - test::run_test_in_process::h0d5cbfa7067d1720
[INFO] [stdout]                                at /rustc/df4ca44d3fbc9301ee17f30f4d474e6ae4b05252/library/test/src/lib.rs:644:27
[INFO] [stdout]   38:     0x6296fa0fecf7 - test::run_test::{{closure}}::h708eb8872708115d
[INFO] [stdout]                                at /rustc/df4ca44d3fbc9301ee17f30f4d474e6ae4b05252/library/test/src/lib.rs:565:43
[INFO] [stdout]   39:     0x6296fa0c2414 - test::run_test::{{closure}}::h392c51cee94713ab
[INFO] [stdout]                                at /rustc/df4ca44d3fbc9301ee17f30f4d474e6ae4b05252/library/test/src/lib.rs:595:41
[INFO] [stdout]   40:     0x6296fa0c2414 - std::sys::backtrace::__rust_begin_short_backtrace::h2f40290710935a8b
[INFO] [stdout]                                at /rustc/df4ca44d3fbc9301ee17f30f4d474e6ae4b05252/library/std/src/sys/backtrace.rs:154:18
[INFO] [stdout]   41:     0x6296fa0c5bbe - std::thread::Builder::spawn_unchecked_::{{closure}}::{{closure}}::h3fd968d89053a903
[INFO] [stdout]                                at /rustc/df4ca44d3fbc9301ee17f30f4d474e6ae4b05252/library/std/src/thread/mod.rs:541:17
[INFO] [stdout]   42:     0x6296fa0c5bbe - <core::panic::unwind_safe::AssertUnwindSafe<F> as core::ops::function::FnOnce<()>>::call_once::h743f637ba4229880
[INFO] [stdout]                                at /rustc/df4ca44d3fbc9301ee17f30f4d474e6ae4b05252/library/core/src/panic/unwind_safe.rs:272:9
[INFO] [stdout]   43:     0x6296fa0c5bbe - std::panicking::try::do_call::h07440897322525a6
[INFO] [stdout]                                at /rustc/df4ca44d3fbc9301ee17f30f4d474e6ae4b05252/library/std/src/panicking.rs:557:40
[INFO] [stdout]   44:     0x6296fa0c5bbe - std::panicking::try::he5a2e00188156637
[INFO] [stdout]                                at /rustc/df4ca44d3fbc9301ee17f30f4d474e6ae4b05252/library/std/src/panicking.rs:520:19
[INFO] [stdout]   45:     0x6296fa0c5bbe - std::panic::catch_unwind::hbaf3cae49b3c6433
[INFO] [stdout]                                at /rustc/df4ca44d3fbc9301ee17f30f4d474e6ae4b05252/library/std/src/panic.rs:358:14
[INFO] [stdout]   46:     0x6296fa0c5bbe - std::thread::Builder::spawn_unchecked_::{{closure}}::h8e141ea224820bce
[INFO] [stdout]                                at /rustc/df4ca44d3fbc9301ee17f30f4d474e6ae4b05252/library/std/src/thread/mod.rs:540:30
[INFO] [stdout]   47:     0x6296fa0c5bbe - core::ops::function::FnOnce::call_once{{vtable.shim}}::h90d312fedd7b8ea8
[INFO] [stdout]                                at /rustc/df4ca44d3fbc9301ee17f30f4d474e6ae4b05252/library/core/src/ops/function.rs:250:5
[INFO] [stdout]   48:     0x6296fa1398fb - <alloc::boxed::Box<F,A> as core::ops::function::FnOnce<Args>>::call_once::h69aa08ddb6adb8b6
[INFO] [stdout]                                at /rustc/df4ca44d3fbc9301ee17f30f4d474e6ae4b05252/library/alloc/src/boxed.rs:2454:9
[INFO] [stdout]   49:     0x6296fa1398fb - <alloc::boxed::Box<F,A> as core::ops::function::FnOnce<Args>>::call_once::h5aa36efdb79c806f
[INFO] [stdout]                                at /rustc/df4ca44d3fbc9301ee17f30f4d474e6ae4b05252/library/alloc/src/boxed.rs:2454:9
[INFO] [stdout]   50:     0x6296fa1398fb - std::sys::pal::unix::thread::Thread::new::thread_start::h6cd80a1b4be5158d
[INFO] [stdout]                                at /rustc/df4ca44d3fbc9301ee17f30f4d474e6ae4b05252/library/std/src/sys/pal/unix/thread.rs:105:17
[INFO] [stdout]   51:     0x7c0508521ac3 - <unknown>
[INFO] [stdout]   52:     0x7c05085b2a04 - clone
[INFO] [stdout]   53:                0x0 - <unknown>
[INFO] [stdout] 
[INFO] [stdout] 
[INFO] [stdout] failures:
[INFO] [stdout]     voice::envelopes::tests::test_envelope
[INFO] [stdout] 
[INFO] [stdout] test result: FAILED. 4 passed; 1 failed; 0 ignored; 0 measured; 0 filtered out; finished in 0.06s
[INFO] [stdout] 
[INFO] [stderr] error: test failed, to rerun pass `--lib`
[INFO] running `Command { std: "docker" "inspect" "443e40da287e1cf710de090423d52c16f6522065b5bb9d5cace5422963bc733b", kill_on_drop: false }`
[INFO] running `Command { std: "docker" "rm" "-f" "443e40da287e1cf710de090423d52c16f6522065b5bb9d5cace5422963bc733b", kill_on_drop: false }`
[INFO] [stdout] 443e40da287e1cf710de090423d52c16f6522065b5bb9d5cace5422963bc733b
