[INFO] fetching crate xsnappy 0.1.0...
[INFO] testing xsnappy-0.1.0 against nightly-2024-10-28 for randomize-layout
[INFO] extracting crate xsnappy 0.1.0 into /workspace/builds/worker-5-tc1/source
[INFO] validating manifest of crates.io crate xsnappy 0.1.0 on toolchain nightly-2024-10-28
[INFO] running `Command { std: CARGO_HOME="/workspace/cargo-home" RUSTUP_HOME="/workspace/rustup-home" "/workspace/cargo-home/bin/cargo" "+nightly-2024-10-28" "metadata" "--manifest-path" "Cargo.toml" "--no-deps", kill_on_drop: false }`
[INFO] started tweaking crates.io crate xsnappy 0.1.0
[INFO] finished tweaking crates.io crate xsnappy 0.1.0
[INFO] tweaked toml for crates.io crate xsnappy 0.1.0 written to /workspace/builds/worker-5-tc1/source/Cargo.toml
[INFO] running `Command { std: CARGO_HOME="/workspace/cargo-home" RUSTUP_HOME="/workspace/rustup-home" "/workspace/cargo-home/bin/cargo" "+nightly-2024-10-28" "generate-lockfile" "--manifest-path" "Cargo.toml", kill_on_drop: false }`
[INFO] running `Command { std: CARGO_HOME="/workspace/cargo-home" RUSTUP_HOME="/workspace/rustup-home" "/workspace/cargo-home/bin/cargo" "+nightly-2024-10-28" "fetch" "--manifest-path" "Cargo.toml", kill_on_drop: false }`
[INFO] running `Command { std: "docker" "create" "-v" "/var/lib/crater-agent-workspace/builds/worker-5-tc1/target:/opt/rustwide/target:rw,Z" "-v" "/var/lib/crater-agent-workspace/builds/worker-5-tc1/source:/opt/rustwide/workdir:ro,Z" "-v" "/var/lib/crater-agent-workspace/cargo-home:/opt/rustwide/cargo-home:ro,Z" "-v" "/var/lib/crater-agent-workspace/rustup-home:/opt/rustwide/rustup-home:ro,Z" "-e" "SOURCE_DIR=/opt/rustwide/workdir" "-e" "CARGO_TARGET_DIR=/opt/rustwide/target" "-e" "CARGO_HOME=/opt/rustwide/cargo-home" "-e" "RUSTUP_HOME=/opt/rustwide/rustup-home" "-w" "/opt/rustwide/workdir" "-m" "1610612736" "--user" "0:0" "--network" "none" "ghcr.io/rust-lang/crates-build-env/linux@sha256:4a844ea9eb2546a2d2c7022eacef16ef2e8229c7fbb2c7d4d55a9ceca922f72d" "/opt/rustwide/cargo-home/bin/cargo" "+nightly-2024-10-28" "metadata" "--no-deps" "--format-version=1", kill_on_drop: false }`
[INFO] [stdout] eaa10a3280c8b2885788462bd79b8d1c39017c443e5897f9ec44e509aef9b985
[INFO] running `Command { std: "docker" "start" "-a" "eaa10a3280c8b2885788462bd79b8d1c39017c443e5897f9ec44e509aef9b985", kill_on_drop: false }`
[INFO] running `Command { std: "docker" "inspect" "eaa10a3280c8b2885788462bd79b8d1c39017c443e5897f9ec44e509aef9b985", kill_on_drop: false }`
[INFO] running `Command { std: "docker" "rm" "-f" "eaa10a3280c8b2885788462bd79b8d1c39017c443e5897f9ec44e509aef9b985", kill_on_drop: false }`
[INFO] [stdout] eaa10a3280c8b2885788462bd79b8d1c39017c443e5897f9ec44e509aef9b985
[INFO] running `Command { std: "docker" "create" "-v" "/var/lib/crater-agent-workspace/builds/worker-5-tc1/target:/opt/rustwide/target:rw,Z" "-v" "/var/lib/crater-agent-workspace/builds/worker-5-tc1/source:/opt/rustwide/workdir:ro,Z" "-v" "/var/lib/crater-agent-workspace/cargo-home:/opt/rustwide/cargo-home:ro,Z" "-v" "/var/lib/crater-agent-workspace/rustup-home:/opt/rustwide/rustup-home:ro,Z" "-e" "SOURCE_DIR=/opt/rustwide/workdir" "-e" "CARGO_TARGET_DIR=/opt/rustwide/target" "-e" "CARGO_INCREMENTAL=0" "-e" "RUST_BACKTRACE=full" "-e" "RUSTFLAGS=--cap-lints=forbid" "-e" "RUSTDOCFLAGS=--cap-lints=forbid" "-e" "CARGO_HOME=/opt/rustwide/cargo-home" "-e" "RUSTUP_HOME=/opt/rustwide/rustup-home" "-w" "/opt/rustwide/workdir" "-m" "1610612736" "--user" "0:0" "--network" "none" "ghcr.io/rust-lang/crates-build-env/linux@sha256:4a844ea9eb2546a2d2c7022eacef16ef2e8229c7fbb2c7d4d55a9ceca922f72d" "/opt/rustwide/cargo-home/bin/cargo" "+nightly-2024-10-28" "build" "--frozen" "--message-format=json", kill_on_drop: false }`
[INFO] [stdout] 46b9258cae8245081ab86ab164d7b8d1412eb3c8d8dff60ecca2d177feffd8f5
[INFO] running `Command { std: "docker" "start" "-a" "46b9258cae8245081ab86ab164d7b8d1412eb3c8d8dff60ecca2d177feffd8f5", kill_on_drop: false }`
[INFO] [stderr]    Compiling xsnappy v0.1.0 (/opt/rustwide/workdir)
[INFO] [stdout] warning: value assigned to `i` is never read
[INFO] [stdout]   --> src/encode.rs:49:13
[INFO] [stdout]    |
[INFO] [stdout] 49 |     let mut i = 0;
[INFO] [stdout]    |             ^
[INFO] [stdout]    |
[INFO] [stdout]    = help: maybe it is overwritten before being read?
[INFO] [stdout]    = note: `#[warn(unused_assignments)]` on by default
[INFO] [stdout] 
[INFO] [stdout] 
[INFO] [stdout] warning: value assigned to `candidate` is never read
[INFO] [stdout]   --> src/encode.rs:94:17
[INFO] [stdout]    |
[INFO] [stdout] 94 |         let mut candidate = 0;
[INFO] [stdout]    |                 ^^^^^^^^^
[INFO] [stdout]    |
[INFO] [stdout]    = help: maybe it is overwritten before being read?
[INFO] [stdout] 
[INFO] [stdout] 
[INFO] [stdout] warning: variable does not need to be mutable
[INFO] [stdout]    --> src/encode.rs:114:17
[INFO] [stdout]     |
[INFO] [stdout] 114 |             let mut base = s;
[INFO] [stdout]     |                 ----^^^^
[INFO] [stdout]     |                 |
[INFO] [stdout]     |                 help: remove this `mut`
[INFO] [stdout]     |
[INFO] [stdout]     = note: `#[warn(unused_mut)]` on by default
[INFO] [stdout] 
[INFO] [stdout] 
[INFO] [stdout] warning: variable does not need to be mutable
[INFO] [stdout]   --> src/decode.rs:33:9
[INFO] [stdout]    |
[INFO] [stdout] 33 |     let mut p;
[INFO] [stdout]    |         ----^
[INFO] [stdout]    |         |
[INFO] [stdout]    |         help: remove this `mut`
[INFO] [stdout] 
[INFO] [stdout] 
[INFO] [stdout] warning: variable does not need to be mutable
[INFO] [stdout]    --> src/decode.rs:168:9
[INFO] [stdout]     |
[INFO] [stdout] 168 |     let mut src_end = src.offset(src_len as isize);
[INFO] [stdout]     |         ----^^^^^^^
[INFO] [stdout]     |         |
[INFO] [stdout]     |         help: remove this `mut`
[INFO] [stdout] 
[INFO] [stdout] 
[INFO] [stdout] warning: variable does not need to be mutable
[INFO] [stdout]    --> src/decode.rs:169:9
[INFO] [stdout]     |
[INFO] [stdout] 169 |     let mut dst_end = dst.offset(dst_len as isize);
[INFO] [stdout]     |         ----^^^^^^^
[INFO] [stdout]     |         |
[INFO] [stdout]     |         help: remove this `mut`
[INFO] [stdout] 
[INFO] [stdout] 
[INFO] [stdout] warning: variable does not need to be mutable
[INFO] [stdout]    --> src/decode.rs:179:9
[INFO] [stdout]     |
[INFO] [stdout] 179 |     let mut dst_end = dst.offset(dst_len as isize);
[INFO] [stdout]     |         ----^^^^^^^
[INFO] [stdout]     |         |
[INFO] [stdout]     |         help: remove this `mut`
[INFO] [stdout] 
[INFO] [stdout] 
[INFO] [stdout] warning: function `extend_match` is never used
[INFO] [stdout]    --> src/encode.rs:162:4
[INFO] [stdout]     |
[INFO] [stdout] 162 | fn extend_match(src: &[u8], mut s: usize, mut i: usize) {
[INFO] [stdout]     |    ^^^^^^^^^^^^
[INFO] [stdout]     |
[INFO] [stdout]     = note: `#[warn(dead_code)]` on by default
[INFO] [stdout] 
[INFO] [stdout] 
[INFO] [stderr]     Finished `dev` profile [unoptimized + debuginfo] target(s) in 0.14s
[INFO] running `Command { std: "docker" "inspect" "46b9258cae8245081ab86ab164d7b8d1412eb3c8d8dff60ecca2d177feffd8f5", kill_on_drop: false }`
[INFO] running `Command { std: "docker" "rm" "-f" "46b9258cae8245081ab86ab164d7b8d1412eb3c8d8dff60ecca2d177feffd8f5", kill_on_drop: false }`
[INFO] [stdout] 46b9258cae8245081ab86ab164d7b8d1412eb3c8d8dff60ecca2d177feffd8f5
[INFO] running `Command { std: "docker" "create" "-v" "/var/lib/crater-agent-workspace/builds/worker-5-tc1/target:/opt/rustwide/target:rw,Z" "-v" "/var/lib/crater-agent-workspace/builds/worker-5-tc1/source:/opt/rustwide/workdir:ro,Z" "-v" "/var/lib/crater-agent-workspace/cargo-home:/opt/rustwide/cargo-home:ro,Z" "-v" "/var/lib/crater-agent-workspace/rustup-home:/opt/rustwide/rustup-home:ro,Z" "-e" "SOURCE_DIR=/opt/rustwide/workdir" "-e" "CARGO_TARGET_DIR=/opt/rustwide/target" "-e" "CARGO_INCREMENTAL=0" "-e" "RUST_BACKTRACE=full" "-e" "RUSTFLAGS=--cap-lints=forbid" "-e" "RUSTDOCFLAGS=--cap-lints=forbid" "-e" "CARGO_HOME=/opt/rustwide/cargo-home" "-e" "RUSTUP_HOME=/opt/rustwide/rustup-home" "-w" "/opt/rustwide/workdir" "-m" "1610612736" "--user" "0:0" "--network" "none" "ghcr.io/rust-lang/crates-build-env/linux@sha256:4a844ea9eb2546a2d2c7022eacef16ef2e8229c7fbb2c7d4d55a9ceca922f72d" "/opt/rustwide/cargo-home/bin/cargo" "+nightly-2024-10-28" "test" "--frozen" "--no-run" "--message-format=json", kill_on_drop: false }`
[INFO] [stdout] 2df671aea1ac742592239739b4de375be676a62c0865596ede7a5325bc32722e
[INFO] running `Command { std: "docker" "start" "-a" "2df671aea1ac742592239739b4de375be676a62c0865596ede7a5325bc32722e", kill_on_drop: false }`
[INFO] [stdout] warning: value assigned to `i` is never read
[INFO] [stdout]   --> src/encode.rs:49:13
[INFO] [stdout]    |
[INFO] [stdout] 49 |     let mut i = 0;
[INFO] [stdout]    |             ^
[INFO] [stdout]    |
[INFO] [stdout]    = help: maybe it is overwritten before being read?
[INFO] [stdout]    = note: `#[warn(unused_assignments)]` on by default
[INFO] [stdout] 
[INFO] [stdout] 
[INFO] [stdout] warning: value assigned to `candidate` is never read
[INFO] [stdout]   --> src/encode.rs:94:17
[INFO] [stdout]    |
[INFO] [stdout] 94 |         let mut candidate = 0;
[INFO] [stdout]    |                 ^^^^^^^^^
[INFO] [stdout]    |
[INFO] [stdout]    = help: maybe it is overwritten before being read?
[INFO] [stdout] 
[INFO] [stdout] 
[INFO] [stdout] warning: variable does not need to be mutable
[INFO] [stdout]    --> src/encode.rs:114:17
[INFO] [stdout]     |
[INFO] [stdout] 114 |             let mut base = s;
[INFO] [stdout]     |                 ----^^^^
[INFO] [stdout]     |                 |
[INFO] [stdout]     |                 help: remove this `mut`
[INFO] [stdout]     |
[INFO] [stdout]     = note: `#[warn(unused_mut)]` on by default
[INFO] [stdout] 
[INFO] [stdout] 
[INFO] [stdout] warning: variable does not need to be mutable
[INFO] [stdout]   --> src/decode.rs:33:9
[INFO] [stdout]    |
[INFO] [stdout] 33 |     let mut p;
[INFO] [stdout]    |         ----^
[INFO] [stdout]    |         |
[INFO] [stdout]    |         help: remove this `mut`
[INFO] [stdout] 
[INFO] [stdout] 
[INFO] [stderr]    Compiling xsnappy v0.1.0 (/opt/rustwide/workdir)
[INFO] [stdout] warning: variable does not need to be mutable
[INFO] [stdout]    --> src/decode.rs:168:9
[INFO] [stdout]     |
[INFO] [stdout] 168 |     let mut src_end = src.offset(src_len as isize);
[INFO] [stdout]     |         ----^^^^^^^
[INFO] [stdout]     |         |
[INFO] [stdout]     |         help: remove this `mut`
[INFO] [stdout] 
[INFO] [stdout] 
[INFO] [stdout] warning: variable does not need to be mutable
[INFO] [stdout]    --> src/decode.rs:169:9
[INFO] [stdout]     |
[INFO] [stdout] 169 |     let mut dst_end = dst.offset(dst_len as isize);
[INFO] [stdout]     |         ----^^^^^^^
[INFO] [stdout]     |         |
[INFO] [stdout]     |         help: remove this `mut`
[INFO] [stdout] 
[INFO] [stdout] 
[INFO] [stdout] warning: variable does not need to be mutable
[INFO] [stdout]    --> src/decode.rs:179:9
[INFO] [stdout]     |
[INFO] [stdout] 179 |     let mut dst_end = dst.offset(dst_len as isize);
[INFO] [stdout]     |         ----^^^^^^^
[INFO] [stdout]     |         |
[INFO] [stdout]     |         help: remove this `mut`
[INFO] [stdout] 
[INFO] [stdout] 
[INFO] [stdout] warning: function `extend_match` is never used
[INFO] [stdout]    --> src/encode.rs:162:4
[INFO] [stdout]     |
[INFO] [stdout] 162 | fn extend_match(src: &[u8], mut s: usize, mut i: usize) {
[INFO] [stdout]     |    ^^^^^^^^^^^^
[INFO] [stdout]     |
[INFO] [stdout]     = note: `#[warn(dead_code)]` on by default
[INFO] [stdout] 
[INFO] [stdout] 
[INFO] [stdout] warning: value assigned to `i` is never read
[INFO] [stdout]   --> src/encode.rs:49:13
[INFO] [stdout]    |
[INFO] [stdout] 49 |     let mut i = 0;
[INFO] [stdout]    |             ^
[INFO] [stdout]    |
[INFO] [stdout]    = help: maybe it is overwritten before being read?
[INFO] [stdout]    = note: `#[warn(unused_assignments)]` on by default
[INFO] [stdout] 
[INFO] [stdout] 
[INFO] [stdout] warning: value assigned to `candidate` is never read
[INFO] [stdout]   --> src/encode.rs:94:17
[INFO] [stdout]    |
[INFO] [stdout] 94 |         let mut candidate = 0;
[INFO] [stdout]    |                 ^^^^^^^^^
[INFO] [stdout]    |
[INFO] [stdout]    = help: maybe it is overwritten before being read?
[INFO] [stdout] 
[INFO] [stdout] 
[INFO] [stdout] warning: variable does not need to be mutable
[INFO] [stdout]    --> src/encode.rs:114:17
[INFO] [stdout]     |
[INFO] [stdout] 114 |             let mut base = s;
[INFO] [stdout]     |                 ----^^^^
[INFO] [stdout]     |                 |
[INFO] [stdout]     |                 help: remove this `mut`
[INFO] [stdout]     |
[INFO] [stdout]     = note: `#[warn(unused_mut)]` on by default
[INFO] [stdout] 
[INFO] [stdout] 
[INFO] [stdout] warning: variable does not need to be mutable
[INFO] [stdout]   --> src/decode.rs:33:9
[INFO] [stdout]    |
[INFO] [stdout] 33 |     let mut p;
[INFO] [stdout]    |         ----^
[INFO] [stdout]    |         |
[INFO] [stdout]    |         help: remove this `mut`
[INFO] [stdout] 
[INFO] [stdout] 
[INFO] [stdout] warning: variable does not need to be mutable
[INFO] [stdout]    --> src/decode.rs:168:9
[INFO] [stdout]     |
[INFO] [stdout] 168 |     let mut src_end = src.offset(src_len as isize);
[INFO] [stdout]     |         ----^^^^^^^
[INFO] [stdout]     |         |
[INFO] [stdout]     |         help: remove this `mut`
[INFO] [stdout] 
[INFO] [stdout] 
[INFO] [stdout] warning: variable does not need to be mutable
[INFO] [stdout]    --> src/decode.rs:169:9
[INFO] [stdout]     |
[INFO] [stdout] 169 |     let mut dst_end = dst.offset(dst_len as isize);
[INFO] [stdout]     |         ----^^^^^^^
[INFO] [stdout]     |         |
[INFO] [stdout]     |         help: remove this `mut`
[INFO] [stdout] 
[INFO] [stdout] 
[INFO] [stdout] warning: variable does not need to be mutable
[INFO] [stdout]    --> src/decode.rs:179:9
[INFO] [stdout]     |
[INFO] [stdout] 179 |     let mut dst_end = dst.offset(dst_len as isize);
[INFO] [stdout]     |         ----^^^^^^^
[INFO] [stdout]     |         |
[INFO] [stdout]     |         help: remove this `mut`
[INFO] [stdout] 
[INFO] [stdout] 
[INFO] [stdout] warning: function `extend_match` is never used
[INFO] [stdout]    --> src/encode.rs:162:4
[INFO] [stdout]     |
[INFO] [stdout] 162 | fn extend_match(src: &[u8], mut s: usize, mut i: usize) {
[INFO] [stdout]     |    ^^^^^^^^^^^^
[INFO] [stdout]     |
[INFO] [stdout]     = note: `#[warn(dead_code)]` on by default
[INFO] [stdout] 
[INFO] [stdout] 
[INFO] [stderr]     Finished `test` profile [unoptimized + debuginfo] target(s) in 0.14s
[INFO] running `Command { std: "docker" "inspect" "2df671aea1ac742592239739b4de375be676a62c0865596ede7a5325bc32722e", kill_on_drop: false }`
[INFO] running `Command { std: "docker" "rm" "-f" "2df671aea1ac742592239739b4de375be676a62c0865596ede7a5325bc32722e", kill_on_drop: false }`
[INFO] [stdout] 2df671aea1ac742592239739b4de375be676a62c0865596ede7a5325bc32722e
[INFO] running `Command { std: "docker" "create" "-v" "/var/lib/crater-agent-workspace/builds/worker-5-tc1/target:/opt/rustwide/target:rw,Z" "-v" "/var/lib/crater-agent-workspace/builds/worker-5-tc1/source:/opt/rustwide/workdir:ro,Z" "-v" "/var/lib/crater-agent-workspace/cargo-home:/opt/rustwide/cargo-home:ro,Z" "-v" "/var/lib/crater-agent-workspace/rustup-home:/opt/rustwide/rustup-home:ro,Z" "-e" "SOURCE_DIR=/opt/rustwide/workdir" "-e" "CARGO_TARGET_DIR=/opt/rustwide/target" "-e" "CARGO_INCREMENTAL=0" "-e" "RUST_BACKTRACE=full" "-e" "RUSTFLAGS=--cap-lints=forbid" "-e" "RUSTDOCFLAGS=--cap-lints=forbid" "-e" "CARGO_HOME=/opt/rustwide/cargo-home" "-e" "RUSTUP_HOME=/opt/rustwide/rustup-home" "-w" "/opt/rustwide/workdir" "-m" "1610612736" "--user" "0:0" "--network" "none" "ghcr.io/rust-lang/crates-build-env/linux@sha256:4a844ea9eb2546a2d2c7022eacef16ef2e8229c7fbb2c7d4d55a9ceca922f72d" "/opt/rustwide/cargo-home/bin/cargo" "+nightly-2024-10-28" "test" "--frozen", kill_on_drop: false }`
[INFO] [stdout] 1f2f54de61f5a0a80ac685a385b2a8df0f1d6f8ad9b2d6bf75fc928ca40ae3ff
[INFO] running `Command { std: "docker" "start" "-a" "1f2f54de61f5a0a80ac685a385b2a8df0f1d6f8ad9b2d6bf75fc928ca40ae3ff", kill_on_drop: false }`
[INFO] [stderr] warning: value assigned to `i` is never read
[INFO] [stderr]   --> src/encode.rs:49:13
[INFO] [stderr]    |
[INFO] [stderr] 49 |     let mut i = 0;
[INFO] [stderr]    |             ^
[INFO] [stderr]    |
[INFO] [stderr]    = help: maybe it is overwritten before being read?
[INFO] [stderr]    = note: `#[warn(unused_assignments)]` on by default
[INFO] [stderr] 
[INFO] [stderr] warning: value assigned to `candidate` is never read
[INFO] [stderr]   --> src/encode.rs:94:17
[INFO] [stderr]    |
[INFO] [stderr] 94 |         let mut candidate = 0;
[INFO] [stderr]    |                 ^^^^^^^^^
[INFO] [stderr]    |
[INFO] [stderr]    = help: maybe it is overwritten before being read?
[INFO] [stderr] 
[INFO] [stderr] warning: variable does not need to be mutable
[INFO] [stderr]    --> src/encode.rs:114:17
[INFO] [stderr]     |
[INFO] [stderr] 114 |             let mut base = s;
[INFO] [stderr]     |                 ----^^^^
[INFO] [stderr]     |                 |
[INFO] [stderr]     |                 help: remove this `mut`
[INFO] [stderr]     |
[INFO] [stderr]     = note: `#[warn(unused_mut)]` on by default
[INFO] [stderr] 
[INFO] [stderr] warning: variable does not need to be mutable
[INFO] [stderr]   --> src/decode.rs:33:9
[INFO] [stderr]    |
[INFO] [stderr] 33 |     let mut p;
[INFO] [stderr]    |         ----^
[INFO] [stderr]    |         |
[INFO] [stderr]    |         help: remove this `mut`
[INFO] [stderr] 
[INFO] [stderr] warning: variable does not need to be mutable
[INFO] [stderr]    --> src/decode.rs:168:9
[INFO] [stderr]     |
[INFO] [stderr] 168 |     let mut src_end = src.offset(src_len as isize);
[INFO] [stderr]     |         ----^^^^^^^
[INFO] [stderr]     |         |
[INFO] [stderr]     |         help: remove this `mut`
[INFO] [stderr] 
[INFO] [stderr] warning: variable does not need to be mutable
[INFO] [stderr]    --> src/decode.rs:169:9
[INFO] [stderr]     |
[INFO] [stderr] 169 |     let mut dst_end = dst.offset(dst_len as isize);
[INFO] [stderr]     |         ----^^^^^^^
[INFO] [stderr]     |         |
[INFO] [stderr]     |         help: remove this `mut`
[INFO] [stderr] 
[INFO] [stderr] warning: variable does not need to be mutable
[INFO] [stderr]    --> src/decode.rs:179:9
[INFO] [stderr]     |
[INFO] [stderr] 179 |     let mut dst_end = dst.offset(dst_len as isize);
[INFO] [stderr]     |         ----^^^^^^^
[INFO] [stderr]     |         |
[INFO] [stderr]     |         help: remove this `mut`
[INFO] [stderr] 
[INFO] [stderr] warning: function `extend_match` is never used
[INFO] [stderr]    --> src/encode.rs:162:4
[INFO] [stderr]     |
[INFO] [stderr] 162 | fn extend_match(src: &[u8], mut s: usize, mut i: usize) {
[INFO] [stderr]     |    ^^^^^^^^^^^^
[INFO] [stderr]     |
[INFO] [stderr]     = note: `#[warn(dead_code)]` on by default
[INFO] [stderr] 
[INFO] [stderr] warning: `xsnappy` (lib) generated 8 warnings (run `cargo fix --lib -p xsnappy` to apply 5 suggestions)
[INFO] [stderr] warning: `xsnappy` (lib test) generated 8 warnings (8 duplicates)
[INFO] [stderr]     Finished `test` profile [unoptimized + debuginfo] target(s) in 0.00s
[INFO] [stderr]      Running unittests src/lib.rs (/opt/rustwide/target/debug/deps/xsnappy-0cfb7ef0dcbe0950)
[INFO] [stdout] 
[INFO] [stdout] running 0 tests
[INFO] [stdout] 
[INFO] [stdout] test result: ok. 0 passed; 0 failed; 0 ignored; 0 measured; 0 filtered out; finished in 0.00s
[INFO] [stdout] 
[INFO] [stderr]    Doc-tests xsnappy
[INFO] [stdout] 
[INFO] [stdout] running 4 tests
[INFO] [stdout] test src/lib.rs - decode (line 77) ... FAILED
[INFO] [stdout] test src/lib.rs - encode (line 59) ... ok
[INFO] [stdout] test src/lib.rs - (line 13) ... ok
[INFO] [stdout] test src/lib.rs - (line 24) ... ok
[INFO] [stdout] 
[INFO] [stdout] failures:
[INFO] [stdout] 
[INFO] [stdout] ---- src/lib.rs - decode (line 77) stdout ----
[INFO] [stdout] error[E0425]: cannot find value `src` in this scope
[INFO] [stdout]  --> src/lib.rs:81:26
[INFO] [stdout]   |
[INFO] [stdout] 7 | let dec_len = decode_len(src).unwrap();
[INFO] [stdout]   |                          ^^^ not found in this scope
[INFO] [stdout] 
[INFO] [stdout] error[E0425]: cannot find value `src` in this scope
[INFO] [stdout]  --> src/lib.rs:83:18
[INFO] [stdout]   |
[INFO] [stdout] 9 | decode(&mut dst, src);
[INFO] [stdout]   |                  ^^^ not found in this scope
[INFO] [stdout] 
[INFO] [stdout] error: aborting due to 2 previous errors
[INFO] [stdout] 
[INFO] [stdout] For more information about this error, try `rustc --explain E0425`.
[INFO] [stdout] Couldn't compile the test.
[INFO] [stdout] 
[INFO] [stdout] failures:
[INFO] [stdout]     src/lib.rs - decode (line 77)
[INFO] [stdout] 
[INFO] [stdout] test result: FAILED. 3 passed; 1 failed; 0 ignored; 0 measured; 0 filtered out; finished in 0.10s
[INFO] [stdout] 
[INFO] [stderr] error: doctest failed, to rerun pass `--doc`
[INFO] running `Command { std: "docker" "inspect" "1f2f54de61f5a0a80ac685a385b2a8df0f1d6f8ad9b2d6bf75fc928ca40ae3ff", kill_on_drop: false }`
[INFO] running `Command { std: "docker" "rm" "-f" "1f2f54de61f5a0a80ac685a385b2a8df0f1d6f8ad9b2d6bf75fc928ca40ae3ff", kill_on_drop: false }`
[INFO] [stdout] 1f2f54de61f5a0a80ac685a385b2a8df0f1d6f8ad9b2d6bf75fc928ca40ae3ff
