[INFO] fetching crate xsmt 3.0.7...
[INFO] testing xsmt-3.0.7 against nightly-2024-10-28+rustflags=-Zrandomize-layout for randomize-layout
[INFO] extracting crate xsmt 3.0.7 into /workspace/builds/worker-2-tc2/source
[INFO] validating manifest of crates.io crate xsmt 3.0.7 on toolchain nightly-2024-10-28
[INFO] running `Command { std: CARGO_HOME="/workspace/cargo-home" RUSTUP_HOME="/workspace/rustup-home" "/workspace/cargo-home/bin/cargo" "+nightly-2024-10-28" "metadata" "--manifest-path" "Cargo.toml" "--no-deps", kill_on_drop: false }`
[INFO] started tweaking crates.io crate xsmt 3.0.7
[INFO] finished tweaking crates.io crate xsmt 3.0.7
[INFO] tweaked toml for crates.io crate xsmt 3.0.7 written to /workspace/builds/worker-2-tc2/source/Cargo.toml
[INFO] running `Command { std: CARGO_HOME="/workspace/cargo-home" RUSTUP_HOME="/workspace/rustup-home" "/workspace/cargo-home/bin/cargo" "+nightly-2024-10-28" "generate-lockfile" "--manifest-path" "Cargo.toml", kill_on_drop: false }`
[INFO] [stderr]     Updating crates.io index
[INFO] [stderr]      Locking 191 packages to latest compatible versions
[INFO] [stderr]       Adding criterion v0.3.6 (available: v0.5.1)
[INFO] [stderr]       Adding pprof v0.8.0 (available: v0.13.0)
[INFO] [stderr]       Adding primitive-types v0.10.1 (available: v0.13.1)
[INFO] [stderr]       Adding primitive-types v0.11.1 (available: v0.13.1)
[INFO] [stderr]       Adding ruc v1.0.8 (available: v7.8.3)
[INFO] [stderr]       Adding vsdb v0.43.4 (available: v3.0.0)
[INFO] running `Command { std: CARGO_HOME="/workspace/cargo-home" RUSTUP_HOME="/workspace/rustup-home" "/workspace/cargo-home/bin/cargo" "+nightly-2024-10-28" "fetch" "--manifest-path" "Cargo.toml", kill_on_drop: false }`
[INFO] running `Command { std: "docker" "create" "-v" "/var/lib/crater-agent-workspace/builds/worker-2-tc2/target:/opt/rustwide/target:rw,Z" "-v" "/var/lib/crater-agent-workspace/builds/worker-2-tc2/source:/opt/rustwide/workdir:ro,Z" "-v" "/var/lib/crater-agent-workspace/cargo-home:/opt/rustwide/cargo-home:ro,Z" "-v" "/var/lib/crater-agent-workspace/rustup-home:/opt/rustwide/rustup-home:ro,Z" "-e" "SOURCE_DIR=/opt/rustwide/workdir" "-e" "CARGO_TARGET_DIR=/opt/rustwide/target" "-e" "CARGO_HOME=/opt/rustwide/cargo-home" "-e" "RUSTUP_HOME=/opt/rustwide/rustup-home" "-w" "/opt/rustwide/workdir" "-m" "1610612736" "--user" "0:0" "--network" "none" "ghcr.io/rust-lang/crates-build-env/linux@sha256:4a844ea9eb2546a2d2c7022eacef16ef2e8229c7fbb2c7d4d55a9ceca922f72d" "/opt/rustwide/cargo-home/bin/cargo" "+nightly-2024-10-28" "metadata" "--no-deps" "--format-version=1", kill_on_drop: false }`
[INFO] [stdout] 19cc3ae60f676cc5721c697021da66e6c8695132555893dc2c366432e130888d
[INFO] running `Command { std: "docker" "start" "-a" "19cc3ae60f676cc5721c697021da66e6c8695132555893dc2c366432e130888d", kill_on_drop: false }`
[INFO] running `Command { std: "docker" "inspect" "19cc3ae60f676cc5721c697021da66e6c8695132555893dc2c366432e130888d", kill_on_drop: false }`
[INFO] running `Command { std: "docker" "rm" "-f" "19cc3ae60f676cc5721c697021da66e6c8695132555893dc2c366432e130888d", kill_on_drop: false }`
[INFO] [stdout] 19cc3ae60f676cc5721c697021da66e6c8695132555893dc2c366432e130888d
[INFO] running `Command { std: "docker" "create" "-v" "/var/lib/crater-agent-workspace/builds/worker-2-tc2/target:/opt/rustwide/target:rw,Z" "-v" "/var/lib/crater-agent-workspace/builds/worker-2-tc2/source:/opt/rustwide/workdir:ro,Z" "-v" "/var/lib/crater-agent-workspace/cargo-home:/opt/rustwide/cargo-home:ro,Z" "-v" "/var/lib/crater-agent-workspace/rustup-home:/opt/rustwide/rustup-home:ro,Z" "-e" "SOURCE_DIR=/opt/rustwide/workdir" "-e" "CARGO_TARGET_DIR=/opt/rustwide/target" "-e" "CARGO_INCREMENTAL=0" "-e" "RUST_BACKTRACE=full" "-e" "RUSTFLAGS=--cap-lints=forbid -Zrandomize-layout" "-e" "RUSTDOCFLAGS=--cap-lints=forbid" "-e" "CARGO_HOME=/opt/rustwide/cargo-home" "-e" "RUSTUP_HOME=/opt/rustwide/rustup-home" "-w" "/opt/rustwide/workdir" "-m" "1610612736" "--user" "0:0" "--network" "none" "ghcr.io/rust-lang/crates-build-env/linux@sha256:4a844ea9eb2546a2d2c7022eacef16ef2e8229c7fbb2c7d4d55a9ceca922f72d" "/opt/rustwide/cargo-home/bin/cargo" "+nightly-2024-10-28" "build" "--frozen" "--message-format=json", kill_on_drop: false }`
[INFO] [stdout] a7d18ba3ebd75ec5e2a1d527534d8b9939963b87a13e758bc53a63260b11aa27
[INFO] running `Command { std: "docker" "start" "-a" "a7d18ba3ebd75ec5e2a1d527534d8b9939963b87a13e758bc53a63260b11aa27", kill_on_drop: false }`
[INFO] [stderr]    Compiling byteorder v1.5.0
[INFO] [stderr]    Compiling syn v1.0.109
[INFO] [stderr]    Compiling serde v1.0.214
[INFO] [stderr]    Compiling equivalent v1.0.1
[INFO] [stderr]    Compiling arrayvec v0.7.6
[INFO] [stderr]    Compiling hashbrown v0.15.0
[INFO] [stderr]    Compiling syn v2.0.86
[INFO] [stderr]    Compiling getrandom v0.2.15
[INFO] [stderr]    Compiling byte-slice-cast v1.2.2
[INFO] [stderr]    Compiling winnow v0.5.40
[INFO] [stderr]    Compiling radium v0.6.2
[INFO] [stderr]    Compiling once_cell v1.20.2
[INFO] [stderr]    Compiling toml_datetime v0.6.8
[INFO] [stderr]    Compiling rand_core v0.6.4
[INFO] [stderr]    Compiling crunchy v0.2.2
[INFO] [stderr]    Compiling lock_api v0.4.12
[INFO] [stderr]    Compiling funty v1.1.0
[INFO] [stderr]    Compiling parking_lot_core v0.9.10
[INFO] [stderr]    Compiling crossbeam-utils v0.8.20
[INFO] [stderr]    Compiling static_assertions v1.1.0
[INFO] [stderr]    Compiling indexmap v2.6.0
[INFO] [stderr]    Compiling tap v1.0.1
[INFO] [stderr]    Compiling wyz v0.2.0
[INFO] [stderr]    Compiling num-traits v0.2.19
[INFO] [stderr]    Compiling rustc-hex v2.1.0
[INFO] [stderr]    Compiling hex v0.4.3
[INFO] [stderr]    Compiling bitvec v0.20.4
[INFO] [stderr]    Compiling paste v1.0.15
[INFO] [stderr]    Compiling scopeguard v1.2.0
[INFO] [stderr]    Compiling powerfmt v0.2.0
[INFO] [stderr]    Compiling deranged v0.3.11
[INFO] [stderr]    Compiling uint v0.9.5
[INFO] [stderr]    Compiling time-core v0.1.2
[INFO] [stderr]    Compiling num-conv v0.1.0
[INFO] [stderr]    Compiling itoa v1.0.11
[INFO] [stderr]    Compiling cc v1.1.31
[INFO] [stderr]    Compiling time v0.3.36
[INFO] [stderr]    Compiling crossbeam-epoch v0.9.18
[INFO] [stderr]    Compiling toml_edit v0.19.15
[INFO] [stderr]    Compiling parking_lot v0.12.3
[INFO] [stderr]    Compiling fxhash v0.2.1
[INFO] [stderr]    Compiling fs4 v0.5.4
[INFO] [stderr]    Compiling crc32fast v1.4.2
[INFO] [stderr]    Compiling serde_derive v1.0.214
[INFO] [stderr]    Compiling zerocopy-derive v0.7.35
[INFO] [stderr]    Compiling log v0.4.22
[INFO] [stderr]    Compiling blake3 v1.5.4
[INFO] [stderr]    Compiling vsdbsled v0.34.7-p1
[INFO] [stderr]    Compiling ruc v1.0.8
[INFO] [stderr]    Compiling rmp v0.8.14
[INFO] [stderr]    Compiling constant_time_eq v0.3.1
[INFO] [stderr]    Compiling proc-macro-crate v1.3.1
[INFO] [stderr]    Compiling arrayref v0.3.9
[INFO] [stderr]    Compiling zerocopy v0.7.35
[INFO] [stderr]    Compiling ppv-lite86 v0.2.20
[INFO] [stderr]    Compiling rand_chacha v0.3.1
[INFO] [stderr]    Compiling impl-trait-for-tuples v0.2.2
[INFO] [stderr]    Compiling rand v0.8.5
[INFO] [stderr]    Compiling parity-scale-codec-derive v2.3.1
[INFO] [stderr]    Compiling vsdb_derive v0.42.0
[INFO] [stderr]    Compiling fixed-hash v0.7.0
[INFO] [stderr]    Compiling parity-scale-codec v3.6.12
[INFO] [stderr]    Compiling parity-scale-codec v2.3.1
[INFO] [stderr]    Compiling rmp-serde v1.3.0
[INFO] [stderr]    Compiling impl-codec v0.5.1
[INFO] [stderr]    Compiling primitive-types v0.10.1
[INFO] [stderr]    Compiling impl-codec v0.6.0
[INFO] [stderr]    Compiling primitive-types v0.11.1
[INFO] [stderr]    Compiling vsdb_core v0.43.4
[INFO] [stderr]    Compiling vsdb v0.43.4
[INFO] [stderr]    Compiling xsmt v3.0.7 (/opt/rustwide/workdir)
[INFO] [stdout] warning: `crate` isn't a valid `#[macro_export]` argument
[INFO] [stdout]   --> src/lib.rs:42:16
[INFO] [stdout]    |
[INFO] [stdout] 42 | #[macro_export(crate)]
[INFO] [stdout]    |                ^^^^^
[INFO] [stdout]    |
[INFO] [stdout]    = note: `#[warn(invalid_macro_export_arguments)]` on by default
[INFO] [stdout] 
[INFO] [stdout] 
[INFO] [stderr]     Finished `dev` profile [unoptimized + debuginfo] target(s) in 30.02s
[INFO] running `Command { std: "docker" "inspect" "a7d18ba3ebd75ec5e2a1d527534d8b9939963b87a13e758bc53a63260b11aa27", kill_on_drop: false }`
[INFO] running `Command { std: "docker" "rm" "-f" "a7d18ba3ebd75ec5e2a1d527534d8b9939963b87a13e758bc53a63260b11aa27", kill_on_drop: false }`
[INFO] [stdout] a7d18ba3ebd75ec5e2a1d527534d8b9939963b87a13e758bc53a63260b11aa27
[INFO] running `Command { std: "docker" "create" "-v" "/var/lib/crater-agent-workspace/builds/worker-2-tc2/target:/opt/rustwide/target:rw,Z" "-v" "/var/lib/crater-agent-workspace/builds/worker-2-tc2/source:/opt/rustwide/workdir:ro,Z" "-v" "/var/lib/crater-agent-workspace/cargo-home:/opt/rustwide/cargo-home:ro,Z" "-v" "/var/lib/crater-agent-workspace/rustup-home:/opt/rustwide/rustup-home:ro,Z" "-e" "SOURCE_DIR=/opt/rustwide/workdir" "-e" "CARGO_TARGET_DIR=/opt/rustwide/target" "-e" "CARGO_INCREMENTAL=0" "-e" "RUST_BACKTRACE=full" "-e" "RUSTFLAGS=--cap-lints=forbid -Zrandomize-layout" "-e" "RUSTDOCFLAGS=--cap-lints=forbid" "-e" "CARGO_HOME=/opt/rustwide/cargo-home" "-e" "RUSTUP_HOME=/opt/rustwide/rustup-home" "-w" "/opt/rustwide/workdir" "-m" "1610612736" "--user" "0:0" "--network" "none" "ghcr.io/rust-lang/crates-build-env/linux@sha256:4a844ea9eb2546a2d2c7022eacef16ef2e8229c7fbb2c7d4d55a9ceca922f72d" "/opt/rustwide/cargo-home/bin/cargo" "+nightly-2024-10-28" "test" "--frozen" "--no-run" "--message-format=json", kill_on_drop: false }`
[INFO] [stdout] 936f4c6b0938e213f5a6041576a470a5143638015e3905aa6cecfc34b4fcbf79
[INFO] running `Command { std: "docker" "start" "-a" "936f4c6b0938e213f5a6041576a470a5143638015e3905aa6cecfc34b4fcbf79", kill_on_drop: false }`
[INFO] [stderr]    Compiling libc v0.2.161
[INFO] [stderr]    Compiling equivalent v1.0.1
[INFO] [stderr]    Compiling hashbrown v0.15.0
[INFO] [stderr]    Compiling memchr v2.7.4
[INFO] [stderr]    Compiling num-traits v0.2.19
[INFO] [stderr]    Compiling hex v0.4.3
[INFO] [stderr]    Compiling rustix v0.38.38
[INFO] [stderr]    Compiling bitflags v2.6.0
[INFO] [stderr]    Compiling linux-raw-sys v0.4.14
[INFO] [stderr]    Compiling ahash v0.8.11
[INFO] [stderr]    Compiling uint v0.9.5
[INFO] [stderr]    Compiling memoffset v0.6.5
[INFO] [stderr]    Compiling uuid v0.8.2
[INFO] [stderr]    Compiling ryu v1.0.18
[INFO] [stderr]    Compiling regex-syntax v0.8.5
[INFO] [stderr]    Compiling either v1.13.0
[INFO] [stderr]    Compiling indexmap v2.6.0
[INFO] [stderr]    Compiling rayon-core v1.12.1
[INFO] [stderr]    Compiling serde_json v1.0.132
[INFO] [stderr]    Compiling fastrand v2.1.1
[INFO] [stderr]    Compiling debugid v0.7.3
[INFO] [stderr]    Compiling rmp v0.8.14
[INFO] [stderr]    Compiling findshlibs v0.10.2
[INFO] [stderr]    Compiling crossbeam-deque v0.8.5
[INFO] [stderr]    Compiling unicode-width v0.1.14
[INFO] [stderr]    Compiling toml_edit v0.19.15
[INFO] [stderr]    Compiling stable_deref_trait v1.2.0
[INFO] [stderr]    Compiling rustc-demangle v0.1.24
[INFO] [stderr]    Compiling thiserror v1.0.66
[INFO] [stderr]    Compiling gimli v0.31.1
[INFO] [stderr]    Compiling bytemuck v1.19.0
[INFO] [stderr]    Compiling plotters-backend v0.3.7
[INFO] [stderr]    Compiling symbolic-demangle v8.8.0
[INFO] [stderr]    Compiling getrandom v0.2.15
[INFO] [stderr]    Compiling rand_core v0.6.4
[INFO] [stderr]    Compiling parking_lot_core v0.9.10
[INFO] [stderr]    Compiling fs4 v0.5.4
[INFO] [stderr]    Compiling rand_chacha v0.3.1
[INFO] [stderr]    Compiling memmap2 v0.5.10
[INFO] [stderr]    Compiling adler2 v2.0.0
[INFO] [stderr]    Compiling parking_lot v0.12.3
[INFO] [stderr]    Compiling regex-automata v0.4.8
[INFO] [stderr]    Compiling symbolic-common v8.8.0
[INFO] [stderr]    Compiling rand v0.8.5
[INFO] [stderr]    Compiling vsdbsled v0.34.7-p1
[INFO] [stderr]    Compiling tempfile v3.13.0
[INFO] [stderr]    Compiling proc-macro-crate v1.3.1
[INFO] [stderr]    Compiling miniz_oxide v0.8.0
[INFO] [stderr]    Compiling fixed-hash v0.7.0
[INFO] [stderr]    Compiling primitive-types v0.11.1
[INFO] [stderr]    Compiling plotters-svg v0.3.7
[INFO] [stderr]    Compiling addr2line v0.24.2
[INFO] [stderr]    Compiling wait-timeout v0.2.0
[INFO] [stderr]    Compiling is-terminal v0.4.13
[INFO] [stderr]    Compiling rgb v0.8.50
[INFO] [stderr]    Compiling textwrap v0.11.0
[INFO] [stderr]    Compiling rmp-serde v1.3.0
[INFO] [stderr]    Compiling itertools v0.10.5
[INFO] [stderr]    Compiling parity-scale-codec-derive v2.3.1
[INFO] [stderr]    Compiling csv-core v0.1.11
[INFO] [stderr]    Compiling quick-xml v0.26.0
[INFO] [stderr]    Compiling object v0.36.5
[INFO] [stderr]    Compiling thiserror-impl v1.0.66
[INFO] [stderr]    Compiling num-format v0.4.4
[INFO] [stderr]    Compiling same-file v1.0.6
[INFO] [stderr]    Compiling pprof v0.8.0
[INFO] [stderr]    Compiling cast v0.3.0
[INFO] [stderr]    Compiling half v1.8.3
[INFO] [stderr]    Compiling parity-scale-codec v2.3.1
[INFO] [stderr]    Compiling str_stack v0.1.0
[INFO] [stderr]    Compiling quick-error v1.2.3
[INFO] [stderr]    Compiling anyhow v1.0.92
[INFO] [stderr]    Compiling fnv v1.0.7
[INFO] [stderr]    Compiling bit-vec v0.6.3
[INFO] [stderr]    Compiling lazy_static v1.5.0
[INFO] [stderr]    Compiling bit-set v0.5.3
[INFO] [stderr]    Compiling serde_cbor v0.11.2
[INFO] [stderr]    Compiling rusty-fork v0.3.0
[INFO] [stderr]    Compiling criterion-plot v0.4.5
[INFO] [stderr]    Compiling inferno v0.11.21
[INFO] [stderr]    Compiling impl-codec v0.5.1
[INFO] [stderr]    Compiling primitive-types v0.10.1
[INFO] [stderr]    Compiling walkdir v2.5.0
[INFO] [stderr]    Compiling tinytemplate v1.2.1
[INFO] [stderr]    Compiling csv v1.3.0
[INFO] [stderr]    Compiling rayon v1.10.0
[INFO] [stderr]    Compiling nix v0.23.2
[INFO] [stderr]    Compiling vsdb_core v0.43.4
[INFO] [stderr]    Compiling clap v2.34.0
[INFO] [stderr]    Compiling plotters v0.3.7
[INFO] [stderr]    Compiling backtrace v0.3.74
[INFO] [stderr]    Compiling regex v1.11.1
[INFO] [stderr]    Compiling rand_xorshift v0.3.0
[INFO] [stderr]    Compiling atty v0.2.14
[INFO] [stderr]    Compiling unarray v0.1.4
[INFO] [stderr]    Compiling oorandom v11.1.4
[INFO] [stderr]    Compiling proptest v1.5.0
[INFO] [stderr]    Compiling criterion v0.3.6
[INFO] [stderr]    Compiling vsdb v0.43.4
[INFO] [stderr]    Compiling xsmt v3.0.7 (/opt/rustwide/workdir)
[INFO] [stdout] warning: `crate` isn't a valid `#[macro_export]` argument
[INFO] [stdout]   --> src/lib.rs:42:16
[INFO] [stdout]    |
[INFO] [stdout] 42 | #[macro_export(crate)]
[INFO] [stdout]    |                ^^^^^
[INFO] [stdout]    |
[INFO] [stdout]    = note: `#[warn(invalid_macro_export_arguments)]` on by default
[INFO] [stdout] 
[INFO] [stdout] 
[INFO] [stdout] warning: `crate` isn't a valid `#[macro_export]` argument
[INFO] [stdout]   --> src/lib.rs:42:16
[INFO] [stdout]    |
[INFO] [stdout] 42 | #[macro_export(crate)]
[INFO] [stdout]    |                ^^^^^
[INFO] [stdout]    |
[INFO] [stdout]    = note: `#[warn(invalid_macro_export_arguments)]` on by default
[INFO] [stdout] 
[INFO] [stdout] 
[INFO] [stderr]     Finished `test` profile [unoptimized + debuginfo] target(s) in 41.41s
[INFO] running `Command { std: "docker" "inspect" "936f4c6b0938e213f5a6041576a470a5143638015e3905aa6cecfc34b4fcbf79", kill_on_drop: false }`
[INFO] running `Command { std: "docker" "rm" "-f" "936f4c6b0938e213f5a6041576a470a5143638015e3905aa6cecfc34b4fcbf79", kill_on_drop: false }`
[INFO] [stdout] 936f4c6b0938e213f5a6041576a470a5143638015e3905aa6cecfc34b4fcbf79
[INFO] running `Command { std: "docker" "create" "-v" "/var/lib/crater-agent-workspace/builds/worker-2-tc2/target:/opt/rustwide/target:rw,Z" "-v" "/var/lib/crater-agent-workspace/builds/worker-2-tc2/source:/opt/rustwide/workdir:ro,Z" "-v" "/var/lib/crater-agent-workspace/cargo-home:/opt/rustwide/cargo-home:ro,Z" "-v" "/var/lib/crater-agent-workspace/rustup-home:/opt/rustwide/rustup-home:ro,Z" "-e" "SOURCE_DIR=/opt/rustwide/workdir" "-e" "CARGO_TARGET_DIR=/opt/rustwide/target" "-e" "CARGO_INCREMENTAL=0" "-e" "RUST_BACKTRACE=full" "-e" "RUSTFLAGS=--cap-lints=forbid -Zrandomize-layout" "-e" "RUSTDOCFLAGS=--cap-lints=forbid" "-e" "CARGO_HOME=/opt/rustwide/cargo-home" "-e" "RUSTUP_HOME=/opt/rustwide/rustup-home" "-w" "/opt/rustwide/workdir" "-m" "1610612736" "--user" "0:0" "--network" "none" "ghcr.io/rust-lang/crates-build-env/linux@sha256:4a844ea9eb2546a2d2c7022eacef16ef2e8229c7fbb2c7d4d55a9ceca922f72d" "/opt/rustwide/cargo-home/bin/cargo" "+nightly-2024-10-28" "test" "--frozen", kill_on_drop: false }`
[INFO] [stdout] 0c30f1c363001d80b318b33ae872322aaed8012ab94163e901d940085c8e619d
[INFO] running `Command { std: "docker" "start" "-a" "0c30f1c363001d80b318b33ae872322aaed8012ab94163e901d940085c8e619d", kill_on_drop: false }`
[INFO] [stderr] warning: `crate` isn't a valid `#[macro_export]` argument
[INFO] [stderr]   --> src/lib.rs:42:16
[INFO] [stderr]    |
[INFO] [stderr] 42 | #[macro_export(crate)]
[INFO] [stderr]    |                ^^^^^
[INFO] [stderr]    |
[INFO] [stderr]    = note: `#[warn(invalid_macro_export_arguments)]` on by default
[INFO] [stderr] 
[INFO] [stderr] warning: `xsmt` (lib) generated 1 warning
[INFO] [stderr] warning: `xsmt` (lib test) generated 1 warning (1 duplicate)
[INFO] [stderr]     Finished `test` profile [unoptimized + debuginfo] target(s) in 0.24s
[INFO] [stderr]      Running unittests src/lib.rs (/opt/rustwide/target/debug/deps/xsmt-107ea5e2f6a3b72a)
[INFO] [stdout] 
[INFO] [stdout] running 44 tests
[INFO] [stdout] test tests::tree2::test_default_merkle_proof ... ok
[INFO] [stdout] test tests::tree2::test_default_root ... ok
[INFO] [stdout] test tests::tree2::test_default_tree ... ok
[INFO] [stdout] test tests::tree2::test_sibling_leaf ... ok
[INFO] [stdout] test tests::tree2::test_zero_value_donot_change_root ... ok
[INFO] [stdout] test tests::tree2::test_v0_3_broken_sample ... ok
[INFO] [stdout] test tests::tree::test_default_merkle_proof ... ok
[INFO] [stdout] test tests::tree2::test_delete_a_leaf ... ok
[INFO] [stdout] test tests::tree::test_default_tree ... ok
[INFO] [stdout] test tests::tree2::test_sibling_key_get ... ok
[INFO] [stdout] test tests::tree::test_h256 ... ignored
[INFO] [stdout] test tests::tree::test_h256_copy_bits ... ignored
[INFO] [stdout] test tests::tree2::test_replay_to_pass_proof ... ok
[INFO] [stdout] test tests::tree::test_default_root ... ok
[INFO] [stdout] test tests::tree::test_random_construct ... ignored
[INFO] [stdout] test tests::tree::test_random_merkle_proof ... ignored
[INFO] [stdout] test tests::tree::test_random_update ... ignored
[INFO] [stdout] test tests::tree::test_random_update_tree_store ... ignored
[INFO] [stdout] test tests::tree2::test_zero_value_donot_change_store ... ok
[INFO] [stdout] test tests::tree::test_delete_a_leaf ... FAILED
[INFO] [stdout] test tests::tree::test_replay_to_pass_proof ... ok
[INFO] [stdout] test tests::tree::test_smt_multi_leaves_large ... ignored
[INFO] [stdout] test tests::tree::test_smt_multi_leaves_small ... ignored
[INFO] [stdout] test tests::tree::test_smt_non_exists_leaves ... ignored
[INFO] [stdout] test tests::tree::test_smt_non_exists_leaves_mix ... ignored
[INFO] [stdout] test tests::tree::test_smt_not_crash ... ignored
[INFO] [stdout] test tests::tree::test_smt_random_insert_order ... ignored
[INFO] [stdout] test tests::tree::test_smt_single_leaf_large ... ignored
[INFO] [stdout] test tests::tree::test_smt_single_leaf_small ... ignored
[INFO] [stdout] test tests::tree::test_smt_update_all ... ignored
[INFO] [stdout] test tests::tree::test_smt_update_with_zero_values ... ignored
[INFO] [stdout] test tests::tree::test_try_crash_compiled_merkle_proof ... ignored
[INFO] [stdout] test tests::tree::test_update_smt_tree_store ... ignored
[INFO] [stdout] test tests::tree::test_sibling_key_get ... ok
[INFO] [stdout] test tests::tree::test_sibling_leaf ... ok
[INFO] [stdout] test tests::tree::test_zero_value_donot_change_root ... ok
[INFO] [stdout] test tests::tree::test_v0_3_broken_sample ... ok
[INFO] [stdout] test tests::tree::test_zero_value_donot_change_store ... ok
[INFO] [stdout] test tests::tree::test_merkle_root ... ok
[INFO] [stdout] test tests::tree2::test_merkle_root ... ok
[INFO] [stdout] test tests::tree::test_v0_2_broken_sample ... ok
[INFO] [stdout] test tests::tree2::test_v0_2_broken_sample ... ok
[INFO] [stdout] test tests::tree::test_max_stack_size ... ok
[INFO] [stdout] test tests::tree2::test_max_stack_size has been running for over 60 seconds
[INFO] [stdout] test tests::tree2::test_max_stack_size ... ok
[INFO] [stdout] 
[INFO] [stdout] failures:
[INFO] [stdout] 
[INFO] [stdout] ---- tests::tree::test_delete_a_leaf stdout ----
[INFO] [stdout] thread 'tests::tree::test_delete_a_leaf' panicked at src/tests/tree.rs:203:5:
[INFO] [stdout] assertion `left == right` failed
[INFO] [stdout]   left: MapxVs { inner: MapxOrdRawKeyVs { inner: MapxRawVs { inner: MapxRawVs { default_branch: [0, 0, 0, 0, 0, 0, 0, 0], branch_name_to_branch_id: MapxRaw { inner: Mapx { prefix: [0, 0, 0, 0, 2, 113, 50, 69] } }, version_name_to_version_id: MapxRaw { inner: Mapx { prefix: [0, 0, 0, 0, 2, 113, 50, 71] } }, branch_id_to_branch_name: MapxRaw { inner: Mapx { prefix: [0, 0, 0, 0, 2, 113, 50, 96] } }, version_id_to_version_name: MapxRaw { inner: Mapx { prefix: [0, 0, 0, 0, 2, 113, 50, 98] } }, branch_to_its_versions: MapxRaw { inner: Mapx { prefix: [0, 0, 0, 0, 2, 113, 50, 99] } }, version_to_change_set: MapxRaw { inner: Mapx { prefix: [0, 0, 0, 0, 2, 113, 50, 101] } }, layered_kv: MapxRaw { inner: Mapx { prefix: [0, 0, 0, 0, 2, 113, 50, 106] } } } }, p: PhantomData<xsmt::h256::H256> }, _m_pd: PhantomData<xsmt::h256::H256> }
[INFO] [stdout]  right: MapxVs { inner: MapxOrdRawKeyVs { inner: MapxRawVs { inner: MapxRawVs { default_branch: [0, 0, 0, 0, 0, 0, 0, 0], branch_name_to_branch_id: MapxRaw { inner: Mapx { prefix: [0, 0, 0, 0, 2, 113, 62, 23] } }, version_name_to_version_id: MapxRaw { inner: Mapx { prefix: [0, 0, 0, 0, 2, 113, 62, 34] } }, branch_id_to_branch_name: MapxRaw { inner: Mapx { prefix: [0, 0, 0, 0, 2, 113, 62, 36] } }, version_id_to_version_name: MapxRaw { inner: Mapx { prefix: [0, 0, 0, 0, 2, 113, 62, 41] } }, branch_to_its_versions: MapxRaw { inner: Mapx { prefix: [0, 0, 0, 0, 2, 113, 62, 42] } }, version_to_change_set: MapxRaw { inner: Mapx { prefix: [0, 0, 0, 0, 2, 113, 62, 45] } }, layered_kv: MapxRaw { inner: Mapx { prefix: [0, 0, 0, 0, 2, 113, 62, 47] } } } }, p: PhantomData<xsmt::h256::H256> }, _m_pd: PhantomData<xsmt::h256::H256> }
[INFO] [stdout] stack backtrace:
[INFO] [stdout]    0:     0x61c9edda096a - std::backtrace_rs::backtrace::libunwind::trace::h207520d6e9873551
[INFO] [stdout]                                at /rustc/df4ca44d3fbc9301ee17f30f4d474e6ae4b05252/library/std/src/../../backtrace/src/backtrace/libunwind.rs:116:5
[INFO] [stdout]    1:     0x61c9edda096a - std::backtrace_rs::backtrace::trace_unsynchronized::h2ed7433f370e3eca
[INFO] [stdout]                                at /rustc/df4ca44d3fbc9301ee17f30f4d474e6ae4b05252/library/std/src/../../backtrace/src/backtrace/mod.rs:66:5
[INFO] [stdout]    2:     0x61c9edda096a - std::sys::backtrace::_print_fmt::h916fac51166b18d7
[INFO] [stdout]                                at /rustc/df4ca44d3fbc9301ee17f30f4d474e6ae4b05252/library/std/src/sys/backtrace.rs:66:9
[INFO] [stdout]    3:     0x61c9edda096a - <std::sys::backtrace::BacktraceLock::print::DisplayBacktrace as core::fmt::Display>::fmt::ha0a4c9b8ce3802e6
[INFO] [stdout]                                at /rustc/df4ca44d3fbc9301ee17f30f4d474e6ae4b05252/library/std/src/sys/backtrace.rs:39:26
[INFO] [stdout]    4:     0x61c9eddca923 - core::fmt::rt::Argument::fmt::h4cfc8587d52b3eb5
[INFO] [stdout]                                at /rustc/df4ca44d3fbc9301ee17f30f4d474e6ae4b05252/library/core/src/fmt/rt.rs:177:76
[INFO] [stdout]    5:     0x61c9eddca923 - core::fmt::write::h522cc39e5b36ae9f
[INFO] [stdout]                                at /rustc/df4ca44d3fbc9301ee17f30f4d474e6ae4b05252/library/core/src/fmt/mod.rs:1190:21
[INFO] [stdout]    6:     0x61c9edd9c983 - std::io::Write::write_fmt::h7d3c26752da97734
[INFO] [stdout]                                at /rustc/df4ca44d3fbc9301ee17f30f4d474e6ae4b05252/library/std/src/io/mod.rs:1839:15
[INFO] [stdout]    7:     0x61c9edda07b2 - std::sys::backtrace::BacktraceLock::print::h4b9e00b29e9c0942
[INFO] [stdout]                                at /rustc/df4ca44d3fbc9301ee17f30f4d474e6ae4b05252/library/std/src/sys/backtrace.rs:42:9
[INFO] [stdout]    8:     0x61c9edda1dfa - std::panicking::default_hook::{{closure}}::hb59b88280d0324d9
[INFO] [stdout]                                at /rustc/df4ca44d3fbc9301ee17f30f4d474e6ae4b05252/library/std/src/panicking.rs:268:22
[INFO] [stdout]    9:     0x61c9edda1c04 - std::panicking::default_hook::he1dd496665be4a29
[INFO] [stdout]                                at /rustc/df4ca44d3fbc9301ee17f30f4d474e6ae4b05252/library/std/src/panicking.rs:292:9
[INFO] [stdout]   10:     0x61c9eda2b4a9 - <alloc::boxed::Box<F,A> as core::ops::function::Fn<Args>>::call::h4ff71de18744e1dc
[INFO] [stdout]                                at /rustc/df4ca44d3fbc9301ee17f30f4d474e6ae4b05252/library/alloc/src/boxed.rs:2468:9
[INFO] [stdout]   11:     0x61c9eda2b4a9 - test::test_main::{{closure}}::hcf7c055ce117aa81
[INFO] [stdout]                                at /rustc/df4ca44d3fbc9301ee17f30f4d474e6ae4b05252/library/test/src/lib.rs:133:21
[INFO] [stdout]   12:     0x61c9edda24f8 - <alloc::boxed::Box<F,A> as core::ops::function::Fn<Args>>::call::h1d66c6bbd60c9692
[INFO] [stdout]                                at /rustc/df4ca44d3fbc9301ee17f30f4d474e6ae4b05252/library/alloc/src/boxed.rs:2468:9
[INFO] [stdout]   13:     0x61c9edda24f8 - std::panicking::rust_panic_with_hook::h2ff17fe8f26dfcf8
[INFO] [stdout]                                at /rustc/df4ca44d3fbc9301ee17f30f4d474e6ae4b05252/library/std/src/panicking.rs:809:13
[INFO] [stdout]   14:     0x61c9edda22ba - std::panicking::begin_panic_handler::{{closure}}::h4fad77951c07e101
[INFO] [stdout]                                at /rustc/df4ca44d3fbc9301ee17f30f4d474e6ae4b05252/library/std/src/panicking.rs:674:13
[INFO] [stdout]   15:     0x61c9edda0e49 - std::sys::backtrace::__rust_end_short_backtrace::hb1a25b3da5d0ea08
[INFO] [stdout]                                at /rustc/df4ca44d3fbc9301ee17f30f4d474e6ae4b05252/library/std/src/sys/backtrace.rs:170:18
[INFO] [stdout]   16:     0x61c9edda1f4c - rust_begin_unwind
[INFO] [stdout]                                at /rustc/df4ca44d3fbc9301ee17f30f4d474e6ae4b05252/library/std/src/panicking.rs:665:5
[INFO] [stdout]   17:     0x61c9eddc89b0 - core::panicking::panic_fmt::ha9db07b529f9b256
[INFO] [stdout]                                at /rustc/df4ca44d3fbc9301ee17f30f4d474e6ae4b05252/library/core/src/panicking.rs:75:14
[INFO] [stdout]   18:     0x61c9eddc8e15 - core::panicking::assert_failed_inner::h04f38944d74a80a8
[INFO] [stdout]   19:     0x61c9ed961889 - core::panicking::assert_failed::hdd9633c0697419a5
[INFO] [stdout]                                at /rustc/df4ca44d3fbc9301ee17f30f4d474e6ae4b05252/library/core/src/panicking.rs:377:5
[INFO] [stdout]   20:     0x61c9ed8ecc32 - xsmt::tests::tree::test_delete_a_leaf::hedd6337a742a1bdd
[INFO] [stdout]                                at /opt/rustwide/workdir/src/tests/tree.rs:203:5
[INFO] [stdout]   21:     0x61c9ed8e5b57 - xsmt::tests::tree::test_delete_a_leaf::{{closure}}::h588113193dde7b63
[INFO] [stdout]                                at /opt/rustwide/workdir/src/tests/tree.rs:169:24
[INFO] [stdout]   22:     0x61c9ed954046 - core::ops::function::FnOnce::call_once::h0ee5b75cb3f1be9b
[INFO] [stdout]                                at /rustc/df4ca44d3fbc9301ee17f30f4d474e6ae4b05252/library/core/src/ops/function.rs:250:5
[INFO] [stdout]   23:     0x61c9eda2fd7b - core::ops::function::FnOnce::call_once::h22c3ba5715e93f05
[INFO] [stdout]                                at /rustc/df4ca44d3fbc9301ee17f30f4d474e6ae4b05252/library/core/src/ops/function.rs:250:5
[INFO] [stdout]   24:     0x61c9eda2fd7b - test::__rust_begin_short_backtrace::h8e82d8113d0da17f
[INFO] [stdout]                                at /rustc/df4ca44d3fbc9301ee17f30f4d474e6ae4b05252/library/test/src/lib.rs:621:18
[INFO] [stdout]   25:     0x61c9eda2f6f7 - test::run_test_in_process::{{closure}}::h33235f4f20b7b7c7
[INFO] [stdout]                                at /rustc/df4ca44d3fbc9301ee17f30f4d474e6ae4b05252/library/test/src/lib.rs:644:60
[INFO] [stdout]   26:     0x61c9eda2f6f7 - <core::panic::unwind_safe::AssertUnwindSafe<F> as core::ops::function::FnOnce<()>>::call_once::hb5043206310c586f
[INFO] [stdout]                                at /rustc/df4ca44d3fbc9301ee17f30f4d474e6ae4b05252/library/core/src/panic/unwind_safe.rs:272:9
[INFO] [stdout]   27:     0x61c9eda2f6f7 - std::panicking::try::do_call::h9ad4731a60ab23e2
[INFO] [stdout]                                at /rustc/df4ca44d3fbc9301ee17f30f4d474e6ae4b05252/library/std/src/panicking.rs:557:40
[INFO] [stdout]   28:     0x61c9eda2f6f7 - std::panicking::try::h3824d23db772a716
[INFO] [stdout]                                at /rustc/df4ca44d3fbc9301ee17f30f4d474e6ae4b05252/library/std/src/panicking.rs:520:19
[INFO] [stdout]   29:     0x61c9eda2f6f7 - std::panic::catch_unwind::h5afd514605fde46b
[INFO] [stdout]                                at /rustc/df4ca44d3fbc9301ee17f30f4d474e6ae4b05252/library/std/src/panic.rs:358:14
[INFO] [stdout]   30:     0x61c9eda2f6f7 - test::run_test_in_process::h0d5cbfa7067d1720
[INFO] [stdout]                                at /rustc/df4ca44d3fbc9301ee17f30f4d474e6ae4b05252/library/test/src/lib.rs:644:27
[INFO] [stdout]   31:     0x61c9eda2f6f7 - test::run_test::{{closure}}::h708eb8872708115d
[INFO] [stdout]                                at /rustc/df4ca44d3fbc9301ee17f30f4d474e6ae4b05252/library/test/src/lib.rs:565:43
[INFO] [stdout]   32:     0x61c9ed9f2e14 - test::run_test::{{closure}}::h392c51cee94713ab
[INFO] [stdout]                                at /rustc/df4ca44d3fbc9301ee17f30f4d474e6ae4b05252/library/test/src/lib.rs:595:41
[INFO] [stdout]   33:     0x61c9ed9f2e14 - std::sys::backtrace::__rust_begin_short_backtrace::h2f40290710935a8b
[INFO] [stdout]                                at /rustc/df4ca44d3fbc9301ee17f30f4d474e6ae4b05252/library/std/src/sys/backtrace.rs:154:18
[INFO] [stdout]   34:     0x61c9ed9f65be - std::thread::Builder::spawn_unchecked_::{{closure}}::{{closure}}::h3fd968d89053a903
[INFO] [stdout]                                at /rustc/df4ca44d3fbc9301ee17f30f4d474e6ae4b05252/library/std/src/thread/mod.rs:541:17
[INFO] [stdout]   35:     0x61c9ed9f65be - <core::panic::unwind_safe::AssertUnwindSafe<F> as core::ops::function::FnOnce<()>>::call_once::h743f637ba4229880
[INFO] [stdout]                                at /rustc/df4ca44d3fbc9301ee17f30f4d474e6ae4b05252/library/core/src/panic/unwind_safe.rs:272:9
[INFO] [stdout]   36:     0x61c9ed9f65be - std::panicking::try::do_call::h07440897322525a6
[INFO] [stdout]                                at /rustc/df4ca44d3fbc9301ee17f30f4d474e6ae4b05252/library/std/src/panicking.rs:557:40
[INFO] [stdout]   37:     0x61c9ed9f65be - std::panicking::try::he5a2e00188156637
[INFO] [stdout]                                at /rustc/df4ca44d3fbc9301ee17f30f4d474e6ae4b05252/library/std/src/panicking.rs:520:19
[INFO] [stdout]   38:     0x61c9ed9f65be - std::panic::catch_unwind::hbaf3cae49b3c6433
[INFO] [stdout]                                at /rustc/df4ca44d3fbc9301ee17f30f4d474e6ae4b05252/library/std/src/panic.rs:358:14
[INFO] [stdout]   39:     0x61c9ed9f65be - std::thread::Builder::spawn_unchecked_::{{closure}}::h8e141ea224820bce
[INFO] [stdout]                                at /rustc/df4ca44d3fbc9301ee17f30f4d474e6ae4b05252/library/std/src/thread/mod.rs:540:30
[INFO] [stdout]   40:     0x61c9ed9f65be - core::ops::function::FnOnce::call_once{{vtable.shim}}::h90d312fedd7b8ea8
[INFO] [stdout]                                at /rustc/df4ca44d3fbc9301ee17f30f4d474e6ae4b05252/library/core/src/ops/function.rs:250:5
[INFO] [stdout]   41:     0x61c9edda7d3b - <alloc::boxed::Box<F,A> as core::ops::function::FnOnce<Args>>::call_once::h69aa08ddb6adb8b6
[INFO] [stdout]                                at /rustc/df4ca44d3fbc9301ee17f30f4d474e6ae4b05252/library/alloc/src/boxed.rs:2454:9
[INFO] [stdout]   42:     0x61c9edda7d3b - <alloc::boxed::Box<F,A> as core::ops::function::FnOnce<Args>>::call_once::h5aa36efdb79c806f
[INFO] [stdout]                                at /rustc/df4ca44d3fbc9301ee17f30f4d474e6ae4b05252/library/alloc/src/boxed.rs:2454:9
[INFO] [stdout]   43:     0x61c9edda7d3b - std::sys::pal::unix::thread::Thread::new::thread_start::h6cd80a1b4be5158d
[INFO] [stdout]                                at /rustc/df4ca44d3fbc9301ee17f30f4d474e6ae4b05252/library/std/src/sys/pal/unix/thread.rs:105:17
[INFO] [stdout]   44:     0x770124347ac3 - <unknown>
[INFO] [stdout]   45:     0x7701243d8a04 - clone
[INFO] [stdout]   46:                0x0 - <unknown>
[INFO] [stdout] 
[INFO] [stdout] 
[INFO] [stdout] failures:
[INFO] [stdout]     tests::tree::test_delete_a_leaf
[INFO] [stdout] 
[INFO] [stdout] test result: FAILED. 25 passed; 1 failed; 18 ignored; 0 measured; 0 filtered out; finished in 79.05s
[INFO] [stdout] 
[INFO] [stderr] error: test failed, to rerun pass `--lib`
[INFO] running `Command { std: "docker" "inspect" "0c30f1c363001d80b318b33ae872322aaed8012ab94163e901d940085c8e619d", kill_on_drop: false }`
[INFO] running `Command { std: "docker" "rm" "-f" "0c30f1c363001d80b318b33ae872322aaed8012ab94163e901d940085c8e619d", kill_on_drop: false }`
[INFO] [stdout] 0c30f1c363001d80b318b33ae872322aaed8012ab94163e901d940085c8e619d
