[INFO] fetching crate xrpl-rs 0.1.7...
[INFO] testing xrpl-rs-0.1.7 against nightly-2024-10-28 for randomize-layout
[INFO] extracting crate xrpl-rs 0.1.7 into /workspace/builds/worker-3-tc1/source
[INFO] validating manifest of crates.io crate xrpl-rs 0.1.7 on toolchain nightly-2024-10-28
[INFO] running `Command { std: CARGO_HOME="/workspace/cargo-home" RUSTUP_HOME="/workspace/rustup-home" "/workspace/cargo-home/bin/cargo" "+nightly-2024-10-28" "metadata" "--manifest-path" "Cargo.toml" "--no-deps", kill_on_drop: false }`
[INFO] started tweaking crates.io crate xrpl-rs 0.1.7
[INFO] finished tweaking crates.io crate xrpl-rs 0.1.7
[INFO] tweaked toml for crates.io crate xrpl-rs 0.1.7 written to /workspace/builds/worker-3-tc1/source/Cargo.toml
[INFO] crate crates.io crate xrpl-rs 0.1.7 already has a lockfile, it will not be regenerated
[INFO] running `Command { std: CARGO_HOME="/workspace/cargo-home" RUSTUP_HOME="/workspace/rustup-home" "/workspace/cargo-home/bin/cargo" "+nightly-2024-10-28" "fetch" "--manifest-path" "Cargo.toml", kill_on_drop: false }`
[INFO] [stderr]     Updating crates.io index
[INFO] [stderr]  Downloading crates ...
[INFO] [stderr]   Downloaded async-stream-impl v0.3.2
[INFO] [stderr]   Downloaded sha256 v1.0.3
[INFO] [stderr]   Downloaded async-stream v0.3.2
[INFO] [stderr]   Downloaded tokio-tungstenite v0.17.1
[INFO] [stderr]   Downloaded ripemd v0.1.1
[INFO] [stderr]   Downloaded simple_logger v2.1.0
[INFO] [stderr]   Downloaded proc-macro2 v1.0.35
[INFO] [stderr]   Downloaded bitcoin_hashes v0.10.0
[INFO] [stderr]   Downloaded serde-xrpl v0.1.2
[INFO] [stderr]   Downloaded websocket v0.26.2
[INFO] [stderr]   Downloaded rust_decimal v1.19.0
[INFO] [stderr]   Downloaded serde_with v1.13.0
[INFO] [stderr]   Downloaded tungstenite v0.17.2
[INFO] [stderr]   Downloaded syn v1.0.94
[INFO] [stderr]   Downloaded websocket-base v0.26.2
[INFO] running `Command { std: "docker" "create" "-v" "/var/lib/crater-agent-workspace/builds/worker-3-tc1/target:/opt/rustwide/target:rw,Z" "-v" "/var/lib/crater-agent-workspace/builds/worker-3-tc1/source:/opt/rustwide/workdir:ro,Z" "-v" "/var/lib/crater-agent-workspace/cargo-home:/opt/rustwide/cargo-home:ro,Z" "-v" "/var/lib/crater-agent-workspace/rustup-home:/opt/rustwide/rustup-home:ro,Z" "-e" "SOURCE_DIR=/opt/rustwide/workdir" "-e" "CARGO_TARGET_DIR=/opt/rustwide/target" "-e" "CARGO_HOME=/opt/rustwide/cargo-home" "-e" "RUSTUP_HOME=/opt/rustwide/rustup-home" "-w" "/opt/rustwide/workdir" "-m" "1610612736" "--user" "0:0" "--network" "none" "ghcr.io/rust-lang/crates-build-env/linux@sha256:4a844ea9eb2546a2d2c7022eacef16ef2e8229c7fbb2c7d4d55a9ceca922f72d" "/opt/rustwide/cargo-home/bin/cargo" "+nightly-2024-10-28" "metadata" "--no-deps" "--format-version=1", kill_on_drop: false }`
[INFO] [stdout] 7abfc8c3079debf28b5cdf86cf6d0d60a6a1bf46a7ddc36549c9bf6074da51d0
[INFO] running `Command { std: "docker" "start" "-a" "7abfc8c3079debf28b5cdf86cf6d0d60a6a1bf46a7ddc36549c9bf6074da51d0", kill_on_drop: false }`
[INFO] running `Command { std: "docker" "inspect" "7abfc8c3079debf28b5cdf86cf6d0d60a6a1bf46a7ddc36549c9bf6074da51d0", kill_on_drop: false }`
[INFO] running `Command { std: "docker" "rm" "-f" "7abfc8c3079debf28b5cdf86cf6d0d60a6a1bf46a7ddc36549c9bf6074da51d0", kill_on_drop: false }`
[INFO] [stdout] 7abfc8c3079debf28b5cdf86cf6d0d60a6a1bf46a7ddc36549c9bf6074da51d0
[INFO] running `Command { std: "docker" "create" "-v" "/var/lib/crater-agent-workspace/builds/worker-3-tc1/target:/opt/rustwide/target:rw,Z" "-v" "/var/lib/crater-agent-workspace/builds/worker-3-tc1/source:/opt/rustwide/workdir:ro,Z" "-v" "/var/lib/crater-agent-workspace/cargo-home:/opt/rustwide/cargo-home:ro,Z" "-v" "/var/lib/crater-agent-workspace/rustup-home:/opt/rustwide/rustup-home:ro,Z" "-e" "SOURCE_DIR=/opt/rustwide/workdir" "-e" "CARGO_TARGET_DIR=/opt/rustwide/target" "-e" "CARGO_INCREMENTAL=0" "-e" "RUST_BACKTRACE=full" "-e" "RUSTFLAGS=--cap-lints=forbid" "-e" "RUSTDOCFLAGS=--cap-lints=forbid" "-e" "CARGO_HOME=/opt/rustwide/cargo-home" "-e" "RUSTUP_HOME=/opt/rustwide/rustup-home" "-w" "/opt/rustwide/workdir" "-m" "1610612736" "--user" "0:0" "--network" "none" "ghcr.io/rust-lang/crates-build-env/linux@sha256:4a844ea9eb2546a2d2c7022eacef16ef2e8229c7fbb2c7d4d55a9ceca922f72d" "/opt/rustwide/cargo-home/bin/cargo" "+nightly-2024-10-28" "build" "--frozen" "--message-format=json", kill_on_drop: false }`
[INFO] [stdout] 9ec891815cd14f16734b1d2a43a8f99f8faa4893a08a4dbfd9d4424c08cfddca
[INFO] running `Command { std: "docker" "start" "-a" "9ec891815cd14f16734b1d2a43a8f99f8faa4893a08a4dbfd9d4424c08cfddca", kill_on_drop: false }`
[INFO] [stderr]    Compiling proc-macro2 v1.0.35
[INFO] [stderr]    Compiling syn v1.0.94
[INFO] [stderr]    Compiling typenum v1.15.0
[INFO] [stderr]    Compiling generic-array v0.14.4
[INFO] [stderr]    Compiling byteorder v1.4.3
[INFO] [stderr]    Compiling pin-project-lite v0.2.7
[INFO] [stderr]    Compiling pkg-config v0.3.24
[INFO] [stderr]    Compiling rand_core v0.4.2
[INFO] [stderr]    Compiling semver-parser v0.7.0
[INFO] [stderr]    Compiling openssl v0.10.38
[INFO] [stderr]    Compiling serde_derive v1.0.137
[INFO] [stderr]    Compiling semver v0.9.0
[INFO] [stderr]    Compiling native-tls v0.2.8
[INFO] [stderr]    Compiling iovec v0.1.4
[INFO] [stderr]    Compiling maybe-uninit v2.0.0
[INFO] [stderr]    Compiling openssl-probe v0.1.4
[INFO] [stderr]    Compiling rustc_version v0.2.3
[INFO] [stderr]    Compiling openssl-sys v0.9.72
[INFO] [stderr]    Compiling futures v0.1.31
[INFO] [stderr]    Compiling cpufeatures v0.2.1
[INFO] [stderr]    Compiling serde v1.0.137
[INFO] [stderr]    Compiling rand_core v0.3.1
[INFO] [stderr]    Compiling http v0.2.5
[INFO] [stderr]    Compiling parking_lot_core v0.6.2
[INFO] [stderr]    Compiling bytes v0.4.12
[INFO] [stderr]    Compiling quote v1.0.10
[INFO] [stderr]    Compiling crossbeam-utils v0.7.2
[INFO] [stderr]    Compiling ppv-lite86 v0.2.15
[INFO] [stderr]    Compiling getrandom v0.1.16
[INFO] [stderr]    Compiling smallvec v0.6.14
[INFO] [stderr]    Compiling parking_lot v0.9.0
[INFO] [stderr]    Compiling rand_chacha v0.1.1
[INFO] [stderr]    Compiling rand_pcg v0.1.2
[INFO] [stderr]    Compiling tokio-io v0.1.13
[INFO] [stderr]    Compiling digest v0.9.0
[INFO] [stderr]    Compiling block-buffer v0.10.2
[INFO] [stderr]    Compiling crypto-common v0.1.3
[INFO] [stderr]    Compiling block-buffer v0.9.0
[INFO] [stderr]    Compiling digest v0.10.3
[INFO] [stderr]    Compiling generic-array v0.12.4
[INFO] [stderr]    Compiling net2 v0.2.37
[INFO] [stderr]    Compiling rand v0.6.5
[INFO] [stderr]    Compiling lock_api v0.3.4
[INFO] [stderr]    Compiling getrandom v0.2.3
[INFO] [stderr]    Compiling strsim v0.10.0
[INFO] [stderr]    Compiling opaque-debug v0.3.0
[INFO] [stderr]    Compiling version_check v0.1.5
[INFO] [stderr]    Compiling rand_core v0.6.3
[INFO] [stderr]    Compiling sha2 v0.9.8
[INFO] [stderr]    Compiling mio v0.6.23
[INFO] [stderr]    Compiling tracing v0.1.29
[INFO] [stderr]    Compiling unicase v1.4.2
[INFO] [stderr]    Compiling rand_core v0.5.1
[INFO] [stderr]    Compiling tokio-executor v0.1.10
[INFO] [stderr]    Compiling tokio-sync v0.1.8
[INFO] [stderr]    Compiling rand_isaac v0.1.1
[INFO] [stderr]    Compiling rand_hc v0.1.0
[INFO] [stderr]    Compiling rand_xorshift v0.1.1
[INFO] [stderr]    Compiling rand_jitter v0.1.4
[INFO] [stderr]    Compiling rand_os v0.1.3
[INFO] [stderr]    Compiling num-traits v0.2.14
[INFO] [stderr]    Compiling serde_json v1.0.81
[INFO] [stderr]    Compiling tokio-reactor v0.1.12
[INFO] [stderr]    Compiling rand_chacha v0.3.1
[INFO] [stderr]    Compiling block-buffer v0.7.3
[INFO] [stderr]    Compiling digest v0.8.1
[INFO] [stderr]    Compiling http-body v0.4.4
[INFO] [stderr]    Compiling idna v0.1.5
[INFO] [stderr]    Compiling log v0.3.9
[INFO] [stderr]    Compiling secp256k1-sys v0.4.2
[INFO] [stderr]    Compiling rustversion v1.0.6
[INFO] [stderr]    Compiling percent-encoding v1.0.1
[INFO] [stderr]    Compiling safemem v0.3.3
[INFO] [stderr]    Compiling base64 v0.9.3
[INFO] [stderr]    Compiling sha-1 v0.8.2
[INFO] [stderr]    Compiling mime v0.2.6
[INFO] [stderr]    Compiling url v1.7.2
[INFO] [stderr]    Compiling rand v0.8.5
[INFO] [stderr]    Compiling tokio-tls v0.2.1
[INFO] [stderr]    Compiling tokio-tcp v0.1.4
[INFO] [stderr]    Compiling rand_chacha v0.2.2
[INFO] [stderr]    Compiling sha-1 v0.10.0
[INFO] [stderr]    Compiling tokio-codec v0.1.2
[INFO] [stderr]    Compiling darling_core v0.13.4
[INFO] [stderr]    Compiling synstructure v0.12.6
[INFO] [stderr]    Compiling base64 v0.10.1
[INFO] [stderr]    Compiling time v0.1.43
[INFO] [stderr]    Compiling arrayvec v0.7.2
[INFO] [stderr]    Compiling time-macros v0.2.4
[INFO] [stderr]    Compiling async-trait v0.1.52
[INFO] [stderr]    Compiling traitobject v0.1.0
[INFO] [stderr]    Compiling signature v1.5.0
[INFO] [stderr]    Compiling subtle v2.4.1
[INFO] [stderr]    Compiling typeable v0.1.2
[INFO] [stderr]    Compiling language-tags v0.2.2
[INFO] [stderr]    Compiling ed25519 v1.5.2
[INFO] [stderr]    Compiling websocket-base v0.26.2
[INFO] [stderr]    Compiling colored v2.0.0
[INFO] [stderr]    Compiling rand v0.7.3
[INFO] [stderr]    Compiling hyper v0.10.16
[INFO] [stderr]    Compiling bs58 v0.4.0
[INFO] [stderr]    Compiling bitcoin_hashes v0.10.0
[INFO] [stderr]    Compiling hex-literal v0.3.4
[INFO] [stderr]    Compiling sha256 v1.0.3
[INFO] [stderr]    Compiling sha2 v0.10.2
[INFO] [stderr]    Compiling ripemd v0.1.1
[INFO] [stderr]    Compiling time v0.3.9
[INFO] [stderr]    Compiling websocket v0.26.2
[INFO] [stderr]    Compiling tokio-macros v1.7.0
[INFO] [stderr]    Compiling futures-macro v0.3.19
[INFO] [stderr]    Compiling darling_macro v0.13.4
[INFO] [stderr]    Compiling tokio v1.15.0
[INFO] [stderr]    Compiling thiserror-impl v1.0.31
[INFO] [stderr]    Compiling futures-util v0.3.19
[INFO] [stderr]    Compiling zeroize_derive v1.3.2
[INFO] [stderr]    Compiling zeroize v1.3.0
[INFO] [stderr]    Compiling darling v0.13.4
[INFO] [stderr]    Compiling async-stream-impl v0.3.2
[INFO] [stderr]    Compiling serde_with_macros v1.5.2
[INFO] [stderr]    Compiling thiserror v1.0.31
[INFO] [stderr]    Compiling async-stream v0.3.2
[INFO] [stderr]    Compiling curve25519-dalek v3.2.1
[INFO] [stderr]    Compiling tungstenite v0.17.2
[INFO] [stderr]    Compiling simple_logger v2.1.0
[INFO] [stderr]    Compiling secp256k1 v0.21.3
[INFO] [stderr]    Compiling futures-executor v0.3.19
[INFO] [stderr]    Compiling futures v0.3.19
[INFO] [stderr]    Compiling tokio-util v0.6.9
[INFO] [stderr]    Compiling tokio-native-tls v0.3.0
[INFO] [stderr]    Compiling tokio-stream v0.1.8
[INFO] [stderr]    Compiling tokio-tungstenite v0.17.1
[INFO] [stderr]    Compiling tokio-test v0.4.2
[INFO] [stderr]    Compiling h2 v0.3.9
[INFO] [stderr]    Compiling rust_decimal v1.19.0
[INFO] [stderr]    Compiling serde_urlencoded v0.7.0
[INFO] [stderr]    Compiling ed25519-dalek v1.0.1
[INFO] [stderr]    Compiling serde_with v1.13.0
[INFO] [stderr]    Compiling serde-xrpl v0.1.2
[INFO] [stderr]    Compiling hyper v0.14.16
[INFO] [stderr]    Compiling hyper-tls v0.5.0
[INFO] [stderr]    Compiling reqwest v0.11.8
[INFO] [stderr]    Compiling xrpl-rs v0.1.7 (/opt/rustwide/workdir)
[INFO] [stdout] warning: unused import: `serde::de::DeserializeOwned`
[INFO] [stdout]   --> src/lib.rs:35:5
[INFO] [stdout]    |
[INFO] [stdout] 35 | use serde::de::DeserializeOwned;
[INFO] [stdout]    |     ^^^^^^^^^^^^^^^^^^^^^^^^^^^
[INFO] [stdout]    |
[INFO] [stdout]    = note: `#[warn(unused_imports)]` on by default
[INFO] [stdout] 
[INFO] [stdout] 
[INFO] [stdout] warning: unused imports: `AccountRoot`, `Address`, `LedgerEntry`, `LedgerInfo`, `PaginationInfo`, and `SignerList`
[INFO] [stdout]  --> src/types/fee.rs:1:13
[INFO] [stdout]   |
[INFO] [stdout] 1 | use super::{Address, CurrencyAmount, LedgerInfo, PaginationInfo, SignerList, AccountRoot, LedgerEntry};
[INFO] [stdout]   |             ^^^^^^^                  ^^^^^^^^^^  ^^^^^^^^^^^^^^  ^^^^^^^^^^  ^^^^^^^^^^^  ^^^^^^^^^^^
[INFO] [stdout] 
[INFO] [stdout] 
[INFO] [stdout] warning: unused imports: `AccountRoot`, `Address`, `CurrencyAmount`, `LedgerEntry`, `LedgerInfo`, `PaginationInfo`, and `SignerList`
[INFO] [stdout]  --> src/types/channels.rs:1:13
[INFO] [stdout]   |
[INFO] [stdout] 1 | use super::{Address, CurrencyAmount, LedgerInfo, PaginationInfo, SignerList, AccountRoot, LedgerEntry, BigInt};
[INFO] [stdout]   |             ^^^^^^^  ^^^^^^^^^^^^^^  ^^^^^^^^^^  ^^^^^^^^^^^^^^  ^^^^^^^^^^  ^^^^^^^^^^^  ^^^^^^^^^^^
[INFO] [stdout] 
[INFO] [stdout] 
[INFO] [stdout] warning: unused import: `crate::transaction::types::Transaction`
[INFO] [stdout]  --> src/types/tx.rs:1:5
[INFO] [stdout]   |
[INFO] [stdout] 1 | use crate::transaction::types::Transaction;
[INFO] [stdout]   |     ^^^^^^^^^^^^^^^^^^^^^^^^^^^^^^^^^^^^^^
[INFO] [stdout] 
[INFO] [stdout] 
[INFO] [stdout] warning: unused import: `TryFrom`
[INFO] [stdout]  --> src/types/mod.rs:9:20
[INFO] [stdout]   |
[INFO] [stdout] 9 | use std::convert::{TryFrom, TryInto};
[INFO] [stdout]   |                    ^^^^^^^
[INFO] [stdout] 
[INFO] [stdout] 
[INFO] [stdout] warning: unused import: `std::num::ParseIntError`
[INFO] [stdout]   --> src/types/mod.rs:10:5
[INFO] [stdout]    |
[INFO] [stdout] 10 | use std::num::ParseIntError;
[INFO] [stdout]    |     ^^^^^^^^^^^^^^^^^^^^^^^
[INFO] [stdout] 
[INFO] [stdout] 
[INFO] [stdout] warning: unused import: `std::ops::Add`
[INFO] [stdout]   --> src/types/mod.rs:11:5
[INFO] [stdout]    |
[INFO] [stdout] 11 | use std::ops::Add;
[INFO] [stdout]    |     ^^^^^^^^^^^^^
[INFO] [stdout] 
[INFO] [stdout] 
[INFO] [stdout] warning: unused import: `std::str::FromStr`
[INFO] [stdout]   --> src/types/mod.rs:12:5
[INFO] [stdout]    |
[INFO] [stdout] 12 | use std::str::FromStr;
[INFO] [stdout]    |     ^^^^^^^^^^^^^^^^^
[INFO] [stdout] 
[INFO] [stdout] 
[INFO] [stdout] warning: unused import: `Client`
[INFO] [stdout]  --> src/utils/testnet/mod.rs:1:15
[INFO] [stdout]   |
[INFO] [stdout] 1 | use reqwest::{Client, Error};
[INFO] [stdout]   |               ^^^^^^
[INFO] [stdout] 
[INFO] [stdout] 
[INFO] [stdout] warning: unused import: `rust_decimal::Decimal`
[INFO] [stdout]  --> src/wallet/mod.rs:4:5
[INFO] [stdout]   |
[INFO] [stdout] 4 | use rust_decimal::Decimal;
[INFO] [stdout]   |     ^^^^^^^^^^^^^^^^^^^^^
[INFO] [stdout] 
[INFO] [stdout] 
[INFO] [stdout] warning: unused import: `rand::rngs::OsRng`
[INFO] [stdout]  --> src/wallet/mod.rs:6:5
[INFO] [stdout]   |
[INFO] [stdout] 6 |     rand::rngs::OsRng, All, Error as Secp256k1Error, KeyPair as Secp256k1KeyPair, Message,
[INFO] [stdout]   |     ^^^^^^^^^^^^^^^^^
[INFO] [stdout] 
[INFO] [stdout] 
[INFO] [stdout] warning: unused import: `serde_json::json`
[INFO] [stdout]   --> src/wallet/mod.rs:10:5
[INFO] [stdout]    |
[INFO] [stdout] 10 | use serde_json::json;
[INFO] [stdout]    |     ^^^^^^^^^^^^^^^^
[INFO] [stdout] 
[INFO] [stdout] 
[INFO] [stdout] warning: unused import: `PaymentChannelClaim`
[INFO] [stdout]   --> src/wallet/mod.rs:13:33
[INFO] [stdout]    |
[INFO] [stdout] 13 | use crate::transaction::types::{PaymentChannelClaim, Transaction};
[INFO] [stdout]    |                                 ^^^^^^^^^^^^^^^^^^^
[INFO] [stdout] 
[INFO] [stdout] 
[INFO] [stdout] warning: field `counter` is never read
[INFO] [stdout]   --> src/transports.rs:83:5
[INFO] [stdout]    |
[INFO] [stdout] 82 | pub struct HTTP {
[INFO] [stdout]    |            ---- field in this struct
[INFO] [stdout] 83 |     counter: AtomicU64,
[INFO] [stdout]    |     ^^^^^^^
[INFO] [stdout]    |
[INFO] [stdout]    = note: `#[warn(dead_code)]` on by default
[INFO] [stdout] 
[INFO] [stdout] 
[INFO] [stdout] warning: field `id` is never read
[INFO] [stdout]    --> src/transports.rs:149:5
[INFO] [stdout]     |
[INFO] [stdout] 148 | pub struct PendingRequest {
[INFO] [stdout]     |            -------------- field in this struct
[INFO] [stdout] 149 |     id: RequestId,
[INFO] [stdout]     |     ^^
[INFO] [stdout]     |
[INFO] [stdout]     = note: `PendingRequest` has derived impls for the traits `Clone` and `Debug`, but these are intentionally ignored during dead code analysis
[INFO] [stdout] 
[INFO] [stdout] 
[INFO] [stdout] warning: field `secret` is never read
[INFO] [stdout]   --> src/wallet/mod.rs:62:5
[INFO] [stdout]    |
[INFO] [stdout] 56 | pub struct Wallet {
[INFO] [stdout]    |            ------ field in this struct
[INFO] [stdout] ...
[INFO] [stdout] 62 |     secret: String,
[INFO] [stdout]    |     ^^^^^^
[INFO] [stdout] 
[INFO] [stdout] 
[INFO] [stdout] warning: function `decode_secret` is never used
[INFO] [stdout]    --> src/wallet/mod.rs:244:4
[INFO] [stdout]     |
[INFO] [stdout] 244 | fn decode_secret(secret: &str) -> Result<Vec<u8>, Error> {
[INFO] [stdout]     |    ^^^^^^^^^^^^^
[INFO] [stdout] 
[INFO] [stdout] 
[INFO] [stderr]     Finished `dev` profile [unoptimized + debuginfo] target(s) in 20.38s
[INFO] [stderr] warning: the following packages contain code that will be rejected by a future version of Rust: traitobject v0.1.0
[INFO] [stderr] note: to see what the problems were, use the option `--future-incompat-report`, or run `cargo report future-incompatibilities --id 1`
[INFO] running `Command { std: "docker" "inspect" "9ec891815cd14f16734b1d2a43a8f99f8faa4893a08a4dbfd9d4424c08cfddca", kill_on_drop: false }`
[INFO] running `Command { std: "docker" "rm" "-f" "9ec891815cd14f16734b1d2a43a8f99f8faa4893a08a4dbfd9d4424c08cfddca", kill_on_drop: false }`
[INFO] [stdout] 9ec891815cd14f16734b1d2a43a8f99f8faa4893a08a4dbfd9d4424c08cfddca
[INFO] running `Command { std: "docker" "create" "-v" "/var/lib/crater-agent-workspace/builds/worker-3-tc1/target:/opt/rustwide/target:rw,Z" "-v" "/var/lib/crater-agent-workspace/builds/worker-3-tc1/source:/opt/rustwide/workdir:ro,Z" "-v" "/var/lib/crater-agent-workspace/cargo-home:/opt/rustwide/cargo-home:ro,Z" "-v" "/var/lib/crater-agent-workspace/rustup-home:/opt/rustwide/rustup-home:ro,Z" "-e" "SOURCE_DIR=/opt/rustwide/workdir" "-e" "CARGO_TARGET_DIR=/opt/rustwide/target" "-e" "CARGO_INCREMENTAL=0" "-e" "RUST_BACKTRACE=full" "-e" "RUSTFLAGS=--cap-lints=forbid" "-e" "RUSTDOCFLAGS=--cap-lints=forbid" "-e" "CARGO_HOME=/opt/rustwide/cargo-home" "-e" "RUSTUP_HOME=/opt/rustwide/rustup-home" "-w" "/opt/rustwide/workdir" "-m" "1610612736" "--user" "0:0" "--network" "none" "ghcr.io/rust-lang/crates-build-env/linux@sha256:4a844ea9eb2546a2d2c7022eacef16ef2e8229c7fbb2c7d4d55a9ceca922f72d" "/opt/rustwide/cargo-home/bin/cargo" "+nightly-2024-10-28" "test" "--frozen" "--no-run" "--message-format=json", kill_on_drop: false }`
[INFO] [stdout] 32032335f305344c01b9ee16a160beb60ca8ac1202e31d2eae8f268b49b220fa
[INFO] running `Command { std: "docker" "start" "-a" "32032335f305344c01b9ee16a160beb60ca8ac1202e31d2eae8f268b49b220fa", kill_on_drop: false }`
[INFO] [stdout] warning: unused import: `serde::de::DeserializeOwned`
[INFO] [stdout]   --> src/lib.rs:35:5
[INFO] [stdout]    |
[INFO] [stdout] 35 | use serde::de::DeserializeOwned;
[INFO] [stdout]    |     ^^^^^^^^^^^^^^^^^^^^^^^^^^^
[INFO] [stdout]    |
[INFO] [stdout]    = note: `#[warn(unused_imports)]` on by default
[INFO] [stdout] 
[INFO] [stdout] 
[INFO] [stdout] warning: unused imports: `AccountRoot`, `Address`, `LedgerEntry`, `LedgerInfo`, `PaginationInfo`, and `SignerList`
[INFO] [stdout]  --> src/types/fee.rs:1:13
[INFO] [stdout]   |
[INFO] [stdout] 1 | use super::{Address, CurrencyAmount, LedgerInfo, PaginationInfo, SignerList, AccountRoot, LedgerEntry};
[INFO] [stdout]   |             ^^^^^^^                  ^^^^^^^^^^  ^^^^^^^^^^^^^^  ^^^^^^^^^^  ^^^^^^^^^^^  ^^^^^^^^^^^
[INFO] [stdout] 
[INFO] [stdout] 
[INFO] [stdout] warning: unused imports: `AccountRoot`, `Address`, `CurrencyAmount`, `LedgerEntry`, `LedgerInfo`, `PaginationInfo`, and `SignerList`
[INFO] [stdout]  --> src/types/channels.rs:1:13
[INFO] [stdout]   |
[INFO] [stdout] 1 | use super::{Address, CurrencyAmount, LedgerInfo, PaginationInfo, SignerList, AccountRoot, LedgerEntry, BigInt};
[INFO] [stdout]   |             ^^^^^^^  ^^^^^^^^^^^^^^  ^^^^^^^^^^  ^^^^^^^^^^^^^^  ^^^^^^^^^^  ^^^^^^^^^^^  ^^^^^^^^^^^
[INFO] [stdout] 
[INFO] [stdout] 
[INFO] [stdout] warning: unused import: `crate::transaction::types::Transaction`
[INFO] [stdout]  --> src/types/tx.rs:1:5
[INFO] [stdout]   |
[INFO] [stdout] 1 | use crate::transaction::types::Transaction;
[INFO] [stdout]   |     ^^^^^^^^^^^^^^^^^^^^^^^^^^^^^^^^^^^^^^
[INFO] [stdout] 
[INFO] [stdout] 
[INFO] [stdout] warning: unused import: `TryFrom`
[INFO] [stdout]  --> src/types/mod.rs:9:20
[INFO] [stdout]   |
[INFO] [stdout] 9 | use std::convert::{TryFrom, TryInto};
[INFO] [stdout]   |                    ^^^^^^^
[INFO] [stdout] 
[INFO] [stdout] 
[INFO] [stderr]    Compiling xrpl-rs v0.1.7 (/opt/rustwide/workdir)
[INFO] [stdout] warning: unused import: `std::num::ParseIntError`
[INFO] [stdout]   --> src/types/mod.rs:10:5
[INFO] [stdout]    |
[INFO] [stdout] 10 | use std::num::ParseIntError;
[INFO] [stdout]    |     ^^^^^^^^^^^^^^^^^^^^^^^
[INFO] [stdout] 
[INFO] [stdout] 
[INFO] [stdout] warning: unused import: `std::ops::Add`
[INFO] [stdout]   --> src/types/mod.rs:11:5
[INFO] [stdout]    |
[INFO] [stdout] 11 | use std::ops::Add;
[INFO] [stdout]    |     ^^^^^^^^^^^^^
[INFO] [stdout] 
[INFO] [stdout] 
[INFO] [stdout] warning: unused import: `std::str::FromStr`
[INFO] [stdout]   --> src/types/mod.rs:12:5
[INFO] [stdout]    |
[INFO] [stdout] 12 | use std::str::FromStr;
[INFO] [stdout]    |     ^^^^^^^^^^^^^^^^^
[INFO] [stdout] 
[INFO] [stdout] 
[INFO] [stdout] warning: unused import: `Client`
[INFO] [stdout]  --> src/utils/testnet/mod.rs:1:15
[INFO] [stdout]   |
[INFO] [stdout] 1 | use reqwest::{Client, Error};
[INFO] [stdout]   |               ^^^^^^
[INFO] [stdout] 
[INFO] [stdout] 
[INFO] [stdout] warning: unused import: `rust_decimal::Decimal`
[INFO] [stdout]  --> src/wallet/mod.rs:4:5
[INFO] [stdout]   |
[INFO] [stdout] 4 | use rust_decimal::Decimal;
[INFO] [stdout]   |     ^^^^^^^^^^^^^^^^^^^^^
[INFO] [stdout] 
[INFO] [stdout] 
[INFO] [stdout] warning: unused import: `rand::rngs::OsRng`
[INFO] [stdout]  --> src/wallet/mod.rs:6:5
[INFO] [stdout]   |
[INFO] [stdout] 6 |     rand::rngs::OsRng, All, Error as Secp256k1Error, KeyPair as Secp256k1KeyPair, Message,
[INFO] [stdout]   |     ^^^^^^^^^^^^^^^^^
[INFO] [stdout] 
[INFO] [stdout] 
[INFO] [stdout] warning: unused import: `serde_json::json`
[INFO] [stdout]   --> src/wallet/mod.rs:10:5
[INFO] [stdout]    |
[INFO] [stdout] 10 | use serde_json::json;
[INFO] [stdout]    |     ^^^^^^^^^^^^^^^^
[INFO] [stdout] 
[INFO] [stdout] 
[INFO] [stdout] warning: unused import: `PaymentChannelClaim`
[INFO] [stdout]   --> src/wallet/mod.rs:13:33
[INFO] [stdout]    |
[INFO] [stdout] 13 | use crate::transaction::types::{PaymentChannelClaim, Transaction};
[INFO] [stdout]    |                                 ^^^^^^^^^^^^^^^^^^^
[INFO] [stdout] 
[INFO] [stdout] 
[INFO] [stdout] warning: field `counter` is never read
[INFO] [stdout]   --> src/transports.rs:83:5
[INFO] [stdout]    |
[INFO] [stdout] 82 | pub struct HTTP {
[INFO] [stdout]    |            ---- field in this struct
[INFO] [stdout] 83 |     counter: AtomicU64,
[INFO] [stdout]    |     ^^^^^^^
[INFO] [stdout]    |
[INFO] [stdout]    = note: `#[warn(dead_code)]` on by default
[INFO] [stdout] 
[INFO] [stdout] 
[INFO] [stdout] warning: field `id` is never read
[INFO] [stdout]    --> src/transports.rs:149:5
[INFO] [stdout]     |
[INFO] [stdout] 148 | pub struct PendingRequest {
[INFO] [stdout]     |            -------------- field in this struct
[INFO] [stdout] 149 |     id: RequestId,
[INFO] [stdout]     |     ^^
[INFO] [stdout]     |
[INFO] [stdout]     = note: `PendingRequest` has derived impls for the traits `Clone` and `Debug`, but these are intentionally ignored during dead code analysis
[INFO] [stdout] 
[INFO] [stdout] 
[INFO] [stdout] warning: field `secret` is never read
[INFO] [stdout]   --> src/wallet/mod.rs:62:5
[INFO] [stdout]    |
[INFO] [stdout] 56 | pub struct Wallet {
[INFO] [stdout]    |            ------ field in this struct
[INFO] [stdout] ...
[INFO] [stdout] 62 |     secret: String,
[INFO] [stdout]    |     ^^^^^^
[INFO] [stdout] 
[INFO] [stdout] 
[INFO] [stdout] warning: function `decode_secret` is never used
[INFO] [stdout]    --> src/wallet/mod.rs:244:4
[INFO] [stdout]     |
[INFO] [stdout] 244 | fn decode_secret(secret: &str) -> Result<Vec<u8>, Error> {
[INFO] [stdout]     |    ^^^^^^^^^^^^^
[INFO] [stdout] 
[INFO] [stdout] 
[INFO] [stdout] warning: unused variable: `xrpl`
[INFO] [stdout]   --> examples/galaxy_sign_claim.rs:14:9
[INFO] [stdout]    |
[INFO] [stdout] 14 |     let xrpl = XRPL::new(
[INFO] [stdout]    |         ^^^^ help: if this is intentional, prefix it with an underscore: `_xrpl`
[INFO] [stdout]    |
[INFO] [stdout]    = note: `#[warn(unused_variables)]` on by default
[INFO] [stdout] 
[INFO] [stdout] 
[INFO] [stdout] warning: variable does not need to be mutable
[INFO] [stdout]   --> examples/galaxy_sign_claim.rs:23:9
[INFO] [stdout]    |
[INFO] [stdout] 23 |     let mut wallet =
[INFO] [stdout]    |         ----^^^^^^
[INFO] [stdout]    |         |
[INFO] [stdout]    |         help: remove this `mut`
[INFO] [stdout]    |
[INFO] [stdout]    = note: `#[warn(unused_mut)]` on by default
[INFO] [stdout] 
[INFO] [stdout] 
[INFO] [stdout] warning: unused imports: `CurrencyAmount`, `account::AccountInfoRequest`, and `utils::testnet`
[INFO] [stdout]  --> examples/galaxy_create_payment_channel.rs:7:9
[INFO] [stdout]   |
[INFO] [stdout] 7 |         account::AccountInfoRequest, submit::SubmitRequest, CurrencyAmount,
[INFO] [stdout]   |         ^^^^^^^^^^^^^^^^^^^^^^^^^^^                         ^^^^^^^^^^^^^^
[INFO] [stdout] 8 |     },
[INFO] [stdout] 9 |     utils::testnet,
[INFO] [stdout]   |     ^^^^^^^^^^^^^^
[INFO] [stdout]   |
[INFO] [stdout]   = note: `#[warn(unused_imports)]` on by default
[INFO] [stdout] 
[INFO] [stdout] 
[INFO] [stdout] warning: unused import: `serde::de::DeserializeOwned`
[INFO] [stdout]   --> src/lib.rs:35:5
[INFO] [stdout]    |
[INFO] [stdout] 35 | use serde::de::DeserializeOwned;
[INFO] [stdout]    |     ^^^^^^^^^^^^^^^^^^^^^^^^^^^
[INFO] [stdout]    |
[INFO] [stdout]    = note: `#[warn(unused_imports)]` on by default
[INFO] [stdout] 
[INFO] [stdout] 
[INFO] [stdout] warning: unused imports: `AccountRoot`, `Address`, `LedgerEntry`, `LedgerInfo`, `PaginationInfo`, and `SignerList`
[INFO] [stdout]  --> src/types/fee.rs:1:13
[INFO] [stdout]   |
[INFO] [stdout] 1 | use super::{Address, CurrencyAmount, LedgerInfo, PaginationInfo, SignerList, AccountRoot, LedgerEntry};
[INFO] [stdout]   |             ^^^^^^^                  ^^^^^^^^^^  ^^^^^^^^^^^^^^  ^^^^^^^^^^  ^^^^^^^^^^^  ^^^^^^^^^^^
[INFO] [stdout] 
[INFO] [stdout] 
[INFO] [stdout] warning: unused imports: `AccountRoot`, `Address`, `CurrencyAmount`, `LedgerEntry`, `LedgerInfo`, `PaginationInfo`, and `SignerList`
[INFO] [stdout]  --> src/types/channels.rs:1:13
[INFO] [stdout]   |
[INFO] [stdout] 1 | use super::{Address, CurrencyAmount, LedgerInfo, PaginationInfo, SignerList, AccountRoot, LedgerEntry, BigInt};
[INFO] [stdout]   |             ^^^^^^^  ^^^^^^^^^^^^^^  ^^^^^^^^^^  ^^^^^^^^^^^^^^  ^^^^^^^^^^  ^^^^^^^^^^^  ^^^^^^^^^^^
[INFO] [stdout] 
[INFO] [stdout] 
[INFO] [stdout] warning: unused import: `crate::transaction::types::Transaction`
[INFO] [stdout]  --> src/types/tx.rs:1:5
[INFO] [stdout]   |
[INFO] [stdout] 1 | use crate::transaction::types::Transaction;
[INFO] [stdout]   |     ^^^^^^^^^^^^^^^^^^^^^^^^^^^^^^^^^^^^^^
[INFO] [stdout] 
[INFO] [stdout] 
[INFO] [stdout] warning: unused import: `TryFrom`
[INFO] [stdout]  --> src/types/mod.rs:9:20
[INFO] [stdout]   |
[INFO] [stdout] 9 | use std::convert::{TryFrom, TryInto};
[INFO] [stdout]   |                    ^^^^^^^
[INFO] [stdout] 
[INFO] [stdout] 
[INFO] [stdout] warning: unused import: `std::num::ParseIntError`
[INFO] [stdout]   --> src/types/mod.rs:10:5
[INFO] [stdout]    |
[INFO] [stdout] 10 | use std::num::ParseIntError;
[INFO] [stdout]    |     ^^^^^^^^^^^^^^^^^^^^^^^
[INFO] [stdout] 
[INFO] [stdout] 
[INFO] [stdout] warning: unused import: `std::ops::Add`
[INFO] [stdout]   --> src/types/mod.rs:11:5
[INFO] [stdout]    |
[INFO] [stdout] 11 | use std::ops::Add;
[INFO] [stdout]    |     ^^^^^^^^^^^^^
[INFO] [stdout] 
[INFO] [stdout] 
[INFO] [stdout] warning: unused import: `std::str::FromStr`
[INFO] [stdout]   --> src/types/mod.rs:12:5
[INFO] [stdout]    |
[INFO] [stdout] 12 | use std::str::FromStr;
[INFO] [stdout]    |     ^^^^^^^^^^^^^^^^^
[INFO] [stdout] 
[INFO] [stdout] 
[INFO] [stdout] warning: unused import: `Client`
[INFO] [stdout]  --> src/utils/testnet/mod.rs:1:15
[INFO] [stdout]   |
[INFO] [stdout] 1 | use reqwest::{Client, Error};
[INFO] [stdout]   |               ^^^^^^
[INFO] [stdout] 
[INFO] [stdout] 
[INFO] [stdout] warning: unused import: `rust_decimal::Decimal`
[INFO] [stdout]  --> src/wallet/mod.rs:4:5
[INFO] [stdout]   |
[INFO] [stdout] 4 | use rust_decimal::Decimal;
[INFO] [stdout]   |     ^^^^^^^^^^^^^^^^^^^^^
[INFO] [stdout] 
[INFO] [stdout] 
[INFO] [stdout] warning: unused import: `rand::rngs::OsRng`
[INFO] [stdout]  --> src/wallet/mod.rs:6:5
[INFO] [stdout]   |
[INFO] [stdout] 6 |     rand::rngs::OsRng, All, Error as Secp256k1Error, KeyPair as Secp256k1KeyPair, Message,
[INFO] [stdout]   |     ^^^^^^^^^^^^^^^^^
[INFO] [stdout] 
[INFO] [stdout] 
[INFO] [stdout] warning: unused import: `serde_json::json`
[INFO] [stdout]   --> src/wallet/mod.rs:10:5
[INFO] [stdout]    |
[INFO] [stdout] 10 | use serde_json::json;
[INFO] [stdout]    |     ^^^^^^^^^^^^^^^^
[INFO] [stdout] 
[INFO] [stdout] 
[INFO] [stdout] warning: unused import: `PaymentChannelClaim`
[INFO] [stdout]   --> src/wallet/mod.rs:13:33
[INFO] [stdout]    |
[INFO] [stdout] 13 | use crate::transaction::types::{PaymentChannelClaim, Transaction};
[INFO] [stdout]    |                                 ^^^^^^^^^^^^^^^^^^^
[INFO] [stdout] 
[INFO] [stdout] 
[INFO] [stdout] warning: unused imports: `CurrencyAmount` and `TF_CLOSE`
[INFO] [stdout]  --> examples/galaxy_claim.rs:1:49
[INFO] [stdout]   |
[INFO] [stdout] 1 | ...t, CurrencyAmount, submit::SubmitRequest, channels::ChannelVerifyRequest}, wallet::Wallet, XRPL, transaction::types::{PaymentChannelClaim, TF_CLOSE...
[INFO] [stdout]   |       ^^^^^^^^^^^^^^                                                                                                                          ^^^^^^^^
[INFO] [stdout]   |
[INFO] [stdout]   = note: `#[warn(unused_imports)]` on by default
[INFO] [stdout] 
[INFO] [stdout] 
[INFO] [stdout] warning: field `counter` is never read
[INFO] [stdout]   --> src/transports.rs:83:5
[INFO] [stdout]    |
[INFO] [stdout] 82 | pub struct HTTP {
[INFO] [stdout]    |            ---- field in this struct
[INFO] [stdout] 83 |     counter: AtomicU64,
[INFO] [stdout]    |     ^^^^^^^
[INFO] [stdout]    |
[INFO] [stdout]    = note: `#[warn(dead_code)]` on by default
[INFO] [stdout] 
[INFO] [stdout] 
[INFO] [stdout] warning: field `id` is never read
[INFO] [stdout]    --> src/transports.rs:149:5
[INFO] [stdout]     |
[INFO] [stdout] 148 | pub struct PendingRequest {
[INFO] [stdout]     |            -------------- field in this struct
[INFO] [stdout] 149 |     id: RequestId,
[INFO] [stdout]     |     ^^
[INFO] [stdout]     |
[INFO] [stdout]     = note: `PendingRequest` has derived impls for the traits `Clone` and `Debug`, but these are intentionally ignored during dead code analysis
[INFO] [stdout] 
[INFO] [stdout] 
[INFO] [stdout] warning: field `secret` is never read
[INFO] [stdout]   --> src/wallet/mod.rs:62:5
[INFO] [stdout]    |
[INFO] [stdout] 56 | pub struct Wallet {
[INFO] [stdout]    |            ------ field in this struct
[INFO] [stdout] ...
[INFO] [stdout] 62 |     secret: String,
[INFO] [stdout]    |     ^^^^^^
[INFO] [stdout] 
[INFO] [stdout] 
[INFO] [stdout] warning: function `decode_secret` is never used
[INFO] [stdout]    --> src/wallet/mod.rs:244:4
[INFO] [stdout]     |
[INFO] [stdout] 244 | fn decode_secret(secret: &str) -> Result<Vec<u8>, Error> {
[INFO] [stdout]     |    ^^^^^^^^^^^^^
[INFO] [stdout] 
[INFO] [stdout] 
[INFO] [stderr]     Finished `test` profile [unoptimized + debuginfo] target(s) in 5.82s
[INFO] [stderr] warning: the following packages contain code that will be rejected by a future version of Rust: traitobject v0.1.0
[INFO] [stderr] note: to see what the problems were, use the option `--future-incompat-report`, or run `cargo report future-incompatibilities --id 1`
[INFO] running `Command { std: "docker" "inspect" "32032335f305344c01b9ee16a160beb60ca8ac1202e31d2eae8f268b49b220fa", kill_on_drop: false }`
[INFO] running `Command { std: "docker" "rm" "-f" "32032335f305344c01b9ee16a160beb60ca8ac1202e31d2eae8f268b49b220fa", kill_on_drop: false }`
[INFO] [stdout] 32032335f305344c01b9ee16a160beb60ca8ac1202e31d2eae8f268b49b220fa
[INFO] running `Command { std: "docker" "create" "-v" "/var/lib/crater-agent-workspace/builds/worker-3-tc1/target:/opt/rustwide/target:rw,Z" "-v" "/var/lib/crater-agent-workspace/builds/worker-3-tc1/source:/opt/rustwide/workdir:ro,Z" "-v" "/var/lib/crater-agent-workspace/cargo-home:/opt/rustwide/cargo-home:ro,Z" "-v" "/var/lib/crater-agent-workspace/rustup-home:/opt/rustwide/rustup-home:ro,Z" "-e" "SOURCE_DIR=/opt/rustwide/workdir" "-e" "CARGO_TARGET_DIR=/opt/rustwide/target" "-e" "CARGO_INCREMENTAL=0" "-e" "RUST_BACKTRACE=full" "-e" "RUSTFLAGS=--cap-lints=forbid" "-e" "RUSTDOCFLAGS=--cap-lints=forbid" "-e" "CARGO_HOME=/opt/rustwide/cargo-home" "-e" "RUSTUP_HOME=/opt/rustwide/rustup-home" "-w" "/opt/rustwide/workdir" "-m" "1610612736" "--user" "0:0" "--network" "none" "ghcr.io/rust-lang/crates-build-env/linux@sha256:4a844ea9eb2546a2d2c7022eacef16ef2e8229c7fbb2c7d4d55a9ceca922f72d" "/opt/rustwide/cargo-home/bin/cargo" "+nightly-2024-10-28" "test" "--frozen", kill_on_drop: false }`
[INFO] [stdout] ae6a602ec03c361a2e8dcb8116e1188c99e75bda123661b63e0cb3ac4bdb3231
[INFO] running `Command { std: "docker" "start" "-a" "ae6a602ec03c361a2e8dcb8116e1188c99e75bda123661b63e0cb3ac4bdb3231", kill_on_drop: false }`
[INFO] [stderr] warning: unused import: `serde::de::DeserializeOwned`
[INFO] [stderr]   --> src/lib.rs:35:5
[INFO] [stderr]    |
[INFO] [stderr] 35 | use serde::de::DeserializeOwned;
[INFO] [stderr]    |     ^^^^^^^^^^^^^^^^^^^^^^^^^^^
[INFO] [stderr]    |
[INFO] [stderr]    = note: `#[warn(unused_imports)]` on by default
[INFO] [stderr] 
[INFO] [stderr] warning: unused imports: `AccountRoot`, `Address`, `LedgerEntry`, `LedgerInfo`, `PaginationInfo`, and `SignerList`
[INFO] [stderr]  --> src/types/fee.rs:1:13
[INFO] [stderr]   |
[INFO] [stderr] 1 | use super::{Address, CurrencyAmount, LedgerInfo, PaginationInfo, SignerList, AccountRoot, LedgerEntry};
[INFO] [stderr]   |             ^^^^^^^                  ^^^^^^^^^^  ^^^^^^^^^^^^^^  ^^^^^^^^^^  ^^^^^^^^^^^  ^^^^^^^^^^^
[INFO] [stderr] 
[INFO] [stderr] warning: unused imports: `AccountRoot`, `Address`, `CurrencyAmount`, `LedgerEntry`, `LedgerInfo`, `PaginationInfo`, and `SignerList`
[INFO] [stderr]  --> src/types/channels.rs:1:13
[INFO] [stderr]   |
[INFO] [stderr] 1 | use super::{Address, CurrencyAmount, LedgerInfo, PaginationInfo, SignerList, AccountRoot, LedgerEntry, BigInt};
[INFO] [stderr]   |             ^^^^^^^  ^^^^^^^^^^^^^^  ^^^^^^^^^^  ^^^^^^^^^^^^^^  ^^^^^^^^^^  ^^^^^^^^^^^  ^^^^^^^^^^^
[INFO] [stderr] 
[INFO] [stderr] warning: unused import: `crate::transaction::types::Transaction`
[INFO] [stderr]  --> src/types/tx.rs:1:5
[INFO] [stderr]   |
[INFO] [stderr] 1 | use crate::transaction::types::Transaction;
[INFO] [stderr]   |     ^^^^^^^^^^^^^^^^^^^^^^^^^^^^^^^^^^^^^^
[INFO] [stderr] 
[INFO] [stderr] warning: unused import: `TryFrom`
[INFO] [stderr]  --> src/types/mod.rs:9:20
[INFO] [stderr]   |
[INFO] [stderr] 9 | use std::convert::{TryFrom, TryInto};
[INFO] [stderr]   |                    ^^^^^^^
[INFO] [stderr] 
[INFO] [stderr] warning: unused import: `std::num::ParseIntError`
[INFO] [stderr]   --> src/types/mod.rs:10:5
[INFO] [stderr]    |
[INFO] [stderr] 10 | use std::num::ParseIntError;
[INFO] [stderr]    |     ^^^^^^^^^^^^^^^^^^^^^^^
[INFO] [stderr] 
[INFO] [stderr] warning: unused import: `std::ops::Add`
[INFO] [stderr]   --> src/types/mod.rs:11:5
[INFO] [stderr]    |
[INFO] [stderr] 11 | use std::ops::Add;
[INFO] [stderr]    |     ^^^^^^^^^^^^^
[INFO] [stderr] 
[INFO] [stderr] warning: unused import: `std::str::FromStr`
[INFO] [stderr]   --> src/types/mod.rs:12:5
[INFO] [stderr]    |
[INFO] [stderr] 12 | use std::str::FromStr;
[INFO] [stderr]    |     ^^^^^^^^^^^^^^^^^
[INFO] [stderr] 
[INFO] [stderr] warning: unused import: `Client`
[INFO] [stderr]  --> src/utils/testnet/mod.rs:1:15
[INFO] [stderr]   |
[INFO] [stderr] 1 | use reqwest::{Client, Error};
[INFO] [stderr]   |               ^^^^^^
[INFO] [stderr] 
[INFO] [stderr] warning: unused import: `rust_decimal::Decimal`
[INFO] [stderr]  --> src/wallet/mod.rs:4:5
[INFO] [stderr]   |
[INFO] [stderr] 4 | use rust_decimal::Decimal;
[INFO] [stderr]   |     ^^^^^^^^^^^^^^^^^^^^^
[INFO] [stderr] 
[INFO] [stderr] warning: unused import: `rand::rngs::OsRng`
[INFO] [stderr]  --> src/wallet/mod.rs:6:5
[INFO] [stderr]   |
[INFO] [stderr] 6 |     rand::rngs::OsRng, All, Error as Secp256k1Error, KeyPair as Secp256k1KeyPair, Message,
[INFO] [stderr]   |     ^^^^^^^^^^^^^^^^^
[INFO] [stderr] 
[INFO] [stderr] warning: unused import: `serde_json::json`
[INFO] [stderr]   --> src/wallet/mod.rs:10:5
[INFO] [stderr]    |
[INFO] [stderr] 10 | use serde_json::json;
[INFO] [stderr]    |     ^^^^^^^^^^^^^^^^
[INFO] [stderr] 
[INFO] [stderr] warning: unused import: `PaymentChannelClaim`
[INFO] [stderr]   --> src/wallet/mod.rs:13:33
[INFO] [stderr]    |
[INFO] [stderr] 13 | use crate::transaction::types::{PaymentChannelClaim, Transaction};
[INFO] [stderr]    |                                 ^^^^^^^^^^^^^^^^^^^
[INFO] [stderr] 
[INFO] [stderr] warning: field `counter` is never read
[INFO] [stderr]   --> src/transports.rs:83:5
[INFO] [stderr]    |
[INFO] [stderr] 82 | pub struct HTTP {
[INFO] [stderr]    |            ---- field in this struct
[INFO] [stderr] 83 |     counter: AtomicU64,
[INFO] [stderr]    |     ^^^^^^^
[INFO] [stderr]    |
[INFO] [stderr]    = note: `#[warn(dead_code)]` on by default
[INFO] [stderr] 
[INFO] [stderr] warning: field `id` is never read
[INFO] [stderr]    --> src/transports.rs:149:5
[INFO] [stderr]     |
[INFO] [stderr] 148 | pub struct PendingRequest {
[INFO] [stderr]     |            -------------- field in this struct
[INFO] [stderr] 149 |     id: RequestId,
[INFO] [stderr]     |     ^^
[INFO] [stderr]     |
[INFO] [stderr]     = note: `PendingRequest` has derived impls for the traits `Clone` and `Debug`, but these are intentionally ignored during dead code analysis
[INFO] [stderr] 
[INFO] [stderr] warning: field `secret` is never read
[INFO] [stderr]   --> src/wallet/mod.rs:62:5
[INFO] [stderr]    |
[INFO] [stderr] 56 | pub struct Wallet {
[INFO] [stderr]    |            ------ field in this struct
[INFO] [stderr] ...
[INFO] [stderr] 62 |     secret: String,
[INFO] [stderr]    |     ^^^^^^
[INFO] [stderr] 
[INFO] [stderr] warning: function `decode_secret` is never used
[INFO] [stderr]    --> src/wallet/mod.rs:244:4
[INFO] [stderr]     |
[INFO] [stderr] 244 | fn decode_secret(secret: &str) -> Result<Vec<u8>, Error> {
[INFO] [stderr]     |    ^^^^^^^^^^^^^
[INFO] [stderr] 
[INFO] [stderr] warning: `xrpl-rs` (lib) generated 17 warnings (run `cargo fix --lib -p xrpl-rs` to apply 13 suggestions)
[INFO] [stderr] warning: `xrpl-rs` (lib test) generated 17 warnings (17 duplicates)
[INFO] [stderr] warning: unused imports: `CurrencyAmount` and `TF_CLOSE`
[INFO] [stderr]  --> examples/galaxy_claim.rs:1:49
[INFO] [stderr]   |
[INFO] [stderr] 1 | ...t, CurrencyAmount, submit::SubmitRequest, channels::ChannelVerifyRequest}, wallet::Wallet, XRPL, transaction::types::{PaymentChannelClaim, TF_CLOSE...
[INFO] [stderr]   |       ^^^^^^^^^^^^^^                                                                                                                          ^^^^^^^^
[INFO] [stderr]   |
[INFO] [stderr]   = note: `#[warn(unused_imports)]` on by default
[INFO] [stderr] 
[INFO] [stderr] warning: unused variable: `xrpl`
[INFO] [stderr]   --> examples/galaxy_sign_claim.rs:14:9
[INFO] [stderr]    |
[INFO] [stderr] 14 |     let xrpl = XRPL::new(
[INFO] [stderr]    |         ^^^^ help: if this is intentional, prefix it with an underscore: `_xrpl`
[INFO] [stderr]    |
[INFO] [stderr]    = note: `#[warn(unused_variables)]` on by default
[INFO] [stderr] 
[INFO] [stderr] warning: variable does not need to be mutable
[INFO] [stderr]   --> examples/galaxy_sign_claim.rs:23:9
[INFO] [stderr]    |
[INFO] [stderr] 23 |     let mut wallet =
[INFO] [stderr]    |         ----^^^^^^
[INFO] [stderr]    |         |
[INFO] [stderr]    |         help: remove this `mut`
[INFO] [stderr]    |
[INFO] [stderr]    = note: `#[warn(unused_mut)]` on by default
[INFO] [stderr] 
[INFO] [stderr] warning: unused imports: `CurrencyAmount`, `account::AccountInfoRequest`, and `utils::testnet`
[INFO] [stderr]  --> examples/galaxy_create_payment_channel.rs:7:9
[INFO] [stderr]   |
[INFO] [stderr] 7 |         account::AccountInfoRequest, submit::SubmitRequest, CurrencyAmount,
[INFO] [stderr]   |         ^^^^^^^^^^^^^^^^^^^^^^^^^^^                         ^^^^^^^^^^^^^^
[INFO] [stderr] 8 |     },
[INFO] [stderr] 9 |     utils::testnet,
[INFO] [stderr]   |     ^^^^^^^^^^^^^^
[INFO] [stderr]   |
[INFO] [stderr]   = note: `#[warn(unused_imports)]` on by default
[INFO] [stderr] 
[INFO] [stderr] warning: `xrpl-rs` (example "galaxy_claim") generated 1 warning (run `cargo fix --example "galaxy_claim"` to apply 1 suggestion)
[INFO] [stderr] warning: `xrpl-rs` (example "galaxy_sign_claim") generated 2 warnings (run `cargo fix --example "galaxy_sign_claim"` to apply 1 suggestion)
[INFO] [stderr] warning: `xrpl-rs` (example "galaxy_create_payment_channel") generated 1 warning (run `cargo fix --example "galaxy_create_payment_channel"` to apply 1 suggestion)
[INFO] [stderr]     Finished `test` profile [unoptimized + debuginfo] target(s) in 0.47s
[INFO] [stderr] warning: the following packages contain code that will be rejected by a future version of Rust: traitobject v0.1.0
[INFO] [stderr] note: to see what the problems were, use the option `--future-incompat-report`, or run `cargo report future-incompatibilities --id 1`
[INFO] [stderr]      Running unittests src/lib.rs (/opt/rustwide/target/debug/deps/xrpl_rs-1f5586a21de16ef6)
[INFO] [stdout] 
[INFO] [stdout] running 2 tests
[INFO] [stdout] test tests::create_client ... ok
[INFO] [stdout] test tests::account_info ... ok
[INFO] [stdout] 
[INFO] [stdout] test result: ok. 2 passed; 0 failed; 0 ignored; 0 measured; 0 filtered out; finished in 0.07s
[INFO] [stdout] 
[INFO] [stderr]    Doc-tests xrpl_rs
[INFO] [stdout] 
[INFO] [stdout] running 2 tests
[INFO] [stdout] test src/lib.rs - (line 4) ... FAILED
[INFO] [stdout] test src/lib.rs - XRPL (line 73) ... FAILED
[INFO] [stdout] 
[INFO] [stdout] failures:
[INFO] [stdout] 
[INFO] [stdout] ---- src/lib.rs - (line 4) stdout ----
[INFO] [stdout] Test executable failed (exit status: 101).
[INFO] [stdout] 
[INFO] [stdout] stderr:
[INFO] [stdout] thread 'main' panicked at src/lib.rs:26:10:
[INFO] [stdout] called `Result::unwrap()` on an `Err` value: TransportError(ReqwestError(reqwest::Error { kind: Request, url: Url { scheme: "http", cannot_be_a_base: false, username: "", password: None, host: Some(Domain("s1.ripple.com")), port: Some(51234), path: "/", query: None, fragment: None }, source: hyper::Error(Connect, ConnectError("dns error", Custom { kind: Uncategorized, error: "failed to lookup address information: Temporary failure in name resolution" })) }))
[INFO] [stdout] stack backtrace:
[INFO] [stdout]    0:     0x5c9260fe499a - std::backtrace_rs::backtrace::libunwind::trace::h207520d6e9873551
[INFO] [stdout]                                at /rustc/df4ca44d3fbc9301ee17f30f4d474e6ae4b05252/library/std/src/../../backtrace/src/backtrace/libunwind.rs:116:5
[INFO] [stdout]    1:     0x5c9260fe499a - std::backtrace_rs::backtrace::trace_unsynchronized::h2ed7433f370e3eca
[INFO] [stdout]                                at /rustc/df4ca44d3fbc9301ee17f30f4d474e6ae4b05252/library/std/src/../../backtrace/src/backtrace/mod.rs:66:5
[INFO] [stdout]    2:     0x5c9260fe499a - std::sys::backtrace::_print_fmt::h916fac51166b18d7
[INFO] [stdout]                                at /rustc/df4ca44d3fbc9301ee17f30f4d474e6ae4b05252/library/std/src/sys/backtrace.rs:66:9
[INFO] [stdout]    3:     0x5c9260fe499a - <std::sys::backtrace::BacktraceLock::print::DisplayBacktrace as core::fmt::Display>::fmt::ha0a4c9b8ce3802e6
[INFO] [stdout]                                at /rustc/df4ca44d3fbc9301ee17f30f4d474e6ae4b05252/library/std/src/sys/backtrace.rs:39:26
[INFO] [stdout]    4:     0x5c9261009633 - core::fmt::rt::Argument::fmt::h4cfc8587d52b3eb5
[INFO] [stdout]                                at /rustc/df4ca44d3fbc9301ee17f30f4d474e6ae4b05252/library/core/src/fmt/rt.rs:177:76
[INFO] [stdout]    5:     0x5c9261009633 - core::fmt::write::h522cc39e5b36ae9f
[INFO] [stdout]                                at /rustc/df4ca44d3fbc9301ee17f30f4d474e6ae4b05252/library/core/src/fmt/mod.rs:1190:21
[INFO] [stdout]    6:     0x5c9260fe13f3 - std::io::Write::write_fmt::hf1c1dcc8cc1287f0
[INFO] [stdout]                                at /rustc/df4ca44d3fbc9301ee17f30f4d474e6ae4b05252/library/std/src/io/mod.rs:1839:15
[INFO] [stdout]    7:     0x5c9260fe47e2 - std::sys::backtrace::BacktraceLock::print::h4b9e00b29e9c0942
[INFO] [stdout]                                at /rustc/df4ca44d3fbc9301ee17f30f4d474e6ae4b05252/library/std/src/sys/backtrace.rs:42:9
[INFO] [stdout]    8:     0x5c9260fe57ac - std::panicking::default_hook::{{closure}}::hb59b88280d0324d9
[INFO] [stdout]                                at /rustc/df4ca44d3fbc9301ee17f30f4d474e6ae4b05252/library/std/src/panicking.rs:268:22
[INFO] [stdout]    9:     0x5c9260fe55f2 - std::panicking::default_hook::he1dd496665be4a29
[INFO] [stdout]                                at /rustc/df4ca44d3fbc9301ee17f30f4d474e6ae4b05252/library/std/src/panicking.rs:295:9
[INFO] [stdout]   10:     0x5c9260fe5de7 - std::panicking::rust_panic_with_hook::h2ff17fe8f26dfcf8
[INFO] [stdout]                                at /rustc/df4ca44d3fbc9301ee17f30f4d474e6ae4b05252/library/std/src/panicking.rs:801:13
[INFO] [stdout]   11:     0x5c9260fe5c7a - std::panicking::begin_panic_handler::{{closure}}::h4fad77951c07e101
[INFO] [stdout]                                at /rustc/df4ca44d3fbc9301ee17f30f4d474e6ae4b05252/library/std/src/panicking.rs:674:13
[INFO] [stdout]   12:     0x5c9260fe4e79 - std::sys::backtrace::__rust_end_short_backtrace::hb1a25b3da5d0ea08
[INFO] [stdout]                                at /rustc/df4ca44d3fbc9301ee17f30f4d474e6ae4b05252/library/std/src/sys/backtrace.rs:170:18
[INFO] [stdout]   13:     0x5c9260fe590c - rust_begin_unwind
[INFO] [stdout]                                at /rustc/df4ca44d3fbc9301ee17f30f4d474e6ae4b05252/library/std/src/panicking.rs:665:5
[INFO] [stdout]   14:     0x5c9261007840 - core::panicking::panic_fmt::ha9db07b529f9b256
[INFO] [stdout]                                at /rustc/df4ca44d3fbc9301ee17f30f4d474e6ae4b05252/library/core/src/panicking.rs:75:14
[INFO] [stdout]   15:     0x5c9261007cc6 - core::result::unwrap_failed::h5e8218e4d4338b8a
[INFO] [stdout]                                at /rustc/df4ca44d3fbc9301ee17f30f4d474e6ae4b05252/library/core/src/result.rs:1698:5
[INFO] [stdout]   16:     0x5c9260b81a66 - rust_out::main::_doctest_main_src_lib_rs_4_0::{{closure}}::h8c0db0db49412757
[INFO] [stdout]   17:     0x5c9260b6bf67 - <core::pin::Pin<P> as core::future::future::Future>::poll::hbccec83f30d47691
[INFO] [stdout]   18:     0x5c9260b68cd4 - tokio::runtime::basic_scheduler::Inner<P>::block_on::{{closure}}::{{closure}}::h3c809a20f688de54
[INFO] [stdout]   19:     0x5c9260b67465 - tokio::coop::with_budget::{{closure}}::h1da97269a233319e
[INFO] [stdout]   20:     0x5c9260b511cb - std::thread::local::LocalKey<T>::try_with::h84b8a23b141c944e
[INFO] [stdout]   21:     0x5c9260b50e9b - std::thread::local::LocalKey<T>::with::he66d98c47ee85733
[INFO] [stdout]   22:     0x5c9260b684a6 - tokio::runtime::basic_scheduler::Inner<P>::block_on::{{closure}}::hfffd2da115db7418
[INFO] [stdout]   23:     0x5c9260b698e1 - tokio::runtime::basic_scheduler::enter::{{closure}}::h7a0025eb1ee01059
[INFO] [stdout]   24:     0x5c9260b6800a - tokio::macros::scoped_tls::ScopedKey<T>::set::h607bed59d9f29690
[INFO] [stdout]   25:     0x5c9260b69863 - tokio::runtime::basic_scheduler::enter::haebbebf9f9091957
[INFO] [stdout]   26:     0x5c9260b681ed - tokio::runtime::basic_scheduler::Inner<P>::block_on::h6d4d329a7c495b50
[INFO] [stdout]   27:     0x5c9260b68e62 - tokio::runtime::basic_scheduler::InnerGuard<P>::block_on::he362350e1b0048ae
[INFO] [stdout]   28:     0x5c9260b6914f - tokio::runtime::basic_scheduler::BasicScheduler<P>::block_on::h9b180f1d52d466a9
[INFO] [stdout]   29:     0x5c9260b69c07 - tokio::runtime::Runtime::block_on::h64a0e9323ce3672a
[INFO] [stdout]   30:     0x5c9260b3c36d - tokio_test::block_on::h8b3c5eb5323722d7
[INFO] [stdout]   31:     0x5c9260b81664 - rust_out::main::_doctest_main_src_lib_rs_4_0::h4991ee0d908afd8c
[INFO] [stdout]   32:     0x5c9260b81246 - rust_out::main::ha213a30daa5df4da
[INFO] [stdout]   33:     0x5c9260b527b3 - core::ops::function::FnOnce::call_once::hf7edf7132571051c
[INFO] [stdout]   34:     0x5c9260b50d76 - std::sys::backtrace::__rust_begin_short_backtrace::h32fd822fd2ba4079
[INFO] [stdout]   35:     0x5c9260b50d59 - std::rt::lang_start::{{closure}}::h4039a1c394ed4f7c
[INFO] [stdout]   36:     0x5c9260fde977 - core::ops::function::impls::<impl core::ops::function::FnOnce<A> for &F>::call_once::hd87d66b906e0ccaf
[INFO] [stdout]                                at /rustc/df4ca44d3fbc9301ee17f30f4d474e6ae4b05252/library/core/src/ops/function.rs:284:13
[INFO] [stdout]   37:     0x5c9260fde977 - std::panicking::try::do_call::hae3703de71fc9e3a
[INFO] [stdout]                                at /rustc/df4ca44d3fbc9301ee17f30f4d474e6ae4b05252/library/std/src/panicking.rs:557:40
[INFO] [stdout]   38:     0x5c9260fde977 - std::panicking::try::h1178330e9a2b2645
[INFO] [stdout]                                at /rustc/df4ca44d3fbc9301ee17f30f4d474e6ae4b05252/library/std/src/panicking.rs:520:19
[INFO] [stdout]   39:     0x5c9260fde977 - std::panic::catch_unwind::h0acf49d2305d32ad
[INFO] [stdout]                                at /rustc/df4ca44d3fbc9301ee17f30f4d474e6ae4b05252/library/std/src/panic.rs:358:14
[INFO] [stdout]   40:     0x5c9260fde977 - std::rt::lang_start_internal::{{closure}}::h2d95182d798177be
[INFO] [stdout]                                at /rustc/df4ca44d3fbc9301ee17f30f4d474e6ae4b05252/library/std/src/rt.rs:174:48
[INFO] [stdout]   41:     0x5c9260fde977 - std::panicking::try::do_call::hb506f5bfe11fd30c
[INFO] [stdout]                                at /rustc/df4ca44d3fbc9301ee17f30f4d474e6ae4b05252/library/std/src/panicking.rs:557:40
[INFO] [stdout]   42:     0x5c9260fde977 - std::panicking::try::h54d825c46bd0fa95
[INFO] [stdout]                                at /rustc/df4ca44d3fbc9301ee17f30f4d474e6ae4b05252/library/std/src/panicking.rs:520:19
[INFO] [stdout]   43:     0x5c9260fde977 - std::panic::catch_unwind::hffbb0ad20c4e9fac
[INFO] [stdout]                                at /rustc/df4ca44d3fbc9301ee17f30f4d474e6ae4b05252/library/std/src/panic.rs:358:14
[INFO] [stdout]   44:     0x5c9260fde977 - std::rt::lang_start_internal::h52c291ef1962c925
[INFO] [stdout]                                at /rustc/df4ca44d3fbc9301ee17f30f4d474e6ae4b05252/library/std/src/rt.rs:174:20
[INFO] [stdout]   45:     0x5c9260b50d37 - std::rt::lang_start::h8c6075cd6f225ba1
[INFO] [stdout]   46:     0x5c9260b81b25 - main
[INFO] [stdout]   47:     0x72473a3f0d90 - <unknown>
[INFO] [stdout]   48:     0x72473a3f0e40 - __libc_start_main
[INFO] [stdout]   49:     0x5c9260b31685 - _start
[INFO] [stdout]   50:                0x0 - <unknown>
[INFO] [stdout] 
[INFO] [stdout] 
[INFO] [stdout] ---- src/lib.rs - XRPL (line 73) stdout ----
[INFO] [stdout] Test executable failed (exit status: 101).
[INFO] [stdout] 
[INFO] [stdout] stderr:
[INFO] [stdout] thread 'main' panicked at src/lib.rs:26:10:
[INFO] [stdout] called `Result::unwrap()` on an `Err` value: TransportError(ReqwestError(reqwest::Error { kind: Request, url: Url { scheme: "http", cannot_be_a_base: false, username: "", password: None, host: Some(Domain("s1.ripple.com")), port: Some(51234), path: "/", query: None, fragment: None }, source: hyper::Error(Connect, ConnectError("dns error", Custom { kind: Uncategorized, error: "failed to lookup address information: Temporary failure in name resolution" })) }))
[INFO] [stdout] stack backtrace:
[INFO] [stdout]    0:     0x592e2089899a - std::backtrace_rs::backtrace::libunwind::trace::h207520d6e9873551
[INFO] [stdout]                                at /rustc/df4ca44d3fbc9301ee17f30f4d474e6ae4b05252/library/std/src/../../backtrace/src/backtrace/libunwind.rs:116:5
[INFO] [stdout]    1:     0x592e2089899a - std::backtrace_rs::backtrace::trace_unsynchronized::h2ed7433f370e3eca
[INFO] [stdout]                                at /rustc/df4ca44d3fbc9301ee17f30f4d474e6ae4b05252/library/std/src/../../backtrace/src/backtrace/mod.rs:66:5
[INFO] [stdout]    2:     0x592e2089899a - std::sys::backtrace::_print_fmt::h916fac51166b18d7
[INFO] [stdout]                                at /rustc/df4ca44d3fbc9301ee17f30f4d474e6ae4b05252/library/std/src/sys/backtrace.rs:66:9
[INFO] [stdout]    3:     0x592e2089899a - <std::sys::backtrace::BacktraceLock::print::DisplayBacktrace as core::fmt::Display>::fmt::ha0a4c9b8ce3802e6
[INFO] [stdout]                                at /rustc/df4ca44d3fbc9301ee17f30f4d474e6ae4b05252/library/std/src/sys/backtrace.rs:39:26
[INFO] [stdout]    4:     0x592e208bd633 - core::fmt::rt::Argument::fmt::h4cfc8587d52b3eb5
[INFO] [stdout]                                at /rustc/df4ca44d3fbc9301ee17f30f4d474e6ae4b05252/library/core/src/fmt/rt.rs:177:76
[INFO] [stdout]    5:     0x592e208bd633 - core::fmt::write::h522cc39e5b36ae9f
[INFO] [stdout]                                at /rustc/df4ca44d3fbc9301ee17f30f4d474e6ae4b05252/library/core/src/fmt/mod.rs:1190:21
[INFO] [stdout]    6:     0x592e208953f3 - std::io::Write::write_fmt::hf1c1dcc8cc1287f0
[INFO] [stdout]                                at /rustc/df4ca44d3fbc9301ee17f30f4d474e6ae4b05252/library/std/src/io/mod.rs:1839:15
[INFO] [stdout]    7:     0x592e208987e2 - std::sys::backtrace::BacktraceLock::print::h4b9e00b29e9c0942
[INFO] [stdout]                                at /rustc/df4ca44d3fbc9301ee17f30f4d474e6ae4b05252/library/std/src/sys/backtrace.rs:42:9
[INFO] [stdout]    8:     0x592e208997ac - std::panicking::default_hook::{{closure}}::hb59b88280d0324d9
[INFO] [stdout]                                at /rustc/df4ca44d3fbc9301ee17f30f4d474e6ae4b05252/library/std/src/panicking.rs:268:22
[INFO] [stdout]    9:     0x592e208995f2 - std::panicking::default_hook::he1dd496665be4a29
[INFO] [stdout]                                at /rustc/df4ca44d3fbc9301ee17f30f4d474e6ae4b05252/library/std/src/panicking.rs:295:9
[INFO] [stdout]   10:     0x592e20899de7 - std::panicking::rust_panic_with_hook::h2ff17fe8f26dfcf8
[INFO] [stdout]                                at /rustc/df4ca44d3fbc9301ee17f30f4d474e6ae4b05252/library/std/src/panicking.rs:801:13
[INFO] [stdout]   11:     0x592e20899c7a - std::panicking::begin_panic_handler::{{closure}}::h4fad77951c07e101
[INFO] [stdout]                                at /rustc/df4ca44d3fbc9301ee17f30f4d474e6ae4b05252/library/std/src/panicking.rs:674:13
[INFO] [stdout]   12:     0x592e20898e79 - std::sys::backtrace::__rust_end_short_backtrace::hb1a25b3da5d0ea08
[INFO] [stdout]                                at /rustc/df4ca44d3fbc9301ee17f30f4d474e6ae4b05252/library/std/src/sys/backtrace.rs:170:18
[INFO] [stdout]   13:     0x592e2089990c - rust_begin_unwind
[INFO] [stdout]                                at /rustc/df4ca44d3fbc9301ee17f30f4d474e6ae4b05252/library/std/src/panicking.rs:665:5
[INFO] [stdout]   14:     0x592e208bb840 - core::panicking::panic_fmt::ha9db07b529f9b256
[INFO] [stdout]                                at /rustc/df4ca44d3fbc9301ee17f30f4d474e6ae4b05252/library/core/src/panicking.rs:75:14
[INFO] [stdout]   15:     0x592e208bbcc6 - core::result::unwrap_failed::h5e8218e4d4338b8a
[INFO] [stdout]                                at /rustc/df4ca44d3fbc9301ee17f30f4d474e6ae4b05252/library/core/src/result.rs:1698:5
[INFO] [stdout]   16:     0x592e20435a66 - rust_out::main::_doctest_main_src_lib_rs_73_0::{{closure}}::h380b8efe24b15b4c
[INFO] [stdout]   17:     0x592e2041ff67 - <core::pin::Pin<P> as core::future::future::Future>::poll::h0fbf5a200a5a0dad
[INFO] [stdout]   18:     0x592e2041cce4 - tokio::runtime::basic_scheduler::Inner<P>::block_on::{{closure}}::{{closure}}::he720e527c110b29e
[INFO] [stdout]   19:     0x592e2041b585 - tokio::coop::with_budget::{{closure}}::h4cc460ada31f7297
[INFO] [stdout]   20:     0x592e2040537b - std::thread::local::LocalKey<T>::try_with::hd7a451408a879f20
[INFO] [stdout]   21:     0x592e20404e3b - std::thread::local::LocalKey<T>::with::h5b4deddc4b3637b7
[INFO] [stdout]   22:     0x592e2041c4a6 - tokio::runtime::basic_scheduler::Inner<P>::block_on::{{closure}}::he11a762e5b9e5f77
[INFO] [stdout]   23:     0x592e2041d8e1 - tokio::runtime::basic_scheduler::enter::{{closure}}::h152c84eccae307f3
[INFO] [stdout]   24:     0x592e2041c00a - tokio::macros::scoped_tls::ScopedKey<T>::set::h9832068ad99b4e2c
[INFO] [stdout]   25:     0x592e2041d863 - tokio::runtime::basic_scheduler::enter::hed8b8c4c03e5ee9c
[INFO] [stdout]   26:     0x592e2041c1ed - tokio::runtime::basic_scheduler::Inner<P>::block_on::hf1e295e292fa2dbe
[INFO] [stdout]   27:     0x592e2041ce62 - tokio::runtime::basic_scheduler::InnerGuard<P>::block_on::h869d762d5ebf0b23
[INFO] [stdout]   28:     0x592e2041d14f - tokio::runtime::basic_scheduler::BasicScheduler<P>::block_on::hc595f6fe3f776ef5
[INFO] [stdout]   29:     0x592e2041dc07 - tokio::runtime::Runtime::block_on::h78910e01bd4988b1
[INFO] [stdout]   30:     0x592e203f036d - tokio_test::block_on::h9bf4acac153abe07
[INFO] [stdout]   31:     0x592e20435664 - rust_out::main::_doctest_main_src_lib_rs_73_0::h7f3730734de94f99
[INFO] [stdout]   32:     0x592e20435246 - rust_out::main::ha213a30daa5df4da
[INFO] [stdout]   33:     0x592e204067b3 - core::ops::function::FnOnce::call_once::hf7edf7132571051c
[INFO] [stdout]   34:     0x592e20404d76 - std::sys::backtrace::__rust_begin_short_backtrace::h32fd822fd2ba4079
[INFO] [stdout]   35:     0x592e20404d59 - std::rt::lang_start::{{closure}}::h4039a1c394ed4f7c
[INFO] [stdout]   36:     0x592e20892977 - core::ops::function::impls::<impl core::ops::function::FnOnce<A> for &F>::call_once::hd87d66b906e0ccaf
[INFO] [stdout]                                at /rustc/df4ca44d3fbc9301ee17f30f4d474e6ae4b05252/library/core/src/ops/function.rs:284:13
[INFO] [stdout]   37:     0x592e20892977 - std::panicking::try::do_call::hae3703de71fc9e3a
[INFO] [stdout]                                at /rustc/df4ca44d3fbc9301ee17f30f4d474e6ae4b05252/library/std/src/panicking.rs:557:40
[INFO] [stdout]   38:     0x592e20892977 - std::panicking::try::h1178330e9a2b2645
[INFO] [stdout]                                at /rustc/df4ca44d3fbc9301ee17f30f4d474e6ae4b05252/library/std/src/panicking.rs:520:19
[INFO] [stdout]   39:     0x592e20892977 - std::panic::catch_unwind::h0acf49d2305d32ad
[INFO] [stdout]                                at /rustc/df4ca44d3fbc9301ee17f30f4d474e6ae4b05252/library/std/src/panic.rs:358:14
[INFO] [stdout]   40:     0x592e20892977 - std::rt::lang_start_internal::{{closure}}::h2d95182d798177be
[INFO] [stdout]                                at /rustc/df4ca44d3fbc9301ee17f30f4d474e6ae4b05252/library/std/src/rt.rs:174:48
[INFO] [stdout]   41:     0x592e20892977 - std::panicking::try::do_call::hb506f5bfe11fd30c
[INFO] [stdout]                                at /rustc/df4ca44d3fbc9301ee17f30f4d474e6ae4b05252/library/std/src/panicking.rs:557:40
[INFO] [stdout]   42:     0x592e20892977 - std::panicking::try::h54d825c46bd0fa95
[INFO] [stdout]                                at /rustc/df4ca44d3fbc9301ee17f30f4d474e6ae4b05252/library/std/src/panicking.rs:520:19
[INFO] [stdout]   43:     0x592e20892977 - std::panic::catch_unwind::hffbb0ad20c4e9fac
[INFO] [stdout]                                at /rustc/df4ca44d3fbc9301ee17f30f4d474e6ae4b05252/library/std/src/panic.rs:358:14
[INFO] [stdout]   44:     0x592e20892977 - std::rt::lang_start_internal::h52c291ef1962c925
[INFO] [stdout]                                at /rustc/df4ca44d3fbc9301ee17f30f4d474e6ae4b05252/library/std/src/rt.rs:174:20
[INFO] [stdout]   45:     0x592e20404d37 - std::rt::lang_start::h8c6075cd6f225ba1
[INFO] [stdout]   46:     0x592e20435b25 - main
[INFO] [stdout]   47:     0x78659c35bd90 - <unknown>
[INFO] [stdout]   48:     0x78659c35be40 - __libc_start_main
[INFO] [stdout]   49:     0x592e203e5685 - _start
[INFO] [stdout]   50:                0x0 - <unknown>
[INFO] [stdout] 
[INFO] [stdout] 
[INFO] [stdout] 
[INFO] [stdout] failures:
[INFO] [stdout]     src/lib.rs - (line 4)
[INFO] [stdout]     src/lib.rs - XRPL (line 73)
[INFO] [stdout] 
[INFO] [stdout] test result: FAILED. 0 passed; 2 failed; 0 ignored; 0 measured; 0 filtered out; finished in 1.44s
[INFO] [stdout] 
[INFO] [stderr] error: doctest failed, to rerun pass `--doc`
[INFO] running `Command { std: "docker" "inspect" "ae6a602ec03c361a2e8dcb8116e1188c99e75bda123661b63e0cb3ac4bdb3231", kill_on_drop: false }`
[INFO] running `Command { std: "docker" "rm" "-f" "ae6a602ec03c361a2e8dcb8116e1188c99e75bda123661b63e0cb3ac4bdb3231", kill_on_drop: false }`
[INFO] [stdout] ae6a602ec03c361a2e8dcb8116e1188c99e75bda123661b63e0cb3ac4bdb3231
