[INFO] fetching crate xous-api-ticktimer 0.9.61...
[INFO] testing xous-api-ticktimer-0.9.61 against nightly-2024-10-28 for randomize-layout
[INFO] extracting crate xous-api-ticktimer 0.9.61 into /workspace/builds/worker-4-tc1/source
[INFO] validating manifest of crates.io crate xous-api-ticktimer 0.9.61 on toolchain nightly-2024-10-28
[INFO] running `Command { std: CARGO_HOME="/workspace/cargo-home" RUSTUP_HOME="/workspace/rustup-home" "/workspace/cargo-home/bin/cargo" "+nightly-2024-10-28" "metadata" "--manifest-path" "Cargo.toml" "--no-deps", kill_on_drop: false }`
[INFO] started tweaking crates.io crate xous-api-ticktimer 0.9.61
[INFO] finished tweaking crates.io crate xous-api-ticktimer 0.9.61
[INFO] tweaked toml for crates.io crate xous-api-ticktimer 0.9.61 written to /workspace/builds/worker-4-tc1/source/Cargo.toml
[INFO] running `Command { std: CARGO_HOME="/workspace/cargo-home" RUSTUP_HOME="/workspace/rustup-home" "/workspace/cargo-home/bin/cargo" "+nightly-2024-10-28" "generate-lockfile" "--manifest-path" "Cargo.toml", kill_on_drop: false }`
[INFO] [stderr]     Updating crates.io index
[INFO] [stderr]      Locking 33 packages to latest compatible versions
[INFO] [stderr]       Adding num-derive v0.3.3 (available: v0.4.2)
[INFO] running `Command { std: CARGO_HOME="/workspace/cargo-home" RUSTUP_HOME="/workspace/rustup-home" "/workspace/cargo-home/bin/cargo" "+nightly-2024-10-28" "fetch" "--manifest-path" "Cargo.toml", kill_on_drop: false }`
[INFO] [stderr]  Downloading crates ...
[INFO] [stderr]   Downloaded xous-api-log v0.1.61
[INFO] [stderr]   Downloaded xous-api-names v0.9.63
[INFO] [stderr]   Downloaded xous-api-susres v0.9.61
[INFO] [stderr]   Downloaded xous-ipc v0.10.2
[INFO] [stderr]   Downloaded xous-semver v0.1.3
[INFO] running `Command { std: "docker" "create" "-v" "/var/lib/crater-agent-workspace/builds/worker-4-tc1/target:/opt/rustwide/target:rw,Z" "-v" "/var/lib/crater-agent-workspace/builds/worker-4-tc1/source:/opt/rustwide/workdir:ro,Z" "-v" "/var/lib/crater-agent-workspace/cargo-home:/opt/rustwide/cargo-home:ro,Z" "-v" "/var/lib/crater-agent-workspace/rustup-home:/opt/rustwide/rustup-home:ro,Z" "-e" "SOURCE_DIR=/opt/rustwide/workdir" "-e" "CARGO_TARGET_DIR=/opt/rustwide/target" "-e" "CARGO_HOME=/opt/rustwide/cargo-home" "-e" "RUSTUP_HOME=/opt/rustwide/rustup-home" "-w" "/opt/rustwide/workdir" "-m" "1610612736" "--user" "0:0" "--network" "none" "ghcr.io/rust-lang/crates-build-env/linux@sha256:4a844ea9eb2546a2d2c7022eacef16ef2e8229c7fbb2c7d4d55a9ceca922f72d" "/opt/rustwide/cargo-home/bin/cargo" "+nightly-2024-10-28" "metadata" "--no-deps" "--format-version=1", kill_on_drop: false }`
[INFO] [stdout] 0f440a094bf803f6c3e2433dcebc2eac424be89ac86602f7f70b1440c70d532d
[INFO] running `Command { std: "docker" "start" "-a" "0f440a094bf803f6c3e2433dcebc2eac424be89ac86602f7f70b1440c70d532d", kill_on_drop: false }`
[INFO] running `Command { std: "docker" "inspect" "0f440a094bf803f6c3e2433dcebc2eac424be89ac86602f7f70b1440c70d532d", kill_on_drop: false }`
[INFO] running `Command { std: "docker" "rm" "-f" "0f440a094bf803f6c3e2433dcebc2eac424be89ac86602f7f70b1440c70d532d", kill_on_drop: false }`
[INFO] [stdout] 0f440a094bf803f6c3e2433dcebc2eac424be89ac86602f7f70b1440c70d532d
[INFO] running `Command { std: "docker" "create" "-v" "/var/lib/crater-agent-workspace/builds/worker-4-tc1/target:/opt/rustwide/target:rw,Z" "-v" "/var/lib/crater-agent-workspace/builds/worker-4-tc1/source:/opt/rustwide/workdir:ro,Z" "-v" "/var/lib/crater-agent-workspace/cargo-home:/opt/rustwide/cargo-home:ro,Z" "-v" "/var/lib/crater-agent-workspace/rustup-home:/opt/rustwide/rustup-home:ro,Z" "-e" "SOURCE_DIR=/opt/rustwide/workdir" "-e" "CARGO_TARGET_DIR=/opt/rustwide/target" "-e" "CARGO_INCREMENTAL=0" "-e" "RUST_BACKTRACE=full" "-e" "RUSTFLAGS=--cap-lints=forbid" "-e" "RUSTDOCFLAGS=--cap-lints=forbid" "-e" "CARGO_HOME=/opt/rustwide/cargo-home" "-e" "RUSTUP_HOME=/opt/rustwide/rustup-home" "-w" "/opt/rustwide/workdir" "-m" "1610612736" "--user" "0:0" "--network" "none" "ghcr.io/rust-lang/crates-build-env/linux@sha256:4a844ea9eb2546a2d2c7022eacef16ef2e8229c7fbb2c7d4d55a9ceca922f72d" "/opt/rustwide/cargo-home/bin/cargo" "+nightly-2024-10-28" "build" "--frozen" "--message-format=json", kill_on_drop: false }`
[INFO] [stdout] 5890ae671289153bc1463b783af99b25a2d921d72ddd3278297011d82cd26b3f
[INFO] running `Command { std: "docker" "start" "-a" "5890ae671289153bc1463b783af99b25a2d921d72ddd3278297011d82cd26b3f", kill_on_drop: false }`
[INFO] [stderr]    Compiling proc-macro2 v1.0.89
[INFO] [stderr]    Compiling unicode-ident v1.0.13
[INFO] [stderr]    Compiling syn v1.0.109
[INFO] [stderr]    Compiling autocfg v1.4.0
[INFO] [stderr]    Compiling hashbrown v0.14.5
[INFO] [stderr]    Compiling lazy_static v1.5.0
[INFO] [stderr]    Compiling rend v0.5.2
[INFO] [stderr]    Compiling log v0.4.22
[INFO] [stderr]    Compiling xous v0.9.64
[INFO] [stderr]    Compiling xous-semver v0.1.3
[INFO] [stderr]    Compiling num-traits v0.2.19
[INFO] [stderr]    Compiling quote v1.0.37
[INFO] [stderr]    Compiling syn v2.0.86
[INFO] [stderr]    Compiling num-derive v0.3.3
[INFO] [stderr]    Compiling ptr_meta_derive v0.3.0
[INFO] [stderr]    Compiling munge_macro v0.4.1
[INFO] [stderr]    Compiling rkyv_derive v0.8.8
[INFO] [stderr]    Compiling ptr_meta v0.3.0
[INFO] [stderr]    Compiling rancor v0.1.0
[INFO] [stderr]    Compiling munge v0.4.1
[INFO] [stderr]    Compiling rkyv v0.8.8
[INFO] [stderr]    Compiling xous-ipc v0.10.2
[INFO] [stderr]    Compiling xous-api-log v0.1.61
[INFO] [stderr]    Compiling xous-api-names v0.9.63
[INFO] [stderr]    Compiling xous-api-susres v0.9.61
[INFO] [stderr]    Compiling xous-api-ticktimer v0.9.61 (/opt/rustwide/workdir)
[INFO] [stdout] warning: non-local `impl` definition, `impl` blocks should be written at the same level as their item
[INFO] [stdout]  --> src/api.rs:3:10
[INFO] [stdout]   |
[INFO] [stdout] 3 | #[derive(num_derive::FromPrimitive, num_derive::ToPrimitive, Debug)]
[INFO] [stdout]   |          ^------------------------
[INFO] [stdout]   |          |
[INFO] [stdout]   |          `FromPrimitive` is not local
[INFO] [stdout]   |          move the `impl` block outside of this constant `_IMPL_NUM_FromPrimitive_FOR_Opcode`
[INFO] [stdout] 4 | pub enum Opcode {
[INFO] [stdout]   |          ------ `Opcode` is not local
[INFO] [stdout]   |
[INFO] [stdout]   = note: the derive macro `num_derive::FromPrimitive` defines the non-local `impl`, and may need to be changed
[INFO] [stdout]   = note: the derive macro `num_derive::FromPrimitive` may come from an old version of the `num_derive` crate, try updating your dependency with `cargo update -p num_derive`
[INFO] [stdout]   = note: an `impl` is never scoped, even when it is nested inside an item, as it may impact type checking outside of that item, which can be the case if neither the trait or the self type are at the same nesting level as the `impl`
[INFO] [stdout]   = note: items in an anonymous const item (`const _: () = { ... }`) are treated as in the same scope as the anonymous const's declaration for the purpose of this lint
[INFO] [stdout]   = note: `#[warn(non_local_definitions)]` on by default
[INFO] [stdout]   = note: this warning originates in the derive macro `num_derive::FromPrimitive` (in Nightly builds, run with -Z macro-backtrace for more info)
[INFO] [stdout] 
[INFO] [stdout] 
[INFO] [stdout] warning: non-local `impl` definition, `impl` blocks should be written at the same level as their item
[INFO] [stdout]  --> src/api.rs:3:37
[INFO] [stdout]   |
[INFO] [stdout] 3 | #[derive(num_derive::FromPrimitive, num_derive::ToPrimitive, Debug)]
[INFO] [stdout]   |                                     ^----------------------
[INFO] [stdout]   |                                     |
[INFO] [stdout]   |                                     `ToPrimitive` is not local
[INFO] [stdout]   |                                     move the `impl` block outside of this constant `_IMPL_NUM_ToPrimitive_FOR_Opcode`
[INFO] [stdout] 4 | pub enum Opcode {
[INFO] [stdout]   |          ------ `Opcode` is not local
[INFO] [stdout]   |
[INFO] [stdout]   = note: the derive macro `num_derive::ToPrimitive` defines the non-local `impl`, and may need to be changed
[INFO] [stdout]   = note: the derive macro `num_derive::ToPrimitive` may come from an old version of the `num_derive` crate, try updating your dependency with `cargo update -p num_derive`
[INFO] [stdout]   = note: an `impl` is never scoped, even when it is nested inside an item, as it may impact type checking outside of that item, which can be the case if neither the trait or the self type are at the same nesting level as the `impl`
[INFO] [stdout]   = note: items in an anonymous const item (`const _: () = { ... }`) are treated as in the same scope as the anonymous const's declaration for the purpose of this lint
[INFO] [stdout]   = note: this warning originates in the derive macro `num_derive::ToPrimitive` (in Nightly builds, run with -Z macro-backtrace for more info)
[INFO] [stdout] 
[INFO] [stdout] 
[INFO] [stderr]     Finished `dev` profile [unoptimized + debuginfo] target(s) in 6.23s
[INFO] running `Command { std: "docker" "inspect" "5890ae671289153bc1463b783af99b25a2d921d72ddd3278297011d82cd26b3f", kill_on_drop: false }`
[INFO] running `Command { std: "docker" "rm" "-f" "5890ae671289153bc1463b783af99b25a2d921d72ddd3278297011d82cd26b3f", kill_on_drop: false }`
[INFO] [stdout] 5890ae671289153bc1463b783af99b25a2d921d72ddd3278297011d82cd26b3f
[INFO] running `Command { std: "docker" "create" "-v" "/var/lib/crater-agent-workspace/builds/worker-4-tc1/target:/opt/rustwide/target:rw,Z" "-v" "/var/lib/crater-agent-workspace/builds/worker-4-tc1/source:/opt/rustwide/workdir:ro,Z" "-v" "/var/lib/crater-agent-workspace/cargo-home:/opt/rustwide/cargo-home:ro,Z" "-v" "/var/lib/crater-agent-workspace/rustup-home:/opt/rustwide/rustup-home:ro,Z" "-e" "SOURCE_DIR=/opt/rustwide/workdir" "-e" "CARGO_TARGET_DIR=/opt/rustwide/target" "-e" "CARGO_INCREMENTAL=0" "-e" "RUST_BACKTRACE=full" "-e" "RUSTFLAGS=--cap-lints=forbid" "-e" "RUSTDOCFLAGS=--cap-lints=forbid" "-e" "CARGO_HOME=/opt/rustwide/cargo-home" "-e" "RUSTUP_HOME=/opt/rustwide/rustup-home" "-w" "/opt/rustwide/workdir" "-m" "1610612736" "--user" "0:0" "--network" "none" "ghcr.io/rust-lang/crates-build-env/linux@sha256:4a844ea9eb2546a2d2c7022eacef16ef2e8229c7fbb2c7d4d55a9ceca922f72d" "/opt/rustwide/cargo-home/bin/cargo" "+nightly-2024-10-28" "test" "--frozen" "--no-run" "--message-format=json", kill_on_drop: false }`
[INFO] [stdout] 0e0cbe4e8852c4ae347b6675a222014df07a7d7b36afb11d79641179abda033c
[INFO] running `Command { std: "docker" "start" "-a" "0e0cbe4e8852c4ae347b6675a222014df07a7d7b36afb11d79641179abda033c", kill_on_drop: false }`
[INFO] [stdout] warning: non-local `impl` definition, `impl` blocks should be written at the same level as their item
[INFO] [stdout]  --> src/api.rs:3:10
[INFO] [stdout]   |
[INFO] [stdout] 3 | #[derive(num_derive::FromPrimitive, num_derive::ToPrimitive, Debug)]
[INFO] [stdout]   |          ^------------------------
[INFO] [stdout]   |          |
[INFO] [stdout]   |          `FromPrimitive` is not local
[INFO] [stdout]   |          move the `impl` block outside of this constant `_IMPL_NUM_FromPrimitive_FOR_Opcode`
[INFO] [stdout] 4 | pub enum Opcode {
[INFO] [stdout]   |          ------ `Opcode` is not local
[INFO] [stdout]   |
[INFO] [stdout]   = note: the derive macro `num_derive::FromPrimitive` defines the non-local `impl`, and may need to be changed
[INFO] [stdout]   = note: the derive macro `num_derive::FromPrimitive` may come from an old version of the `num_derive` crate, try updating your dependency with `cargo update -p num_derive`
[INFO] [stdout]   = note: an `impl` is never scoped, even when it is nested inside an item, as it may impact type checking outside of that item, which can be the case if neither the trait or the self type are at the same nesting level as the `impl`
[INFO] [stdout]   = note: items in an anonymous const item (`const _: () = { ... }`) are treated as in the same scope as the anonymous const's declaration for the purpose of this lint
[INFO] [stdout]   = note: `#[warn(non_local_definitions)]` on by default
[INFO] [stdout]   = note: this warning originates in the derive macro `num_derive::FromPrimitive` (in Nightly builds, run with -Z macro-backtrace for more info)
[INFO] [stdout] 
[INFO] [stdout] 
[INFO] [stderr]    Compiling xous-api-ticktimer v0.9.61 (/opt/rustwide/workdir)
[INFO] [stdout] warning: non-local `impl` definition, `impl` blocks should be written at the same level as their item
[INFO] [stdout]  --> src/api.rs:3:37
[INFO] [stdout]   |
[INFO] [stdout] 3 | #[derive(num_derive::FromPrimitive, num_derive::ToPrimitive, Debug)]
[INFO] [stdout]   |                                     ^----------------------
[INFO] [stdout]   |                                     |
[INFO] [stdout]   |                                     `ToPrimitive` is not local
[INFO] [stdout]   |                                     move the `impl` block outside of this constant `_IMPL_NUM_ToPrimitive_FOR_Opcode`
[INFO] [stdout] 4 | pub enum Opcode {
[INFO] [stdout]   |          ------ `Opcode` is not local
[INFO] [stdout]   |
[INFO] [stdout]   = note: the derive macro `num_derive::ToPrimitive` defines the non-local `impl`, and may need to be changed
[INFO] [stdout]   = note: the derive macro `num_derive::ToPrimitive` may come from an old version of the `num_derive` crate, try updating your dependency with `cargo update -p num_derive`
[INFO] [stdout]   = note: an `impl` is never scoped, even when it is nested inside an item, as it may impact type checking outside of that item, which can be the case if neither the trait or the self type are at the same nesting level as the `impl`
[INFO] [stdout]   = note: items in an anonymous const item (`const _: () = { ... }`) are treated as in the same scope as the anonymous const's declaration for the purpose of this lint
[INFO] [stdout]   = note: this warning originates in the derive macro `num_derive::ToPrimitive` (in Nightly builds, run with -Z macro-backtrace for more info)
[INFO] [stdout] 
[INFO] [stdout] 
[INFO] [stdout] warning: non-local `impl` definition, `impl` blocks should be written at the same level as their item
[INFO] [stdout]  --> src/api.rs:3:10
[INFO] [stdout]   |
[INFO] [stdout] 3 | #[derive(num_derive::FromPrimitive, num_derive::ToPrimitive, Debug)]
[INFO] [stdout]   |          ^------------------------
[INFO] [stdout]   |          |
[INFO] [stdout]   |          `FromPrimitive` is not local
[INFO] [stdout]   |          move the `impl` block outside of this constant `_IMPL_NUM_FromPrimitive_FOR_Opcode`
[INFO] [stdout] 4 | pub enum Opcode {
[INFO] [stdout]   |          ------ `Opcode` is not local
[INFO] [stdout]   |
[INFO] [stdout]   = note: the derive macro `num_derive::FromPrimitive` defines the non-local `impl`, and may need to be changed
[INFO] [stdout]   = note: the derive macro `num_derive::FromPrimitive` may come from an old version of the `num_derive` crate, try updating your dependency with `cargo update -p num_derive`
[INFO] [stdout]   = note: an `impl` is never scoped, even when it is nested inside an item, as it may impact type checking outside of that item, which can be the case if neither the trait or the self type are at the same nesting level as the `impl`
[INFO] [stdout]   = note: items in an anonymous const item (`const _: () = { ... }`) are treated as in the same scope as the anonymous const's declaration for the purpose of this lint
[INFO] [stdout]   = note: `#[warn(non_local_definitions)]` on by default
[INFO] [stdout]   = note: this warning originates in the derive macro `num_derive::FromPrimitive` (in Nightly builds, run with -Z macro-backtrace for more info)
[INFO] [stdout] 
[INFO] [stdout] 
[INFO] [stdout] warning: non-local `impl` definition, `impl` blocks should be written at the same level as their item
[INFO] [stdout]  --> src/api.rs:3:37
[INFO] [stdout]   |
[INFO] [stdout] 3 | #[derive(num_derive::FromPrimitive, num_derive::ToPrimitive, Debug)]
[INFO] [stdout]   |                                     ^----------------------
[INFO] [stdout]   |                                     |
[INFO] [stdout]   |                                     `ToPrimitive` is not local
[INFO] [stdout]   |                                     move the `impl` block outside of this constant `_IMPL_NUM_ToPrimitive_FOR_Opcode`
[INFO] [stdout] 4 | pub enum Opcode {
[INFO] [stdout]   |          ------ `Opcode` is not local
[INFO] [stdout]   |
[INFO] [stdout]   = note: the derive macro `num_derive::ToPrimitive` defines the non-local `impl`, and may need to be changed
[INFO] [stdout]   = note: the derive macro `num_derive::ToPrimitive` may come from an old version of the `num_derive` crate, try updating your dependency with `cargo update -p num_derive`
[INFO] [stdout]   = note: an `impl` is never scoped, even when it is nested inside an item, as it may impact type checking outside of that item, which can be the case if neither the trait or the self type are at the same nesting level as the `impl`
[INFO] [stdout]   = note: items in an anonymous const item (`const _: () = { ... }`) are treated as in the same scope as the anonymous const's declaration for the purpose of this lint
[INFO] [stdout]   = note: this warning originates in the derive macro `num_derive::ToPrimitive` (in Nightly builds, run with -Z macro-backtrace for more info)
[INFO] [stdout] 
[INFO] [stdout] 
[INFO] [stderr]     Finished `test` profile [unoptimized + debuginfo] target(s) in 0.13s
[INFO] running `Command { std: "docker" "inspect" "0e0cbe4e8852c4ae347b6675a222014df07a7d7b36afb11d79641179abda033c", kill_on_drop: false }`
[INFO] running `Command { std: "docker" "rm" "-f" "0e0cbe4e8852c4ae347b6675a222014df07a7d7b36afb11d79641179abda033c", kill_on_drop: false }`
[INFO] [stdout] 0e0cbe4e8852c4ae347b6675a222014df07a7d7b36afb11d79641179abda033c
[INFO] running `Command { std: "docker" "create" "-v" "/var/lib/crater-agent-workspace/builds/worker-4-tc1/target:/opt/rustwide/target:rw,Z" "-v" "/var/lib/crater-agent-workspace/builds/worker-4-tc1/source:/opt/rustwide/workdir:ro,Z" "-v" "/var/lib/crater-agent-workspace/cargo-home:/opt/rustwide/cargo-home:ro,Z" "-v" "/var/lib/crater-agent-workspace/rustup-home:/opt/rustwide/rustup-home:ro,Z" "-e" "SOURCE_DIR=/opt/rustwide/workdir" "-e" "CARGO_TARGET_DIR=/opt/rustwide/target" "-e" "CARGO_INCREMENTAL=0" "-e" "RUST_BACKTRACE=full" "-e" "RUSTFLAGS=--cap-lints=forbid" "-e" "RUSTDOCFLAGS=--cap-lints=forbid" "-e" "CARGO_HOME=/opt/rustwide/cargo-home" "-e" "RUSTUP_HOME=/opt/rustwide/rustup-home" "-w" "/opt/rustwide/workdir" "-m" "1610612736" "--user" "0:0" "--network" "none" "ghcr.io/rust-lang/crates-build-env/linux@sha256:4a844ea9eb2546a2d2c7022eacef16ef2e8229c7fbb2c7d4d55a9ceca922f72d" "/opt/rustwide/cargo-home/bin/cargo" "+nightly-2024-10-28" "test" "--frozen", kill_on_drop: false }`
[INFO] [stdout] 47ba077562d6845cb2530b54acaefd642cdcfe02e0d4aa61db7ad193a4d62721
[INFO] running `Command { std: "docker" "start" "-a" "47ba077562d6845cb2530b54acaefd642cdcfe02e0d4aa61db7ad193a4d62721", kill_on_drop: false }`
[INFO] [stderr] warning: non-local `impl` definition, `impl` blocks should be written at the same level as their item
[INFO] [stderr]  --> src/api.rs:3:10
[INFO] [stderr]   |
[INFO] [stderr] 3 | #[derive(num_derive::FromPrimitive, num_derive::ToPrimitive, Debug)]
[INFO] [stderr]   |          ^------------------------
[INFO] [stderr]   |          |
[INFO] [stderr]   |          `FromPrimitive` is not local
[INFO] [stderr]   |          move the `impl` block outside of this constant `_IMPL_NUM_FromPrimitive_FOR_Opcode`
[INFO] [stderr] 4 | pub enum Opcode {
[INFO] [stderr]   |          ------ `Opcode` is not local
[INFO] [stderr]   |
[INFO] [stderr]   = note: the derive macro `num_derive::FromPrimitive` defines the non-local `impl`, and may need to be changed
[INFO] [stderr]   = note: the derive macro `num_derive::FromPrimitive` may come from an old version of the `num_derive` crate, try updating your dependency with `cargo update -p num_derive`
[INFO] [stderr]   = note: an `impl` is never scoped, even when it is nested inside an item, as it may impact type checking outside of that item, which can be the case if neither the trait or the self type are at the same nesting level as the `impl`
[INFO] [stderr]   = note: items in an anonymous const item (`const _: () = { ... }`) are treated as in the same scope as the anonymous const's declaration for the purpose of this lint
[INFO] [stderr]   = note: `#[warn(non_local_definitions)]` on by default
[INFO] [stderr]   = note: this warning originates in the derive macro `num_derive::FromPrimitive` (in Nightly builds, run with -Z macro-backtrace for more info)
[INFO] [stderr] 
[INFO] [stderr] warning: non-local `impl` definition, `impl` blocks should be written at the same level as their item
[INFO] [stderr]  --> src/api.rs:3:37
[INFO] [stderr]   |
[INFO] [stderr] 3 | #[derive(num_derive::FromPrimitive, num_derive::ToPrimitive, Debug)]
[INFO] [stderr]   |                                     ^----------------------
[INFO] [stderr]   |                                     |
[INFO] [stderr]   |                                     `ToPrimitive` is not local
[INFO] [stderr]   |                                     move the `impl` block outside of this constant `_IMPL_NUM_ToPrimitive_FOR_Opcode`
[INFO] [stderr] 4 | pub enum Opcode {
[INFO] [stderr]   |          ------ `Opcode` is not local
[INFO] [stderr]   |
[INFO] [stderr]   = note: the derive macro `num_derive::ToPrimitive` defines the non-local `impl`, and may need to be changed
[INFO] [stderr]   = note: the derive macro `num_derive::ToPrimitive` may come from an old version of the `num_derive` crate, try updating your dependency with `cargo update -p num_derive`
[INFO] [stderr]   = note: an `impl` is never scoped, even when it is nested inside an item, as it may impact type checking outside of that item, which can be the case if neither the trait or the self type are at the same nesting level as the `impl`
[INFO] [stderr]   = note: items in an anonymous const item (`const _: () = { ... }`) are treated as in the same scope as the anonymous const's declaration for the purpose of this lint
[INFO] [stderr]   = note: this warning originates in the derive macro `num_derive::ToPrimitive` (in Nightly builds, run with -Z macro-backtrace for more info)
[INFO] [stderr] 
[INFO] [stderr] warning: `xous-api-ticktimer` (lib) generated 2 warnings
[INFO] [stderr] warning: `xous-api-ticktimer` (lib test) generated 2 warnings (2 duplicates)
[INFO] [stderr]     Finished `test` profile [unoptimized + debuginfo] target(s) in 0.02s
[INFO] [stderr]      Running unittests src/lib.rs (/opt/rustwide/target/debug/deps/xous_api_ticktimer-2dd80d3dc46767a0)
[INFO] [stdout] 
[INFO] [stdout] running 0 tests
[INFO] [stdout] 
[INFO] [stdout] test result: ok. 0 passed; 0 failed; 0 ignored; 0 measured; 0 filtered out; finished in 0.00s
[INFO] [stdout] 
[INFO] [stderr]    Doc-tests xous_api_ticktimer
[INFO] [stdout] 
[INFO] [stdout] running 10 tests
[INFO] [stdout] test src/lib.rs - Ticktimer::lock_mutex (line 102) ... FAILED
[INFO] [stdout] test src/lib.rs - Ticktimer::get_version (line 73) ... FAILED
[INFO] [stdout] test src/lib.rs - Ticktimer::unlock_mutex (line 117) ... FAILED
[INFO] [stdout] test src/lib.rs - Ticktimer::sleep_ms (line 49) ... FAILED
[INFO] [stdout] test src/lib.rs - Ticktimer::notify_condition (line 156) ... FAILED
[INFO] [stdout] test src/lib.rs - Ticktimer::elapsed_ms (line 31) ... FAILED
[INFO] [stdout] test src/lib.rs - Ticktimer::lock_mutex (line 96) ... FAILED
[INFO] [stdout] test src/lib.rs - Ticktimer::lock_mutex (line 91) ... FAILED
[INFO] [stdout] test src/lib.rs - Ticktimer::wait_condition (line 135) ... FAILED
[INFO] [stdout] test src/lib.rs - Ticktimer::wait_condition (line 130) ... FAILED
[INFO] [stdout] 
[INFO] [stdout] failures:
[INFO] [stdout] 
[INFO] [stdout] ---- src/lib.rs - Ticktimer::lock_mutex (line 102) stdout ----
[INFO] [stdout] error: unknown start of token: `
[INFO] [stdout]  --> src/lib.rs:103:10
[INFO] [stdout]   |
[INFO] [stdout] 3 | * mtx: A `usize` referring to the Mutex. This is probably a pointer, but can be any `usize`
[INFO] [stdout]   |          ^
[INFO] [stdout]   |
[INFO] [stdout] help: Unicode character '`' (Grave Accent) looks like ''' (Single Quote), but it is not
[INFO] [stdout]   |
[INFO] [stdout] 3 | * mtx: A 'usize` referring to the Mutex. This is probably a pointer, but can be any `usize`
[INFO] [stdout]   |          ~
[INFO] [stdout] 
[INFO] [stdout] error: unknown start of token: `
[INFO] [stdout]  --> src/lib.rs:103:16
[INFO] [stdout]   |
[INFO] [stdout] 3 | * mtx: A `usize` referring to the Mutex. This is probably a pointer, but can be any `usize`
[INFO] [stdout]   |                ^
[INFO] [stdout]   |
[INFO] [stdout] help: Unicode character '`' (Grave Accent) looks like ''' (Single Quote), but it is not
[INFO] [stdout]   |
[INFO] [stdout] 3 | * mtx: A `usize' referring to the Mutex. This is probably a pointer, but can be any `usize`
[INFO] [stdout]   |                ~
[INFO] [stdout] 
[INFO] [stdout] error: unknown start of token: `
[INFO] [stdout]  --> src/lib.rs:103:85
[INFO] [stdout]   |
[INFO] [stdout] 3 | * mtx: A `usize` referring to the Mutex. This is probably a pointer, but can be any `usize`
[INFO] [stdout]   |                                                                                     ^
[INFO] [stdout]   |
[INFO] [stdout] help: Unicode character '`' (Grave Accent) looks like ''' (Single Quote), but it is not
[INFO] [stdout]   |
[INFO] [stdout] 3 | * mtx: A `usize` referring to the Mutex. This is probably a pointer, but can be any 'usize`
[INFO] [stdout]   |                                                                                     ~
[INFO] [stdout] 
[INFO] [stdout] error: unknown start of token: `
[INFO] [stdout]  --> src/lib.rs:103:91
[INFO] [stdout]   |
[INFO] [stdout] 3 | * mtx: A `usize` referring to the Mutex. This is probably a pointer, but can be any `usize`
[INFO] [stdout]   |                                                                                           ^
[INFO] [stdout]   |
[INFO] [stdout] help: Unicode character '`' (Grave Accent) looks like ''' (Single Quote), but it is not
[INFO] [stdout]   |
[INFO] [stdout] 3 | * mtx: A `usize` referring to the Mutex. This is probably a pointer, but can be any `usize'
[INFO] [stdout]   |                                                                                           ~
[INFO] [stdout] 
[INFO] [stdout] error: expected identifier, found `:`
[INFO] [stdout]  --> src/lib.rs:103:6
[INFO] [stdout]   |
[INFO] [stdout] 3 | * mtx: A `usize` referring to the Mutex. This is probably a pointer, but can be any `usize`
[INFO] [stdout]   |      ^ expected identifier
[INFO] [stdout]   |
[INFO] [stdout]   = note: type ascription syntax has been removed, see issue #101728 <https://github.com/rust-lang/rust/issues/101728>
[INFO] [stdout] 
[INFO] [stdout] error: aborting due to 5 previous errors
[INFO] [stdout] 
[INFO] [stdout] Couldn't compile the test.
[INFO] [stdout] ---- src/lib.rs - Ticktimer::get_version (line 73) stdout ----
[INFO] [stdout] error: unknown start of token: `
[INFO] [stdout]  --> src/lib.rs:74:5
[INFO] [stdout]   |
[INFO] [stdout] 3 | * A `String` containing the version information of the latest build
[INFO] [stdout]   |     ^
[INFO] [stdout]   |
[INFO] [stdout] help: Unicode character '`' (Grave Accent) looks like ''' (Single Quote), but it is not
[INFO] [stdout]   |
[INFO] [stdout] 3 | * A 'String` containing the version information of the latest build
[INFO] [stdout]   |     ~
[INFO] [stdout] 
[INFO] [stdout] error: unknown start of token: `
[INFO] [stdout]  --> src/lib.rs:74:12
[INFO] [stdout]   |
[INFO] [stdout] 3 | * A `String` containing the version information of the latest build
[INFO] [stdout]   |            ^
[INFO] [stdout]   |
[INFO] [stdout] help: Unicode character '`' (Grave Accent) looks like ''' (Single Quote), but it is not
[INFO] [stdout]   |
[INFO] [stdout] 3 | * A `String' containing the version information of the latest build
[INFO] [stdout]   |            ~
[INFO] [stdout] 
[INFO] [stdout] error: expected one of `!`, `.`, `::`, `;`, `?`, `{`, `}`, or an operator, found `String`
[INFO] [stdout]  --> src/lib.rs:74:6
[INFO] [stdout]   |
[INFO] [stdout] 3 | * A `String` containing the version information of the latest build
[INFO] [stdout]   |      ^^^^^^ expected one of 8 possible tokens
[INFO] [stdout] 
[INFO] [stdout] error: aborting due to 3 previous errors
[INFO] [stdout] 
[INFO] [stdout] Couldn't compile the test.
[INFO] [stdout] ---- src/lib.rs - Ticktimer::unlock_mutex (line 117) stdout ----
[INFO] [stdout] error: unknown start of token: `
[INFO] [stdout]  --> src/lib.rs:118:10
[INFO] [stdout]   |
[INFO] [stdout] 3 | * mtx: A `usize` referring to the Mutex. This is probably a pointer, but can be any `usize`
[INFO] [stdout]   |          ^
[INFO] [stdout]   |
[INFO] [stdout] help: Unicode character '`' (Grave Accent) looks like ''' (Single Quote), but it is not
[INFO] [stdout]   |
[INFO] [stdout] 3 | * mtx: A 'usize` referring to the Mutex. This is probably a pointer, but can be any `usize`
[INFO] [stdout]   |          ~
[INFO] [stdout] 
[INFO] [stdout] error: unknown start of token: `
[INFO] [stdout]  --> src/lib.rs:118:16
[INFO] [stdout]   |
[INFO] [stdout] 3 | * mtx: A `usize` referring to the Mutex. This is probably a pointer, but can be any `usize`
[INFO] [stdout]   |                ^
[INFO] [stdout]   |
[INFO] [stdout] help: Unicode character '`' (Grave Accent) looks like ''' (Single Quote), but it is not
[INFO] [stdout]   |
[INFO] [stdout] 3 | * mtx: A `usize' referring to the Mutex. This is probably a pointer, but can be any `usize`
[INFO] [stdout]   |                ~
[INFO] [stdout] 
[INFO] [stdout] error: unknown start of token: `
[INFO] [stdout]  --> src/lib.rs:118:85
[INFO] [stdout]   |
[INFO] [stdout] 3 | * mtx: A `usize` referring to the Mutex. This is probably a pointer, but can be any `usize`
[INFO] [stdout]   |                                                                                     ^
[INFO] [stdout]   |
[INFO] [stdout] help: Unicode character '`' (Grave Accent) looks like ''' (Single Quote), but it is not
[INFO] [stdout]   |
[INFO] [stdout] 3 | * mtx: A `usize` referring to the Mutex. This is probably a pointer, but can be any 'usize`
[INFO] [stdout]   |                                                                                     ~
[INFO] [stdout] 
[INFO] [stdout] error: unknown start of token: `
[INFO] [stdout]  --> src/lib.rs:118:91
[INFO] [stdout]   |
[INFO] [stdout] 3 | * mtx: A `usize` referring to the Mutex. This is probably a pointer, but can be any `usize`
[INFO] [stdout]   |                                                                                           ^
[INFO] [stdout]   |
[INFO] [stdout] help: Unicode character '`' (Grave Accent) looks like ''' (Single Quote), but it is not
[INFO] [stdout]   |
[INFO] [stdout] 3 | * mtx: A `usize` referring to the Mutex. This is probably a pointer, but can be any `usize'
[INFO] [stdout]   |                                                                                           ~
[INFO] [stdout] 
[INFO] [stdout] error: expected identifier, found `:`
[INFO] [stdout]  --> src/lib.rs:118:6
[INFO] [stdout]   |
[INFO] [stdout] 3 | * mtx: A `usize` referring to the Mutex. This is probably a pointer, but can be any `usize`
[INFO] [stdout]   |      ^ expected identifier
[INFO] [stdout]   |
[INFO] [stdout]   = note: type ascription syntax has been removed, see issue #101728 <https://github.com/rust-lang/rust/issues/101728>
[INFO] [stdout] 
[INFO] [stdout] error: aborting due to 5 previous errors
[INFO] [stdout] 
[INFO] [stdout] Couldn't compile the test.
[INFO] [stdout] ---- src/lib.rs - Ticktimer::sleep_ms (line 49) stdout ----
[INFO] [stdout] error: unknown start of token: `
[INFO] [stdout]  --> src/lib.rs:50:9
[INFO] [stdout]   |
[INFO] [stdout] 3 | * ms: A `usize` specifying how many milliseconds to sleep for
[INFO] [stdout]   |         ^
[INFO] [stdout]   |
[INFO] [stdout] help: Unicode character '`' (Grave Accent) looks like ''' (Single Quote), but it is not
[INFO] [stdout]   |
[INFO] [stdout] 3 | * ms: A 'usize` specifying how many milliseconds to sleep for
[INFO] [stdout]   |         ~
[INFO] [stdout] 
[INFO] [stdout] error: unknown start of token: `
[INFO] [stdout]  --> src/lib.rs:50:15
[INFO] [stdout]   |
[INFO] [stdout] 3 | * ms: A `usize` specifying how many milliseconds to sleep for
[INFO] [stdout]   |               ^
[INFO] [stdout]   |
[INFO] [stdout] help: Unicode character '`' (Grave Accent) looks like ''' (Single Quote), but it is not
[INFO] [stdout]   |
[INFO] [stdout] 3 | * ms: A `usize' specifying how many milliseconds to sleep for
[INFO] [stdout]   |               ~
[INFO] [stdout] 
[INFO] [stdout] error: expected identifier, found `:`
[INFO] [stdout]  --> src/lib.rs:50:5
[INFO] [stdout]   |
[INFO] [stdout] 3 | * ms: A `usize` specifying how many milliseconds to sleep for
[INFO] [stdout]   |     ^ expected identifier
[INFO] [stdout]   |
[INFO] [stdout]   = note: type ascription syntax has been removed, see issue #101728 <https://github.com/rust-lang/rust/issues/101728>
[INFO] [stdout] 
[INFO] [stdout] error: aborting due to 3 previous errors
[INFO] [stdout] 
[INFO] [stdout] Couldn't compile the test.
[INFO] [stdout] ---- src/lib.rs - Ticktimer::notify_condition (line 156) stdout ----
[INFO] [stdout] error: unknown start of token: `
[INFO] [stdout]  --> src/lib.rs:157:14
[INFO] [stdout]   |
[INFO] [stdout] 3 | * condvar: A `usize` referring to the Condvar. This is probably a pointer, but can be any `usize`
[INFO] [stdout]   |              ^
[INFO] [stdout]   |
[INFO] [stdout] help: Unicode character '`' (Grave Accent) looks like ''' (Single Quote), but it is not
[INFO] [stdout]   |
[INFO] [stdout] 3 | * condvar: A 'usize` referring to the Condvar. This is probably a pointer, but can be any `usize`
[INFO] [stdout]   |              ~
[INFO] [stdout] 
[INFO] [stdout] error: unknown start of token: `
[INFO] [stdout]  --> src/lib.rs:157:20
[INFO] [stdout]   |
[INFO] [stdout] 3 | * condvar: A `usize` referring to the Condvar. This is probably a pointer, but can be any `usize`
[INFO] [stdout]   |                    ^
[INFO] [stdout]   |
[INFO] [stdout] help: Unicode character '`' (Grave Accent) looks like ''' (Single Quote), but it is not
[INFO] [stdout]   |
[INFO] [stdout] 3 | * condvar: A `usize' referring to the Condvar. This is probably a pointer, but can be any `usize`
[INFO] [stdout]   |                    ~
[INFO] [stdout] 
[INFO] [stdout] error: unknown start of token: `
[INFO] [stdout]  --> src/lib.rs:157:91
[INFO] [stdout]   |
[INFO] [stdout] 3 | * condvar: A `usize` referring to the Condvar. This is probably a pointer, but can be any `usize`
[INFO] [stdout]   |                                                                                           ^
[INFO] [stdout]   |
[INFO] [stdout] help: Unicode character '`' (Grave Accent) looks like ''' (Single Quote), but it is not
[INFO] [stdout]   |
[INFO] [stdout] 3 | * condvar: A `usize` referring to the Condvar. This is probably a pointer, but can be any 'usize`
[INFO] [stdout]   |                                                                                           ~
[INFO] [stdout] 
[INFO] [stdout] error: unknown start of token: `
[INFO] [stdout]  --> src/lib.rs:157:97
[INFO] [stdout]   |
[INFO] [stdout] 3 | * condvar: A `usize` referring to the Condvar. This is probably a pointer, but can be any `usize`
[INFO] [stdout]   |                                                                                                 ^
[INFO] [stdout]   |
[INFO] [stdout] help: Unicode character '`' (Grave Accent) looks like ''' (Single Quote), but it is not
[INFO] [stdout]   |
[INFO] [stdout] 3 | * condvar: A `usize` referring to the Condvar. This is probably a pointer, but can be any `usize'
[INFO] [stdout]   |                                                                                                 ~
[INFO] [stdout] 
[INFO] [stdout] error: expected identifier, found `:`
[INFO] [stdout]  --> src/lib.rs:157:10
[INFO] [stdout]   |
[INFO] [stdout] 3 | * condvar: A `usize` referring to the Condvar. This is probably a pointer, but can be any `usize`
[INFO] [stdout]   |          ^ expected identifier
[INFO] [stdout]   |
[INFO] [stdout]   = note: type ascription syntax has been removed, see issue #101728 <https://github.com/rust-lang/rust/issues/101728>
[INFO] [stdout] 
[INFO] [stdout] error: aborting due to 5 previous errors
[INFO] [stdout] 
[INFO] [stdout] Couldn't compile the test.
[INFO] [stdout] ---- src/lib.rs - Ticktimer::elapsed_ms (line 31) stdout ----
[INFO] [stdout] error: unknown start of token: `
[INFO] [stdout]  --> src/lib.rs:32:5
[INFO] [stdout]   |
[INFO] [stdout] 3 | * A `u64` that is the number of milliseconds elapsed since boot.
[INFO] [stdout]   |     ^
[INFO] [stdout]   |
[INFO] [stdout] help: Unicode character '`' (Grave Accent) looks like ''' (Single Quote), but it is not
[INFO] [stdout]   |
[INFO] [stdout] 3 | * A 'u64` that is the number of milliseconds elapsed since boot.
[INFO] [stdout]   |     ~
[INFO] [stdout] 
[INFO] [stdout] error: unknown start of token: `
[INFO] [stdout]  --> src/lib.rs:32:9
[INFO] [stdout]   |
[INFO] [stdout] 3 | * A `u64` that is the number of milliseconds elapsed since boot.
[INFO] [stdout]   |         ^
[INFO] [stdout]   |
[INFO] [stdout] help: Unicode character '`' (Grave Accent) looks like ''' (Single Quote), but it is not
[INFO] [stdout]   |
[INFO] [stdout] 3 | * A `u64' that is the number of milliseconds elapsed since boot.
[INFO] [stdout]   |         ~
[INFO] [stdout] 
[INFO] [stdout] error: expected one of `!`, `.`, `::`, `;`, `?`, `{`, `}`, or an operator, found `u64`
[INFO] [stdout]  --> src/lib.rs:32:6
[INFO] [stdout]   |
[INFO] [stdout] 3 | * A `u64` that is the number of milliseconds elapsed since boot.
[INFO] [stdout]   |      ^^^ expected one of 8 possible tokens
[INFO] [stdout] 
[INFO] [stdout] error: aborting due to 3 previous errors
[INFO] [stdout] 
[INFO] [stdout] Couldn't compile the test.
[INFO] [stdout] ---- src/lib.rs - Ticktimer::lock_mutex (line 96) stdout ----
[INFO] [stdout] error: unknown start of token: `
[INFO] [stdout]  --> src/lib.rs:97:1
[INFO] [stdout]   |
[INFO] [stdout] 3 | `TickTimer.unlock_mutex(1)`
[INFO] [stdout]   | ^
[INFO] [stdout]   |
[INFO] [stdout] help: Unicode character '`' (Grave Accent) looks like ''' (Single Quote), but it is not
[INFO] [stdout]   |
[INFO] [stdout] 3 | 'TickTimer.unlock_mutex(1)`
[INFO] [stdout]   | ~
[INFO] [stdout] 
[INFO] [stdout] error: unknown start of token: `
[INFO] [stdout]  --> src/lib.rs:97:27
[INFO] [stdout]   |
[INFO] [stdout] 3 | `TickTimer.unlock_mutex(1)`
[INFO] [stdout]   |                           ^
[INFO] [stdout]   |
[INFO] [stdout] help: Unicode character '`' (Grave Accent) looks like ''' (Single Quote), but it is not
[INFO] [stdout]   |
[INFO] [stdout] 3 | `TickTimer.unlock_mutex(1)'
[INFO] [stdout]   |                           ~
[INFO] [stdout] 
[INFO] [stdout] error: unknown start of token: `
[INFO] [stdout]  --> src/lib.rs:98:1
[INFO] [stdout]   |
[INFO] [stdout] 4 | `TickTimer.lock_mutex(1)`
[INFO] [stdout]   | ^
[INFO] [stdout]   |
[INFO] [stdout] help: Unicode character '`' (Grave Accent) looks like ''' (Single Quote), but it is not
[INFO] [stdout]   |
[INFO] [stdout] 4 | 'TickTimer.lock_mutex(1)`
[INFO] [stdout]   | ~
[INFO] [stdout] 
[INFO] [stdout] error: unknown start of token: `
[INFO] [stdout]  --> src/lib.rs:98:25
[INFO] [stdout]   |
[INFO] [stdout] 4 | `TickTimer.lock_mutex(1)`
[INFO] [stdout]   |                         ^
[INFO] [stdout]   |
[INFO] [stdout] help: Unicode character '`' (Grave Accent) looks like ''' (Single Quote), but it is not
[INFO] [stdout]   |
[INFO] [stdout] 4 | `TickTimer.lock_mutex(1)'
[INFO] [stdout]   |                         ~
[INFO] [stdout] 
[INFO] [stdout] error: unknown start of token: `
[INFO] [stdout]  --> src/lib.rs:99:1
[INFO] [stdout]   |
[INFO] [stdout] 5 | `TickTimer.unlock_mutex(1)`
[INFO] [stdout]   | ^
[INFO] [stdout]   |
[INFO] [stdout] help: Unicode character '`' (Grave Accent) looks like ''' (Single Quote), but it is not
[INFO] [stdout]   |
[INFO] [stdout] 5 | 'TickTimer.unlock_mutex(1)`
[INFO] [stdout]   | ~
[INFO] [stdout] 
[INFO] [stdout] error: unknown start of token: `
[INFO] [stdout]  --> src/lib.rs:99:27
[INFO] [stdout]   |
[INFO] [stdout] 5 | `TickTimer.unlock_mutex(1)`
[INFO] [stdout]   |                           ^
[INFO] [stdout]   |
[INFO] [stdout] help: Unicode character '`' (Grave Accent) looks like ''' (Single Quote), but it is not
[INFO] [stdout]   |
[INFO] [stdout] 5 | `TickTimer.unlock_mutex(1)'
[INFO] [stdout]   |                           ~
[INFO] [stdout] 
[INFO] [stdout] error: expected `;`, found `TickTimer`
[INFO] [stdout]  --> src/lib.rs:97:27
[INFO] [stdout]   |
[INFO] [stdout] 3 | `TickTimer.unlock_mutex(1)`
[INFO] [stdout]   |                           ^ help: add `;` here
[INFO] [stdout] 4 | `TickTimer.lock_mutex(1)`
[INFO] [stdout]   |  --------- unexpected token
[INFO] [stdout] 
[INFO] [stdout] error: expected `;`, found `TickTimer`
[INFO] [stdout]  --> src/lib.rs:98:25
[INFO] [stdout]   |
[INFO] [stdout] 4 | `TickTimer.lock_mutex(1)`
[INFO] [stdout]   |                         ^ help: add `;` here
[INFO] [stdout] 5 | `TickTimer.unlock_mutex(1)`
[INFO] [stdout]   |  --------- unexpected token
[INFO] [stdout] 
[INFO] [stdout] error[E0425]: cannot find value `TickTimer` in this scope
[INFO] [stdout]  --> src/lib.rs:99:2
[INFO] [stdout]   |
[INFO] [stdout] 5 | `TickTimer.unlock_mutex(1)`
[INFO] [stdout]   |  ^^^^^^^^^ not found in this scope
[INFO] [stdout] 
[INFO] [stdout] error: aborting due to 9 previous errors
[INFO] [stdout] 
[INFO] [stdout] For more information about this error, try `rustc --explain E0425`.
[INFO] [stdout] Couldn't compile the test.
[INFO] [stdout] ---- src/lib.rs - Ticktimer::lock_mutex (line 91) stdout ----
[INFO] [stdout] error: unknown start of token: `
[INFO] [stdout]  --> src/lib.rs:92:1
[INFO] [stdout]   |
[INFO] [stdout] 3 | `TickTimer.lock_mutex(1)`
[INFO] [stdout]   | ^
[INFO] [stdout]   |
[INFO] [stdout] help: Unicode character '`' (Grave Accent) looks like ''' (Single Quote), but it is not
[INFO] [stdout]   |
[INFO] [stdout] 3 | 'TickTimer.lock_mutex(1)`
[INFO] [stdout]   | ~
[INFO] [stdout] 
[INFO] [stdout] error: unknown start of token: `
[INFO] [stdout]  --> src/lib.rs:92:25
[INFO] [stdout]   |
[INFO] [stdout] 3 | `TickTimer.lock_mutex(1)`
[INFO] [stdout]   |                         ^
[INFO] [stdout]   |
[INFO] [stdout] help: Unicode character '`' (Grave Accent) looks like ''' (Single Quote), but it is not
[INFO] [stdout]   |
[INFO] [stdout] 3 | `TickTimer.lock_mutex(1)'
[INFO] [stdout]   |                         ~
[INFO] [stdout] 
[INFO] [stdout] error[E0425]: cannot find value `TickTimer` in this scope
[INFO] [stdout]  --> src/lib.rs:92:2
[INFO] [stdout]   |
[INFO] [stdout] 3 | `TickTimer.lock_mutex(1)`
[INFO] [stdout]   |  ^^^^^^^^^ not found in this scope
[INFO] [stdout] 
[INFO] [stdout] error: aborting due to 3 previous errors
[INFO] [stdout] 
[INFO] [stdout] For more information about this error, try `rustc --explain E0425`.
[INFO] [stdout] Couldn't compile the test.
[INFO] [stdout] ---- src/lib.rs - Ticktimer::wait_condition (line 135) stdout ----
[INFO] [stdout] error: expected one of `.`, `;`, `?`, `}`, or an operator, found `:`
[INFO] [stdout]  --> src/lib.rs:136:7
[INFO] [stdout]   |
[INFO] [stdout] 3 | * true: the condition was successfully received
[INFO] [stdout]   |       ^ expected one of `.`, `;`, `?`, `}`, or an operator
[INFO] [stdout] 
[INFO] [stdout] error: aborting due to 1 previous error
[INFO] [stdout] 
[INFO] [stdout] Couldn't compile the test.
[INFO] [stdout] ---- src/lib.rs - Ticktimer::wait_condition (line 130) stdout ----
[INFO] [stdout] error: unknown start of token: `
[INFO] [stdout]  --> src/lib.rs:131:14
[INFO] [stdout]   |
[INFO] [stdout] 3 | * condvar: A `usize` referring to the Condvar. This is probably a pointer, but can be any `usize`
[INFO] [stdout]   |              ^
[INFO] [stdout]   |
[INFO] [stdout] help: Unicode character '`' (Grave Accent) looks like ''' (Single Quote), but it is not
[INFO] [stdout]   |
[INFO] [stdout] 3 | * condvar: A 'usize` referring to the Condvar. This is probably a pointer, but can be any `usize`
[INFO] [stdout]   |              ~
[INFO] [stdout] 
[INFO] [stdout] error: unknown start of token: `
[INFO] [stdout]  --> src/lib.rs:131:20
[INFO] [stdout]   |
[INFO] [stdout] 3 | * condvar: A `usize` referring to the Condvar. This is probably a pointer, but can be any `usize`
[INFO] [stdout]   |                    ^
[INFO] [stdout]   |
[INFO] [stdout] help: Unicode character '`' (Grave Accent) looks like ''' (Single Quote), but it is not
[INFO] [stdout]   |
[INFO] [stdout] 3 | * condvar: A `usize' referring to the Condvar. This is probably a pointer, but can be any `usize`
[INFO] [stdout]   |                    ~
[INFO] [stdout] 
[INFO] [stdout] error: unknown start of token: `
[INFO] [stdout]  --> src/lib.rs:131:91
[INFO] [stdout]   |
[INFO] [stdout] 3 | * condvar: A `usize` referring to the Condvar. This is probably a pointer, but can be any `usize`
[INFO] [stdout]   |                                                                                           ^
[INFO] [stdout]   |
[INFO] [stdout] help: Unicode character '`' (Grave Accent) looks like ''' (Single Quote), but it is not
[INFO] [stdout]   |
[INFO] [stdout] 3 | * condvar: A `usize` referring to the Condvar. This is probably a pointer, but can be any 'usize`
[INFO] [stdout]   |                                                                                           ~
[INFO] [stdout] 
[INFO] [stdout] error: unknown start of token: `
[INFO] [stdout]  --> src/lib.rs:131:97
[INFO] [stdout]   |
[INFO] [stdout] 3 | * condvar: A `usize` referring to the Condvar. This is probably a pointer, but can be any `usize`
[INFO] [stdout]   |                                                                                                 ^
[INFO] [stdout]   |
[INFO] [stdout] help: Unicode character '`' (Grave Accent) looks like ''' (Single Quote), but it is not
[INFO] [stdout]   |
[INFO] [stdout] 3 | * condvar: A `usize` referring to the Condvar. This is probably a pointer, but can be any `usize'
[INFO] [stdout]   |                                                                                                 ~
[INFO] [stdout] 
[INFO] [stdout] error: expected identifier, found `:`
[INFO] [stdout]  --> src/lib.rs:131:10
[INFO] [stdout]   |
[INFO] [stdout] 3 | * condvar: A `usize` referring to the Condvar. This is probably a pointer, but can be any `usize`
[INFO] [stdout]   |          ^ expected identifier
[INFO] [stdout]   |
[INFO] [stdout]   = note: type ascription syntax has been removed, see issue #101728 <https://github.com/rust-lang/rust/issues/101728>
[INFO] [stdout] 
[INFO] [stdout] error: aborting due to 5 previous errors
[INFO] [stdout] 
[INFO] [stdout] Couldn't compile the test.
[INFO] [stdout] 
[INFO] [stdout] failures:
[INFO] [stdout]     src/lib.rs - Ticktimer::elapsed_ms (line 31)
[INFO] [stdout]     src/lib.rs - Ticktimer::get_version (line 73)
[INFO] [stdout]     src/lib.rs - Ticktimer::lock_mutex (line 102)
[INFO] [stdout]     src/lib.rs - Ticktimer::lock_mutex (line 91)
[INFO] [stdout]     src/lib.rs - Ticktimer::lock_mutex (line 96)
[INFO] [stdout]     src/lib.rs - Ticktimer::notify_condition (line 156)
[INFO] [stdout]     src/lib.rs - Ticktimer::sleep_ms (line 49)
[INFO] [stdout]     src/lib.rs - Ticktimer::unlock_mutex (line 117)
[INFO] [stdout]     src/lib.rs - Ticktimer::wait_condition (line 130)
[INFO] [stdout]     src/lib.rs - Ticktimer::wait_condition (line 135)
[INFO] [stdout] 
[INFO] [stdout] test result: FAILED. 0 passed; 10 failed; 0 ignored; 0 measured; 0 filtered out; finished in 0.06s
[INFO] [stdout] 
[INFO] [stderr] error: doctest failed, to rerun pass `--doc`
[INFO] running `Command { std: "docker" "inspect" "47ba077562d6845cb2530b54acaefd642cdcfe02e0d4aa61db7ad193a4d62721", kill_on_drop: false }`
[INFO] running `Command { std: "docker" "rm" "-f" "47ba077562d6845cb2530b54acaefd642cdcfe02e0d4aa61db7ad193a4d62721", kill_on_drop: false }`
[INFO] [stdout] 47ba077562d6845cb2530b54acaefd642cdcfe02e0d4aa61db7ad193a4d62721
