[INFO] fetching crate xmltv 0.9.6...
[INFO] testing xmltv-0.9.6 against nightly-2024-10-28+rustflags=-Zrandomize-layout for randomize-layout
[INFO] extracting crate xmltv 0.9.6 into /workspace/builds/worker-5-tc2/source
[INFO] validating manifest of crates.io crate xmltv 0.9.6 on toolchain nightly-2024-10-28
[INFO] running `Command { std: CARGO_HOME="/workspace/cargo-home" RUSTUP_HOME="/workspace/rustup-home" "/workspace/cargo-home/bin/cargo" "+nightly-2024-10-28" "metadata" "--manifest-path" "Cargo.toml" "--no-deps", kill_on_drop: false }`
[INFO] started tweaking crates.io crate xmltv 0.9.6
[INFO] finished tweaking crates.io crate xmltv 0.9.6
[INFO] tweaked toml for crates.io crate xmltv 0.9.6 written to /workspace/builds/worker-5-tc2/source/Cargo.toml
[INFO] crate crates.io crate xmltv 0.9.6 already has a lockfile, it will not be regenerated
[INFO] running `Command { std: CARGO_HOME="/workspace/cargo-home" RUSTUP_HOME="/workspace/rustup-home" "/workspace/cargo-home/bin/cargo" "+nightly-2024-10-28" "fetch" "--manifest-path" "Cargo.toml", kill_on_drop: false }`
[INFO] running `Command { std: "docker" "create" "-v" "/var/lib/crater-agent-workspace/builds/worker-5-tc2/target:/opt/rustwide/target:rw,Z" "-v" "/var/lib/crater-agent-workspace/builds/worker-5-tc2/source:/opt/rustwide/workdir:ro,Z" "-v" "/var/lib/crater-agent-workspace/cargo-home:/opt/rustwide/cargo-home:ro,Z" "-v" "/var/lib/crater-agent-workspace/rustup-home:/opt/rustwide/rustup-home:ro,Z" "-e" "SOURCE_DIR=/opt/rustwide/workdir" "-e" "CARGO_TARGET_DIR=/opt/rustwide/target" "-e" "CARGO_HOME=/opt/rustwide/cargo-home" "-e" "RUSTUP_HOME=/opt/rustwide/rustup-home" "-w" "/opt/rustwide/workdir" "-m" "1610612736" "--user" "0:0" "--network" "none" "ghcr.io/rust-lang/crates-build-env/linux@sha256:4a844ea9eb2546a2d2c7022eacef16ef2e8229c7fbb2c7d4d55a9ceca922f72d" "/opt/rustwide/cargo-home/bin/cargo" "+nightly-2024-10-28" "metadata" "--no-deps" "--format-version=1", kill_on_drop: false }`
[INFO] [stdout] cd39592ad2473c84a5a706f2cc8e0174c8591cdc7d7b530c420dd5ee664391b7
[INFO] running `Command { std: "docker" "start" "-a" "cd39592ad2473c84a5a706f2cc8e0174c8591cdc7d7b530c420dd5ee664391b7", kill_on_drop: false }`
[INFO] running `Command { std: "docker" "inspect" "cd39592ad2473c84a5a706f2cc8e0174c8591cdc7d7b530c420dd5ee664391b7", kill_on_drop: false }`
[INFO] running `Command { std: "docker" "rm" "-f" "cd39592ad2473c84a5a706f2cc8e0174c8591cdc7d7b530c420dd5ee664391b7", kill_on_drop: false }`
[INFO] [stdout] cd39592ad2473c84a5a706f2cc8e0174c8591cdc7d7b530c420dd5ee664391b7
[INFO] running `Command { std: "docker" "create" "-v" "/var/lib/crater-agent-workspace/builds/worker-5-tc2/target:/opt/rustwide/target:rw,Z" "-v" "/var/lib/crater-agent-workspace/builds/worker-5-tc2/source:/opt/rustwide/workdir:ro,Z" "-v" "/var/lib/crater-agent-workspace/cargo-home:/opt/rustwide/cargo-home:ro,Z" "-v" "/var/lib/crater-agent-workspace/rustup-home:/opt/rustwide/rustup-home:ro,Z" "-e" "SOURCE_DIR=/opt/rustwide/workdir" "-e" "CARGO_TARGET_DIR=/opt/rustwide/target" "-e" "CARGO_INCREMENTAL=0" "-e" "RUST_BACKTRACE=full" "-e" "RUSTFLAGS=--cap-lints=forbid -Zrandomize-layout" "-e" "RUSTDOCFLAGS=--cap-lints=forbid" "-e" "CARGO_HOME=/opt/rustwide/cargo-home" "-e" "RUSTUP_HOME=/opt/rustwide/rustup-home" "-w" "/opt/rustwide/workdir" "-m" "1610612736" "--user" "0:0" "--network" "none" "ghcr.io/rust-lang/crates-build-env/linux@sha256:4a844ea9eb2546a2d2c7022eacef16ef2e8229c7fbb2c7d4d55a9ceca922f72d" "/opt/rustwide/cargo-home/bin/cargo" "+nightly-2024-10-28" "build" "--frozen" "--message-format=json", kill_on_drop: false }`
[INFO] [stdout] d4045efa7e6bb3c439673181ae6db4547e23701647aa160ce327d8e8d8bb3c3a
[INFO] running `Command { std: "docker" "start" "-a" "d4045efa7e6bb3c439673181ae6db4547e23701647aa160ce327d8e8d8bb3c3a", kill_on_drop: false }`
[INFO] [stderr]    Compiling proc-macro2 v1.0.78
[INFO] [stderr]    Compiling unicode-ident v1.0.12
[INFO] [stderr]    Compiling serde v1.0.197
[INFO] [stderr]    Compiling quote v1.0.35
[INFO] [stderr]    Compiling syn v2.0.52
[INFO] [stderr]    Compiling serde_derive v1.0.197
[INFO] [stderr]    Compiling xmltv v0.9.6 (/opt/rustwide/workdir)
[INFO] [stdout] warning: this function depends on never type fallback being `()`
[INFO] [stdout]   --> src/utils.rs:22:1
[INFO] [stdout]    |
[INFO] [stdout] 22 | / pub fn new_tag_to_boolean<'de, D>(deserializer: D) -> Result<bool, D::Error>
[INFO] [stdout] 23 | | where
[INFO] [stdout] 24 | |     D: de::Deserializer<'de>,
[INFO] [stdout]    | |_____________________________^
[INFO] [stdout]    |
[INFO] [stdout]    = warning: this was previously accepted by the compiler but is being phased out; it will become a hard error in a future release!
[INFO] [stdout]    = note: for more information, see issue #123748 <https://github.com/rust-lang/rust/issues/123748>
[INFO] [stdout]    = help: specify the types explicitly
[INFO] [stdout] note: in edition 2024, the requirement `!: Deserialize<'_>` will fail
[INFO] [stdout]   --> src/utils.rs:26:5
[INFO] [stdout]    |
[INFO] [stdout] 26 |     de::Deserialize::deserialize(deserializer)?;
[INFO] [stdout]    |     ^^^^^^^^^^^^^^^^^^^^^^^^^^^^^^^^^^^^^^^^^^
[INFO] [stdout]    = note: `#[warn(dependency_on_unit_never_type_fallback)]` on by default
[INFO] [stdout] 
[INFO] [stdout] 
[INFO] [stdout] warning: trait `Trimable` is never used
[INFO] [stdout]    --> src/utils.rs:152:7
[INFO] [stdout]     |
[INFO] [stdout] 152 | trait Trimable {
[INFO] [stdout]     |       ^^^^^^^^
[INFO] [stdout]     |
[INFO] [stdout]     = note: `#[warn(dead_code)]` on by default
[INFO] [stdout] 
[INFO] [stdout] 
[INFO] [stderr]     Finished `dev` profile [unoptimized + debuginfo] target(s) in 5.32s
[INFO] running `Command { std: "docker" "inspect" "d4045efa7e6bb3c439673181ae6db4547e23701647aa160ce327d8e8d8bb3c3a", kill_on_drop: false }`
[INFO] running `Command { std: "docker" "rm" "-f" "d4045efa7e6bb3c439673181ae6db4547e23701647aa160ce327d8e8d8bb3c3a", kill_on_drop: false }`
[INFO] [stdout] d4045efa7e6bb3c439673181ae6db4547e23701647aa160ce327d8e8d8bb3c3a
[INFO] running `Command { std: "docker" "create" "-v" "/var/lib/crater-agent-workspace/builds/worker-5-tc2/target:/opt/rustwide/target:rw,Z" "-v" "/var/lib/crater-agent-workspace/builds/worker-5-tc2/source:/opt/rustwide/workdir:ro,Z" "-v" "/var/lib/crater-agent-workspace/cargo-home:/opt/rustwide/cargo-home:ro,Z" "-v" "/var/lib/crater-agent-workspace/rustup-home:/opt/rustwide/rustup-home:ro,Z" "-e" "SOURCE_DIR=/opt/rustwide/workdir" "-e" "CARGO_TARGET_DIR=/opt/rustwide/target" "-e" "CARGO_INCREMENTAL=0" "-e" "RUST_BACKTRACE=full" "-e" "RUSTFLAGS=--cap-lints=forbid -Zrandomize-layout" "-e" "RUSTDOCFLAGS=--cap-lints=forbid" "-e" "CARGO_HOME=/opt/rustwide/cargo-home" "-e" "RUSTUP_HOME=/opt/rustwide/rustup-home" "-w" "/opt/rustwide/workdir" "-m" "1610612736" "--user" "0:0" "--network" "none" "ghcr.io/rust-lang/crates-build-env/linux@sha256:4a844ea9eb2546a2d2c7022eacef16ef2e8229c7fbb2c7d4d55a9ceca922f72d" "/opt/rustwide/cargo-home/bin/cargo" "+nightly-2024-10-28" "test" "--frozen" "--no-run" "--message-format=json", kill_on_drop: false }`
[INFO] [stdout] 87b9dc9a7a611df3fc10ed77894beccf112e71d417a6416f7f933929a9192baa
[INFO] running `Command { std: "docker" "start" "-a" "87b9dc9a7a611df3fc10ed77894beccf112e71d417a6416f7f933929a9192baa", kill_on_drop: false }`
[INFO] [stderr]    Compiling memchr v2.7.1
[INFO] [stdout] warning: this function depends on never type fallback being `()`
[INFO] [stdout]   --> src/utils.rs:22:1
[INFO] [stdout]    |
[INFO] [stdout] 22 | / pub fn new_tag_to_boolean<'de, D>(deserializer: D) -> Result<bool, D::Error>
[INFO] [stdout] 23 | | where
[INFO] [stdout] 24 | |     D: de::Deserializer<'de>,
[INFO] [stdout]    | |_____________________________^
[INFO] [stdout]    |
[INFO] [stdout]    = warning: this was previously accepted by the compiler but is being phased out; it will become a hard error in a future release!
[INFO] [stdout]    = note: for more information, see issue #123748 <https://github.com/rust-lang/rust/issues/123748>
[INFO] [stdout]    = help: specify the types explicitly
[INFO] [stdout] note: in edition 2024, the requirement `!: Deserialize<'_>` will fail
[INFO] [stdout]   --> src/utils.rs:26:5
[INFO] [stdout]    |
[INFO] [stdout] 26 |     de::Deserialize::deserialize(deserializer)?;
[INFO] [stdout]    |     ^^^^^^^^^^^^^^^^^^^^^^^^^^^^^^^^^^^^^^^^^^
[INFO] [stdout]    = note: `#[warn(dependency_on_unit_never_type_fallback)]` on by default
[INFO] [stdout] 
[INFO] [stdout] 
[INFO] [stdout] warning: trait `Trimable` is never used
[INFO] [stdout]    --> src/utils.rs:152:7
[INFO] [stdout]     |
[INFO] [stdout] 152 | trait Trimable {
[INFO] [stdout]     |       ^^^^^^^^
[INFO] [stdout]     |
[INFO] [stdout]     = note: `#[warn(dead_code)]` on by default
[INFO] [stdout] 
[INFO] [stdout] 
[INFO] [stderr]    Compiling quick-xml v0.31.0
[INFO] [stderr]    Compiling xmltv v0.9.6 (/opt/rustwide/workdir)
[INFO] [stdout] warning: this function depends on never type fallback being `()`
[INFO] [stdout]   --> src/utils.rs:22:1
[INFO] [stdout]    |
[INFO] [stdout] 22 | / pub fn new_tag_to_boolean<'de, D>(deserializer: D) -> Result<bool, D::Error>
[INFO] [stdout] 23 | | where
[INFO] [stdout] 24 | |     D: de::Deserializer<'de>,
[INFO] [stdout]    | |_____________________________^
[INFO] [stdout]    |
[INFO] [stdout]    = warning: this was previously accepted by the compiler but is being phased out; it will become a hard error in a future release!
[INFO] [stdout]    = note: for more information, see issue #123748 <https://github.com/rust-lang/rust/issues/123748>
[INFO] [stdout]    = help: specify the types explicitly
[INFO] [stdout] note: in edition 2024, the requirement `!: Deserialize<'_>` will fail
[INFO] [stdout]   --> src/utils.rs:26:5
[INFO] [stdout]    |
[INFO] [stdout] 26 |     de::Deserialize::deserialize(deserializer)?;
[INFO] [stdout]    |     ^^^^^^^^^^^^^^^^^^^^^^^^^^^^^^^^^^^^^^^^^^
[INFO] [stdout]    = note: `#[warn(dependency_on_unit_never_type_fallback)]` on by default
[INFO] [stdout] 
[INFO] [stdout] 
[INFO] [stderr]     Finished `test` profile [unoptimized + debuginfo] target(s) in 2.12s
[INFO] running `Command { std: "docker" "inspect" "87b9dc9a7a611df3fc10ed77894beccf112e71d417a6416f7f933929a9192baa", kill_on_drop: false }`
[INFO] running `Command { std: "docker" "rm" "-f" "87b9dc9a7a611df3fc10ed77894beccf112e71d417a6416f7f933929a9192baa", kill_on_drop: false }`
[INFO] [stdout] 87b9dc9a7a611df3fc10ed77894beccf112e71d417a6416f7f933929a9192baa
[INFO] running `Command { std: "docker" "create" "-v" "/var/lib/crater-agent-workspace/builds/worker-5-tc2/target:/opt/rustwide/target:rw,Z" "-v" "/var/lib/crater-agent-workspace/builds/worker-5-tc2/source:/opt/rustwide/workdir:ro,Z" "-v" "/var/lib/crater-agent-workspace/cargo-home:/opt/rustwide/cargo-home:ro,Z" "-v" "/var/lib/crater-agent-workspace/rustup-home:/opt/rustwide/rustup-home:ro,Z" "-e" "SOURCE_DIR=/opt/rustwide/workdir" "-e" "CARGO_TARGET_DIR=/opt/rustwide/target" "-e" "CARGO_INCREMENTAL=0" "-e" "RUST_BACKTRACE=full" "-e" "RUSTFLAGS=--cap-lints=forbid -Zrandomize-layout" "-e" "RUSTDOCFLAGS=--cap-lints=forbid" "-e" "CARGO_HOME=/opt/rustwide/cargo-home" "-e" "RUSTUP_HOME=/opt/rustwide/rustup-home" "-w" "/opt/rustwide/workdir" "-m" "1610612736" "--user" "0:0" "--network" "none" "ghcr.io/rust-lang/crates-build-env/linux@sha256:4a844ea9eb2546a2d2c7022eacef16ef2e8229c7fbb2c7d4d55a9ceca922f72d" "/opt/rustwide/cargo-home/bin/cargo" "+nightly-2024-10-28" "test" "--frozen", kill_on_drop: false }`
[INFO] [stdout] 7622434591f208bc9bdeb850ee2b9b6d1bf8e1f4b9c3c003284a27cf0b1a70cb
[INFO] running `Command { std: "docker" "start" "-a" "7622434591f208bc9bdeb850ee2b9b6d1bf8e1f4b9c3c003284a27cf0b1a70cb", kill_on_drop: false }`
[INFO] [stderr] warning: this function depends on never type fallback being `()`
[INFO] [stderr]   --> src/utils.rs:22:1
[INFO] [stderr]    |
[INFO] [stderr] 22 | / pub fn new_tag_to_boolean<'de, D>(deserializer: D) -> Result<bool, D::Error>
[INFO] [stderr] 23 | | where
[INFO] [stderr] 24 | |     D: de::Deserializer<'de>,
[INFO] [stderr]    | |_____________________________^
[INFO] [stderr]    |
[INFO] [stderr]    = warning: this was previously accepted by the compiler but is being phased out; it will become a hard error in a future release!
[INFO] [stderr]    = note: for more information, see issue #123748 <https://github.com/rust-lang/rust/issues/123748>
[INFO] [stderr]    = help: specify the types explicitly
[INFO] [stderr] note: in edition 2024, the requirement `!: Deserialize<'_>` will fail
[INFO] [stderr]   --> src/utils.rs:26:5
[INFO] [stderr]    |
[INFO] [stderr] 26 |     de::Deserialize::deserialize(deserializer)?;
[INFO] [stderr]    |     ^^^^^^^^^^^^^^^^^^^^^^^^^^^^^^^^^^^^^^^^^^
[INFO] [stderr]    = note: `#[warn(dependency_on_unit_never_type_fallback)]` on by default
[INFO] [stderr] 
[INFO] [stderr] warning: trait `Trimable` is never used
[INFO] [stderr]    --> src/utils.rs:152:7
[INFO] [stderr]     |
[INFO] [stderr] 152 | trait Trimable {
[INFO] [stderr]     |       ^^^^^^^^
[INFO] [stderr]     |
[INFO] [stderr]     = note: `#[warn(dead_code)]` on by default
[INFO] [stderr] 
[INFO] [stderr] warning: `xmltv` (lib) generated 2 warnings
[INFO] [stderr] warning: `xmltv` (lib test) generated 1 warning (1 duplicate)
[INFO] [stderr]     Finished `test` profile [unoptimized + debuginfo] target(s) in 0.02s
[INFO] [stderr]      Running unittests src/lib.rs (/opt/rustwide/target/debug/deps/xmltv-2c1350831ad278ea)
[INFO] [stdout] 
[INFO] [stdout] running 1 test
[INFO] [stdout] test utils::tests::test_trim_strings ... ok
[INFO] [stdout] 
[INFO] [stdout] test result: ok. 1 passed; 0 failed; 0 ignored; 0 measured; 0 filtered out; finished in 0.00s
[INFO] [stdout] 
[INFO] [stderr]      Running tests/from_files.rs (/opt/rustwide/target/debug/deps/from_files-2cae4321acc71f57)
[INFO] [stdout] 
[INFO] [stdout] running 2 tests
[INFO] [stdout] test test_read_from_files ... ok
[INFO] [stdout] test test_programmes_from_files ... ok
[INFO] [stdout] 
[INFO] [stdout] test result: ok. 2 passed; 0 failed; 0 ignored; 0 measured; 0 filtered out; finished in 0.21s
[INFO] [stdout] 
[INFO] [stderr]      Running tests/subtags.rs (/opt/rustwide/target/debug/deps/subtags-1ad4639568b7e24f)
[INFO] [stdout] 
[INFO] [stdout] running 11 tests
[INFO] [stdout] test test_category ... ok
[INFO] [stdout] test test_audio ... ok
[INFO] [stdout] test test_episode_num ... ok
[INFO] [stdout] test test_credits ... ok
[INFO] [stdout] test test_length ... ok
[INFO] [stdout] test test_previously_shown ... ok
[INFO] [stdout] test test_star_rating ... ok
[INFO] [stdout] test test_parsing_various_programmes ... ok
[INFO] [stdout] test test_rating ... ok
[INFO] [stdout] test test_subtitles ... ok
[INFO] [stdout] test test_value_and_lang ... ok
[INFO] [stdout] 
[INFO] [stdout] test result: ok. 11 passed; 0 failed; 0 ignored; 0 measured; 0 filtered out; finished in 0.00s
[INFO] [stdout] 
[INFO] [stderr]      Running tests/tests.rs (/opt/rustwide/target/debug/deps/tests-691908f28986e353)
[INFO] [stdout] 
[INFO] [stdout] running 7 tests
[INFO] [stdout] test test_divmod ... ok
[INFO] [stdout] test test_empty_xmltv ... ok
[INFO] [stdout] test test_generator_info_empty_xmltv ... ok
[INFO] [stdout] test test_tv_attributes ... ok
[INFO] [stdout] test test_xmltv_one_channel ... ok
[INFO] [stdout] test test_xmltv_programs ... ok
[INFO] [stdout] test test_simple_epg ... FAILED
[INFO] [stdout] 
[INFO] [stdout] failures:
[INFO] [stdout] 
[INFO] [stdout] ---- test_simple_epg stdout ----
[INFO] [stdout] thread 'test_simple_epg' panicked at tests/tests.rs:215:5:
[INFO] [stdout] assertion `left == right` failed
[INFO] [stdout]   left: Tv { source_info_url: None, source_info_name: None, source_data_url: None, generator_info_name: None, generator_info_url: None, channels: [], programmes: [Programme { channel: "bbc2.bbc.co.uk", start: "20010829000500 BST", stop: None, pdc_start: None, vps_start: None, showview: None, videoplus: None, clumpidx: None, titles: [ValueAndLang { value: "The Phil Silvers Show", lang: None }], sub_titles: [], descriptions: [ValueAndLang { value: "Bilko claims he's had a close encounter with an alien in order to be given some compassionate leave so he can visit an old flame in New York.", lang: None }], credits: None, date: None, categories: [], keywords: [], language: None, orig_language: None, length: None, icons: [], urls: [], countries: [], episode_num: [], video: None, audio: None, previously_shown: None, premiere: None, last_chance: None, new: false, subtitles: [], ratings: [], star_ratings: [], reviews: [], images: [] }, Programme { channel: "channel4.com", start: "20010829095500 BST", stop: None, pdc_start: None, vps_start: None, showview: None, videoplus: None, clumpidx: None, titles: [ValueAndLang { value: "King of the Hill", lang: None }], sub_titles: [ValueAndLang { value: "Meet the Propaniacs", lang: None }], descriptions: [ValueAndLang { value: "Bobby tours with a comedy troupe who specialize in\n            propane-related mirth.", lang: None }], credits: Some(Credits { directors: [], actors: [Actor { name: "Mike Judge", role: None, guest: false }, Actor { name: "Lane Smith", role: None, guest: false }], writers: [], adapters: [], producers: [], composers: [], editors: [], presenters: [], commentators: [], guests: [] }), date: None, categories: [NameAndLang { name: "animation", lang: None }], keywords: [], language: None, orig_language: None, length: None, icons: [], urls: [], countries: [], episode_num: [], video: None, audio: None, previously_shown: None, premiere: None, last_chance: None, new: false, subtitles: [], ratings: [], star_ratings: [], reviews: [], images: [] }] }
[INFO] [stdout]  right: Tv { source_info_url: None, source_info_name: None, source_data_url: None, generator_info_name: None, generator_info_url: None, channels: [], programmes: [Programme { channel: "bbc2.bbc.co.uk", start: "20010829000500 BST", stop: None, pdc_start: None, vps_start: None, showview: None, videoplus: None, clumpidx: None, titles: [ValueAndLang { value: "The Phil Silvers Show", lang: None }], sub_titles: [], descriptions: [ValueAndLang { value: "Bilko claims he's had a close encounter with an alien in order to be given some compassionate leave so he can visit an old flame in New York.", lang: None }], credits: None, date: None, categories: [], keywords: [], language: None, orig_language: None, length: None, icons: [], urls: [], countries: [], episode_num: [], video: None, audio: None, previously_shown: None, premiere: None, last_chance: None, new: false, subtitles: [], ratings: [], star_ratings: [], reviews: [], images: [] }, Programme { channel: "channel4.com", start: "20010829095500 BST", stop: None, pdc_start: None, vps_start: None, showview: None, videoplus: None, clumpidx: None, titles: [ValueAndLang { value: "King of the Hill", lang: None }], sub_titles: [ValueAndLang { value: "Meet the Propaniacs", lang: None }], descriptions: [ValueAndLang { value: "Bobby tours with a comedy troupe who specialize in propane-related mirth.", lang: None }], credits: Some(Credits { directors: [], actors: [Actor { name: "Mike Judge", role: None, guest: false }, Actor { name: "Lane Smith", role: None, guest: false }], writers: [], adapters: [], producers: [], composers: [], editors: [], presenters: [], commentators: [], guests: [] }), date: None, categories: [], keywords: [], language: None, orig_language: None, length: None, icons: [], urls: [], countries: [], episode_num: [], video: None, audio: None, previously_shown: None, premiere: None, last_chance: None, new: false, subtitles: [], ratings: [], star_ratings: [], reviews: [], images: [] }] }
[INFO] [stdout] stack backtrace:
[INFO] [stdout]    0:     0x5857f03a13ba - std::backtrace_rs::backtrace::libunwind::trace::h207520d6e9873551
[INFO] [stdout]                                at /rustc/df4ca44d3fbc9301ee17f30f4d474e6ae4b05252/library/std/src/../../backtrace/src/backtrace/libunwind.rs:116:5
[INFO] [stdout]    1:     0x5857f03a13ba - std::backtrace_rs::backtrace::trace_unsynchronized::h2ed7433f370e3eca
[INFO] [stdout]                                at /rustc/df4ca44d3fbc9301ee17f30f4d474e6ae4b05252/library/std/src/../../backtrace/src/backtrace/mod.rs:66:5
[INFO] [stdout]    2:     0x5857f03a13ba - std::sys::backtrace::_print_fmt::h916fac51166b18d7
[INFO] [stdout]                                at /rustc/df4ca44d3fbc9301ee17f30f4d474e6ae4b05252/library/std/src/sys/backtrace.rs:66:9
[INFO] [stdout]    3:     0x5857f03a13ba - <std::sys::backtrace::BacktraceLock::print::DisplayBacktrace as core::fmt::Display>::fmt::ha0a4c9b8ce3802e6
[INFO] [stdout]                                at /rustc/df4ca44d3fbc9301ee17f30f4d474e6ae4b05252/library/std/src/sys/backtrace.rs:39:26
[INFO] [stdout]    4:     0x5857f03c8c63 - core::fmt::rt::Argument::fmt::h4cfc8587d52b3eb5
[INFO] [stdout]                                at /rustc/df4ca44d3fbc9301ee17f30f4d474e6ae4b05252/library/core/src/fmt/rt.rs:177:76
[INFO] [stdout]    5:     0x5857f03c8c63 - core::fmt::write::h522cc39e5b36ae9f
[INFO] [stdout]                                at /rustc/df4ca44d3fbc9301ee17f30f4d474e6ae4b05252/library/core/src/fmt/mod.rs:1190:21
[INFO] [stdout]    6:     0x5857f039e023 - std::io::Write::write_fmt::h7d3c26752da97734
[INFO] [stdout]                                at /rustc/df4ca44d3fbc9301ee17f30f4d474e6ae4b05252/library/std/src/io/mod.rs:1839:15
[INFO] [stdout]    7:     0x5857f03a1202 - std::sys::backtrace::BacktraceLock::print::h4b9e00b29e9c0942
[INFO] [stdout]                                at /rustc/df4ca44d3fbc9301ee17f30f4d474e6ae4b05252/library/std/src/sys/backtrace.rs:42:9
[INFO] [stdout]    8:     0x5857f03a284a - std::panicking::default_hook::{{closure}}::hb59b88280d0324d9
[INFO] [stdout]                                at /rustc/df4ca44d3fbc9301ee17f30f4d474e6ae4b05252/library/std/src/panicking.rs:268:22
[INFO] [stdout]    9:     0x5857f03a2654 - std::panicking::default_hook::he1dd496665be4a29
[INFO] [stdout]                                at /rustc/df4ca44d3fbc9301ee17f30f4d474e6ae4b05252/library/std/src/panicking.rs:292:9
[INFO] [stdout]   10:     0x5857f032d369 - <alloc::boxed::Box<F,A> as core::ops::function::Fn<Args>>::call::h4ff71de18744e1dc
[INFO] [stdout]                                at /rustc/df4ca44d3fbc9301ee17f30f4d474e6ae4b05252/library/alloc/src/boxed.rs:2468:9
[INFO] [stdout]   11:     0x5857f032d369 - test::test_main::{{closure}}::hcf7c055ce117aa81
[INFO] [stdout]                                at /rustc/df4ca44d3fbc9301ee17f30f4d474e6ae4b05252/library/test/src/lib.rs:133:21
[INFO] [stdout]   12:     0x5857f03a2f48 - <alloc::boxed::Box<F,A> as core::ops::function::Fn<Args>>::call::h1d66c6bbd60c9692
[INFO] [stdout]                                at /rustc/df4ca44d3fbc9301ee17f30f4d474e6ae4b05252/library/alloc/src/boxed.rs:2468:9
[INFO] [stdout]   13:     0x5857f03a2f48 - std::panicking::rust_panic_with_hook::h2ff17fe8f26dfcf8
[INFO] [stdout]                                at /rustc/df4ca44d3fbc9301ee17f30f4d474e6ae4b05252/library/std/src/panicking.rs:809:13
[INFO] [stdout]   14:     0x5857f03a2d0a - std::panicking::begin_panic_handler::{{closure}}::h4fad77951c07e101
[INFO] [stdout]                                at /rustc/df4ca44d3fbc9301ee17f30f4d474e6ae4b05252/library/std/src/panicking.rs:674:13
[INFO] [stdout]   15:     0x5857f03a1899 - std::sys::backtrace::__rust_end_short_backtrace::hb1a25b3da5d0ea08
[INFO] [stdout]                                at /rustc/df4ca44d3fbc9301ee17f30f4d474e6ae4b05252/library/std/src/sys/backtrace.rs:170:18
[INFO] [stdout]   16:     0x5857f03a299c - rust_begin_unwind
[INFO] [stdout]                                at /rustc/df4ca44d3fbc9301ee17f30f4d474e6ae4b05252/library/std/src/panicking.rs:665:5
[INFO] [stdout]   17:     0x5857f03c7620 - core::panicking::panic_fmt::ha9db07b529f9b256
[INFO] [stdout]                                at /rustc/df4ca44d3fbc9301ee17f30f4d474e6ae4b05252/library/core/src/panicking.rs:75:14
[INFO] [stdout]   18:     0x5857f03c7a24 - core::panicking::assert_failed_inner::h04f38944d74a80a8
[INFO] [stdout]   19:     0x5857f02b62b6 - core::panicking::assert_failed::hc7beb4e05b3ec796
[INFO] [stdout]                                at /rustc/df4ca44d3fbc9301ee17f30f4d474e6ae4b05252/library/core/src/panicking.rs:377:5
[INFO] [stdout]   20:     0x5857f02e6ed1 - tests::test_simple_epg::h09bb944ed6959e85
[INFO] [stdout]                                at /opt/rustwide/workdir/tests/tests.rs:215:5
[INFO] [stdout]   21:     0x5857f02e5327 - tests::test_simple_epg::{{closure}}::h17145c768ccbb711
[INFO] [stdout]                                at /opt/rustwide/workdir/tests/tests.rs:186:21
[INFO] [stdout]   22:     0x5857f02e8476 - core::ops::function::FnOnce::call_once::hf0f710afd5059a6f
[INFO] [stdout]                                at /rustc/df4ca44d3fbc9301ee17f30f4d474e6ae4b05252/library/core/src/ops/function.rs:250:5
[INFO] [stdout]   23:     0x5857f0331c3b - core::ops::function::FnOnce::call_once::h22c3ba5715e93f05
[INFO] [stdout]                                at /rustc/df4ca44d3fbc9301ee17f30f4d474e6ae4b05252/library/core/src/ops/function.rs:250:5
[INFO] [stdout]   24:     0x5857f0331c3b - test::__rust_begin_short_backtrace::h8e82d8113d0da17f
[INFO] [stdout]                                at /rustc/df4ca44d3fbc9301ee17f30f4d474e6ae4b05252/library/test/src/lib.rs:621:18
[INFO] [stdout]   25:     0x5857f03315b7 - test::run_test_in_process::{{closure}}::h33235f4f20b7b7c7
[INFO] [stdout]                                at /rustc/df4ca44d3fbc9301ee17f30f4d474e6ae4b05252/library/test/src/lib.rs:644:60
[INFO] [stdout]   26:     0x5857f03315b7 - <core::panic::unwind_safe::AssertUnwindSafe<F> as core::ops::function::FnOnce<()>>::call_once::hb5043206310c586f
[INFO] [stdout]                                at /rustc/df4ca44d3fbc9301ee17f30f4d474e6ae4b05252/library/core/src/panic/unwind_safe.rs:272:9
[INFO] [stdout]   27:     0x5857f03315b7 - std::panicking::try::do_call::h9ad4731a60ab23e2
[INFO] [stdout]                                at /rustc/df4ca44d3fbc9301ee17f30f4d474e6ae4b05252/library/std/src/panicking.rs:557:40
[INFO] [stdout]   28:     0x5857f03315b7 - std::panicking::try::h3824d23db772a716
[INFO] [stdout]                                at /rustc/df4ca44d3fbc9301ee17f30f4d474e6ae4b05252/library/std/src/panicking.rs:520:19
[INFO] [stdout]   29:     0x5857f03315b7 - std::panic::catch_unwind::h5afd514605fde46b
[INFO] [stdout]                                at /rustc/df4ca44d3fbc9301ee17f30f4d474e6ae4b05252/library/std/src/panic.rs:358:14
[INFO] [stdout]   30:     0x5857f03315b7 - test::run_test_in_process::h0d5cbfa7067d1720
[INFO] [stdout]                                at /rustc/df4ca44d3fbc9301ee17f30f4d474e6ae4b05252/library/test/src/lib.rs:644:27
[INFO] [stdout]   31:     0x5857f03315b7 - test::run_test::{{closure}}::h708eb8872708115d
[INFO] [stdout]                                at /rustc/df4ca44d3fbc9301ee17f30f4d474e6ae4b05252/library/test/src/lib.rs:565:43
[INFO] [stdout]   32:     0x5857f02f4cd4 - test::run_test::{{closure}}::h392c51cee94713ab
[INFO] [stdout]                                at /rustc/df4ca44d3fbc9301ee17f30f4d474e6ae4b05252/library/test/src/lib.rs:595:41
[INFO] [stdout]   33:     0x5857f02f4cd4 - std::sys::backtrace::__rust_begin_short_backtrace::h2f40290710935a8b
[INFO] [stdout]                                at /rustc/df4ca44d3fbc9301ee17f30f4d474e6ae4b05252/library/std/src/sys/backtrace.rs:154:18
[INFO] [stdout]   34:     0x5857f02f847e - std::thread::Builder::spawn_unchecked_::{{closure}}::{{closure}}::h3fd968d89053a903
[INFO] [stdout]                                at /rustc/df4ca44d3fbc9301ee17f30f4d474e6ae4b05252/library/std/src/thread/mod.rs:541:17
[INFO] [stdout]   35:     0x5857f02f847e - <core::panic::unwind_safe::AssertUnwindSafe<F> as core::ops::function::FnOnce<()>>::call_once::h743f637ba4229880
[INFO] [stdout]                                at /rustc/df4ca44d3fbc9301ee17f30f4d474e6ae4b05252/library/core/src/panic/unwind_safe.rs:272:9
[INFO] [stdout]   36:     0x5857f02f847e - std::panicking::try::do_call::h07440897322525a6
[INFO] [stdout]                                at /rustc/df4ca44d3fbc9301ee17f30f4d474e6ae4b05252/library/std/src/panicking.rs:557:40
[INFO] [stdout]   37:     0x5857f02f847e - std::panicking::try::he5a2e00188156637
[INFO] [stdout]                                at /rustc/df4ca44d3fbc9301ee17f30f4d474e6ae4b05252/library/std/src/panicking.rs:520:19
[INFO] [stdout]   38:     0x5857f02f847e - std::panic::catch_unwind::hbaf3cae49b3c6433
[INFO] [stdout]                                at /rustc/df4ca44d3fbc9301ee17f30f4d474e6ae4b05252/library/std/src/panic.rs:358:14
[INFO] [stdout]   39:     0x5857f02f847e - std::thread::Builder::spawn_unchecked_::{{closure}}::h8e141ea224820bce
[INFO] [stdout]                                at /rustc/df4ca44d3fbc9301ee17f30f4d474e6ae4b05252/library/std/src/thread/mod.rs:540:30
[INFO] [stdout]   40:     0x5857f02f847e - core::ops::function::FnOnce::call_once{{vtable.shim}}::h90d312fedd7b8ea8
[INFO] [stdout]                                at /rustc/df4ca44d3fbc9301ee17f30f4d474e6ae4b05252/library/core/src/ops/function.rs:250:5
[INFO] [stdout]   41:     0x5857f03a6d3b - <alloc::boxed::Box<F,A> as core::ops::function::FnOnce<Args>>::call_once::h69aa08ddb6adb8b6
[INFO] [stdout]                                at /rustc/df4ca44d3fbc9301ee17f30f4d474e6ae4b05252/library/alloc/src/boxed.rs:2454:9
[INFO] [stdout]   42:     0x5857f03a6d3b - <alloc::boxed::Box<F,A> as core::ops::function::FnOnce<Args>>::call_once::h5aa36efdb79c806f
[INFO] [stdout]                                at /rustc/df4ca44d3fbc9301ee17f30f4d474e6ae4b05252/library/alloc/src/boxed.rs:2454:9
[INFO] [stdout]   43:     0x5857f03a6d3b - std::sys::pal::unix::thread::Thread::new::thread_start::h6cd80a1b4be5158d
[INFO] [stdout]                                at /rustc/df4ca44d3fbc9301ee17f30f4d474e6ae4b05252/library/std/src/sys/pal/unix/thread.rs:105:17
[INFO] [stdout]   44:     0x74d74ecdbac3 - <unknown>
[INFO] [stdout]   45:     0x74d74ed6ca04 - clone
[INFO] [stdout]   46:                0x0 - <unknown>
[INFO] [stdout] 
[INFO] [stdout] 
[INFO] [stdout] failures:
[INFO] [stdout]     test_simple_epg
[INFO] [stdout] 
[INFO] [stdout] test result: FAILED. 6 passed; 1 failed; 0 ignored; 0 measured; 0 filtered out; finished in 0.01s
[INFO] [stdout] 
[INFO] [stderr] error: test failed, to rerun pass `--test tests`
[INFO] running `Command { std: "docker" "inspect" "7622434591f208bc9bdeb850ee2b9b6d1bf8e1f4b9c3c003284a27cf0b1a70cb", kill_on_drop: false }`
[INFO] running `Command { std: "docker" "rm" "-f" "7622434591f208bc9bdeb850ee2b9b6d1bf8e1f4b9c3c003284a27cf0b1a70cb", kill_on_drop: false }`
[INFO] [stdout] 7622434591f208bc9bdeb850ee2b9b6d1bf8e1f4b9c3c003284a27cf0b1a70cb
