[INFO] fetching crate xinto 0.2.0...
[INFO] testing xinto-0.2.0 against nightly-2024-10-28 for randomize-layout
[INFO] extracting crate xinto 0.2.0 into /workspace/builds/worker-5-tc1/source
[INFO] validating manifest of crates.io crate xinto 0.2.0 on toolchain nightly-2024-10-28
[INFO] running `Command { std: CARGO_HOME="/workspace/cargo-home" RUSTUP_HOME="/workspace/rustup-home" "/workspace/cargo-home/bin/cargo" "+nightly-2024-10-28" "metadata" "--manifest-path" "Cargo.toml" "--no-deps", kill_on_drop: false }`
[INFO] started tweaking crates.io crate xinto 0.2.0
[INFO] finished tweaking crates.io crate xinto 0.2.0
[INFO] tweaked toml for crates.io crate xinto 0.2.0 written to /workspace/builds/worker-5-tc1/source/Cargo.toml
[INFO] crate crates.io crate xinto 0.2.0 already has a lockfile, it will not be regenerated
[INFO] running `Command { std: CARGO_HOME="/workspace/cargo-home" RUSTUP_HOME="/workspace/rustup-home" "/workspace/cargo-home/bin/cargo" "+nightly-2024-10-28" "fetch" "--manifest-path" "Cargo.toml", kill_on_drop: false }`
[INFO] [stderr]  Downloading crates ...
[INFO] [stderr]   Downloaded rustversion v1.0.2
[INFO] [stderr]   Downloaded proc-macro-error v0.4.8
[INFO] [stderr]   Downloaded proc-macro-error-attr v0.4.8
[INFO] [stderr]   Downloaded err-derive v0.2.2
[INFO] running `Command { std: "docker" "create" "-v" "/var/lib/crater-agent-workspace/builds/worker-5-tc1/target:/opt/rustwide/target:rw,Z" "-v" "/var/lib/crater-agent-workspace/builds/worker-5-tc1/source:/opt/rustwide/workdir:ro,Z" "-v" "/var/lib/crater-agent-workspace/cargo-home:/opt/rustwide/cargo-home:ro,Z" "-v" "/var/lib/crater-agent-workspace/rustup-home:/opt/rustwide/rustup-home:ro,Z" "-e" "SOURCE_DIR=/opt/rustwide/workdir" "-e" "CARGO_TARGET_DIR=/opt/rustwide/target" "-e" "CARGO_HOME=/opt/rustwide/cargo-home" "-e" "RUSTUP_HOME=/opt/rustwide/rustup-home" "-w" "/opt/rustwide/workdir" "-m" "1610612736" "--user" "0:0" "--network" "none" "ghcr.io/rust-lang/crates-build-env/linux@sha256:4a844ea9eb2546a2d2c7022eacef16ef2e8229c7fbb2c7d4d55a9ceca922f72d" "/opt/rustwide/cargo-home/bin/cargo" "+nightly-2024-10-28" "metadata" "--no-deps" "--format-version=1", kill_on_drop: false }`
[INFO] [stdout] 6cd08f7d3c17ac0c0dd6d786de77fefcb10d22f486670849177d634b0d473704
[INFO] running `Command { std: "docker" "start" "-a" "6cd08f7d3c17ac0c0dd6d786de77fefcb10d22f486670849177d634b0d473704", kill_on_drop: false }`
[INFO] running `Command { std: "docker" "inspect" "6cd08f7d3c17ac0c0dd6d786de77fefcb10d22f486670849177d634b0d473704", kill_on_drop: false }`
[INFO] running `Command { std: "docker" "rm" "-f" "6cd08f7d3c17ac0c0dd6d786de77fefcb10d22f486670849177d634b0d473704", kill_on_drop: false }`
[INFO] [stdout] 6cd08f7d3c17ac0c0dd6d786de77fefcb10d22f486670849177d634b0d473704
[INFO] running `Command { std: "docker" "create" "-v" "/var/lib/crater-agent-workspace/builds/worker-5-tc1/target:/opt/rustwide/target:rw,Z" "-v" "/var/lib/crater-agent-workspace/builds/worker-5-tc1/source:/opt/rustwide/workdir:ro,Z" "-v" "/var/lib/crater-agent-workspace/cargo-home:/opt/rustwide/cargo-home:ro,Z" "-v" "/var/lib/crater-agent-workspace/rustup-home:/opt/rustwide/rustup-home:ro,Z" "-e" "SOURCE_DIR=/opt/rustwide/workdir" "-e" "CARGO_TARGET_DIR=/opt/rustwide/target" "-e" "CARGO_INCREMENTAL=0" "-e" "RUST_BACKTRACE=full" "-e" "RUSTFLAGS=--cap-lints=forbid" "-e" "RUSTDOCFLAGS=--cap-lints=forbid" "-e" "CARGO_HOME=/opt/rustwide/cargo-home" "-e" "RUSTUP_HOME=/opt/rustwide/rustup-home" "-w" "/opt/rustwide/workdir" "-m" "1610612736" "--user" "0:0" "--network" "none" "ghcr.io/rust-lang/crates-build-env/linux@sha256:4a844ea9eb2546a2d2c7022eacef16ef2e8229c7fbb2c7d4d55a9ceca922f72d" "/opt/rustwide/cargo-home/bin/cargo" "+nightly-2024-10-28" "build" "--frozen" "--message-format=json", kill_on_drop: false }`
[INFO] [stdout] 065f79d52cfc9fb25f21c3b6d5bf1197260547a17eff61f6551bbe1f80d7d9d7
[INFO] running `Command { std: "docker" "start" "-a" "065f79d52cfc9fb25f21c3b6d5bf1197260547a17eff61f6551bbe1f80d7d9d7", kill_on_drop: false }`
[INFO] [stderr]    Compiling proc-macro2 v1.0.8
[INFO] [stderr]    Compiling unicode-xid v0.2.0
[INFO] [stderr]    Compiling syn v1.0.14
[INFO] [stderr]    Compiling rustversion v1.0.2
[INFO] [stderr]    Compiling libc v0.2.66
[INFO] [stderr]    Compiling ryu v1.0.2
[INFO] [stderr]    Compiling bitflags v1.2.1
[INFO] [stderr]    Compiling serde v1.0.104
[INFO] [stderr]    Compiling unicode-width v0.1.7
[INFO] [stderr]    Compiling textwrap v0.11.0
[INFO] [stderr]    Compiling itoa v0.4.5
[INFO] [stderr]    Compiling vec_map v0.8.1
[INFO] [stderr]    Compiling strsim v0.8.0
[INFO] [stderr]    Compiling ansi_term v0.11.0
[INFO] [stderr]    Compiling hex v0.4.0
[INFO] [stderr]    Compiling atty v0.2.14
[INFO] [stderr]    Compiling quote v1.0.2
[INFO] [stderr]    Compiling clap v2.33.0
[INFO] [stderr]    Compiling syn-mid v0.5.0
[INFO] [stderr]    Compiling synstructure v0.12.3
[INFO] [stderr]    Compiling serde_derive v1.0.104
[INFO] [stderr]    Compiling proc-macro-error v0.4.8
[INFO] [stderr]    Compiling err-derive v0.2.2
[INFO] [stderr]    Compiling proc-macro-error-attr v0.4.8
[INFO] [stderr]    Compiling serde_json v1.0.45
[INFO] [stderr]    Compiling xinto v0.2.0 (/opt/rustwide/workdir)
[INFO] [stdout] warning: non-local `impl` definition, `impl` blocks should be written at the same level as their item
[INFO] [stdout]   --> src/lib.rs:58:28
[INFO] [stdout]    |
[INFO] [stdout] 58 | #[derive(Debug, PartialEq, Serialize, Deserialize)]
[INFO] [stdout]    |                            ^--------
[INFO] [stdout]    |                            |
[INFO] [stdout]    |                            `Serialize` is not local
[INFO] [stdout]    |                            move the `impl` block outside of this constant `_IMPL_SERIALIZE_FOR_Record`
[INFO] [stdout] 59 | pub struct Record {
[INFO] [stdout]    |            ------ `Record` is not local
[INFO] [stdout]    |
[INFO] [stdout]    = note: the derive macro `Serialize` defines the non-local `impl`, and may need to be changed
[INFO] [stdout]    = note: the derive macro `Serialize` may come from an old version of the `serde_derive` crate, try updating your dependency with `cargo update -p serde_derive`
[INFO] [stdout]    = note: an `impl` is never scoped, even when it is nested inside an item, as it may impact type checking outside of that item, which can be the case if neither the trait or the self type are at the same nesting level as the `impl`
[INFO] [stdout]    = note: items in an anonymous const item (`const _: () = { ... }`) are treated as in the same scope as the anonymous const's declaration for the purpose of this lint
[INFO] [stdout]    = note: `#[warn(non_local_definitions)]` on by default
[INFO] [stdout]    = note: this warning originates in the derive macro `Serialize` (in Nightly builds, run with -Z macro-backtrace for more info)
[INFO] [stdout] 
[INFO] [stdout] 
[INFO] [stdout] warning: non-local `impl` definition, `impl` blocks should be written at the same level as their item
[INFO] [stdout]   --> src/lib.rs:58:39
[INFO] [stdout]    |
[INFO] [stdout] 58 | #[derive(Debug, PartialEq, Serialize, Deserialize)]
[INFO] [stdout]    |                                       ^----------
[INFO] [stdout]    |                                       |
[INFO] [stdout]    |                                       `Deserialize` is not local
[INFO] [stdout]    |                                       move the `impl` block outside of this constant `_IMPL_DESERIALIZE_FOR_Record`
[INFO] [stdout] 59 | pub struct Record {
[INFO] [stdout]    |            ------ `Record` is not local
[INFO] [stdout]    |
[INFO] [stdout]    = note: the derive macro `Deserialize` defines the non-local `impl`, and may need to be changed
[INFO] [stdout]    = note: the derive macro `Deserialize` may come from an old version of the `serde_derive` crate, try updating your dependency with `cargo update -p serde_derive`
[INFO] [stdout]    = note: an `impl` is never scoped, even when it is nested inside an item, as it may impact type checking outside of that item, which can be the case if neither the trait or the self type are at the same nesting level as the `impl`
[INFO] [stdout]    = note: items in an anonymous const item (`const _: () = { ... }`) are treated as in the same scope as the anonymous const's declaration for the purpose of this lint
[INFO] [stdout]    = note: this warning originates in the derive macro `Deserialize` (in Nightly builds, run with -Z macro-backtrace for more info)
[INFO] [stdout] 
[INFO] [stdout] 
[INFO] [stdout] warning: non-local `impl` definition, `impl` blocks should be written at the same level as their item
[INFO] [stdout]   --> src/lib.rs:67:35
[INFO] [stdout]    |
[INFO] [stdout] 67 | #[derive(Clone, Debug, PartialEq, Error)]
[INFO] [stdout]    |                                   ^----
[INFO] [stdout]    |                                   |
[INFO] [stdout]    |                                   `Error` is not local
[INFO] [stdout]    |                                   move the `impl` block outside of this constant `_DERIVE_std_error_Error_FOR_RecordParsingError`
[INFO] [stdout] 68 | pub enum RecordParsingError {
[INFO] [stdout]    |          ------------------ `RecordParsingError` is not local
[INFO] [stdout]    |
[INFO] [stdout]    = note: the derive macro `Error` defines the non-local `impl`, and may need to be changed
[INFO] [stdout]    = note: the derive macro `Error` may come from an old version of the `err_derive` crate, try updating your dependency with `cargo update -p err_derive`
[INFO] [stdout]    = note: an `impl` is never scoped, even when it is nested inside an item, as it may impact type checking outside of that item, which can be the case if neither the trait or the self type are at the same nesting level as the `impl`
[INFO] [stdout]    = note: items in an anonymous const item (`const _: () = { ... }`) are treated as in the same scope as the anonymous const's declaration for the purpose of this lint
[INFO] [stdout]    = note: this warning originates in the derive macro `Error` (in Nightly builds, run with -Z macro-backtrace for more info)
[INFO] [stdout] 
[INFO] [stdout] 
[INFO] [stdout] warning: non-local `impl` definition, `impl` blocks should be written at the same level as their item
[INFO] [stdout]   --> src/lib.rs:67:35
[INFO] [stdout]    |
[INFO] [stdout] 67 | #[derive(Clone, Debug, PartialEq, Error)]
[INFO] [stdout]    |                                   ^----
[INFO] [stdout]    |                                   |
[INFO] [stdout]    |                                   `Display` is not local
[INFO] [stdout]    |                                   move the `impl` block outside of this constant `_DERIVE_core_fmt_Display_FOR_RecordParsingError`
[INFO] [stdout] 68 | pub enum RecordParsingError {
[INFO] [stdout]    |          ------------------ `RecordParsingError` is not local
[INFO] [stdout]    |
[INFO] [stdout]    = note: the derive macro `Error` defines the non-local `impl`, and may need to be changed
[INFO] [stdout]    = note: the derive macro `Error` may come from an old version of the `err_derive` crate, try updating your dependency with `cargo update -p err_derive`
[INFO] [stdout]    = note: an `impl` is never scoped, even when it is nested inside an item, as it may impact type checking outside of that item, which can be the case if neither the trait or the self type are at the same nesting level as the `impl`
[INFO] [stdout]    = note: items in an anonymous const item (`const _: () = { ... }`) are treated as in the same scope as the anonymous const's declaration for the purpose of this lint
[INFO] [stdout]    = note: this warning originates in the derive macro `Error` (in Nightly builds, run with -Z macro-backtrace for more info)
[INFO] [stdout] 
[INFO] [stdout] 
[INFO] [stdout] warning: non-local `impl` definition, `impl` blocks should be written at the same level as their item
[INFO] [stdout]   --> src/lib.rs:97:17
[INFO] [stdout]    |
[INFO] [stdout] 97 | #[derive(Debug, Error, PartialEq)]
[INFO] [stdout]    |                 ^----
[INFO] [stdout]    |                 |
[INFO] [stdout]    |                 `Error` is not local
[INFO] [stdout]    |                 move the `impl` block outside of this constant `_DERIVE_std_error_Error_FOR_FileParsingError`
[INFO] [stdout] 98 | pub enum FileParsingError<'a> {
[INFO] [stdout]    |          ---------------- `FileParsingError` is not local
[INFO] [stdout]    |
[INFO] [stdout]    = note: the derive macro `Error` defines the non-local `impl`, and may need to be changed
[INFO] [stdout]    = note: the derive macro `Error` may come from an old version of the `err_derive` crate, try updating your dependency with `cargo update -p err_derive`
[INFO] [stdout]    = note: an `impl` is never scoped, even when it is nested inside an item, as it may impact type checking outside of that item, which can be the case if neither the trait or the self type are at the same nesting level as the `impl`
[INFO] [stdout]    = note: items in an anonymous const item (`const _: () = { ... }`) are treated as in the same scope as the anonymous const's declaration for the purpose of this lint
[INFO] [stdout]    = note: this warning originates in the derive macro `Error` (in Nightly builds, run with -Z macro-backtrace for more info)
[INFO] [stdout] 
[INFO] [stdout] 
[INFO] [stdout] warning: non-local `impl` definition, `impl` blocks should be written at the same level as their item
[INFO] [stdout]   --> src/lib.rs:97:17
[INFO] [stdout]    |
[INFO] [stdout] 97 | #[derive(Debug, Error, PartialEq)]
[INFO] [stdout]    |                 ^----
[INFO] [stdout]    |                 |
[INFO] [stdout]    |                 `Display` is not local
[INFO] [stdout]    |                 move the `impl` block outside of this constant `_DERIVE_core_fmt_Display_FOR_FileParsingError`
[INFO] [stdout] 98 | pub enum FileParsingError<'a> {
[INFO] [stdout]    |          ---------------- `FileParsingError` is not local
[INFO] [stdout]    |
[INFO] [stdout]    = note: the derive macro `Error` defines the non-local `impl`, and may need to be changed
[INFO] [stdout]    = note: the derive macro `Error` may come from an old version of the `err_derive` crate, try updating your dependency with `cargo update -p err_derive`
[INFO] [stdout]    = note: an `impl` is never scoped, even when it is nested inside an item, as it may impact type checking outside of that item, which can be the case if neither the trait or the self type are at the same nesting level as the `impl`
[INFO] [stdout]    = note: items in an anonymous const item (`const _: () = { ... }`) are treated as in the same scope as the anonymous const's declaration for the purpose of this lint
[INFO] [stdout]    = note: this warning originates in the derive macro `Error` (in Nightly builds, run with -Z macro-backtrace for more info)
[INFO] [stdout] 
[INFO] [stdout] 
[INFO] [stderr]     Finished `dev` profile [unoptimized + debuginfo] target(s) in 7.95s
[INFO] running `Command { std: "docker" "inspect" "065f79d52cfc9fb25f21c3b6d5bf1197260547a17eff61f6551bbe1f80d7d9d7", kill_on_drop: false }`
[INFO] running `Command { std: "docker" "rm" "-f" "065f79d52cfc9fb25f21c3b6d5bf1197260547a17eff61f6551bbe1f80d7d9d7", kill_on_drop: false }`
[INFO] [stdout] 065f79d52cfc9fb25f21c3b6d5bf1197260547a17eff61f6551bbe1f80d7d9d7
[INFO] running `Command { std: "docker" "create" "-v" "/var/lib/crater-agent-workspace/builds/worker-5-tc1/target:/opt/rustwide/target:rw,Z" "-v" "/var/lib/crater-agent-workspace/builds/worker-5-tc1/source:/opt/rustwide/workdir:ro,Z" "-v" "/var/lib/crater-agent-workspace/cargo-home:/opt/rustwide/cargo-home:ro,Z" "-v" "/var/lib/crater-agent-workspace/rustup-home:/opt/rustwide/rustup-home:ro,Z" "-e" "SOURCE_DIR=/opt/rustwide/workdir" "-e" "CARGO_TARGET_DIR=/opt/rustwide/target" "-e" "CARGO_INCREMENTAL=0" "-e" "RUST_BACKTRACE=full" "-e" "RUSTFLAGS=--cap-lints=forbid" "-e" "RUSTDOCFLAGS=--cap-lints=forbid" "-e" "CARGO_HOME=/opt/rustwide/cargo-home" "-e" "RUSTUP_HOME=/opt/rustwide/rustup-home" "-w" "/opt/rustwide/workdir" "-m" "1610612736" "--user" "0:0" "--network" "none" "ghcr.io/rust-lang/crates-build-env/linux@sha256:4a844ea9eb2546a2d2c7022eacef16ef2e8229c7fbb2c7d4d55a9ceca922f72d" "/opt/rustwide/cargo-home/bin/cargo" "+nightly-2024-10-28" "test" "--frozen" "--no-run" "--message-format=json", kill_on_drop: false }`
[INFO] [stdout] 266efe4234ea5f1221f1af90e20188ab71dc63d97795c54a7d07600bb7f17cdb
[INFO] running `Command { std: "docker" "start" "-a" "266efe4234ea5f1221f1af90e20188ab71dc63d97795c54a7d07600bb7f17cdb", kill_on_drop: false }`
[INFO] [stderr]    Compiling getrandom v0.1.14
[INFO] [stderr]    Compiling ppv-lite86 v0.2.6
[INFO] [stderr]    Compiling remove_dir_all v0.5.2
[INFO] [stdout] warning: non-local `impl` definition, `impl` blocks should be written at the same level as their item
[INFO] [stdout]   --> src/lib.rs:58:28
[INFO] [stdout]    |
[INFO] [stdout] 58 | #[derive(Debug, PartialEq, Serialize, Deserialize)]
[INFO] [stdout]    |                            ^--------
[INFO] [stdout]    |                            |
[INFO] [stdout]    |                            `Serialize` is not local
[INFO] [stdout]    |                            move the `impl` block outside of this constant `_IMPL_SERIALIZE_FOR_Record`
[INFO] [stdout] 59 | pub struct Record {
[INFO] [stdout]    |            ------ `Record` is not local
[INFO] [stdout]    |
[INFO] [stdout]    = note: the derive macro `Serialize` defines the non-local `impl`, and may need to be changed
[INFO] [stdout]    = note: the derive macro `Serialize` may come from an old version of the `serde_derive` crate, try updating your dependency with `cargo update -p serde_derive`
[INFO] [stdout]    = note: an `impl` is never scoped, even when it is nested inside an item, as it may impact type checking outside of that item, which can be the case if neither the trait or the self type are at the same nesting level as the `impl`
[INFO] [stdout]    = note: items in an anonymous const item (`const _: () = { ... }`) are treated as in the same scope as the anonymous const's declaration for the purpose of this lint
[INFO] [stdout]    = note: `#[warn(non_local_definitions)]` on by default
[INFO] [stdout]    = note: this warning originates in the derive macro `Serialize` (in Nightly builds, run with -Z macro-backtrace for more info)
[INFO] [stdout] 
[INFO] [stdout] 
[INFO] [stdout] warning: non-local `impl` definition, `impl` blocks should be written at the same level as their item
[INFO] [stdout]   --> src/lib.rs:58:39
[INFO] [stdout]    |
[INFO] [stdout] 58 | #[derive(Debug, PartialEq, Serialize, Deserialize)]
[INFO] [stdout]    |                                       ^----------
[INFO] [stdout]    |                                       |
[INFO] [stdout]    |                                       `Deserialize` is not local
[INFO] [stdout]    |                                       move the `impl` block outside of this constant `_IMPL_DESERIALIZE_FOR_Record`
[INFO] [stdout] 59 | pub struct Record {
[INFO] [stdout]    |            ------ `Record` is not local
[INFO] [stdout]    |
[INFO] [stdout]    = note: the derive macro `Deserialize` defines the non-local `impl`, and may need to be changed
[INFO] [stdout]    = note: the derive macro `Deserialize` may come from an old version of the `serde_derive` crate, try updating your dependency with `cargo update -p serde_derive`
[INFO] [stdout]    = note: an `impl` is never scoped, even when it is nested inside an item, as it may impact type checking outside of that item, which can be the case if neither the trait or the self type are at the same nesting level as the `impl`
[INFO] [stdout]    = note: items in an anonymous const item (`const _: () = { ... }`) are treated as in the same scope as the anonymous const's declaration for the purpose of this lint
[INFO] [stdout]    = note: this warning originates in the derive macro `Deserialize` (in Nightly builds, run with -Z macro-backtrace for more info)
[INFO] [stdout] 
[INFO] [stdout] 
[INFO] [stdout] warning: non-local `impl` definition, `impl` blocks should be written at the same level as their item
[INFO] [stdout]   --> src/lib.rs:67:35
[INFO] [stdout]    |
[INFO] [stdout] 67 | #[derive(Clone, Debug, PartialEq, Error)]
[INFO] [stdout]    |                                   ^----
[INFO] [stdout]    |                                   |
[INFO] [stdout]    |                                   `Error` is not local
[INFO] [stdout]    |                                   move the `impl` block outside of this constant `_DERIVE_std_error_Error_FOR_RecordParsingError`
[INFO] [stdout] 68 | pub enum RecordParsingError {
[INFO] [stdout]    |          ------------------ `RecordParsingError` is not local
[INFO] [stdout]    |
[INFO] [stdout]    = note: the derive macro `Error` defines the non-local `impl`, and may need to be changed
[INFO] [stdout]    = note: the derive macro `Error` may come from an old version of the `err_derive` crate, try updating your dependency with `cargo update -p err_derive`
[INFO] [stdout]    = note: an `impl` is never scoped, even when it is nested inside an item, as it may impact type checking outside of that item, which can be the case if neither the trait or the self type are at the same nesting level as the `impl`
[INFO] [stdout]    = note: items in an anonymous const item (`const _: () = { ... }`) are treated as in the same scope as the anonymous const's declaration for the purpose of this lint
[INFO] [stdout]    = note: this warning originates in the derive macro `Error` (in Nightly builds, run with -Z macro-backtrace for more info)
[INFO] [stdout] 
[INFO] [stdout] 
[INFO] [stdout] warning: non-local `impl` definition, `impl` blocks should be written at the same level as their item
[INFO] [stdout]   --> src/lib.rs:67:35
[INFO] [stdout]    |
[INFO] [stdout] 67 | #[derive(Clone, Debug, PartialEq, Error)]
[INFO] [stdout]    |                                   ^----
[INFO] [stdout]    |                                   |
[INFO] [stdout]    |                                   `Display` is not local
[INFO] [stdout]    |                                   move the `impl` block outside of this constant `_DERIVE_core_fmt_Display_FOR_RecordParsingError`
[INFO] [stdout] 68 | pub enum RecordParsingError {
[INFO] [stdout]    |          ------------------ `RecordParsingError` is not local
[INFO] [stdout]    |
[INFO] [stdout]    = note: the derive macro `Error` defines the non-local `impl`, and may need to be changed
[INFO] [stdout]    = note: the derive macro `Error` may come from an old version of the `err_derive` crate, try updating your dependency with `cargo update -p err_derive`
[INFO] [stdout]    = note: an `impl` is never scoped, even when it is nested inside an item, as it may impact type checking outside of that item, which can be the case if neither the trait or the self type are at the same nesting level as the `impl`
[INFO] [stdout]    = note: items in an anonymous const item (`const _: () = { ... }`) are treated as in the same scope as the anonymous const's declaration for the purpose of this lint
[INFO] [stdout]    = note: this warning originates in the derive macro `Error` (in Nightly builds, run with -Z macro-backtrace for more info)
[INFO] [stdout] 
[INFO] [stdout] 
[INFO] [stdout] warning: non-local `impl` definition, `impl` blocks should be written at the same level as their item
[INFO] [stdout]   --> src/lib.rs:97:17
[INFO] [stdout]    |
[INFO] [stdout] 97 | #[derive(Debug, Error, PartialEq)]
[INFO] [stdout]    |                 ^----
[INFO] [stdout]    |                 |
[INFO] [stdout]    |                 `Error` is not local
[INFO] [stdout]    |                 move the `impl` block outside of this constant `_DERIVE_std_error_Error_FOR_FileParsingError`
[INFO] [stdout] 98 | pub enum FileParsingError<'a> {
[INFO] [stdout]    |          ---------------- `FileParsingError` is not local
[INFO] [stdout]    |
[INFO] [stdout]    = note: the derive macro `Error` defines the non-local `impl`, and may need to be changed
[INFO] [stdout]    = note: the derive macro `Error` may come from an old version of the `err_derive` crate, try updating your dependency with `cargo update -p err_derive`
[INFO] [stdout]    = note: an `impl` is never scoped, even when it is nested inside an item, as it may impact type checking outside of that item, which can be the case if neither the trait or the self type are at the same nesting level as the `impl`
[INFO] [stdout]    = note: items in an anonymous const item (`const _: () = { ... }`) are treated as in the same scope as the anonymous const's declaration for the purpose of this lint
[INFO] [stdout]    = note: this warning originates in the derive macro `Error` (in Nightly builds, run with -Z macro-backtrace for more info)
[INFO] [stdout] 
[INFO] [stdout] 
[INFO] [stdout] warning: non-local `impl` definition, `impl` blocks should be written at the same level as their item
[INFO] [stdout]   --> src/lib.rs:97:17
[INFO] [stdout]    |
[INFO] [stdout] 97 | #[derive(Debug, Error, PartialEq)]
[INFO] [stdout]    |                 ^----
[INFO] [stdout]    |                 |
[INFO] [stdout]    |                 `Display` is not local
[INFO] [stdout]    |                 move the `impl` block outside of this constant `_DERIVE_core_fmt_Display_FOR_FileParsingError`
[INFO] [stdout] 98 | pub enum FileParsingError<'a> {
[INFO] [stdout]    |          ---------------- `FileParsingError` is not local
[INFO] [stdout]    |
[INFO] [stdout]    = note: the derive macro `Error` defines the non-local `impl`, and may need to be changed
[INFO] [stdout]    = note: the derive macro `Error` may come from an old version of the `err_derive` crate, try updating your dependency with `cargo update -p err_derive`
[INFO] [stdout]    = note: an `impl` is never scoped, even when it is nested inside an item, as it may impact type checking outside of that item, which can be the case if neither the trait or the self type are at the same nesting level as the `impl`
[INFO] [stdout]    = note: items in an anonymous const item (`const _: () = { ... }`) are treated as in the same scope as the anonymous const's declaration for the purpose of this lint
[INFO] [stdout]    = note: this warning originates in the derive macro `Error` (in Nightly builds, run with -Z macro-backtrace for more info)
[INFO] [stdout] 
[INFO] [stdout] 
[INFO] [stderr]    Compiling rand_core v0.5.1
[INFO] [stderr]    Compiling c2-chacha v0.2.3
[INFO] [stderr]    Compiling rand_chacha v0.2.1
[INFO] [stderr]    Compiling rand v0.7.3
[INFO] [stderr]    Compiling tempfile v3.1.0
[INFO] [stderr]    Compiling xinto v0.2.0 (/opt/rustwide/workdir)
[INFO] [stdout] warning: non-local `impl` definition, `impl` blocks should be written at the same level as their item
[INFO] [stdout]   --> src/lib.rs:58:28
[INFO] [stdout]    |
[INFO] [stdout] 58 | #[derive(Debug, PartialEq, Serialize, Deserialize)]
[INFO] [stdout]    |                            ^--------
[INFO] [stdout]    |                            |
[INFO] [stdout]    |                            `Serialize` is not local
[INFO] [stdout]    |                            move the `impl` block outside of this constant `_IMPL_SERIALIZE_FOR_Record`
[INFO] [stdout] 59 | pub struct Record {
[INFO] [stdout]    |            ------ `Record` is not local
[INFO] [stdout]    |
[INFO] [stdout]    = note: the derive macro `Serialize` defines the non-local `impl`, and may need to be changed
[INFO] [stdout]    = note: the derive macro `Serialize` may come from an old version of the `serde_derive` crate, try updating your dependency with `cargo update -p serde_derive`
[INFO] [stdout]    = note: an `impl` is never scoped, even when it is nested inside an item, as it may impact type checking outside of that item, which can be the case if neither the trait or the self type are at the same nesting level as the `impl`
[INFO] [stdout]    = note: items in an anonymous const item (`const _: () = { ... }`) are treated as in the same scope as the anonymous const's declaration for the purpose of this lint
[INFO] [stdout]    = note: `#[warn(non_local_definitions)]` on by default
[INFO] [stdout]    = note: this warning originates in the derive macro `Serialize` (in Nightly builds, run with -Z macro-backtrace for more info)
[INFO] [stdout] 
[INFO] [stdout] 
[INFO] [stdout] warning: non-local `impl` definition, `impl` blocks should be written at the same level as their item
[INFO] [stdout]   --> src/lib.rs:58:39
[INFO] [stdout]    |
[INFO] [stdout] 58 | #[derive(Debug, PartialEq, Serialize, Deserialize)]
[INFO] [stdout]    |                                       ^----------
[INFO] [stdout]    |                                       |
[INFO] [stdout]    |                                       `Deserialize` is not local
[INFO] [stdout]    |                                       move the `impl` block outside of this constant `_IMPL_DESERIALIZE_FOR_Record`
[INFO] [stdout] 59 | pub struct Record {
[INFO] [stdout]    |            ------ `Record` is not local
[INFO] [stdout]    |
[INFO] [stdout]    = note: the derive macro `Deserialize` defines the non-local `impl`, and may need to be changed
[INFO] [stdout]    = note: the derive macro `Deserialize` may come from an old version of the `serde_derive` crate, try updating your dependency with `cargo update -p serde_derive`
[INFO] [stdout]    = note: an `impl` is never scoped, even when it is nested inside an item, as it may impact type checking outside of that item, which can be the case if neither the trait or the self type are at the same nesting level as the `impl`
[INFO] [stdout]    = note: items in an anonymous const item (`const _: () = { ... }`) are treated as in the same scope as the anonymous const's declaration for the purpose of this lint
[INFO] [stdout]    = note: this warning originates in the derive macro `Deserialize` (in Nightly builds, run with -Z macro-backtrace for more info)
[INFO] [stdout] 
[INFO] [stdout] 
[INFO] [stdout] warning: non-local `impl` definition, `impl` blocks should be written at the same level as their item
[INFO] [stdout]   --> src/lib.rs:67:35
[INFO] [stdout]    |
[INFO] [stdout] 67 | #[derive(Clone, Debug, PartialEq, Error)]
[INFO] [stdout]    |                                   ^----
[INFO] [stdout]    |                                   |
[INFO] [stdout]    |                                   `Error` is not local
[INFO] [stdout]    |                                   move the `impl` block outside of this constant `_DERIVE_std_error_Error_FOR_RecordParsingError`
[INFO] [stdout] 68 | pub enum RecordParsingError {
[INFO] [stdout]    |          ------------------ `RecordParsingError` is not local
[INFO] [stdout]    |
[INFO] [stdout]    = note: the derive macro `Error` defines the non-local `impl`, and may need to be changed
[INFO] [stdout]    = note: the derive macro `Error` may come from an old version of the `err_derive` crate, try updating your dependency with `cargo update -p err_derive`
[INFO] [stdout]    = note: an `impl` is never scoped, even when it is nested inside an item, as it may impact type checking outside of that item, which can be the case if neither the trait or the self type are at the same nesting level as the `impl`
[INFO] [stdout]    = note: items in an anonymous const item (`const _: () = { ... }`) are treated as in the same scope as the anonymous const's declaration for the purpose of this lint
[INFO] [stdout]    = note: this warning originates in the derive macro `Error` (in Nightly builds, run with -Z macro-backtrace for more info)
[INFO] [stdout] 
[INFO] [stdout] 
[INFO] [stdout] warning: non-local `impl` definition, `impl` blocks should be written at the same level as their item
[INFO] [stdout]   --> src/lib.rs:67:35
[INFO] [stdout]    |
[INFO] [stdout] 67 | #[derive(Clone, Debug, PartialEq, Error)]
[INFO] [stdout]    |                                   ^----
[INFO] [stdout]    |                                   |
[INFO] [stdout]    |                                   `Display` is not local
[INFO] [stdout]    |                                   move the `impl` block outside of this constant `_DERIVE_core_fmt_Display_FOR_RecordParsingError`
[INFO] [stdout] 68 | pub enum RecordParsingError {
[INFO] [stdout]    |          ------------------ `RecordParsingError` is not local
[INFO] [stdout]    |
[INFO] [stdout]    = note: the derive macro `Error` defines the non-local `impl`, and may need to be changed
[INFO] [stdout]    = note: the derive macro `Error` may come from an old version of the `err_derive` crate, try updating your dependency with `cargo update -p err_derive`
[INFO] [stdout]    = note: an `impl` is never scoped, even when it is nested inside an item, as it may impact type checking outside of that item, which can be the case if neither the trait or the self type are at the same nesting level as the `impl`
[INFO] [stdout]    = note: items in an anonymous const item (`const _: () = { ... }`) are treated as in the same scope as the anonymous const's declaration for the purpose of this lint
[INFO] [stdout]    = note: this warning originates in the derive macro `Error` (in Nightly builds, run with -Z macro-backtrace for more info)
[INFO] [stdout] 
[INFO] [stdout] 
[INFO] [stdout] warning: non-local `impl` definition, `impl` blocks should be written at the same level as their item
[INFO] [stdout]   --> src/lib.rs:97:17
[INFO] [stdout]    |
[INFO] [stdout] 97 | #[derive(Debug, Error, PartialEq)]
[INFO] [stdout]    |                 ^----
[INFO] [stdout]    |                 |
[INFO] [stdout]    |                 `Error` is not local
[INFO] [stdout]    |                 move the `impl` block outside of this constant `_DERIVE_std_error_Error_FOR_FileParsingError`
[INFO] [stdout] 98 | pub enum FileParsingError<'a> {
[INFO] [stdout]    |          ---------------- `FileParsingError` is not local
[INFO] [stdout]    |
[INFO] [stdout]    = note: the derive macro `Error` defines the non-local `impl`, and may need to be changed
[INFO] [stdout]    = note: the derive macro `Error` may come from an old version of the `err_derive` crate, try updating your dependency with `cargo update -p err_derive`
[INFO] [stdout]    = note: an `impl` is never scoped, even when it is nested inside an item, as it may impact type checking outside of that item, which can be the case if neither the trait or the self type are at the same nesting level as the `impl`
[INFO] [stdout]    = note: items in an anonymous const item (`const _: () = { ... }`) are treated as in the same scope as the anonymous const's declaration for the purpose of this lint
[INFO] [stdout]    = note: this warning originates in the derive macro `Error` (in Nightly builds, run with -Z macro-backtrace for more info)
[INFO] [stdout] 
[INFO] [stdout] 
[INFO] [stdout] warning: non-local `impl` definition, `impl` blocks should be written at the same level as their item
[INFO] [stdout]   --> src/lib.rs:97:17
[INFO] [stdout]    |
[INFO] [stdout] 97 | #[derive(Debug, Error, PartialEq)]
[INFO] [stdout]    |                 ^----
[INFO] [stdout]    |                 |
[INFO] [stdout]    |                 `Display` is not local
[INFO] [stdout]    |                 move the `impl` block outside of this constant `_DERIVE_core_fmt_Display_FOR_FileParsingError`
[INFO] [stdout] 98 | pub enum FileParsingError<'a> {
[INFO] [stdout]    |          ---------------- `FileParsingError` is not local
[INFO] [stdout]    |
[INFO] [stdout]    = note: the derive macro `Error` defines the non-local `impl`, and may need to be changed
[INFO] [stdout]    = note: the derive macro `Error` may come from an old version of the `err_derive` crate, try updating your dependency with `cargo update -p err_derive`
[INFO] [stdout]    = note: an `impl` is never scoped, even when it is nested inside an item, as it may impact type checking outside of that item, which can be the case if neither the trait or the self type are at the same nesting level as the `impl`
[INFO] [stdout]    = note: items in an anonymous const item (`const _: () = { ... }`) are treated as in the same scope as the anonymous const's declaration for the purpose of this lint
[INFO] [stdout]    = note: this warning originates in the derive macro `Error` (in Nightly builds, run with -Z macro-backtrace for more info)
[INFO] [stdout] 
[INFO] [stdout] 
[INFO] [stderr]     Finished `test` profile [unoptimized + debuginfo] target(s) in 1.35s
[INFO] running `Command { std: "docker" "inspect" "266efe4234ea5f1221f1af90e20188ab71dc63d97795c54a7d07600bb7f17cdb", kill_on_drop: false }`
[INFO] running `Command { std: "docker" "rm" "-f" "266efe4234ea5f1221f1af90e20188ab71dc63d97795c54a7d07600bb7f17cdb", kill_on_drop: false }`
[INFO] [stdout] 266efe4234ea5f1221f1af90e20188ab71dc63d97795c54a7d07600bb7f17cdb
[INFO] running `Command { std: "docker" "create" "-v" "/var/lib/crater-agent-workspace/builds/worker-5-tc1/target:/opt/rustwide/target:rw,Z" "-v" "/var/lib/crater-agent-workspace/builds/worker-5-tc1/source:/opt/rustwide/workdir:ro,Z" "-v" "/var/lib/crater-agent-workspace/cargo-home:/opt/rustwide/cargo-home:ro,Z" "-v" "/var/lib/crater-agent-workspace/rustup-home:/opt/rustwide/rustup-home:ro,Z" "-e" "SOURCE_DIR=/opt/rustwide/workdir" "-e" "CARGO_TARGET_DIR=/opt/rustwide/target" "-e" "CARGO_INCREMENTAL=0" "-e" "RUST_BACKTRACE=full" "-e" "RUSTFLAGS=--cap-lints=forbid" "-e" "RUSTDOCFLAGS=--cap-lints=forbid" "-e" "CARGO_HOME=/opt/rustwide/cargo-home" "-e" "RUSTUP_HOME=/opt/rustwide/rustup-home" "-w" "/opt/rustwide/workdir" "-m" "1610612736" "--user" "0:0" "--network" "none" "ghcr.io/rust-lang/crates-build-env/linux@sha256:4a844ea9eb2546a2d2c7022eacef16ef2e8229c7fbb2c7d4d55a9ceca922f72d" "/opt/rustwide/cargo-home/bin/cargo" "+nightly-2024-10-28" "test" "--frozen", kill_on_drop: false }`
[INFO] [stdout] 0f7f42b1c46703834a7cf876e7af036e861424d21acada48b2a377c068c5f3a4
[INFO] running `Command { std: "docker" "start" "-a" "0f7f42b1c46703834a7cf876e7af036e861424d21acada48b2a377c068c5f3a4", kill_on_drop: false }`
[INFO] [stderr] warning: non-local `impl` definition, `impl` blocks should be written at the same level as their item
[INFO] [stderr]   --> src/lib.rs:58:28
[INFO] [stderr]    |
[INFO] [stderr] 58 | #[derive(Debug, PartialEq, Serialize, Deserialize)]
[INFO] [stderr]    |                            ^--------
[INFO] [stderr]    |                            |
[INFO] [stderr]    |                            `Serialize` is not local
[INFO] [stderr]    |                            move the `impl` block outside of this constant `_IMPL_SERIALIZE_FOR_Record`
[INFO] [stderr] 59 | pub struct Record {
[INFO] [stderr]    |            ------ `Record` is not local
[INFO] [stderr]    |
[INFO] [stderr]    = note: the derive macro `Serialize` defines the non-local `impl`, and may need to be changed
[INFO] [stderr]    = note: the derive macro `Serialize` may come from an old version of the `serde_derive` crate, try updating your dependency with `cargo update -p serde_derive`
[INFO] [stderr]    = note: an `impl` is never scoped, even when it is nested inside an item, as it may impact type checking outside of that item, which can be the case if neither the trait or the self type are at the same nesting level as the `impl`
[INFO] [stderr]    = note: items in an anonymous const item (`const _: () = { ... }`) are treated as in the same scope as the anonymous const's declaration for the purpose of this lint
[INFO] [stderr]    = note: `#[warn(non_local_definitions)]` on by default
[INFO] [stderr]    = note: this warning originates in the derive macro `Serialize` (in Nightly builds, run with -Z macro-backtrace for more info)
[INFO] [stderr] 
[INFO] [stderr] warning: non-local `impl` definition, `impl` blocks should be written at the same level as their item
[INFO] [stderr]   --> src/lib.rs:58:39
[INFO] [stderr]    |
[INFO] [stderr] 58 | #[derive(Debug, PartialEq, Serialize, Deserialize)]
[INFO] [stderr]    |                                       ^----------
[INFO] [stderr]    |                                       |
[INFO] [stderr]    |                                       `Deserialize` is not local
[INFO] [stderr]    |                                       move the `impl` block outside of this constant `_IMPL_DESERIALIZE_FOR_Record`
[INFO] [stderr] 59 | pub struct Record {
[INFO] [stderr]    |            ------ `Record` is not local
[INFO] [stderr]    |
[INFO] [stderr]    = note: the derive macro `Deserialize` defines the non-local `impl`, and may need to be changed
[INFO] [stderr]    = note: the derive macro `Deserialize` may come from an old version of the `serde_derive` crate, try updating your dependency with `cargo update -p serde_derive`
[INFO] [stderr]    = note: an `impl` is never scoped, even when it is nested inside an item, as it may impact type checking outside of that item, which can be the case if neither the trait or the self type are at the same nesting level as the `impl`
[INFO] [stderr]    = note: items in an anonymous const item (`const _: () = { ... }`) are treated as in the same scope as the anonymous const's declaration for the purpose of this lint
[INFO] [stderr]    = note: this warning originates in the derive macro `Deserialize` (in Nightly builds, run with -Z macro-backtrace for more info)
[INFO] [stderr] 
[INFO] [stderr] warning: non-local `impl` definition, `impl` blocks should be written at the same level as their item
[INFO] [stderr]   --> src/lib.rs:67:35
[INFO] [stderr]    |
[INFO] [stderr] 67 | #[derive(Clone, Debug, PartialEq, Error)]
[INFO] [stderr]    |                                   ^----
[INFO] [stderr]    |                                   |
[INFO] [stderr]    |                                   `Error` is not local
[INFO] [stderr]    |                                   move the `impl` block outside of this constant `_DERIVE_std_error_Error_FOR_RecordParsingError`
[INFO] [stderr] 68 | pub enum RecordParsingError {
[INFO] [stderr]    |          ------------------ `RecordParsingError` is not local
[INFO] [stderr]    |
[INFO] [stderr]    = note: the derive macro `Error` defines the non-local `impl`, and may need to be changed
[INFO] [stderr]    = note: the derive macro `Error` may come from an old version of the `err_derive` crate, try updating your dependency with `cargo update -p err_derive`
[INFO] [stderr]    = note: an `impl` is never scoped, even when it is nested inside an item, as it may impact type checking outside of that item, which can be the case if neither the trait or the self type are at the same nesting level as the `impl`
[INFO] [stderr]    = note: items in an anonymous const item (`const _: () = { ... }`) are treated as in the same scope as the anonymous const's declaration for the purpose of this lint
[INFO] [stderr]    = note: this warning originates in the derive macro `Error` (in Nightly builds, run with -Z macro-backtrace for more info)
[INFO] [stderr] 
[INFO] [stderr] warning: non-local `impl` definition, `impl` blocks should be written at the same level as their item
[INFO] [stderr]   --> src/lib.rs:67:35
[INFO] [stderr]    |
[INFO] [stderr] 67 | #[derive(Clone, Debug, PartialEq, Error)]
[INFO] [stderr]    |                                   ^----
[INFO] [stderr]    |                                   |
[INFO] [stderr]    |                                   `Display` is not local
[INFO] [stderr]    |                                   move the `impl` block outside of this constant `_DERIVE_core_fmt_Display_FOR_RecordParsingError`
[INFO] [stderr] 68 | pub enum RecordParsingError {
[INFO] [stderr]    |          ------------------ `RecordParsingError` is not local
[INFO] [stderr]    |
[INFO] [stderr]    = note: the derive macro `Error` defines the non-local `impl`, and may need to be changed
[INFO] [stderr]    = note: the derive macro `Error` may come from an old version of the `err_derive` crate, try updating your dependency with `cargo update -p err_derive`
[INFO] [stderr]    = note: an `impl` is never scoped, even when it is nested inside an item, as it may impact type checking outside of that item, which can be the case if neither the trait or the self type are at the same nesting level as the `impl`
[INFO] [stderr]    = note: items in an anonymous const item (`const _: () = { ... }`) are treated as in the same scope as the anonymous const's declaration for the purpose of this lint
[INFO] [stderr]    = note: this warning originates in the derive macro `Error` (in Nightly builds, run with -Z macro-backtrace for more info)
[INFO] [stderr] 
[INFO] [stderr] warning: non-local `impl` definition, `impl` blocks should be written at the same level as their item
[INFO] [stderr]   --> src/lib.rs:97:17
[INFO] [stderr]    |
[INFO] [stderr] 97 | #[derive(Debug, Error, PartialEq)]
[INFO] [stderr]    |                 ^----
[INFO] [stderr]    |                 |
[INFO] [stderr]    |                 `Error` is not local
[INFO] [stderr]    |                 move the `impl` block outside of this constant `_DERIVE_std_error_Error_FOR_FileParsingError`
[INFO] [stderr] 98 | pub enum FileParsingError<'a> {
[INFO] [stderr]    |          ---------------- `FileParsingError` is not local
[INFO] [stderr]    |
[INFO] [stderr]    = note: the derive macro `Error` defines the non-local `impl`, and may need to be changed
[INFO] [stderr]    = note: the derive macro `Error` may come from an old version of the `err_derive` crate, try updating your dependency with `cargo update -p err_derive`
[INFO] [stderr]    = note: an `impl` is never scoped, even when it is nested inside an item, as it may impact type checking outside of that item, which can be the case if neither the trait or the self type are at the same nesting level as the `impl`
[INFO] [stderr]    = note: items in an anonymous const item (`const _: () = { ... }`) are treated as in the same scope as the anonymous const's declaration for the purpose of this lint
[INFO] [stderr]    = note: this warning originates in the derive macro `Error` (in Nightly builds, run with -Z macro-backtrace for more info)
[INFO] [stderr] 
[INFO] [stderr] warning: non-local `impl` definition, `impl` blocks should be written at the same level as their item
[INFO] [stderr]   --> src/lib.rs:97:17
[INFO] [stderr]    |
[INFO] [stderr] 97 | #[derive(Debug, Error, PartialEq)]
[INFO] [stderr]    |                 ^----
[INFO] [stderr]    |                 |
[INFO] [stderr]    |                 `Display` is not local
[INFO] [stderr]    |                 move the `impl` block outside of this constant `_DERIVE_core_fmt_Display_FOR_FileParsingError`
[INFO] [stderr] 98 | pub enum FileParsingError<'a> {
[INFO] [stderr]    |          ---------------- `FileParsingError` is not local
[INFO] [stderr]    |
[INFO] [stderr]    = note: the derive macro `Error` defines the non-local `impl`, and may need to be changed
[INFO] [stderr]    = note: the derive macro `Error` may come from an old version of the `err_derive` crate, try updating your dependency with `cargo update -p err_derive`
[INFO] [stderr]    = note: an `impl` is never scoped, even when it is nested inside an item, as it may impact type checking outside of that item, which can be the case if neither the trait or the self type are at the same nesting level as the `impl`
[INFO] [stderr]    = note: items in an anonymous const item (`const _: () = { ... }`) are treated as in the same scope as the anonymous const's declaration for the purpose of this lint
[INFO] [stderr]    = note: this warning originates in the derive macro `Error` (in Nightly builds, run with -Z macro-backtrace for more info)
[INFO] [stderr] 
[INFO] [stderr] warning: `xinto` (lib) generated 6 warnings
[INFO] [stderr] warning: `xinto` (lib test) generated 6 warnings (6 duplicates)
[INFO] [stderr]     Finished `test` profile [unoptimized + debuginfo] target(s) in 0.02s
[INFO] [stderr]      Running unittests src/lib.rs (/opt/rustwide/target/debug/deps/xinto-a0613a0f6fa7a253)
[INFO] [stdout] 
[INFO] [stdout] running 0 tests
[INFO] [stdout] 
[INFO] [stdout] test result: ok. 0 passed; 0 failed; 0 ignored; 0 measured; 0 filtered out; finished in 0.00s
[INFO] [stdout] 
[INFO] [stderr]      Running unittests src/main.rs (/opt/rustwide/target/debug/deps/xinto-03d069836cef1bd0)
[INFO] [stdout] 
[INFO] [stdout] running 0 tests
[INFO] [stdout] 
[INFO] [stdout] test result: ok. 0 passed; 0 failed; 0 ignored; 0 measured; 0 filtered out; finished in 0.00s
[INFO] [stdout] 
[INFO] [stderr]      Running tests/tests_parsing.rs (/opt/rustwide/target/debug/deps/tests_parsing-ef9d3207eb70178c)
[INFO] [stdout] 
[INFO] [stdout] running 3 tests
[INFO] [stdout] test tests::test_invalid_records ... ok
[INFO] [stdout] test tests::test_valid_record ... ok
[INFO] [stdout] test tests::test_from_file ... FAILED
[INFO] [stdout] 
[INFO] [stdout] failures:
[INFO] [stdout] 
[INFO] [stdout] ---- tests::test_from_file stdout ----
[INFO] [stdout] thread 'tests::test_from_file' panicked at tests/tests_parsing.rs:129:18:
[INFO] [stdout] assertion failed: false
[INFO] [stdout] stack backtrace:
[INFO] [stdout]    0:     0x624423c915ea - std::backtrace_rs::backtrace::libunwind::trace::h207520d6e9873551
[INFO] [stdout]                                at /rustc/df4ca44d3fbc9301ee17f30f4d474e6ae4b05252/library/std/src/../../backtrace/src/backtrace/libunwind.rs:116:5
[INFO] [stdout]    1:     0x624423c915ea - std::backtrace_rs::backtrace::trace_unsynchronized::h2ed7433f370e3eca
[INFO] [stdout]                                at /rustc/df4ca44d3fbc9301ee17f30f4d474e6ae4b05252/library/std/src/../../backtrace/src/backtrace/mod.rs:66:5
[INFO] [stdout]    2:     0x624423c915ea - std::sys::backtrace::_print_fmt::h916fac51166b18d7
[INFO] [stdout]                                at /rustc/df4ca44d3fbc9301ee17f30f4d474e6ae4b05252/library/std/src/sys/backtrace.rs:66:9
[INFO] [stdout]    3:     0x624423c915ea - <std::sys::backtrace::BacktraceLock::print::DisplayBacktrace as core::fmt::Display>::fmt::ha0a4c9b8ce3802e6
[INFO] [stdout]                                at /rustc/df4ca44d3fbc9301ee17f30f4d474e6ae4b05252/library/std/src/sys/backtrace.rs:39:26
[INFO] [stdout]    4:     0x624423cb8da3 - core::fmt::rt::Argument::fmt::h4cfc8587d52b3eb5
[INFO] [stdout]                                at /rustc/df4ca44d3fbc9301ee17f30f4d474e6ae4b05252/library/core/src/fmt/rt.rs:177:76
[INFO] [stdout]    5:     0x624423cb8da3 - core::fmt::write::h522cc39e5b36ae9f
[INFO] [stdout]                                at /rustc/df4ca44d3fbc9301ee17f30f4d474e6ae4b05252/library/core/src/fmt/mod.rs:1190:21
[INFO] [stdout]    6:     0x624423c8dfe3 - std::io::Write::write_fmt::h7d3c26752da97734
[INFO] [stdout]                                at /rustc/df4ca44d3fbc9301ee17f30f4d474e6ae4b05252/library/std/src/io/mod.rs:1839:15
[INFO] [stdout]    7:     0x624423c91432 - std::sys::backtrace::BacktraceLock::print::h4b9e00b29e9c0942
[INFO] [stdout]                                at /rustc/df4ca44d3fbc9301ee17f30f4d474e6ae4b05252/library/std/src/sys/backtrace.rs:42:9
[INFO] [stdout]    8:     0x624423c92a7a - std::panicking::default_hook::{{closure}}::hb59b88280d0324d9
[INFO] [stdout]                                at /rustc/df4ca44d3fbc9301ee17f30f4d474e6ae4b05252/library/std/src/panicking.rs:268:22
[INFO] [stdout]    9:     0x624423c92884 - std::panicking::default_hook::he1dd496665be4a29
[INFO] [stdout]                                at /rustc/df4ca44d3fbc9301ee17f30f4d474e6ae4b05252/library/std/src/panicking.rs:292:9
[INFO] [stdout]   10:     0x624423c50ef9 - <alloc::boxed::Box<F,A> as core::ops::function::Fn<Args>>::call::h4ff71de18744e1dc
[INFO] [stdout]                                at /rustc/df4ca44d3fbc9301ee17f30f4d474e6ae4b05252/library/alloc/src/boxed.rs:2468:9
[INFO] [stdout]   11:     0x624423c50ef9 - test::test_main::{{closure}}::hcf7c055ce117aa81
[INFO] [stdout]                                at /rustc/df4ca44d3fbc9301ee17f30f4d474e6ae4b05252/library/test/src/lib.rs:133:21
[INFO] [stdout]   12:     0x624423c93178 - <alloc::boxed::Box<F,A> as core::ops::function::Fn<Args>>::call::h1d66c6bbd60c9692
[INFO] [stdout]                                at /rustc/df4ca44d3fbc9301ee17f30f4d474e6ae4b05252/library/alloc/src/boxed.rs:2468:9
[INFO] [stdout]   13:     0x624423c93178 - std::panicking::rust_panic_with_hook::h2ff17fe8f26dfcf8
[INFO] [stdout]                                at /rustc/df4ca44d3fbc9301ee17f30f4d474e6ae4b05252/library/std/src/panicking.rs:809:13
[INFO] [stdout]   14:     0x624423c92f06 - std::panicking::begin_panic_handler::{{closure}}::h4fad77951c07e101
[INFO] [stdout]                                at /rustc/df4ca44d3fbc9301ee17f30f4d474e6ae4b05252/library/std/src/panicking.rs:667:13
[INFO] [stdout]   15:     0x624423c91ac9 - std::sys::backtrace::__rust_end_short_backtrace::hb1a25b3da5d0ea08
[INFO] [stdout]                                at /rustc/df4ca44d3fbc9301ee17f30f4d474e6ae4b05252/library/std/src/sys/backtrace.rs:170:18
[INFO] [stdout]   16:     0x624423c92bcc - rust_begin_unwind
[INFO] [stdout]                                at /rustc/df4ca44d3fbc9301ee17f30f4d474e6ae4b05252/library/std/src/panicking.rs:665:5
[INFO] [stdout]   17:     0x624423cb77a0 - core::panicking::panic_fmt::ha9db07b529f9b256
[INFO] [stdout]                                at /rustc/df4ca44d3fbc9301ee17f30f4d474e6ae4b05252/library/core/src/panicking.rs:75:14
[INFO] [stdout]   18:     0x624423cb782c - core::panicking::panic::h993086813d94accc
[INFO] [stdout]                                at /rustc/df4ca44d3fbc9301ee17f30f4d474e6ae4b05252/library/core/src/panicking.rs:152:5
[INFO] [stdout]   19:     0x624423bdc688 - tests_parsing::tests::test_from_file::h88488eb4b32d951f
[INFO] [stdout]                                at /opt/rustwide/workdir/tests/tests_parsing.rs:129:18
[INFO] [stdout]   20:     0x624423bdbf57 - tests_parsing::tests::test_from_file::{{closure}}::h73a94c91577c1bfc
[INFO] [stdout]                                at /opt/rustwide/workdir/tests/tests_parsing.rs:69:24
[INFO] [stdout]   21:     0x624423bda3f6 - core::ops::function::FnOnce::call_once::h101130d8df2e1c5b
[INFO] [stdout]                                at /rustc/df4ca44d3fbc9301ee17f30f4d474e6ae4b05252/library/core/src/ops/function.rs:250:5
[INFO] [stdout]   22:     0x624423c557cb - core::ops::function::FnOnce::call_once::h22c3ba5715e93f05
[INFO] [stdout]                                at /rustc/df4ca44d3fbc9301ee17f30f4d474e6ae4b05252/library/core/src/ops/function.rs:250:5
[INFO] [stdout]   23:     0x624423c557cb - test::__rust_begin_short_backtrace::h8e82d8113d0da17f
[INFO] [stdout]                                at /rustc/df4ca44d3fbc9301ee17f30f4d474e6ae4b05252/library/test/src/lib.rs:621:18
[INFO] [stdout]   24:     0x624423c55147 - test::run_test_in_process::{{closure}}::h33235f4f20b7b7c7
[INFO] [stdout]                                at /rustc/df4ca44d3fbc9301ee17f30f4d474e6ae4b05252/library/test/src/lib.rs:644:60
[INFO] [stdout]   25:     0x624423c55147 - <core::panic::unwind_safe::AssertUnwindSafe<F> as core::ops::function::FnOnce<()>>::call_once::hb5043206310c586f
[INFO] [stdout]                                at /rustc/df4ca44d3fbc9301ee17f30f4d474e6ae4b05252/library/core/src/panic/unwind_safe.rs:272:9
[INFO] [stdout]   26:     0x624423c55147 - std::panicking::try::do_call::h9ad4731a60ab23e2
[INFO] [stdout]                                at /rustc/df4ca44d3fbc9301ee17f30f4d474e6ae4b05252/library/std/src/panicking.rs:557:40
[INFO] [stdout]   27:     0x624423c55147 - std::panicking::try::h3824d23db772a716
[INFO] [stdout]                                at /rustc/df4ca44d3fbc9301ee17f30f4d474e6ae4b05252/library/std/src/panicking.rs:520:19
[INFO] [stdout]   28:     0x624423c55147 - std::panic::catch_unwind::h5afd514605fde46b
[INFO] [stdout]                                at /rustc/df4ca44d3fbc9301ee17f30f4d474e6ae4b05252/library/std/src/panic.rs:358:14
[INFO] [stdout]   29:     0x624423c55147 - test::run_test_in_process::h0d5cbfa7067d1720
[INFO] [stdout]                                at /rustc/df4ca44d3fbc9301ee17f30f4d474e6ae4b05252/library/test/src/lib.rs:644:27
[INFO] [stdout]   30:     0x624423c55147 - test::run_test::{{closure}}::h708eb8872708115d
[INFO] [stdout]                                at /rustc/df4ca44d3fbc9301ee17f30f4d474e6ae4b05252/library/test/src/lib.rs:565:43
[INFO] [stdout]   31:     0x624423c18864 - test::run_test::{{closure}}::h392c51cee94713ab
[INFO] [stdout]                                at /rustc/df4ca44d3fbc9301ee17f30f4d474e6ae4b05252/library/test/src/lib.rs:595:41
[INFO] [stdout]   32:     0x624423c18864 - std::sys::backtrace::__rust_begin_short_backtrace::h2f40290710935a8b
[INFO] [stdout]                                at /rustc/df4ca44d3fbc9301ee17f30f4d474e6ae4b05252/library/std/src/sys/backtrace.rs:154:18
[INFO] [stdout]   33:     0x624423c1c00e - std::thread::Builder::spawn_unchecked_::{{closure}}::{{closure}}::h3fd968d89053a903
[INFO] [stdout]                                at /rustc/df4ca44d3fbc9301ee17f30f4d474e6ae4b05252/library/std/src/thread/mod.rs:541:17
[INFO] [stdout]   34:     0x624423c1c00e - <core::panic::unwind_safe::AssertUnwindSafe<F> as core::ops::function::FnOnce<()>>::call_once::h743f637ba4229880
[INFO] [stdout]                                at /rustc/df4ca44d3fbc9301ee17f30f4d474e6ae4b05252/library/core/src/panic/unwind_safe.rs:272:9
[INFO] [stdout]   35:     0x624423c1c00e - std::panicking::try::do_call::h07440897322525a6
[INFO] [stdout]                                at /rustc/df4ca44d3fbc9301ee17f30f4d474e6ae4b05252/library/std/src/panicking.rs:557:40
[INFO] [stdout]   36:     0x624423c1c00e - std::panicking::try::he5a2e00188156637
[INFO] [stdout]                                at /rustc/df4ca44d3fbc9301ee17f30f4d474e6ae4b05252/library/std/src/panicking.rs:520:19
[INFO] [stdout]   37:     0x624423c1c00e - std::panic::catch_unwind::hbaf3cae49b3c6433
[INFO] [stdout]                                at /rustc/df4ca44d3fbc9301ee17f30f4d474e6ae4b05252/library/std/src/panic.rs:358:14
[INFO] [stdout]   38:     0x624423c1c00e - std::thread::Builder::spawn_unchecked_::{{closure}}::h8e141ea224820bce
[INFO] [stdout]                                at /rustc/df4ca44d3fbc9301ee17f30f4d474e6ae4b05252/library/std/src/thread/mod.rs:540:30
[INFO] [stdout]   39:     0x624423c1c00e - core::ops::function::FnOnce::call_once{{vtable.shim}}::h90d312fedd7b8ea8
[INFO] [stdout]                                at /rustc/df4ca44d3fbc9301ee17f30f4d474e6ae4b05252/library/core/src/ops/function.rs:250:5
[INFO] [stdout]   40:     0x624423c97abb - <alloc::boxed::Box<F,A> as core::ops::function::FnOnce<Args>>::call_once::h69aa08ddb6adb8b6
[INFO] [stdout]                                at /rustc/df4ca44d3fbc9301ee17f30f4d474e6ae4b05252/library/alloc/src/boxed.rs:2454:9
[INFO] [stdout]   41:     0x624423c97abb - <alloc::boxed::Box<F,A> as core::ops::function::FnOnce<Args>>::call_once::h5aa36efdb79c806f
[INFO] [stdout]                                at /rustc/df4ca44d3fbc9301ee17f30f4d474e6ae4b05252/library/alloc/src/boxed.rs:2454:9
[INFO] [stdout]   42:     0x624423c97abb - std::sys::pal::unix::thread::Thread::new::thread_start::h6cd80a1b4be5158d
[INFO] [stdout]                                at /rustc/df4ca44d3fbc9301ee17f30f4d474e6ae4b05252/library/std/src/sys/pal/unix/thread.rs:105:17
[INFO] [stdout]   43:     0x7df6db453ac3 - <unknown>
[INFO] [stdout]   44:     0x7df6db4e4a04 - clone
[INFO] [stdout]   45:                0x0 - <unknown>
[INFO] [stdout] 
[INFO] [stdout] 
[INFO] [stdout] failures:
[INFO] [stdout]     tests::test_from_file
[INFO] [stdout] 
[INFO] [stdout] test result: FAILED. 2 passed; 1 failed; 0 ignored; 0 measured; 0 filtered out; finished in 0.01s
[INFO] [stdout] 
[INFO] [stderr] error: test failed, to rerun pass `--test tests_parsing`
[INFO] running `Command { std: "docker" "inspect" "0f7f42b1c46703834a7cf876e7af036e861424d21acada48b2a377c068c5f3a4", kill_on_drop: false }`
[INFO] running `Command { std: "docker" "rm" "-f" "0f7f42b1c46703834a7cf876e7af036e861424d21acada48b2a377c068c5f3a4", kill_on_drop: false }`
[INFO] [stdout] 0f7f42b1c46703834a7cf876e7af036e861424d21acada48b2a377c068c5f3a4
