[INFO] fetching crate xan 0.29.0...
[INFO] testing xan-0.29.0 against nightly-2024-10-28 for randomize-layout
[INFO] extracting crate xan 0.29.0 into /workspace/builds/worker-1-tc1/source
[INFO] validating manifest of crates.io crate xan 0.29.0 on toolchain nightly-2024-10-28
[INFO] running `Command { std: CARGO_HOME="/workspace/cargo-home" RUSTUP_HOME="/workspace/rustup-home" "/workspace/cargo-home/bin/cargo" "+nightly-2024-10-28" "metadata" "--manifest-path" "Cargo.toml" "--no-deps", kill_on_drop: false }`
[INFO] started tweaking crates.io crate xan 0.29.0
[INFO] removed 0 missing tests
[INFO] finished tweaking crates.io crate xan 0.29.0
[INFO] tweaked toml for crates.io crate xan 0.29.0 written to /workspace/builds/worker-1-tc1/source/Cargo.toml
[INFO] crate crates.io crate xan 0.29.0 already has a lockfile, it will not be regenerated
[INFO] running `Command { std: CARGO_HOME="/workspace/cargo-home" RUSTUP_HOME="/workspace/rustup-home" "/workspace/cargo-home/bin/cargo" "+nightly-2024-10-28" "fetch" "--manifest-path" "Cargo.toml", kill_on_drop: false }`
[INFO] [stderr]     Updating crates.io index
[INFO] [stderr]  Downloading crates ...
[INFO] [stderr]   Downloaded uuid v0.8.2
[INFO] [stderr]   Downloaded transient-btree-index v0.5.1
[INFO] [stderr]   Downloaded thiserror v1.0.56
[INFO] [stderr]   Downloaded tempfile v3.10.0
[INFO] [stderr]   Downloaded const-random-macro v0.1.16
[INFO] [stderr]   Downloaded encoding_index_tests v0.1.4
[INFO] [stderr]   Downloaded jiff-tzdb-platform v0.1.1
[INFO] [stderr]   Downloaded csv-index v0.1.6
[INFO] [stderr]   Downloaded thiserror-impl v1.0.56
[INFO] [stderr]   Downloaded deepsize_derive v0.1.2
[INFO] [stderr]   Downloaded md5 v0.7.0
[INFO] [stderr]   Downloaded proc-macro2 v1.0.78
[INFO] [stderr]   Downloaded codepage v0.1.1
[INFO] [stderr]   Downloaded numfmt v1.1.1
[INFO] [stderr]   Downloaded rmp-serde v1.1.2
[INFO] [stderr]   Downloaded bitflags v2.4.2
[INFO] [stderr]   Downloaded calamine v0.24.0
[INFO] [stderr]   Downloaded encoding-index-korean v1.20141219.5
[INFO] [stderr]   Downloaded zerocopy v0.7.32
[INFO] [stderr]   Downloaded phf_shared v0.11.2
[INFO] [stderr]   Downloaded encoding-index-japanese v1.20141219.5
[INFO] [stderr]   Downloaded zip v0.6.6
[INFO] [stderr]   Downloaded memoffset v0.2.1
[INFO] [stderr]   Downloaded colored v2.1.0
[INFO] [stderr]   Downloaded ctrlc v3.4.4
[INFO] [stderr]   Downloaded crossbeam-utils v0.5.0
[INFO] [stderr]   Downloaded const-random v0.1.18
[INFO] [stderr]   Downloaded bytesize v1.3.0
[INFO] [stderr]   Downloaded ext-sort v0.1.4
[INFO] [stderr]   Downloaded pager v0.16.1
[INFO] [stderr]   Downloaded crossbeam-channel v0.2.6
[INFO] [stderr]   Downloaded quick-xml v0.31.0
[INFO] [stderr]   Downloaded ucd-trie v0.1.6
[INFO] [stderr]   Downloaded allocator-api2 v0.2.16
[INFO] [stderr]   Downloaded portable-atomic v1.6.0
[INFO] [stderr]   Downloaded termsize v0.1.8
[INFO] [stderr]   Downloaded jiff v0.1.13
[INFO] [stderr]   Downloaded encoding-index-singlebyte v1.20141219.5
[INFO] [stderr]   Downloaded jiff-tzdb v0.1.1
[INFO] [stderr]   Downloaded pest v2.7.11
[INFO] [stderr]   Downloaded encoding-index-simpchinese v1.20141219.5
[INFO] [stderr]   Downloaded filetime v0.1.15
[INFO] [stderr]   Downloaded strum v0.26.2
[INFO] [stderr]   Downloaded dlv-list v0.5.2
[INFO] [stderr]   Downloaded emojis v0.6.1
[INFO] [stderr]   Downloaded number_prefix v0.4.0
[INFO] [stderr]   Downloaded crossbeam-channel v0.5.11
[INFO] [stderr]   Downloaded bstr v1.10.0
[INFO] [stderr]   Downloaded textwrap v0.16.1
[INFO] [stderr]   Downloaded zerocopy-derive v0.7.32
[INFO] [stderr]   Downloaded rmp v0.8.12
[INFO] [stderr]   Downloaded ordered-float v4.2.2
[INFO] [stderr]   Downloaded instability v0.3.2
[INFO] [stderr]   Downloaded unicode-truncate v1.1.0
[INFO] [stderr]   Downloaded rayon v1.8.1
[INFO] [stderr]   Downloaded memmap2 v0.5.10
[INFO] [stderr]   Downloaded num-traits v0.2.17
[INFO] [stderr]   Downloaded encoding v0.2.33
[INFO] [stderr]   Downloaded crossbeam v0.8.4
[INFO] [stderr]   Downloaded pest_derive v2.7.11
[INFO] [stderr]   Downloaded compact_str v0.8.0
[INFO] [stderr]   Downloaded either v1.9.0
[INFO] [stderr]   Downloaded deepsize v0.2.0
[INFO] [stderr]   Downloaded namedlock v0.7.0
[INFO] [stderr]   Downloaded dtoa v1.0.9
[INFO] [stderr]   Downloaded pest_generator v2.7.11
[INFO] [stderr]   Downloaded cassowary v0.3.0
[INFO] [stderr]   Downloaded rustversion v1.0.14
[INFO] [stderr]   Downloaded strum_macros v0.26.4
[INFO] [stderr]   Downloaded ratatui v0.28.1
[INFO] [stderr]   Downloaded unicode-linebreak v0.1.5
[INFO] [stderr]   Downloaded doc-comment v0.3.3
[INFO] [stderr]   Downloaded encoding-index-tradchinese v1.20141219.5
[INFO] [stderr]   Downloaded serde_derive v1.0.196
[INFO] [stderr]   Downloaded serde_json v1.0.113
[INFO] [stderr]   Downloaded serde v1.0.196
[INFO] [stderr]   Downloaded crossbeam-epoch v0.6.1
[INFO] [stderr]   Downloaded docopt v1.1.1
[INFO] [stderr]   Downloaded indicatif v0.17.8
[INFO] [stderr]   Downloaded pest_meta v2.7.11
[INFO] [stderr]   Downloaded unidecode v0.3.0
[INFO] [stderr]   Downloaded console v0.15.8
[INFO] [stderr]   Downloaded smawk v0.3.2
[INFO] [stderr]   Downloaded hermit-abi v0.3.5
[INFO] [stderr]   Downloaded binary-layout v2.1.0
[INFO] [stderr]   Downloaded phf v0.11.2
[INFO] [stderr]   Downloaded paltoquet v0.10.0
[INFO] [stderr]   Downloaded rand_seeder v0.2.3
[INFO] [stderr]   Downloaded castaway v0.2.3
[INFO] [stderr]   Downloaded lru v0.12.3
[INFO] [stderr]   Downloaded pariter v0.5.1
[INFO] running `Command { std: "docker" "create" "-v" "/var/lib/crater-agent-workspace/builds/worker-1-tc1/target:/opt/rustwide/target:rw,Z" "-v" "/var/lib/crater-agent-workspace/builds/worker-1-tc1/source:/opt/rustwide/workdir:ro,Z" "-v" "/var/lib/crater-agent-workspace/cargo-home:/opt/rustwide/cargo-home:ro,Z" "-v" "/var/lib/crater-agent-workspace/rustup-home:/opt/rustwide/rustup-home:ro,Z" "-e" "SOURCE_DIR=/opt/rustwide/workdir" "-e" "CARGO_TARGET_DIR=/opt/rustwide/target" "-e" "CARGO_HOME=/opt/rustwide/cargo-home" "-e" "RUSTUP_HOME=/opt/rustwide/rustup-home" "-w" "/opt/rustwide/workdir" "-m" "1610612736" "--user" "0:0" "--network" "none" "ghcr.io/rust-lang/crates-build-env/linux@sha256:4a844ea9eb2546a2d2c7022eacef16ef2e8229c7fbb2c7d4d55a9ceca922f72d" "/opt/rustwide/cargo-home/bin/cargo" "+nightly-2024-10-28" "metadata" "--no-deps" "--format-version=1", kill_on_drop: false }`
[INFO] [stdout] 1379abf16f2718c200e80150472e706d5fbb86694a28f8944538935e42ee70c3
[INFO] running `Command { std: "docker" "start" "-a" "1379abf16f2718c200e80150472e706d5fbb86694a28f8944538935e42ee70c3", kill_on_drop: false }`
[INFO] running `Command { std: "docker" "inspect" "1379abf16f2718c200e80150472e706d5fbb86694a28f8944538935e42ee70c3", kill_on_drop: false }`
[INFO] running `Command { std: "docker" "rm" "-f" "1379abf16f2718c200e80150472e706d5fbb86694a28f8944538935e42ee70c3", kill_on_drop: false }`
[INFO] [stdout] 1379abf16f2718c200e80150472e706d5fbb86694a28f8944538935e42ee70c3
[INFO] running `Command { std: "docker" "create" "-v" "/var/lib/crater-agent-workspace/builds/worker-1-tc1/target:/opt/rustwide/target:rw,Z" "-v" "/var/lib/crater-agent-workspace/builds/worker-1-tc1/source:/opt/rustwide/workdir:ro,Z" "-v" "/var/lib/crater-agent-workspace/cargo-home:/opt/rustwide/cargo-home:ro,Z" "-v" "/var/lib/crater-agent-workspace/rustup-home:/opt/rustwide/rustup-home:ro,Z" "-e" "SOURCE_DIR=/opt/rustwide/workdir" "-e" "CARGO_TARGET_DIR=/opt/rustwide/target" "-e" "CARGO_INCREMENTAL=0" "-e" "RUST_BACKTRACE=full" "-e" "RUSTFLAGS=--cap-lints=forbid" "-e" "RUSTDOCFLAGS=--cap-lints=forbid" "-e" "CARGO_HOME=/opt/rustwide/cargo-home" "-e" "RUSTUP_HOME=/opt/rustwide/rustup-home" "-w" "/opt/rustwide/workdir" "-m" "1610612736" "--user" "0:0" "--network" "none" "ghcr.io/rust-lang/crates-build-env/linux@sha256:4a844ea9eb2546a2d2c7022eacef16ef2e8229c7fbb2c7d4d55a9ceca922f72d" "/opt/rustwide/cargo-home/bin/cargo" "+nightly-2024-10-28" "build" "--frozen" "--message-format=json", kill_on_drop: false }`
[INFO] [stdout] 51e9bbd93c3e5760d664e5d0a1a9a62a127eff628b58ff4d376e6674e636b6ac
[INFO] running `Command { std: "docker" "start" "-a" "51e9bbd93c3e5760d664e5d0a1a9a62a127eff628b58ff4d376e6674e636b6ac", kill_on_drop: false }`
[INFO] [stderr]    Compiling proc-macro2 v1.0.78
[INFO] [stderr]    Compiling unicode-ident v1.0.12
[INFO] [stderr]    Compiling libc v0.2.155
[INFO] [stderr]    Compiling serde v1.0.196
[INFO] [stderr]    Compiling memchr v2.7.1
[INFO] [stderr]    Compiling once_cell v1.19.0
[INFO] [stderr]    Compiling crossbeam-utils v0.8.19
[INFO] [stderr]    Compiling version_check v0.9.4
[INFO] [stderr]    Compiling paste v1.0.14
[INFO] [stderr]    Compiling bitflags v2.4.2
[INFO] [stderr]    Compiling semver-parser v0.7.0
[INFO] [stderr]    Compiling thiserror v1.0.56
[INFO] [stderr]    Compiling rustversion v1.0.14
[INFO] [stderr]    Compiling num-traits v0.2.17
[INFO] [stderr]    Compiling zerocopy v0.7.32
[INFO] [stderr]    Compiling encoding_index_tests v0.1.4
[INFO] [stderr]    Compiling itoa v1.0.10
[INFO] [stderr]    Compiling semver v0.9.0
[INFO] [stderr]    Compiling maybe-uninit v2.0.0
[INFO] [stderr]    Compiling allocator-api2 v0.2.16
[INFO] [stderr]    Compiling fnv v1.0.7
[INFO] [stderr]    Compiling crunchy v0.2.2
[INFO] [stderr]    Compiling ryu v1.0.16
[INFO] [stderr]    Compiling rand_core v0.4.2
[INFO] [stderr]    Compiling rustix v0.38.31
[INFO] [stderr]    Compiling ahash v0.8.11
[INFO] [stderr]    Compiling rustc_version v0.2.3
[INFO] [stderr]    Compiling tiny-keccak v2.0.2
[INFO] [stderr]    Compiling syn v1.0.109
[INFO] [stderr]    Compiling crc32fast v1.3.2
[INFO] [stderr]    Compiling either v1.9.0
[INFO] [stderr]    Compiling regex-syntax v0.8.4
[INFO] [stderr]    Compiling aho-corasick v1.1.2
[INFO] [stderr]    Compiling parking_lot_core v0.3.1
[INFO] [stderr]    Compiling rand_core v0.3.1
[INFO] [stderr]    Compiling crossbeam-epoch v0.9.18
[INFO] [stderr]    Compiling doc-comment v0.3.3
[INFO] [stderr]    Compiling hashbrown v0.14.3
[INFO] [stderr]    Compiling quote v1.0.35
[INFO] [stderr]    Compiling arrayvec v0.4.12
[INFO] [stderr]    Compiling cfg-if v0.1.10
[INFO] [stderr]    Compiling scopeguard v0.3.3
[INFO] [stderr]    Compiling cfg_aliases v0.1.1
[INFO] [stderr]    Compiling ucd-trie v0.1.6
[INFO] [stderr]    Compiling linux-raw-sys v0.4.13
[INFO] [stderr]    Compiling stable_deref_trait v1.2.0
[INFO] [stderr]    Compiling syn v2.0.48
[INFO] [stderr]    Compiling crossbeam-deque v0.8.5
[INFO] [stderr]    Compiling owning_ref v0.4.1
[INFO] [stderr]    Compiling nix v0.28.0
[INFO] [stderr]    Compiling miniz_oxide v0.7.2
[INFO] [stderr]    Compiling smallvec v0.6.14
[INFO] [stderr]    Compiling encoding_rs v0.8.33
[INFO] [stderr]    Compiling siphasher v0.3.11
[INFO] [stderr]    Compiling nodrop v0.1.14
[INFO] [stderr]    Compiling fastrand v2.0.1
[INFO] [stderr]    Compiling portable-atomic v1.6.0
[INFO] [stderr]    Compiling phf_shared v0.11.2
[INFO] [stderr]    Compiling getrandom v0.2.12
[INFO] [stderr]    Compiling indexmap v2.5.0
[INFO] [stderr]    Compiling rmp v0.8.12
[INFO] [stderr]    Compiling flate2 v1.0.28
[INFO] [stderr]    Compiling rayon-core v1.12.1
[INFO] [stderr]    Compiling lock_api v0.1.5
[INFO] [stderr]    Compiling const-random-macro v0.1.16
[INFO] [stderr]    Compiling castaway v0.2.3
[INFO] [stderr]    Compiling crossbeam-utils v0.6.6
[INFO] [stderr]    Compiling crossbeam-channel v0.5.11
[INFO] [stderr]    Compiling rand v0.5.6
[INFO] [stderr]    Compiling num_cpus v1.16.0
[INFO] [stderr]    Compiling rand_core v0.6.4
[INFO] [stderr]    Compiling crossbeam-queue v0.3.11
[INFO] [stderr]    Compiling itertools v0.13.0
[INFO] [stderr]    Compiling csv-core v0.1.11
[INFO] [stderr]    Compiling log v0.4.20
[INFO] [stderr]    Compiling winnow v0.6.18
[INFO] [stderr]    Compiling serde_json v1.0.113
[INFO] [stderr]    Compiling ppv-lite86 v0.2.17
[INFO] [stderr]    Compiling unicode-segmentation v1.11.0
[INFO] [stderr]    Compiling memoffset v0.2.1
[INFO] [stderr]    Compiling compact_str v0.8.0
[INFO] [stderr]    Compiling crossbeam v0.8.4
[INFO] [stderr]    Compiling crossbeam-epoch v0.6.1
[INFO] [stderr]    Compiling rayon v1.8.1
[INFO] [stderr]    Compiling zip v0.6.6
[INFO] [stderr]    Compiling quick-xml v0.31.0
[INFO] [stderr]    Compiling regex-automata v0.4.7
[INFO] [stderr]    Compiling rand_chacha v0.3.1
[INFO] [stderr]    Compiling parking_lot v0.6.4
[INFO] [stderr]    Compiling codepage v0.1.1
[INFO] [stderr]    Compiling const-random v0.1.18
[INFO] [stderr]    Compiling memmap2 v0.5.10
[INFO] [stderr]    Compiling tempfile v3.10.0
[INFO] [stderr]    Compiling atty v0.2.14
[INFO] [stderr]    Compiling console v0.15.8
[INFO] [stderr]    Compiling errno v0.2.8
[INFO] [stderr]    Compiling binary-layout v2.1.0
[INFO] [stderr]    Compiling phf v0.11.2
[INFO] [stderr]    Compiling num-integer v0.1.46
[INFO] [stderr]    Compiling lru v0.12.3
[INFO] [stderr]    Compiling unicode-truncate v1.1.0
[INFO] [stderr]    Compiling encoding-index-japanese v1.20141219.5
[INFO] [stderr]    Compiling encoding-index-simpchinese v1.20141219.5
[INFO] [stderr]    Compiling encoding-index-tradchinese v1.20141219.5
[INFO] [stderr]    Compiling encoding-index-singlebyte v1.20141219.5
[INFO] [stderr]    Compiling encoding-index-korean v1.20141219.5
[INFO] [stderr]    Compiling deepsize_derive v0.1.2
[INFO] [stderr]    Compiling smawk v0.3.2
[INFO] [stderr]    Compiling dtoa v1.0.9
[INFO] [stderr]    Compiling number_prefix v0.4.0
[INFO] [stderr]    Compiling cassowary v0.3.0
[INFO] [stderr]    Compiling unicode-linebreak v0.1.5
[INFO] [stderr]    Compiling crossbeam-utils v0.5.0
[INFO] [stderr]    Compiling linked-hash-map v0.5.6
[INFO] [stderr]    Compiling unidecode v0.3.0
[INFO] [stderr]    Compiling indicatif v0.17.8
[INFO] [stderr]    Compiling encoding v0.2.33
[INFO] [stderr]    Compiling crossbeam-channel v0.2.6
[INFO] [stderr]    Compiling numfmt v1.1.1
[INFO] [stderr]    Compiling darling_core v0.20.10
[INFO] [stderr]    Compiling deepsize v0.2.0
[INFO] [stderr]    Compiling emojis v0.6.1
[INFO] [stderr]    Compiling textwrap v0.16.1
[INFO] [stderr]    Compiling pager v0.16.1
[INFO] [stderr]    Compiling termsize v0.1.8
[INFO] [stderr]    Compiling ctrlc v3.4.4
[INFO] [stderr]    Compiling dlv-list v0.5.2
[INFO] [stderr]    Compiling rand v0.8.5
[INFO] [stderr]    Compiling pariter v0.5.1
[INFO] [stderr]    Compiling rand_seeder v0.2.3
[INFO] [stderr]    Compiling threadpool v1.8.1
[INFO] [stderr]    Compiling uuid v0.8.2
[INFO] [stderr]    Compiling filetime v0.1.15
[INFO] [stderr]    Compiling ordered-float v4.2.2
[INFO] [stderr]    Compiling thread_local v1.1.8
[INFO] [stderr]    Compiling colored v2.1.0
[INFO] [stderr]    Compiling arrayvec v0.7.4
[INFO] [stderr]    Compiling jiff v0.1.13
[INFO] [stderr]    Compiling bytesize v1.3.0
[INFO] [stderr]    Compiling md5 v0.7.0
[INFO] [stderr]    Compiling shlex v1.3.0
[INFO] [stderr]    Compiling namedlock v0.7.0
[INFO] [stderr]    Compiling serde_derive v1.0.196
[INFO] [stderr]    Compiling thiserror-impl v1.0.56
[INFO] [stderr]    Compiling strum_macros v0.26.4
[INFO] [stderr]    Compiling instability v0.3.2
[INFO] [stderr]    Compiling regex v1.10.3
[INFO] [stderr]    Compiling bstr v1.10.0
[INFO] [stderr]    Compiling darling_macro v0.20.10
[INFO] [stderr]    Compiling pest v2.7.11
[INFO] [stderr]    Compiling darling v0.20.10
[INFO] [stderr]    Compiling enumset_derive v0.10.0
[INFO] [stderr]    Compiling strum v0.26.2
[INFO] [stderr]    Compiling ratatui v0.28.1
[INFO] [stderr]    Compiling enumset v1.1.5
[INFO] [stderr]    Compiling paltoquet v0.10.0
[INFO] [stderr]    Compiling pest_meta v2.7.11
[INFO] [stderr]    Compiling pest_generator v2.7.11
[INFO] [stderr]    Compiling pest_derive v2.7.11
[INFO] [stderr]    Compiling toml_datetime v0.6.8
[INFO] [stderr]    Compiling serde_spanned v0.6.7
[INFO] [stderr]    Compiling csv v1.3.0
[INFO] [stderr]    Compiling rmp-serde v1.1.2
[INFO] [stderr]    Compiling bincode v1.3.3
[INFO] [stderr]    Compiling docopt v1.1.1
[INFO] [stderr]    Compiling calamine v0.24.0
[INFO] [stderr]    Compiling toml_edit v0.22.20
[INFO] [stderr]    Compiling ext-sort v0.1.4
[INFO] [stderr]    Compiling transient-btree-index v0.5.1
[INFO] [stderr]    Compiling csv-index v0.1.6
[INFO] [stderr]    Compiling toml v0.8.19
[INFO] [stderr]    Compiling xan v0.29.0 (/opt/rustwide/workdir)
[INFO] [stderr]     Finished `dev` profile [unoptimized + debuginfo] target(s) in 20.77s
[INFO] running `Command { std: "docker" "inspect" "51e9bbd93c3e5760d664e5d0a1a9a62a127eff628b58ff4d376e6674e636b6ac", kill_on_drop: false }`
[INFO] running `Command { std: "docker" "rm" "-f" "51e9bbd93c3e5760d664e5d0a1a9a62a127eff628b58ff4d376e6674e636b6ac", kill_on_drop: false }`
[INFO] [stdout] 51e9bbd93c3e5760d664e5d0a1a9a62a127eff628b58ff4d376e6674e636b6ac
[INFO] running `Command { std: "docker" "create" "-v" "/var/lib/crater-agent-workspace/builds/worker-1-tc1/target:/opt/rustwide/target:rw,Z" "-v" "/var/lib/crater-agent-workspace/builds/worker-1-tc1/source:/opt/rustwide/workdir:ro,Z" "-v" "/var/lib/crater-agent-workspace/cargo-home:/opt/rustwide/cargo-home:ro,Z" "-v" "/var/lib/crater-agent-workspace/rustup-home:/opt/rustwide/rustup-home:ro,Z" "-e" "SOURCE_DIR=/opt/rustwide/workdir" "-e" "CARGO_TARGET_DIR=/opt/rustwide/target" "-e" "CARGO_INCREMENTAL=0" "-e" "RUST_BACKTRACE=full" "-e" "RUSTFLAGS=--cap-lints=forbid" "-e" "RUSTDOCFLAGS=--cap-lints=forbid" "-e" "CARGO_HOME=/opt/rustwide/cargo-home" "-e" "RUSTUP_HOME=/opt/rustwide/rustup-home" "-w" "/opt/rustwide/workdir" "-m" "1610612736" "--user" "0:0" "--network" "none" "ghcr.io/rust-lang/crates-build-env/linux@sha256:4a844ea9eb2546a2d2c7022eacef16ef2e8229c7fbb2c7d4d55a9ceca922f72d" "/opt/rustwide/cargo-home/bin/cargo" "+nightly-2024-10-28" "test" "--frozen" "--no-run" "--message-format=json", kill_on_drop: false }`
[INFO] [stdout] e03d258f734b854b83b1f12a8acdaedfd209e472b0c690e3eea87efc94193c30
[INFO] running `Command { std: "docker" "start" "-a" "e03d258f734b854b83b1f12a8acdaedfd209e472b0c690e3eea87efc94193c30", kill_on_drop: false }`
[INFO] [stderr]    Compiling xan v0.29.0 (/opt/rustwide/workdir)
[INFO] [stderr]     Finished `test` profile [unoptimized + debuginfo] target(s) in 8.57s
[INFO] running `Command { std: "docker" "inspect" "e03d258f734b854b83b1f12a8acdaedfd209e472b0c690e3eea87efc94193c30", kill_on_drop: false }`
[INFO] running `Command { std: "docker" "rm" "-f" "e03d258f734b854b83b1f12a8acdaedfd209e472b0c690e3eea87efc94193c30", kill_on_drop: false }`
[INFO] [stdout] e03d258f734b854b83b1f12a8acdaedfd209e472b0c690e3eea87efc94193c30
[INFO] running `Command { std: "docker" "create" "-v" "/var/lib/crater-agent-workspace/builds/worker-1-tc1/target:/opt/rustwide/target:rw,Z" "-v" "/var/lib/crater-agent-workspace/builds/worker-1-tc1/source:/opt/rustwide/workdir:ro,Z" "-v" "/var/lib/crater-agent-workspace/cargo-home:/opt/rustwide/cargo-home:ro,Z" "-v" "/var/lib/crater-agent-workspace/rustup-home:/opt/rustwide/rustup-home:ro,Z" "-e" "SOURCE_DIR=/opt/rustwide/workdir" "-e" "CARGO_TARGET_DIR=/opt/rustwide/target" "-e" "CARGO_INCREMENTAL=0" "-e" "RUST_BACKTRACE=full" "-e" "RUSTFLAGS=--cap-lints=forbid" "-e" "RUSTDOCFLAGS=--cap-lints=forbid" "-e" "CARGO_HOME=/opt/rustwide/cargo-home" "-e" "RUSTUP_HOME=/opt/rustwide/rustup-home" "-w" "/opt/rustwide/workdir" "-m" "1610612736" "--user" "0:0" "--network" "none" "ghcr.io/rust-lang/crates-build-env/linux@sha256:4a844ea9eb2546a2d2c7022eacef16ef2e8229c7fbb2c7d4d55a9ceca922f72d" "/opt/rustwide/cargo-home/bin/cargo" "+nightly-2024-10-28" "test" "--frozen", kill_on_drop: false }`
[INFO] [stdout] fd2ad328796699aed5a6c5a4987960b78df6c016618a1551c3895cd9cd92df91
[INFO] running `Command { std: "docker" "start" "-a" "fd2ad328796699aed5a6c5a4987960b78df6c016618a1551c3895cd9cd92df91", kill_on_drop: false }`
[INFO] [stderr]     Finished `test` profile [unoptimized + debuginfo] target(s) in 0.19s
[INFO] [stderr]      Running unittests src/main.rs (/opt/rustwide/target/debug/deps/xan-bee32ca3e34f3bbe)
[INFO] [stdout] 
[INFO] [stdout] running 76 tests
[INFO] [stdout] test collections::fixed_reverse_heap::tests::test_reverse_numbers ... ok
[INFO] [stdout] test collections::fixed_reverse_heap::tests::test_map_with_ties ... ok
[INFO] [stdout] test collections::fixed_reverse_heap::tests::test_numbers ... ok
[INFO] [stdout] test collections::fixed_reverse_heap::tests::test_map ... ok
[INFO] [stdout] test moonblade::agg::tests::test_types_aggregator ... ok
[INFO] [stdout] test moonblade::agg::tests::test_median_aggregator ... ok
[INFO] [stdout] test moonblade::interpreter::tests::test_abs ... ok
[INFO] [stdout] test moonblade::interpreter::tests::test_bytesize ... ok
[INFO] [stdout] test moonblade::interpreter::tests::test_coalesce ... ok
[INFO] [stdout] test moonblade::interpreter::tests::test_compact ... ok
[INFO] [stdout] test moonblade::interpreter::tests::test_concat ... ok
[INFO] [stdout] test moonblade::interpreter::tests::test_bool ... ok
[INFO] [stdout] test moonblade::interpreter::tests::test_ceil_floor_round ... ok
[INFO] [stdout] test moonblade::interpreter::tests::test_escape_regex ... ok
[INFO] [stdout] test moonblade::interpreter::tests::test_index ... ok
[INFO] [stdout] test moonblade::interpreter::tests::test_identifiers ... ok
[INFO] [stdout] test moonblade::interpreter::tests::test_first ... ok
[INFO] [stdout] test moonblade::interpreter::tests::test_arithmetics ... ok
[INFO] [stdout] test moonblade::interpreter::tests::test_col ... ok
[INFO] [stdout] test moonblade::interpreter::tests::test_count ... ok
[INFO] [stdout] test moonblade::interpreter::tests::test_md5 ... ok
[INFO] [stdout] test moonblade::interpreter::tests::test_if ... ok
[INFO] [stdout] test moonblade::interpreter::tests::test_get ... ok
[INFO] [stdout] test moonblade::interpreter::tests::test_map ... ok
[INFO] [stdout] test moonblade::interpreter::tests::test_json ... ok
[INFO] [stdout] test moonblade::interpreter::tests::test_lower ... ok
[INFO] [stdout] test moonblade::interpreter::tests::test_last ... ok
[INFO] [stdout] test moonblade::interpreter::tests::test_log_sqrt ... ok
[INFO] [stdout] test moonblade::interpreter::tests::test_fmt ... ok
[INFO] [stdout] test moonblade::interpreter::tests::test_mod ... ok
[INFO] [stdout] test moonblade::interpreter::tests::test_pathjoin ... ok
[INFO] [stdout] test moonblade::interpreter::tests::test_contains ... ok
[INFO] [stdout] test moonblade::interpreter::tests::test_pow ... ok
[INFO] [stdout] test moonblade::interpreter::tests::test_neg ... ok
[INFO] [stdout] test moonblade::interpreter::tests::test_timestamp ... ok
[INFO] [stdout] test moonblade::interpreter::tests::test_static_evaluation ... ok
[INFO] [stdout] test moonblade::interpreter::tests::test_pipeline_optimization_correctness ... ok
[INFO] [stdout] test moonblade::interpreter::tests::test_split_join ... ok
[INFO] [stdout] test moonblade::interpreter::tests::test_timestamp_ms ... ok
[INFO] [stdout] test moonblade::parser::tests::test_booleans ... ok
[INFO] [stdout] test moonblade::interpreter::tests::test_unless ... ok
[INFO] [stdout] test moonblade::interpreter::tests::test_upper ... ok
[INFO] [stdout] test moonblade::parser::tests::test_floats ... ok
[INFO] [stdout] test moonblade::interpreter::tests::test_trim ... ok
[INFO] [stdout] test moonblade::parser::tests::test_functions ... ok
[INFO] [stdout] test moonblade::parser::tests::test_expr_recursivity ... ok
[INFO] [stdout] test moonblade::interpreter::tests::test_minmax ... ok
[INFO] [stdout] test moonblade::interpreter::tests::test_typeof ... ok
[INFO] [stdout] test moonblade::parser::tests::test_containers ... ok
[INFO] [stdout] test moonblade::parser::tests::test_identifiers ... ok
[INFO] [stdout] test moonblade::parser::tests::test_infix ... ok
[INFO] [stdout] test moonblade::parser::tests::test_infix_associativity ... ok
[INFO] [stdout] test moonblade::parser::tests::test_integers ... ok
[INFO] [stdout] test moonblade::parser::tests::test_aggregations ... ok
[INFO] [stdout] test moonblade::types::tests::test_dynamic_number_ceil_floor_round ... ok
[INFO] [stdout] test moonblade::types::tests::test_dynamic_number_ln_sqrt ... ok
[INFO] [stdout] test moonblade::parser::tests::test_null ... ok
[INFO] [stdout] test moonblade::interpreter::tests::test_slice ... ok
[INFO] [stdout] test moonblade::parser::tests::test_named_expressions ... ok
[INFO] [stdout] test moonblade::parser::tests::test_named_arguments ... ok
[INFO] [stdout] test moonblade::types::tests::test_dynamic_number_pow ... ok
[INFO] [stdout] test moonblade::parser::tests::test_lambdas ... ok
[INFO] [stdout] test moonblade::parser::tests::test_regexes ... ok
[INFO] [stdout] test moonblade::types::tests::test_dynamic_value_flat_iter ... ok
[INFO] [stdout] test moonblade::utils::tests::test_downgrade_float ... ok
[INFO] [stdout] test moonblade::parser::tests::test_prefix_operators ... ok
[INFO] [stdout] test util::tests::test_join_iterator_ext ... ok
[INFO] [stdout] test moonblade::parser::tests::test_strings ... ok
[INFO] [stdout] test util::tests::test_unicode_aware_ellipsis ... ok
[INFO] [stdout] test moonblade::parser::tests::test_pipeline_operator ... ok
[INFO] [stdout] test util::tests::test_str_to_csv_byte_record ... ok
[INFO] [stdout] test moonblade::interpreter::tests::test_replace ... ok
[INFO] [stdout] test util::tests::test_emoji_sanitizer ... ok
[INFO] [stdout] test moonblade::interpreter::tests::test_infix_operators ... ok
[INFO] [stdout] test moonblade::interpreter::tests::test_datetime ... ok
[INFO] [stdout] test moonblade::interpreter::tests::test_strftime ... FAILED
[INFO] [stdout] 
[INFO] [stdout] failures:
[INFO] [stdout] 
[INFO] [stdout] ---- moonblade::interpreter::tests::test_strftime stdout ----
[INFO] [stdout] thread 'moonblade::interpreter::tests::test_strftime' panicked at src/moonblade/interpreter.rs:1271:9:
[INFO] [stdout] assertion `left == right` failed
[INFO] [stdout]   left: Ok(String("2024-07-11 03:14:00 UTC"))
[INFO] [stdout]  right: Ok(String("2024-07-11 01:14:00 UTC"))
[INFO] [stdout] stack backtrace:
[INFO] [stdout]    0:     0x629c2fb77b3a - std::backtrace_rs::backtrace::libunwind::trace::h207520d6e9873551
[INFO] [stdout]                                at /rustc/df4ca44d3fbc9301ee17f30f4d474e6ae4b05252/library/std/src/../../backtrace/src/backtrace/libunwind.rs:116:5
[INFO] [stdout]    1:     0x629c2fb77b3a - std::backtrace_rs::backtrace::trace_unsynchronized::h2ed7433f370e3eca
[INFO] [stdout]                                at /rustc/df4ca44d3fbc9301ee17f30f4d474e6ae4b05252/library/std/src/../../backtrace/src/backtrace/mod.rs:66:5
[INFO] [stdout]    2:     0x629c2fb77b3a - std::sys::backtrace::_print_fmt::h916fac51166b18d7
[INFO] [stdout]                                at /rustc/df4ca44d3fbc9301ee17f30f4d474e6ae4b05252/library/std/src/sys/backtrace.rs:66:9
[INFO] [stdout]    3:     0x629c2fb77b3a - <std::sys::backtrace::BacktraceLock::print::DisplayBacktrace as core::fmt::Display>::fmt::ha0a4c9b8ce3802e6
[INFO] [stdout]                                at /rustc/df4ca44d3fbc9301ee17f30f4d474e6ae4b05252/library/std/src/sys/backtrace.rs:39:26
[INFO] [stdout]    4:     0x629c2fba2e73 - core::fmt::rt::Argument::fmt::h4cfc8587d52b3eb5
[INFO] [stdout]                                at /rustc/df4ca44d3fbc9301ee17f30f4d474e6ae4b05252/library/core/src/fmt/rt.rs:177:76
[INFO] [stdout]    5:     0x629c2fba2e73 - core::fmt::write::h522cc39e5b36ae9f
[INFO] [stdout]                                at /rustc/df4ca44d3fbc9301ee17f30f4d474e6ae4b05252/library/core/src/fmt/mod.rs:1190:21
[INFO] [stdout]    6:     0x629c2fb741e3 - std::io::Write::write_fmt::h7d3c26752da97734
[INFO] [stdout]                                at /rustc/df4ca44d3fbc9301ee17f30f4d474e6ae4b05252/library/std/src/io/mod.rs:1839:15
[INFO] [stdout]    7:     0x629c2fb77982 - std::sys::backtrace::BacktraceLock::print::h4b9e00b29e9c0942
[INFO] [stdout]                                at /rustc/df4ca44d3fbc9301ee17f30f4d474e6ae4b05252/library/std/src/sys/backtrace.rs:42:9
[INFO] [stdout]    8:     0x629c2fb78fca - std::panicking::default_hook::{{closure}}::hb59b88280d0324d9
[INFO] [stdout]                                at /rustc/df4ca44d3fbc9301ee17f30f4d474e6ae4b05252/library/std/src/panicking.rs:268:22
[INFO] [stdout]    9:     0x629c2fb78dd4 - std::panicking::default_hook::he1dd496665be4a29
[INFO] [stdout]                                at /rustc/df4ca44d3fbc9301ee17f30f4d474e6ae4b05252/library/std/src/panicking.rs:292:9
[INFO] [stdout]   10:     0x629c2f629e29 - <alloc::boxed::Box<F,A> as core::ops::function::Fn<Args>>::call::h4ff71de18744e1dc
[INFO] [stdout]                                at /rustc/df4ca44d3fbc9301ee17f30f4d474e6ae4b05252/library/alloc/src/boxed.rs:2468:9
[INFO] [stdout]   11:     0x629c2f629e29 - test::test_main::{{closure}}::hcf7c055ce117aa81
[INFO] [stdout]                                at /rustc/df4ca44d3fbc9301ee17f30f4d474e6ae4b05252/library/test/src/lib.rs:133:21
[INFO] [stdout]   12:     0x629c2fb796c8 - <alloc::boxed::Box<F,A> as core::ops::function::Fn<Args>>::call::h1d66c6bbd60c9692
[INFO] [stdout]                                at /rustc/df4ca44d3fbc9301ee17f30f4d474e6ae4b05252/library/alloc/src/boxed.rs:2468:9
[INFO] [stdout]   13:     0x629c2fb796c8 - std::panicking::rust_panic_with_hook::h2ff17fe8f26dfcf8
[INFO] [stdout]                                at /rustc/df4ca44d3fbc9301ee17f30f4d474e6ae4b05252/library/std/src/panicking.rs:809:13
[INFO] [stdout]   14:     0x629c2fb7948a - std::panicking::begin_panic_handler::{{closure}}::h4fad77951c07e101
[INFO] [stdout]                                at /rustc/df4ca44d3fbc9301ee17f30f4d474e6ae4b05252/library/std/src/panicking.rs:674:13
[INFO] [stdout]   15:     0x629c2fb78019 - std::sys::backtrace::__rust_end_short_backtrace::hb1a25b3da5d0ea08
[INFO] [stdout]                                at /rustc/df4ca44d3fbc9301ee17f30f4d474e6ae4b05252/library/std/src/sys/backtrace.rs:170:18
[INFO] [stdout]   16:     0x629c2fb7911c - rust_begin_unwind
[INFO] [stdout]                                at /rustc/df4ca44d3fbc9301ee17f30f4d474e6ae4b05252/library/std/src/panicking.rs:665:5
[INFO] [stdout]   17:     0x629c2fba0c70 - core::panicking::panic_fmt::ha9db07b529f9b256
[INFO] [stdout]                                at /rustc/df4ca44d3fbc9301ee17f30f4d474e6ae4b05252/library/core/src/panicking.rs:75:14
[INFO] [stdout]   18:     0x629c2fba1074 - core::panicking::assert_failed_inner::h04f38944d74a80a8
[INFO] [stdout]   19:     0x629c2f5973b1 - core::panicking::assert_failed::h41f17e51e710e377
[INFO] [stdout]                                at /rustc/df4ca44d3fbc9301ee17f30f4d474e6ae4b05252/library/core/src/panicking.rs:377:5
[INFO] [stdout]   20:     0x629c2f5dff10 - xan::moonblade::interpreter::tests::test_strftime::h203c8114987d1b65
[INFO] [stdout]                                at /opt/rustwide/workdir/src/moonblade/interpreter.rs:1271:9
[INFO] [stdout]   21:     0x629c2f5dfb67 - xan::moonblade::interpreter::tests::test_strftime::{{closure}}::h5a6b4c53a3dc0b3b
[INFO] [stdout]                                at /opt/rustwide/workdir/src/moonblade/interpreter.rs:1260:23
[INFO] [stdout]   22:     0x629c2f4dc926 - core::ops::function::FnOnce::call_once::h73cdaa351151f0ab
[INFO] [stdout]                                at /rustc/df4ca44d3fbc9301ee17f30f4d474e6ae4b05252/library/core/src/ops/function.rs:250:5
[INFO] [stdout]   23:     0x629c2f62e6fb - core::ops::function::FnOnce::call_once::h22c3ba5715e93f05
[INFO] [stdout]                                at /rustc/df4ca44d3fbc9301ee17f30f4d474e6ae4b05252/library/core/src/ops/function.rs:250:5
[INFO] [stdout]   24:     0x629c2f62e6fb - test::__rust_begin_short_backtrace::h8e82d8113d0da17f
[INFO] [stdout]                                at /rustc/df4ca44d3fbc9301ee17f30f4d474e6ae4b05252/library/test/src/lib.rs:621:18
[INFO] [stdout]   25:     0x629c2f62e077 - test::run_test_in_process::{{closure}}::h33235f4f20b7b7c7
[INFO] [stdout]                                at /rustc/df4ca44d3fbc9301ee17f30f4d474e6ae4b05252/library/test/src/lib.rs:644:60
[INFO] [stdout]   26:     0x629c2f62e077 - <core::panic::unwind_safe::AssertUnwindSafe<F> as core::ops::function::FnOnce<()>>::call_once::hb5043206310c586f
[INFO] [stdout]                                at /rustc/df4ca44d3fbc9301ee17f30f4d474e6ae4b05252/library/core/src/panic/unwind_safe.rs:272:9
[INFO] [stdout]   27:     0x629c2f62e077 - std::panicking::try::do_call::h9ad4731a60ab23e2
[INFO] [stdout]                                at /rustc/df4ca44d3fbc9301ee17f30f4d474e6ae4b05252/library/std/src/panicking.rs:557:40
[INFO] [stdout]   28:     0x629c2f62e077 - std::panicking::try::h3824d23db772a716
[INFO] [stdout]                                at /rustc/df4ca44d3fbc9301ee17f30f4d474e6ae4b05252/library/std/src/panicking.rs:520:19
[INFO] [stdout]   29:     0x629c2f62e077 - std::panic::catch_unwind::h5afd514605fde46b
[INFO] [stdout]                                at /rustc/df4ca44d3fbc9301ee17f30f4d474e6ae4b05252/library/std/src/panic.rs:358:14
[INFO] [stdout]   30:     0x629c2f62e077 - test::run_test_in_process::h0d5cbfa7067d1720
[INFO] [stdout]                                at /rustc/df4ca44d3fbc9301ee17f30f4d474e6ae4b05252/library/test/src/lib.rs:644:27
[INFO] [stdout]   31:     0x629c2f62e077 - test::run_test::{{closure}}::h708eb8872708115d
[INFO] [stdout]                                at /rustc/df4ca44d3fbc9301ee17f30f4d474e6ae4b05252/library/test/src/lib.rs:565:43
[INFO] [stdout]   32:     0x629c2f5f1794 - test::run_test::{{closure}}::h392c51cee94713ab
[INFO] [stdout]                                at /rustc/df4ca44d3fbc9301ee17f30f4d474e6ae4b05252/library/test/src/lib.rs:595:41
[INFO] [stdout]   33:     0x629c2f5f1794 - std::sys::backtrace::__rust_begin_short_backtrace::h2f40290710935a8b
[INFO] [stdout]                                at /rustc/df4ca44d3fbc9301ee17f30f4d474e6ae4b05252/library/std/src/sys/backtrace.rs:154:18
[INFO] [stdout]   34:     0x629c2f5f4f3e - std::thread::Builder::spawn_unchecked_::{{closure}}::{{closure}}::h3fd968d89053a903
[INFO] [stdout]                                at /rustc/df4ca44d3fbc9301ee17f30f4d474e6ae4b05252/library/std/src/thread/mod.rs:541:17
[INFO] [stdout]   35:     0x629c2f5f4f3e - <core::panic::unwind_safe::AssertUnwindSafe<F> as core::ops::function::FnOnce<()>>::call_once::h743f637ba4229880
[INFO] [stdout]                                at /rustc/df4ca44d3fbc9301ee17f30f4d474e6ae4b05252/library/core/src/panic/unwind_safe.rs:272:9
[INFO] [stdout]   36:     0x629c2f5f4f3e - std::panicking::try::do_call::h07440897322525a6
[INFO] [stdout]                                at /rustc/df4ca44d3fbc9301ee17f30f4d474e6ae4b05252/library/std/src/panicking.rs:557:40
[INFO] [stdout]   37:     0x629c2f5f4f3e - std::panicking::try::he5a2e00188156637
[INFO] [stdout]                                at /rustc/df4ca44d3fbc9301ee17f30f4d474e6ae4b05252/library/std/src/panicking.rs:520:19
[INFO] [stdout]   38:     0x629c2f5f4f3e - std::panic::catch_unwind::hbaf3cae49b3c6433
[INFO] [stdout]                                at /rustc/df4ca44d3fbc9301ee17f30f4d474e6ae4b05252/library/std/src/panic.rs:358:14
[INFO] [stdout]   39:     0x629c2f5f4f3e - std::thread::Builder::spawn_unchecked_::{{closure}}::h8e141ea224820bce
[INFO] [stdout]                                at /rustc/df4ca44d3fbc9301ee17f30f4d474e6ae4b05252/library/std/src/thread/mod.rs:540:30
[INFO] [stdout]   40:     0x629c2f5f4f3e - core::ops::function::FnOnce::call_once{{vtable.shim}}::h90d312fedd7b8ea8
[INFO] [stdout]                                at /rustc/df4ca44d3fbc9301ee17f30f4d474e6ae4b05252/library/core/src/ops/function.rs:250:5
[INFO] [stdout]   41:     0x629c2fb7e60b - <alloc::boxed::Box<F,A> as core::ops::function::FnOnce<Args>>::call_once::h69aa08ddb6adb8b6
[INFO] [stdout]                                at /rustc/df4ca44d3fbc9301ee17f30f4d474e6ae4b05252/library/alloc/src/boxed.rs:2454:9
[INFO] [stdout]   42:     0x629c2fb7e60b - <alloc::boxed::Box<F,A> as core::ops::function::FnOnce<Args>>::call_once::h5aa36efdb79c806f
[INFO] [stdout]                                at /rustc/df4ca44d3fbc9301ee17f30f4d474e6ae4b05252/library/alloc/src/boxed.rs:2454:9
[INFO] [stdout]   43:     0x629c2fb7e60b - std::sys::pal::unix::thread::Thread::new::thread_start::h6cd80a1b4be5158d
[INFO] [stdout]                                at /rustc/df4ca44d3fbc9301ee17f30f4d474e6ae4b05252/library/std/src/sys/pal/unix/thread.rs:105:17
[INFO] [stdout]   44:     0x7818d068aac3 - <unknown>
[INFO] [stdout]   45:     0x7818d071ba04 - clone
[INFO] [stdout]   46:                0x0 - <unknown>
[INFO] [stdout] 
[INFO] [stdout] 
[INFO] [stdout] failures:
[INFO] [stdout]     moonblade::interpreter::tests::test_strftime
[INFO] [stdout] 
[INFO] [stdout] test result: FAILED. 75 passed; 1 failed; 0 ignored; 0 measured; 0 filtered out; finished in 0.53s
[INFO] [stdout] 
[INFO] [stderr] error: test failed, to rerun pass `--bin xan`
[INFO] running `Command { std: "docker" "inspect" "fd2ad328796699aed5a6c5a4987960b78df6c016618a1551c3895cd9cd92df91", kill_on_drop: false }`
[INFO] running `Command { std: "docker" "rm" "-f" "fd2ad328796699aed5a6c5a4987960b78df6c016618a1551c3895cd9cd92df91", kill_on_drop: false }`
[INFO] [stdout] fd2ad328796699aed5a6c5a4987960b78df6c016618a1551c3895cd9cd92df91
