[INFO] fetching crate xal 0.1.2...
[INFO] testing xal-0.1.2 against nightly-2024-10-28 for randomize-layout
[INFO] extracting crate xal 0.1.2 into /workspace/builds/worker-0-tc1/source
[INFO] validating manifest of crates.io crate xal 0.1.2 on toolchain nightly-2024-10-28
[INFO] running `Command { std: CARGO_HOME="/workspace/cargo-home" RUSTUP_HOME="/workspace/rustup-home" "/workspace/cargo-home/bin/cargo" "+nightly-2024-10-28" "metadata" "--manifest-path" "Cargo.toml" "--no-deps", kill_on_drop: false }`
[INFO] started tweaking crates.io crate xal 0.1.2
[INFO] finished tweaking crates.io crate xal 0.1.2
[INFO] tweaked toml for crates.io crate xal 0.1.2 written to /workspace/builds/worker-0-tc1/source/Cargo.toml
[INFO] running `Command { std: CARGO_HOME="/workspace/cargo-home" RUSTUP_HOME="/workspace/rustup-home" "/workspace/cargo-home/bin/cargo" "+nightly-2024-10-28" "generate-lockfile" "--manifest-path" "Cargo.toml", kill_on_drop: false }`
[INFO] [stderr]     Updating crates.io index
[INFO] [stderr]     Blocking waiting for file lock on package cache
[INFO] [stderr]      Locking 199 packages to latest compatible versions
[INFO] [stderr]       Adding hex-literal v0.3.4 (available: v0.4.1)
[INFO] [stderr]       Adding http v0.2.12 (available: v1.1.0)
[INFO] [stderr]       Adding nt-time v0.6.13 (available: v0.10.1)
[INFO] [stderr]       Adding reqwest v0.11.27 (available: v0.12.9)
[INFO] running `Command { std: CARGO_HOME="/workspace/cargo-home" RUSTUP_HOME="/workspace/rustup-home" "/workspace/cargo-home/bin/cargo" "+nightly-2024-10-28" "fetch" "--manifest-path" "Cargo.toml", kill_on_drop: false }`
[INFO] [stderr]  Downloading crates ...
[INFO] [stderr]   Downloaded nt-time v0.6.13
[INFO] [stderr]   Downloaded cvlib v0.1.2
[INFO] running `Command { std: "docker" "create" "-v" "/var/lib/crater-agent-workspace/builds/worker-0-tc1/target:/opt/rustwide/target:rw,Z" "-v" "/var/lib/crater-agent-workspace/builds/worker-0-tc1/source:/opt/rustwide/workdir:ro,Z" "-v" "/var/lib/crater-agent-workspace/cargo-home:/opt/rustwide/cargo-home:ro,Z" "-v" "/var/lib/crater-agent-workspace/rustup-home:/opt/rustwide/rustup-home:ro,Z" "-e" "SOURCE_DIR=/opt/rustwide/workdir" "-e" "CARGO_TARGET_DIR=/opt/rustwide/target" "-e" "CARGO_HOME=/opt/rustwide/cargo-home" "-e" "RUSTUP_HOME=/opt/rustwide/rustup-home" "-w" "/opt/rustwide/workdir" "-m" "1610612736" "--user" "0:0" "--network" "none" "ghcr.io/rust-lang/crates-build-env/linux@sha256:4a844ea9eb2546a2d2c7022eacef16ef2e8229c7fbb2c7d4d55a9ceca922f72d" "/opt/rustwide/cargo-home/bin/cargo" "+nightly-2024-10-28" "metadata" "--no-deps" "--format-version=1", kill_on_drop: false }`
[INFO] [stdout] 4870676a6ab2089c938a215afb727f50a41e9c0ae315554a6b707621ce3ea8ff
[INFO] running `Command { std: "docker" "start" "-a" "4870676a6ab2089c938a215afb727f50a41e9c0ae315554a6b707621ce3ea8ff", kill_on_drop: false }`
[INFO] running `Command { std: "docker" "inspect" "4870676a6ab2089c938a215afb727f50a41e9c0ae315554a6b707621ce3ea8ff", kill_on_drop: false }`
[INFO] running `Command { std: "docker" "rm" "-f" "4870676a6ab2089c938a215afb727f50a41e9c0ae315554a6b707621ce3ea8ff", kill_on_drop: false }`
[INFO] [stdout] 4870676a6ab2089c938a215afb727f50a41e9c0ae315554a6b707621ce3ea8ff
[INFO] running `Command { std: "docker" "create" "-v" "/var/lib/crater-agent-workspace/builds/worker-0-tc1/target:/opt/rustwide/target:rw,Z" "-v" "/var/lib/crater-agent-workspace/builds/worker-0-tc1/source:/opt/rustwide/workdir:ro,Z" "-v" "/var/lib/crater-agent-workspace/cargo-home:/opt/rustwide/cargo-home:ro,Z" "-v" "/var/lib/crater-agent-workspace/rustup-home:/opt/rustwide/rustup-home:ro,Z" "-e" "SOURCE_DIR=/opt/rustwide/workdir" "-e" "CARGO_TARGET_DIR=/opt/rustwide/target" "-e" "CARGO_INCREMENTAL=0" "-e" "RUST_BACKTRACE=full" "-e" "RUSTFLAGS=--cap-lints=forbid" "-e" "RUSTDOCFLAGS=--cap-lints=forbid" "-e" "CARGO_HOME=/opt/rustwide/cargo-home" "-e" "RUSTUP_HOME=/opt/rustwide/rustup-home" "-w" "/opt/rustwide/workdir" "-m" "1610612736" "--user" "0:0" "--network" "none" "ghcr.io/rust-lang/crates-build-env/linux@sha256:4a844ea9eb2546a2d2c7022eacef16ef2e8229c7fbb2c7d4d55a9ceca922f72d" "/opt/rustwide/cargo-home/bin/cargo" "+nightly-2024-10-28" "build" "--frozen" "--message-format=json", kill_on_drop: false }`
[INFO] [stdout] 08e8c1eeca70d5e5d23f51d8f8c1b8ce0bfb5b624b07cd196d73229606952eb7
[INFO] running `Command { std: "docker" "start" "-a" "08e8c1eeca70d5e5d23f51d8f8c1b8ce0bfb5b624b07cd196d73229606952eb7", kill_on_drop: false }`
[INFO] [stderr]    Compiling libc v0.2.161
[INFO] [stderr]    Compiling shlex v1.3.0
[INFO] [stderr]    Compiling zeroize v1.8.1
[INFO] [stderr]    Compiling subtle v2.6.1
[INFO] [stderr]    Compiling const-oid v0.9.6
[INFO] [stderr]    Compiling pkg-config v0.3.31
[INFO] [stderr]    Compiling generic-array v0.14.7
[INFO] [stderr]    Compiling base64ct v1.6.0
[INFO] [stderr]    Compiling untrusted v0.9.0
[INFO] [stderr]    Compiling http v0.2.12
[INFO] [stderr]    Compiling serde_derive v1.0.214
[INFO] [stderr]    Compiling tokio-macros v2.4.0
[INFO] [stderr]    Compiling openssl v0.10.68
[INFO] [stderr]    Compiling futures-sink v0.3.31
[INFO] [stderr]    Compiling futures-util v0.3.31
[INFO] [stderr]    Compiling openssl-macros v0.1.1
[INFO] [stderr]    Compiling zerocopy-derive v0.7.35
[INFO] [stderr]    Compiling cc v1.1.31
[INFO] [stderr]    Compiling tracing v0.1.40
[INFO] [stderr]    Compiling native-tls v0.2.12
[INFO] [stderr]    Compiling bitflags v2.6.0
[INFO] [stderr]    Compiling rustls v0.21.12
[INFO] [stderr]    Compiling pem-rfc7468 v0.7.0
[INFO] [stderr]    Compiling tinyvec v1.8.0
[INFO] [stderr]    Compiling futures-channel v0.3.31
[INFO] [stderr]    Compiling num-traits v0.2.19
[INFO] [stderr]    Compiling base16ct v0.2.0
[INFO] [stderr]    Compiling der v0.7.9
[INFO] [stderr]    Compiling tower-service v0.3.3
[INFO] [stderr]    Compiling unicode-bidi v0.3.17
[INFO] [stderr]    Compiling thiserror-impl v1.0.66
[INFO] [stderr]    Compiling time-core v0.1.2
[INFO] [stderr]    Compiling iana-time-zone v0.1.61
[INFO] [stderr]    Compiling num-conv v0.1.0
[INFO] [stderr]    Compiling powerfmt v0.2.0
[INFO] [stderr]    Compiling encoding_rs v0.8.35
[INFO] [stderr]    Compiling time-macros v0.2.18
[INFO] [stderr]    Compiling block-buffer v0.10.4
[INFO] [stderr]    Compiling crypto-common v0.1.6
[INFO] [stderr]    Compiling http-body v0.4.6
[INFO] [stderr]    Compiling digest v0.10.7
[INFO] [stderr]    Compiling zerocopy v0.7.35
[INFO] [stderr]    Compiling deranged v0.3.11
[INFO] [stderr]    Compiling unicode-normalization v0.1.24
[INFO] [stderr]    Compiling webpki-roots v0.25.4
[INFO] [stderr]    Compiling hmac v0.12.1
[INFO] [stderr]    Compiling sha2 v0.10.8
[INFO] [stderr]    Compiling base64 v0.13.1
[INFO] [stderr]    Compiling rfc6979 v0.4.0
[INFO] [stderr]    Compiling ipnet v2.10.1
[INFO] [stderr]    Compiling async-trait v0.1.83
[INFO] [stderr]    Compiling openssl-sys v0.9.104
[INFO] [stderr]    Compiling ring v0.17.8
[INFO] [stderr]    Compiling spki v0.7.3
[INFO] [stderr]    Compiling ppv-lite86 v0.2.20
[INFO] [stderr]    Compiling idna v0.5.0
[INFO] [stderr]    Compiling thiserror v1.0.66
[INFO] [stderr]    Compiling pkcs8 v0.10.2
[INFO] [stderr]    Compiling time v0.3.36
[INFO] [stderr]    Compiling getrandom v0.2.15
[INFO] [stderr]    Compiling socket2 v0.5.7
[INFO] [stderr]    Compiling mio v1.0.2
[INFO] [stderr]    Compiling rand_core v0.6.4
[INFO] [stderr]    Compiling sec1 v0.7.3
[INFO] [stderr]    Compiling ff v0.13.0
[INFO] [stderr]    Compiling crypto-bigint v0.5.5
[INFO] [stderr]    Compiling rand_chacha v0.3.1
[INFO] [stderr]    Compiling group v0.13.0
[INFO] [stderr]    Compiling signature v2.2.0
[INFO] [stderr]    Compiling tokio v1.41.0
[INFO] [stderr]    Compiling rand v0.8.5
[INFO] [stderr]    Compiling serde v1.0.214
[INFO] [stderr]    Compiling elliptic-curve v0.13.8
[INFO] [stderr]    Compiling ecdsa v0.16.9
[INFO] [stderr]    Compiling primeorder v0.13.6
[INFO] [stderr]    Compiling p256 v0.13.2
[INFO] [stderr]    Compiling serde_json v1.0.132
[INFO] [stderr]    Compiling chrono v0.4.38
[INFO] [stderr]    Compiling serde_urlencoded v0.7.1
[INFO] [stderr]    Compiling url v2.5.2
[INFO] [stderr]    Compiling serde_path_to_error v0.1.16
[INFO] [stderr]    Compiling uuid v1.11.0
[INFO] [stderr]    Compiling sct v0.7.1
[INFO] [stderr]    Compiling rustls-webpki v0.101.7
[INFO] [stderr]    Compiling cvlib v0.1.2
[INFO] [stderr]    Compiling tokio-util v0.7.12
[INFO] [stderr]    Compiling tokio-native-tls v0.3.1
[INFO] [stderr]    Compiling nt-time v0.6.13
[INFO] [stderr]    Compiling h2 v0.3.26
[INFO] [stderr]    Compiling tokio-rustls v0.24.1
[INFO] [stderr]    Compiling hyper v0.14.31
[INFO] [stderr]    Compiling hyper-rustls v0.24.2
[INFO] [stderr]    Compiling hyper-tls v0.5.0
[INFO] [stderr]    Compiling reqwest v0.11.27
[INFO] [stderr]    Compiling oauth2 v4.4.2
[INFO] [stderr]    Compiling xal v0.1.2 (/opt/rustwide/workdir)
[INFO] [stderr]     Finished `dev` profile [unoptimized + debuginfo] target(s) in 16.44s
[INFO] running `Command { std: "docker" "inspect" "08e8c1eeca70d5e5d23f51d8f8c1b8ce0bfb5b624b07cd196d73229606952eb7", kill_on_drop: false }`
[INFO] running `Command { std: "docker" "rm" "-f" "08e8c1eeca70d5e5d23f51d8f8c1b8ce0bfb5b624b07cd196d73229606952eb7", kill_on_drop: false }`
[INFO] [stdout] 08e8c1eeca70d5e5d23f51d8f8c1b8ce0bfb5b624b07cd196d73229606952eb7
[INFO] running `Command { std: "docker" "create" "-v" "/var/lib/crater-agent-workspace/builds/worker-0-tc1/target:/opt/rustwide/target:rw,Z" "-v" "/var/lib/crater-agent-workspace/builds/worker-0-tc1/source:/opt/rustwide/workdir:ro,Z" "-v" "/var/lib/crater-agent-workspace/cargo-home:/opt/rustwide/cargo-home:ro,Z" "-v" "/var/lib/crater-agent-workspace/rustup-home:/opt/rustwide/rustup-home:ro,Z" "-e" "SOURCE_DIR=/opt/rustwide/workdir" "-e" "CARGO_TARGET_DIR=/opt/rustwide/target" "-e" "CARGO_INCREMENTAL=0" "-e" "RUST_BACKTRACE=full" "-e" "RUSTFLAGS=--cap-lints=forbid" "-e" "RUSTDOCFLAGS=--cap-lints=forbid" "-e" "CARGO_HOME=/opt/rustwide/cargo-home" "-e" "RUSTUP_HOME=/opt/rustwide/rustup-home" "-w" "/opt/rustwide/workdir" "-m" "1610612736" "--user" "0:0" "--network" "none" "ghcr.io/rust-lang/crates-build-env/linux@sha256:4a844ea9eb2546a2d2c7022eacef16ef2e8229c7fbb2c7d4d55a9ceca922f72d" "/opt/rustwide/cargo-home/bin/cargo" "+nightly-2024-10-28" "test" "--frozen" "--no-run" "--message-format=json", kill_on_drop: false }`
[INFO] [stdout] f2af54d8871585712fd60fb1ab0121e3dcf2dae9d26682d1a7509c44aca734bd
[INFO] running `Command { std: "docker" "start" "-a" "f2af54d8871585712fd60fb1ab0121e3dcf2dae9d26682d1a7509c44aca734bd", kill_on_drop: false }`
[INFO] [stderr]    Compiling async-stream-impl v0.3.6
[INFO] [stderr]    Compiling tokio-stream v0.1.16
[INFO] [stderr]    Compiling hex-literal v0.3.4
[INFO] [stderr]    Compiling async-stream v0.3.6
[INFO] [stderr]    Compiling tokio-test v0.4.4
[INFO] [stderr]    Compiling xal v0.1.2 (/opt/rustwide/workdir)
[INFO] [stderr]     Finished `test` profile [unoptimized + debuginfo] target(s) in 3.90s
[INFO] running `Command { std: "docker" "inspect" "f2af54d8871585712fd60fb1ab0121e3dcf2dae9d26682d1a7509c44aca734bd", kill_on_drop: false }`
[INFO] running `Command { std: "docker" "rm" "-f" "f2af54d8871585712fd60fb1ab0121e3dcf2dae9d26682d1a7509c44aca734bd", kill_on_drop: false }`
[INFO] [stdout] f2af54d8871585712fd60fb1ab0121e3dcf2dae9d26682d1a7509c44aca734bd
[INFO] running `Command { std: "docker" "create" "-v" "/var/lib/crater-agent-workspace/builds/worker-0-tc1/target:/opt/rustwide/target:rw,Z" "-v" "/var/lib/crater-agent-workspace/builds/worker-0-tc1/source:/opt/rustwide/workdir:ro,Z" "-v" "/var/lib/crater-agent-workspace/cargo-home:/opt/rustwide/cargo-home:ro,Z" "-v" "/var/lib/crater-agent-workspace/rustup-home:/opt/rustwide/rustup-home:ro,Z" "-e" "SOURCE_DIR=/opt/rustwide/workdir" "-e" "CARGO_TARGET_DIR=/opt/rustwide/target" "-e" "CARGO_INCREMENTAL=0" "-e" "RUST_BACKTRACE=full" "-e" "RUSTFLAGS=--cap-lints=forbid" "-e" "RUSTDOCFLAGS=--cap-lints=forbid" "-e" "CARGO_HOME=/opt/rustwide/cargo-home" "-e" "RUSTUP_HOME=/opt/rustwide/rustup-home" "-w" "/opt/rustwide/workdir" "-m" "1610612736" "--user" "0:0" "--network" "none" "ghcr.io/rust-lang/crates-build-env/linux@sha256:4a844ea9eb2546a2d2c7022eacef16ef2e8229c7fbb2c7d4d55a9ceca922f72d" "/opt/rustwide/cargo-home/bin/cargo" "+nightly-2024-10-28" "test" "--frozen", kill_on_drop: false }`
[INFO] [stdout] 32ef6437f2eb6fde7d60968e1a6a591a6bcca18e5eb50112307b685cf4c1f689
[INFO] running `Command { std: "docker" "start" "-a" "32ef6437f2eb6fde7d60968e1a6a591a6bcca18e5eb50112307b685cf4c1f689", kill_on_drop: false }`
[INFO] [stderr]     Finished `test` profile [unoptimized + debuginfo] target(s) in 0.12s
[INFO] [stderr]      Running unittests src/lib.rs (/opt/rustwide/target/debug/deps/xal-e58412bc4ee1bfe1)
[INFO] [stdout] 
[INFO] [stdout] running 18 tests
[INFO] [stdout] test authenticator::test::authorization_code_response_error ... ok
[INFO] [stdout] test authenticator::test::authorization_code_response_valid_code ... ok
[INFO] [stdout] test models::test::deserialize_signing_policy ... ok
[INFO] [stdout] test models::test::devicetype_enum_into ... ok
[INFO] [stdout] test models::test::deserialize_xsts ... ok
[INFO] [stdout] test models::test::str_into_devicetype_enum ... ok
[INFO] [stdout] test authenticator::test::implicit_grant_parsing ... ok
[INFO] [stdout] test request_signer::test::prehashed_data ... ok
[INFO] [stdout] test tokenstore::tests::read_invalid_tokenfile ... ok
[INFO] [stdout] test tokenstore::tests::read_from_string ... ok
[INFO] [stdout] test request_signer::test::find_matching_signing_policy ... ok
[INFO] [stdout] test request_signer::test::verify_real_request ... ok
[INFO] [stdout] test request_signer::test::sign ... ok
[INFO] [stdout] test authenticator::test::authorization_code_response_empty - should panic ... ok
[INFO] [stdout] test authenticator::test::authorization_code_response_no_state - should panic ... ok
[INFO] [stdout] test request_signer::test::build_signed_post_request ... ok
[INFO] [stdout] test request_signer::test::build_signed_get_request ... ok
[INFO] [stdout] test request_signer::test::sign_reqwest ... ok
[INFO] [stdout] 
[INFO] [stdout] test result: ok. 18 passed; 0 failed; 0 ignored; 0 measured; 0 filtered out; finished in 0.12s
[INFO] [stdout] 
[INFO] [stderr]    Doc-tests xal
[INFO] [stdout] 
[INFO] [stdout] running 47 tests
[INFO] [stdout] test src/authenticator.rs - authenticator::XalAuthenticator::initiate_device_code_auth (line 491) - compile ... ok
[INFO] [stdout] test src/authenticator.rs - authenticator::XalAuthenticator::refresh_token (line 685) - compile ... ok
[INFO] [stdout] test src/authenticator.rs - authenticator::XalAuthenticator::poll_device_code_auth (line 532) - compile ... ok
[INFO] [stdout] test src/authenticator.rs - authenticator::XalAuthenticator::get_xsts_token (line 1164) ... ok
[INFO] [stdout] test src/authenticator.rs - authenticator::XalAuthenticator::get_title_token (line 1082) ... ok
[INFO] [stdout] test src/authenticator.rs - authenticator::XalAuthenticator::get_authorization_url (line 434) ... ok
[INFO] [stdout] test src/authenticator.rs - authenticator::XalAuthenticator::exchange_code_for_token (line 577) ... ok
[INFO] [stdout] test src/authenticator.rs - authenticator::XalAuthenticator::get_user_token (line 1005) ... ok
[INFO] [stdout] test src/authenticator.rs - authenticator::XalAuthenticator::refresh_token_for_scope (line 619) ... ok
[INFO] [stdout] test src/authenticator.rs - authenticator::XalAuthenticator::get_device_token (line 927) ... ok
[INFO] [stdout] test src/authenticator.rs - authenticator::XalAuthenticator::sisu_authorize (line 845) ... ok
[INFO] [stdout] test src/flows.rs - flows::CliCallbackHandler (line 192) - compile ... ok
[INFO] [stdout] test src/flows.rs - flows::Flows::ms_authorization_flow (line 398) - compile ... ok
[INFO] [stdout] test src/authenticator.rs - authenticator::XalAuthenticator::sisu_authenticate (line 727) ... ok
[INFO] [stdout] test src/extensions.rs - extensions::CorrelationVectorReqwestBuilder (line 252) ... ok
[INFO] [stdout] test src/flows.rs - flows::Flows::ms_device_code_flow (line 330) - compile ... ok
[INFO] [stdout] test src/flows.rs - flows::Flows::try_refresh_live_tokens_from_tokenstore (line 283) - compile ... ok
[INFO] [stdout] test src/flows.rs - flows::Flows::xbox_live_authorization_traditional_flow (line 591) - compile ... ok
[INFO] [stdout] test src/flows.rs - flows::Flows::xbox_live_sisu_authorization_flow (line 687) - compile ... ok
[INFO] [stdout] test src/flows.rs - flows::Flows::try_refresh_live_tokens_from_file (line 248) - compile ... ok
[INFO] [stdout] test src/flows.rs - flows::Flows::xbox_live_sisu_full_flow (line 475) - compile ... ok
[INFO] [stdout] test src/flows.rs - flows::AuthPromptCallback (line 131) ... ok
[INFO] [stdout] test src/extensions.rs - extensions::SigningReqwestBuilder (line 188) ... ok
[INFO] [stdout] test src/lib.rs - (line 137) - compile ... FAILED
[INFO] [stdout] test src/authenticator.rs - authenticator::XalAuthenticator::get_device_code_verification_uri (line 158) ... ok
[INFO] [stdout] test src/lib.rs - (line 24) - compile ... FAILED
[INFO] [stdout] test src/lib.rs - (line 48) - compile ... FAILED
[INFO] [stdout] test src/extensions.rs - extensions::JsonExDeserializeMiddleware (line 122) ... ok
[INFO] [stdout] test src/lib.rs - (line 77) - compile ... FAILED
[INFO] [stdout] test src/tokenstore.rs - tokenstore::TokenStore::deserialize_from_string (line 89) ... ok
[INFO] [stdout] test src/tokenstore.rs - tokenstore::TokenStore::save_to_file (line 127) ... ok
[INFO] [stdout] test src/tokenstore.rs - tokenstore::TokenStore::load_from_file (line 67) ... ok
[INFO] [stdout] test src/extensions.rs - extensions::LoggingReqwestResponseHandler (line 67) ... ok
[INFO] [stdout] test src/extensions.rs - extensions::LoggingReqwestRequestHandler (line 17) ... ok
[INFO] [stdout] test src/tokenstore.rs - tokenstore::TokenStore::save_to_writer (line 107) ... ok
[INFO] [stdout] test src/tokenstore.rs - tokenstore::TokenStore::update_timestamp (line 158) ... ok
[INFO] [stdout] test src/authenticator.rs - authenticator::XalAuthenticator::parse_implicit_grant_url (line 269) ... ok
[INFO] [stdout] test src/authenticator.rs - authenticator::XalAuthenticator::generate_random_state (line 123) ... ok
[INFO] [stdout] test src/authenticator.rs - authenticator::XalAuthenticator::generate_code_verifier (line 135) ... ok
[INFO] [stdout] test src/authenticator.rs - authenticator::XalAuthenticator::parse_authorization_code_response (line 194) ... ok
[INFO] [stdout] test src/models.rs - models::ProofKey::new (line 31) ... ok
[INFO] [stdout] test src/request_signer.rs - request_signer::RequestSigner::get_proof_key (line 343) ... ok
[INFO] [stdout] test src/authenticator.rs - authenticator::XalAuthenticator::new (line 346) ... ok
[INFO] [stdout] test src/models.rs - models::client_params (line 728) ... ok
[INFO] [stdout] test src/models.rs - models::app_params (line 527) ... ok
[INFO] [stdout] test src/request_signer.rs - request_signer::SignaturePolicyCache::new (line 512) ... FAILED
[INFO] [stdout] test src/request_signer.rs - request_signer::SignaturePolicyCache::find_policy_for_url (line 537) ... ok
[INFO] [stdout] 
[INFO] [stdout] failures:
[INFO] [stdout] 
[INFO] [stdout] ---- src/lib.rs - (line 137) stdout ----
[INFO] [stdout] error: The default runtime flavor is `multi_thread`, but the `rt-multi-thread` feature is disabled.
[INFO] [stdout]   --> src/lib.rs:149:1
[INFO] [stdout]    |
[INFO] [stdout] 14 | #[tokio::main]
[INFO] [stdout]    | ^^^^^^^^^^^^^^
[INFO] [stdout]    |
[INFO] [stdout]    = note: this error originates in the attribute macro `tokio::main` (in Nightly builds, run with -Z macro-backtrace for more info)
[INFO] [stdout] 
[INFO] [stdout] error: aborting due to 1 previous error
[INFO] [stdout] 
[INFO] [stdout] Couldn't compile the test.
[INFO] [stdout] ---- src/lib.rs - (line 24) stdout ----
[INFO] [stdout] error: The default runtime flavor is `multi_thread`, but the `rt-multi-thread` feature is disabled.
[INFO] [stdout]  --> src/lib.rs:28:1
[INFO] [stdout]   |
[INFO] [stdout] 6 | #[tokio::main]
[INFO] [stdout]   | ^^^^^^^^^^^^^^
[INFO] [stdout]   |
[INFO] [stdout]   = note: this error originates in the attribute macro `tokio::main` (in Nightly builds, run with -Z macro-backtrace for more info)
[INFO] [stdout] 
[INFO] [stdout] error: aborting due to 1 previous error
[INFO] [stdout] 
[INFO] [stdout] Couldn't compile the test.
[INFO] [stdout] ---- src/lib.rs - (line 48) stdout ----
[INFO] [stdout] error: The default runtime flavor is `multi_thread`, but the `rt-multi-thread` feature is disabled.
[INFO] [stdout]  --> src/lib.rs:52:1
[INFO] [stdout]   |
[INFO] [stdout] 6 | #[tokio::main]
[INFO] [stdout]   | ^^^^^^^^^^^^^^
[INFO] [stdout]   |
[INFO] [stdout]   = note: this error originates in the attribute macro `tokio::main` (in Nightly builds, run with -Z macro-backtrace for more info)
[INFO] [stdout] 
[INFO] [stdout] error: aborting due to 1 previous error
[INFO] [stdout] 
[INFO] [stdout] Couldn't compile the test.
[INFO] [stdout] ---- src/lib.rs - (line 77) stdout ----
[INFO] [stdout] error: The default runtime flavor is `multi_thread`, but the `rt-multi-thread` feature is disabled.
[INFO] [stdout]  --> src/lib.rs:84:1
[INFO] [stdout]   |
[INFO] [stdout] 9 | #[tokio::main]
[INFO] [stdout]   | ^^^^^^^^^^^^^^
[INFO] [stdout]   |
[INFO] [stdout]   = note: this error originates in the attribute macro `tokio::main` (in Nightly builds, run with -Z macro-backtrace for more info)
[INFO] [stdout] 
[INFO] [stdout] error: aborting due to 1 previous error
[INFO] [stdout] 
[INFO] [stdout] Couldn't compile the test.
[INFO] [stdout] ---- src/request_signer.rs - request_signer::SignaturePolicyCache::new (line 512) stdout ----
[INFO] [stdout] Test executable failed (exit status: 101).
[INFO] [stdout] 
[INFO] [stdout] stderr:
[INFO] [stdout] thread 'main' panicked at src/request_signer.rs:8:39:
[INFO] [stdout] called `Result::unwrap()` on an `Err` value: ReqwestError(reqwest::Error { kind: Request, url: Url { scheme: "https", cannot_be_a_base: false, username: "", password: None, host: Some(Domain("title.mgt.xboxlive.com")), port: None, path: "/titles/default/endpoints", query: Some("type=1"), fragment: None }, source: hyper::Error(Connect, ConnectError("dns error", Custom { kind: Uncategorized, error: "failed to lookup address information: Temporary failure in name resolution" })) })
[INFO] [stdout] stack backtrace:
[INFO] [stdout]    0:     0x63a5cb48ddfa - std::backtrace_rs::backtrace::libunwind::trace::h207520d6e9873551
[INFO] [stdout]                                at /rustc/df4ca44d3fbc9301ee17f30f4d474e6ae4b05252/library/std/src/../../backtrace/src/backtrace/libunwind.rs:116:5
[INFO] [stdout]    1:     0x63a5cb48ddfa - std::backtrace_rs::backtrace::trace_unsynchronized::h2ed7433f370e3eca
[INFO] [stdout]                                at /rustc/df4ca44d3fbc9301ee17f30f4d474e6ae4b05252/library/std/src/../../backtrace/src/backtrace/mod.rs:66:5
[INFO] [stdout]    2:     0x63a5cb48ddfa - std::sys::backtrace::_print_fmt::h916fac51166b18d7
[INFO] [stdout]                                at /rustc/df4ca44d3fbc9301ee17f30f4d474e6ae4b05252/library/std/src/sys/backtrace.rs:66:9
[INFO] [stdout]    3:     0x63a5cb48ddfa - <std::sys::backtrace::BacktraceLock::print::DisplayBacktrace as core::fmt::Display>::fmt::ha0a4c9b8ce3802e6
[INFO] [stdout]                                at /rustc/df4ca44d3fbc9301ee17f30f4d474e6ae4b05252/library/std/src/sys/backtrace.rs:39:26
[INFO] [stdout]    4:     0x63a5cb4b2cd3 - core::fmt::rt::Argument::fmt::h4cfc8587d52b3eb5
[INFO] [stdout]                                at /rustc/df4ca44d3fbc9301ee17f30f4d474e6ae4b05252/library/core/src/fmt/rt.rs:177:76
[INFO] [stdout]    5:     0x63a5cb4b2cd3 - core::fmt::write::h522cc39e5b36ae9f
[INFO] [stdout]                                at /rustc/df4ca44d3fbc9301ee17f30f4d474e6ae4b05252/library/core/src/fmt/mod.rs:1190:21
[INFO] [stdout]    6:     0x63a5cb48a8b3 - std::io::Write::write_fmt::hf1c1dcc8cc1287f0
[INFO] [stdout]                                at /rustc/df4ca44d3fbc9301ee17f30f4d474e6ae4b05252/library/std/src/io/mod.rs:1839:15
[INFO] [stdout]    7:     0x63a5cb48dc42 - std::sys::backtrace::BacktraceLock::print::h4b9e00b29e9c0942
[INFO] [stdout]                                at /rustc/df4ca44d3fbc9301ee17f30f4d474e6ae4b05252/library/std/src/sys/backtrace.rs:42:9
[INFO] [stdout]    8:     0x63a5cb48ec0c - std::panicking::default_hook::{{closure}}::hb59b88280d0324d9
[INFO] [stdout]                                at /rustc/df4ca44d3fbc9301ee17f30f4d474e6ae4b05252/library/std/src/panicking.rs:268:22
[INFO] [stdout]    9:     0x63a5cb48ea52 - std::panicking::default_hook::he1dd496665be4a29
[INFO] [stdout]                                at /rustc/df4ca44d3fbc9301ee17f30f4d474e6ae4b05252/library/std/src/panicking.rs:295:9
[INFO] [stdout]   10:     0x63a5cb48f247 - std::panicking::rust_panic_with_hook::h2ff17fe8f26dfcf8
[INFO] [stdout]                                at /rustc/df4ca44d3fbc9301ee17f30f4d474e6ae4b05252/library/std/src/panicking.rs:801:13
[INFO] [stdout]   11:     0x63a5cb48f0da - std::panicking::begin_panic_handler::{{closure}}::h4fad77951c07e101
[INFO] [stdout]                                at /rustc/df4ca44d3fbc9301ee17f30f4d474e6ae4b05252/library/std/src/panicking.rs:674:13
[INFO] [stdout]   12:     0x63a5cb48e2d9 - std::sys::backtrace::__rust_end_short_backtrace::hb1a25b3da5d0ea08
[INFO] [stdout]                                at /rustc/df4ca44d3fbc9301ee17f30f4d474e6ae4b05252/library/std/src/sys/backtrace.rs:170:18
[INFO] [stdout]   13:     0x63a5cb48ed6c - rust_begin_unwind
[INFO] [stdout]                                at /rustc/df4ca44d3fbc9301ee17f30f4d474e6ae4b05252/library/std/src/panicking.rs:665:5
[INFO] [stdout]   14:     0x63a5cb4b0ee0 - core::panicking::panic_fmt::ha9db07b529f9b256
[INFO] [stdout]                                at /rustc/df4ca44d3fbc9301ee17f30f4d474e6ae4b05252/library/core/src/panicking.rs:75:14
[INFO] [stdout]   15:     0x63a5cb4b1366 - core::result::unwrap_failed::h5e8218e4d4338b8a
[INFO] [stdout]                                at /rustc/df4ca44d3fbc9301ee17f30f4d474e6ae4b05252/library/core/src/result.rs:1698:5
[INFO] [stdout]   16:     0x63a5caf20e8c - rust_out::main::_doctest_main_src_request_signer_rs_512_0::{{closure}}::h5bc12225a08acc1c
[INFO] [stdout]   17:     0x63a5caf20bc6 - <core::pin::Pin<P> as core::future::future::Future>::poll::hc75924746bae4abb
[INFO] [stdout]   18:     0x63a5caf208c5 - tokio::runtime::scheduler::current_thread::CoreGuard::block_on::{{closure}}::{{closure}}::{{closure}}::h3d33fe507e4ae2ef
[INFO] [stdout]   19:     0x63a5caf20828 - tokio::runtime::scheduler::current_thread::CoreGuard::block_on::{{closure}}::{{closure}}::hcd4c84b94c739920
[INFO] [stdout]   20:     0x63a5caf1dd80 - tokio::runtime::scheduler::current_thread::Context::enter::h43e3deb268fe7aa4
[INFO] [stdout]   21:     0x63a5caf1f73b - tokio::runtime::scheduler::current_thread::CoreGuard::block_on::{{closure}}::h2655ed496d755c98
[INFO] [stdout]   22:     0x63a5caf1f454 - tokio::runtime::scheduler::current_thread::CoreGuard::enter::{{closure}}::h16b7028b7172872d
[INFO] [stdout]   23:     0x63a5caf1c321 - tokio::runtime::context::scoped::Scoped<T>::set::h91394c9c8fbed194
[INFO] [stdout]   24:     0x63a5caf1c114 - tokio::runtime::context::set_scheduler::{{closure}}::h7a06dbfad3a16d3d
[INFO] [stdout]   25:     0x63a5caf1a2da - std::thread::local::LocalKey<T>::try_with::h79e38aceaebeb159
[INFO] [stdout]   26:     0x63a5caf19e76 - std::thread::local::LocalKey<T>::with::hf3e5b01a5e22f479
[INFO] [stdout]   27:     0x63a5caf1c0db - tokio::runtime::context::set_scheduler::he98ac9bc60c15e94
[INFO] [stdout]   28:     0x63a5caf1f214 - tokio::runtime::scheduler::current_thread::CoreGuard::enter::h85305c24d689fb7e
[INFO] [stdout]   29:     0x63a5caf1f4ee - tokio::runtime::scheduler::current_thread::CoreGuard::block_on::hfcb4d8b8c88a5f6b
[INFO] [stdout]   30:     0x63a5caf1d3e5 - tokio::runtime::scheduler::current_thread::CurrentThread::block_on::{{closure}}::h2b987a2aac0a639e
[INFO] [stdout]   31:     0x63a5caf1c75f - tokio::runtime::context::runtime::enter_runtime::h7b013cdbd88663c3
[INFO] [stdout]   32:     0x63a5caf1d0ff - tokio::runtime::scheduler::current_thread::CurrentThread::block_on::h573ce337e4573beb
[INFO] [stdout]   33:     0x63a5caf1ccc4 - tokio::runtime::runtime::Runtime::block_on_inner::h15738a08a91ac545
[INFO] [stdout]   34:     0x63a5caf1cfa0 - tokio::runtime::runtime::Runtime::block_on::h65ca460b91ae6679
[INFO] [stdout]   35:     0x63a5caf19ce5 - tokio_test::block_on::hf3ad6e88b3bbaa6e
[INFO] [stdout]   36:     0x63a5caf20c49 - rust_out::main::_doctest_main_src_request_signer_rs_512_0::h6aa402ce6325fbd9
[INFO] [stdout]   37:     0x63a5caf20c26 - rust_out::main::ha213a30daa5df4da
[INFO] [stdout]   38:     0x63a5caf1a8e3 - core::ops::function::FnOnce::call_once::hf7edf7132571051c
[INFO] [stdout]   39:     0x63a5caf19d96 - std::sys::backtrace::__rust_begin_short_backtrace::h32fd822fd2ba4079
[INFO] [stdout]   40:     0x63a5caf19d79 - std::rt::lang_start::{{closure}}::h4039a1c394ed4f7c
[INFO] [stdout]   41:     0x63a5cb487f27 - core::ops::function::impls::<impl core::ops::function::FnOnce<A> for &F>::call_once::hd87d66b906e0ccaf
[INFO] [stdout]                                at /rustc/df4ca44d3fbc9301ee17f30f4d474e6ae4b05252/library/core/src/ops/function.rs:284:13
[INFO] [stdout]   42:     0x63a5cb487f27 - std::panicking::try::do_call::hae3703de71fc9e3a
[INFO] [stdout]                                at /rustc/df4ca44d3fbc9301ee17f30f4d474e6ae4b05252/library/std/src/panicking.rs:557:40
[INFO] [stdout]   43:     0x63a5cb487f27 - std::panicking::try::h1178330e9a2b2645
[INFO] [stdout]                                at /rustc/df4ca44d3fbc9301ee17f30f4d474e6ae4b05252/library/std/src/panicking.rs:520:19
[INFO] [stdout]   44:     0x63a5cb487f27 - std::panic::catch_unwind::h0acf49d2305d32ad
[INFO] [stdout]                                at /rustc/df4ca44d3fbc9301ee17f30f4d474e6ae4b05252/library/std/src/panic.rs:358:14
[INFO] [stdout]   45:     0x63a5cb487f27 - std::rt::lang_start_internal::{{closure}}::h2d95182d798177be
[INFO] [stdout]                                at /rustc/df4ca44d3fbc9301ee17f30f4d474e6ae4b05252/library/std/src/rt.rs:174:48
[INFO] [stdout]   46:     0x63a5cb487f27 - std::panicking::try::do_call::hb506f5bfe11fd30c
[INFO] [stdout]                                at /rustc/df4ca44d3fbc9301ee17f30f4d474e6ae4b05252/library/std/src/panicking.rs:557:40
[INFO] [stdout]   47:     0x63a5cb487f27 - std::panicking::try::h54d825c46bd0fa95
[INFO] [stdout]                                at /rustc/df4ca44d3fbc9301ee17f30f4d474e6ae4b05252/library/std/src/panicking.rs:520:19
[INFO] [stdout]   48:     0x63a5cb487f27 - std::panic::catch_unwind::hffbb0ad20c4e9fac
[INFO] [stdout]                                at /rustc/df4ca44d3fbc9301ee17f30f4d474e6ae4b05252/library/std/src/panic.rs:358:14
[INFO] [stdout]   49:     0x63a5cb487f27 - std::rt::lang_start_internal::h52c291ef1962c925
[INFO] [stdout]                                at /rustc/df4ca44d3fbc9301ee17f30f4d474e6ae4b05252/library/std/src/rt.rs:174:20
[INFO] [stdout]   50:     0x63a5caf19d57 - std::rt::lang_start::h8c6075cd6f225ba1
[INFO] [stdout]   51:     0x63a5caf20f65 - main
[INFO] [stdout]   52:     0x73c1e43f5d90 - <unknown>
[INFO] [stdout]   53:     0x73c1e43f5e40 - __libc_start_main
[INFO] [stdout]   54:     0x63a5caf19a25 - _start
[INFO] [stdout]   55:                0x0 - <unknown>
[INFO] [stdout] 
[INFO] [stdout] 
[INFO] [stdout] 
[INFO] [stdout] failures:
[INFO] [stdout]     src/lib.rs - (line 137)
[INFO] [stdout]     src/lib.rs - (line 24)
[INFO] [stdout]     src/lib.rs - (line 48)
[INFO] [stdout]     src/lib.rs - (line 77)
[INFO] [stdout]     src/request_signer.rs - request_signer::SignaturePolicyCache::new (line 512)
[INFO] [stdout] 
[INFO] [stdout] test result: FAILED. 42 passed; 5 failed; 0 ignored; 0 measured; 0 filtered out; finished in 3.52s
[INFO] [stdout] 
[INFO] [stderr] error: doctest failed, to rerun pass `--doc`
[INFO] running `Command { std: "docker" "inspect" "32ef6437f2eb6fde7d60968e1a6a591a6bcca18e5eb50112307b685cf4c1f689", kill_on_drop: false }`
[INFO] running `Command { std: "docker" "rm" "-f" "32ef6437f2eb6fde7d60968e1a6a591a6bcca18e5eb50112307b685cf4c1f689", kill_on_drop: false }`
[INFO] [stdout] 32ef6437f2eb6fde7d60968e1a6a591a6bcca18e5eb50112307b685cf4c1f689
