[INFO] fetching crate wrflib 0.0.3...
[INFO] testing wrflib-0.0.3 against nightly-2024-10-28+rustflags=-Zrandomize-layout for randomize-layout
[INFO] extracting crate wrflib 0.0.3 into /workspace/builds/worker-2-tc2/source
[INFO] validating manifest of crates.io crate wrflib 0.0.3 on toolchain nightly-2024-10-28
[INFO] running `Command { std: CARGO_HOME="/workspace/cargo-home" RUSTUP_HOME="/workspace/rustup-home" "/workspace/cargo-home/bin/cargo" "+nightly-2024-10-28" "metadata" "--manifest-path" "Cargo.toml" "--no-deps", kill_on_drop: false }`
[INFO] started tweaking crates.io crate wrflib 0.0.3
[INFO] finished tweaking crates.io crate wrflib 0.0.3
[INFO] tweaked toml for crates.io crate wrflib 0.0.3 written to /workspace/builds/worker-2-tc2/source/Cargo.toml
[INFO] running `Command { std: CARGO_HOME="/workspace/cargo-home" RUSTUP_HOME="/workspace/rustup-home" "/workspace/cargo-home/bin/cargo" "+nightly-2024-10-28" "generate-lockfile" "--manifest-path" "Cargo.toml", kill_on_drop: false }`
[INFO] [stderr]     Updating crates.io index
[INFO] [stderr]      Locking 108 packages to latest compatible versions
[INFO] [stderr]       Adding time v0.1.45 (available: v0.3.36)
[INFO] [stderr]       Adding wasi v0.10.0+wasi-snapshot-preview1 (available: v0.10.2+wasi-snapshot-preview1)
[INFO] running `Command { std: CARGO_HOME="/workspace/cargo-home" RUSTUP_HOME="/workspace/rustup-home" "/workspace/cargo-home/bin/cargo" "+nightly-2024-10-28" "fetch" "--manifest-path" "Cargo.toml", kill_on_drop: false }`
[INFO] running `Command { std: "docker" "create" "-v" "/var/lib/crater-agent-workspace/builds/worker-2-tc2/target:/opt/rustwide/target:rw,Z" "-v" "/var/lib/crater-agent-workspace/builds/worker-2-tc2/source:/opt/rustwide/workdir:ro,Z" "-v" "/var/lib/crater-agent-workspace/cargo-home:/opt/rustwide/cargo-home:ro,Z" "-v" "/var/lib/crater-agent-workspace/rustup-home:/opt/rustwide/rustup-home:ro,Z" "-e" "SOURCE_DIR=/opt/rustwide/workdir" "-e" "CARGO_TARGET_DIR=/opt/rustwide/target" "-e" "CARGO_HOME=/opt/rustwide/cargo-home" "-e" "RUSTUP_HOME=/opt/rustwide/rustup-home" "-w" "/opt/rustwide/workdir" "-m" "1610612736" "--user" "0:0" "--network" "none" "ghcr.io/rust-lang/crates-build-env/linux@sha256:4a844ea9eb2546a2d2c7022eacef16ef2e8229c7fbb2c7d4d55a9ceca922f72d" "/opt/rustwide/cargo-home/bin/cargo" "+nightly-2024-10-28" "metadata" "--no-deps" "--format-version=1", kill_on_drop: false }`
[INFO] [stdout] 80b2e9aecc276f6435d8c2be463ac953d1610bcbe1b987bb905a099e6bcc40ae
[INFO] running `Command { std: "docker" "start" "-a" "80b2e9aecc276f6435d8c2be463ac953d1610bcbe1b987bb905a099e6bcc40ae", kill_on_drop: false }`
[INFO] running `Command { std: "docker" "inspect" "80b2e9aecc276f6435d8c2be463ac953d1610bcbe1b987bb905a099e6bcc40ae", kill_on_drop: false }`
[INFO] running `Command { std: "docker" "rm" "-f" "80b2e9aecc276f6435d8c2be463ac953d1610bcbe1b987bb905a099e6bcc40ae", kill_on_drop: false }`
[INFO] [stdout] 80b2e9aecc276f6435d8c2be463ac953d1610bcbe1b987bb905a099e6bcc40ae
[INFO] running `Command { std: "docker" "create" "-v" "/var/lib/crater-agent-workspace/builds/worker-2-tc2/target:/opt/rustwide/target:rw,Z" "-v" "/var/lib/crater-agent-workspace/builds/worker-2-tc2/source:/opt/rustwide/workdir:ro,Z" "-v" "/var/lib/crater-agent-workspace/cargo-home:/opt/rustwide/cargo-home:ro,Z" "-v" "/var/lib/crater-agent-workspace/rustup-home:/opt/rustwide/rustup-home:ro,Z" "-e" "SOURCE_DIR=/opt/rustwide/workdir" "-e" "CARGO_TARGET_DIR=/opt/rustwide/target" "-e" "CARGO_INCREMENTAL=0" "-e" "RUST_BACKTRACE=full" "-e" "RUSTFLAGS=--cap-lints=forbid -Zrandomize-layout" "-e" "RUSTDOCFLAGS=--cap-lints=forbid" "-e" "CARGO_HOME=/opt/rustwide/cargo-home" "-e" "RUSTUP_HOME=/opt/rustwide/rustup-home" "-w" "/opt/rustwide/workdir" "-m" "1610612736" "--user" "0:0" "--network" "none" "ghcr.io/rust-lang/crates-build-env/linux@sha256:4a844ea9eb2546a2d2c7022eacef16ef2e8229c7fbb2c7d4d55a9ceca922f72d" "/opt/rustwide/cargo-home/bin/cargo" "+nightly-2024-10-28" "build" "--frozen" "--message-format=json", kill_on_drop: false }`
[INFO] [stdout] 4835b0954840a342ee09d6239b53fb4ed72b86e719ee1f7e3c169a309c3359d2
[INFO] running `Command { std: "docker" "start" "-a" "4835b0954840a342ee09d6239b53fb4ed72b86e719ee1f7e3c169a309c3359d2", kill_on_drop: false }`
[INFO] [stderr]    Compiling proc-macro2 v1.0.89
[INFO] [stderr]    Compiling unicode-ident v1.0.13
[INFO] [stderr]    Compiling khronos_api v3.1.0
[INFO] [stderr]    Compiling log v0.4.22
[INFO] [stderr]    Compiling tinyvec_macros v0.1.1
[INFO] [stderr]    Compiling byteorder v1.5.0
[INFO] [stderr]    Compiling xml-rs v0.8.22
[INFO] [stderr]    Compiling getrandom v0.2.15
[INFO] [stderr]    Compiling tinyvec v1.8.0
[INFO] [stderr]    Compiling percent-encoding v2.3.1
[INFO] [stderr]    Compiling unicode-bidi v0.3.17
[INFO] [stderr]    Compiling form_urlencoded v1.2.1
[INFO] [stderr]    Compiling rand_core v0.6.4
[INFO] [stderr]    Compiling wrflib_x11_sys v0.0.3
[INFO] [stderr]    Compiling wrflib_glx_sys v0.0.3
[INFO] [stderr]    Compiling adler2 v2.0.0
[INFO] [stderr]    Compiling crc32fast v1.4.2
[INFO] [stderr]    Compiling miniz_oxide v0.8.0
[INFO] [stderr]    Compiling once_cell v1.20.2
[INFO] [stderr]    Compiling base64 v0.22.1
[INFO] [stderr]    Compiling quote v1.0.37
[INFO] [stderr]    Compiling syn v2.0.86
[INFO] [stderr]    Compiling gl_generator v0.14.0
[INFO] [stderr]    Compiling unicode-normalization v0.1.24
[INFO] [stderr]    Compiling flate2 v1.0.34
[INFO] [stderr]    Compiling time v0.1.45
[INFO] [stderr]    Compiling wrflib_shader_compiler v0.0.3
[INFO] [stderr]    Compiling wrflib_vector v0.0.3
[INFO] [stderr]    Compiling idna v0.5.0
[INFO] [stderr]    Compiling gl v0.14.0
[INFO] [stderr]    Compiling url v2.5.2
[INFO] [stderr]    Compiling ureq v2.10.1
[INFO] [stderr]    Compiling zerocopy-derive v0.7.35
[INFO] [stderr]    Compiling zerocopy v0.7.35
[INFO] [stderr]    Compiling ppv-lite86 v0.2.20
[INFO] [stderr]    Compiling rand_chacha v0.3.1
[INFO] [stderr]    Compiling rand v0.8.5
[INFO] [stderr]    Compiling wrflib v0.0.3 (/opt/rustwide/workdir)
[INFO] [stdout] warning: unused import: `std_shader::*`
[INFO] [stdout]    --> src/lib.rs:132:9
[INFO] [stdout]     |
[INFO] [stdout] 132 | pub use std_shader::*;
[INFO] [stdout]     |         ^^^^^^^^^^^^^
[INFO] [stdout]     |
[INFO] [stdout]     = note: `#[warn(unused_imports)]` on by default
[INFO] [stdout] 
[INFO] [stdout] 
[INFO] [stdout] warning: unused import: `layout_api::*`
[INFO] [stdout]    --> src/lib.rs:148:9
[INFO] [stdout]     |
[INFO] [stdout] 148 | pub use layout_api::*;
[INFO] [stdout]     |         ^^^^^^^^^^^^^
[INFO] [stdout] 
[INFO] [stdout] 
[INFO] [stdout] warning: unused import: `macros::*`
[INFO] [stdout]    --> src/lib.rs:150:9
[INFO] [stdout]     |
[INFO] [stdout] 150 | pub use macros::*;
[INFO] [stdout]     |         ^^^^^^^^^
[INFO] [stdout] 
[INFO] [stdout] 
[INFO] [stdout] warning: variable does not need to be mutable
[INFO] [stdout]    --> src/fonts.rs:357:17
[INFO] [stdout]     |
[INFO] [stdout] 357 |             let mut fonts_atlas = &mut cx.fonts_data.write().unwrap().fonts_atlas;
[INFO] [stdout]     |                 ----^^^^^^^^^^^
[INFO] [stdout]     |                 |
[INFO] [stdout]     |                 help: remove this `mut`
[INFO] [stdout]     |
[INFO] [stdout]     = note: `#[warn(unused_mut)]` on by default
[INFO] [stdout] 
[INFO] [stdout] 
[INFO] [stderr]     Finished `dev` profile [unoptimized + debuginfo] target(s) in 7.53s
[INFO] running `Command { std: "docker" "inspect" "4835b0954840a342ee09d6239b53fb4ed72b86e719ee1f7e3c169a309c3359d2", kill_on_drop: false }`
[INFO] running `Command { std: "docker" "rm" "-f" "4835b0954840a342ee09d6239b53fb4ed72b86e719ee1f7e3c169a309c3359d2", kill_on_drop: false }`
[INFO] [stdout] 4835b0954840a342ee09d6239b53fb4ed72b86e719ee1f7e3c169a309c3359d2
[INFO] running `Command { std: "docker" "create" "-v" "/var/lib/crater-agent-workspace/builds/worker-2-tc2/target:/opt/rustwide/target:rw,Z" "-v" "/var/lib/crater-agent-workspace/builds/worker-2-tc2/source:/opt/rustwide/workdir:ro,Z" "-v" "/var/lib/crater-agent-workspace/cargo-home:/opt/rustwide/cargo-home:ro,Z" "-v" "/var/lib/crater-agent-workspace/rustup-home:/opt/rustwide/rustup-home:ro,Z" "-e" "SOURCE_DIR=/opt/rustwide/workdir" "-e" "CARGO_TARGET_DIR=/opt/rustwide/target" "-e" "CARGO_INCREMENTAL=0" "-e" "RUST_BACKTRACE=full" "-e" "RUSTFLAGS=--cap-lints=forbid -Zrandomize-layout" "-e" "RUSTDOCFLAGS=--cap-lints=forbid" "-e" "CARGO_HOME=/opt/rustwide/cargo-home" "-e" "RUSTUP_HOME=/opt/rustwide/rustup-home" "-w" "/opt/rustwide/workdir" "-m" "1610612736" "--user" "0:0" "--network" "none" "ghcr.io/rust-lang/crates-build-env/linux@sha256:4a844ea9eb2546a2d2c7022eacef16ef2e8229c7fbb2c7d4d55a9ceca922f72d" "/opt/rustwide/cargo-home/bin/cargo" "+nightly-2024-10-28" "test" "--frozen" "--no-run" "--message-format=json", kill_on_drop: false }`
[INFO] [stdout] 3f7ba4c4e6bf12423708faab7d223b685bd6c84107acc87fef167972996f189f
[INFO] running `Command { std: "docker" "start" "-a" "3f7ba4c4e6bf12423708faab7d223b685bd6c84107acc87fef167972996f189f", kill_on_drop: false }`
[INFO] [stdout] warning: unused import: `std_shader::*`
[INFO] [stdout]    --> src/lib.rs:132:9
[INFO] [stdout]     |
[INFO] [stdout] 132 | pub use std_shader::*;
[INFO] [stdout]     |         ^^^^^^^^^^^^^
[INFO] [stdout]     |
[INFO] [stdout]     = note: `#[warn(unused_imports)]` on by default
[INFO] [stdout] 
[INFO] [stdout] 
[INFO] [stdout] warning: unused import: `layout_api::*`
[INFO] [stdout]    --> src/lib.rs:148:9
[INFO] [stdout]     |
[INFO] [stdout] 148 | pub use layout_api::*;
[INFO] [stdout]     |         ^^^^^^^^^^^^^
[INFO] [stdout] 
[INFO] [stdout] 
[INFO] [stdout] warning: unused import: `macros::*`
[INFO] [stdout]    --> src/lib.rs:150:9
[INFO] [stdout]     |
[INFO] [stdout] 150 | pub use macros::*;
[INFO] [stdout]     |         ^^^^^^^^^
[INFO] [stdout] 
[INFO] [stdout] 
[INFO] [stderr]    Compiling wrflib v0.0.3 (/opt/rustwide/workdir)
[INFO] [stdout] warning: variable does not need to be mutable
[INFO] [stdout]    --> src/fonts.rs:357:17
[INFO] [stdout]     |
[INFO] [stdout] 357 |             let mut fonts_atlas = &mut cx.fonts_data.write().unwrap().fonts_atlas;
[INFO] [stdout]     |                 ----^^^^^^^^^^^
[INFO] [stdout]     |                 |
[INFO] [stdout]     |                 help: remove this `mut`
[INFO] [stdout]     |
[INFO] [stdout]     = note: `#[warn(unused_mut)]` on by default
[INFO] [stdout] 
[INFO] [stdout] 
[INFO] [stdout] warning: unused import: `std_shader::*`
[INFO] [stdout]    --> src/lib.rs:132:9
[INFO] [stdout]     |
[INFO] [stdout] 132 | pub use std_shader::*;
[INFO] [stdout]     |         ^^^^^^^^^^^^^
[INFO] [stdout]     |
[INFO] [stdout]     = note: `#[warn(unused_imports)]` on by default
[INFO] [stdout] 
[INFO] [stdout] 
[INFO] [stdout] warning: unused import: `layout_api::*`
[INFO] [stdout]    --> src/lib.rs:148:9
[INFO] [stdout]     |
[INFO] [stdout] 148 | pub use layout_api::*;
[INFO] [stdout]     |         ^^^^^^^^^^^^^
[INFO] [stdout] 
[INFO] [stdout] 
[INFO] [stdout] warning: unused import: `macros::*`
[INFO] [stdout]    --> src/lib.rs:150:9
[INFO] [stdout]     |
[INFO] [stdout] 150 | pub use macros::*;
[INFO] [stdout]     |         ^^^^^^^^^
[INFO] [stdout] 
[INFO] [stdout] 
[INFO] [stdout] warning: variable does not need to be mutable
[INFO] [stdout]    --> src/fonts.rs:357:17
[INFO] [stdout]     |
[INFO] [stdout] 357 |             let mut fonts_atlas = &mut cx.fonts_data.write().unwrap().fonts_atlas;
[INFO] [stdout]     |                 ----^^^^^^^^^^^
[INFO] [stdout]     |                 |
[INFO] [stdout]     |                 help: remove this `mut`
[INFO] [stdout]     |
[INFO] [stdout]     = note: `#[warn(unused_mut)]` on by default
[INFO] [stdout] 
[INFO] [stdout] 
[INFO] [stderr]     Finished `test` profile [unoptimized + debuginfo] target(s) in 0.81s
[INFO] running `Command { std: "docker" "inspect" "3f7ba4c4e6bf12423708faab7d223b685bd6c84107acc87fef167972996f189f", kill_on_drop: false }`
[INFO] running `Command { std: "docker" "rm" "-f" "3f7ba4c4e6bf12423708faab7d223b685bd6c84107acc87fef167972996f189f", kill_on_drop: false }`
[INFO] [stdout] 3f7ba4c4e6bf12423708faab7d223b685bd6c84107acc87fef167972996f189f
[INFO] running `Command { std: "docker" "create" "-v" "/var/lib/crater-agent-workspace/builds/worker-2-tc2/target:/opt/rustwide/target:rw,Z" "-v" "/var/lib/crater-agent-workspace/builds/worker-2-tc2/source:/opt/rustwide/workdir:ro,Z" "-v" "/var/lib/crater-agent-workspace/cargo-home:/opt/rustwide/cargo-home:ro,Z" "-v" "/var/lib/crater-agent-workspace/rustup-home:/opt/rustwide/rustup-home:ro,Z" "-e" "SOURCE_DIR=/opt/rustwide/workdir" "-e" "CARGO_TARGET_DIR=/opt/rustwide/target" "-e" "CARGO_INCREMENTAL=0" "-e" "RUST_BACKTRACE=full" "-e" "RUSTFLAGS=--cap-lints=forbid -Zrandomize-layout" "-e" "RUSTDOCFLAGS=--cap-lints=forbid" "-e" "CARGO_HOME=/opt/rustwide/cargo-home" "-e" "RUSTUP_HOME=/opt/rustwide/rustup-home" "-w" "/opt/rustwide/workdir" "-m" "1610612736" "--user" "0:0" "--network" "none" "ghcr.io/rust-lang/crates-build-env/linux@sha256:4a844ea9eb2546a2d2c7022eacef16ef2e8229c7fbb2c7d4d55a9ceca922f72d" "/opt/rustwide/cargo-home/bin/cargo" "+nightly-2024-10-28" "test" "--frozen", kill_on_drop: false }`
[INFO] [stdout] e01347d5d25c50fc63b9aa753e5c29d05265b0988de1a61bdf6964d723059166
[INFO] running `Command { std: "docker" "start" "-a" "e01347d5d25c50fc63b9aa753e5c29d05265b0988de1a61bdf6964d723059166", kill_on_drop: false }`
[INFO] [stderr] warning: unused import: `std_shader::*`
[INFO] [stderr]    --> src/lib.rs:132:9
[INFO] [stderr]     |
[INFO] [stderr] 132 | pub use std_shader::*;
[INFO] [stderr]     |         ^^^^^^^^^^^^^
[INFO] [stderr]     |
[INFO] [stderr]     = note: `#[warn(unused_imports)]` on by default
[INFO] [stderr] 
[INFO] [stderr] warning: unused import: `layout_api::*`
[INFO] [stderr]    --> src/lib.rs:148:9
[INFO] [stderr]     |
[INFO] [stderr] 148 | pub use layout_api::*;
[INFO] [stderr]     |         ^^^^^^^^^^^^^
[INFO] [stderr] 
[INFO] [stderr] warning: unused import: `macros::*`
[INFO] [stderr]    --> src/lib.rs:150:9
[INFO] [stderr]     |
[INFO] [stderr] 150 | pub use macros::*;
[INFO] [stderr]     |         ^^^^^^^^^
[INFO] [stderr] 
[INFO] [stderr] warning: variable does not need to be mutable
[INFO] [stderr]    --> src/fonts.rs:357:17
[INFO] [stderr]     |
[INFO] [stderr] 357 |             let mut fonts_atlas = &mut cx.fonts_data.write().unwrap().fonts_atlas;
[INFO] [stderr]     |                 ----^^^^^^^^^^^
[INFO] [stderr]     |                 |
[INFO] [stderr]     |                 help: remove this `mut`
[INFO] [stderr]     |
[INFO] [stderr]     = note: `#[warn(unused_mut)]` on by default
[INFO] [stderr] 
[INFO] [stderr] warning: `wrflib` (lib) generated 4 warnings (run `cargo fix --lib -p wrflib` to apply 4 suggestions)
[INFO] [stderr] warning: `wrflib` (lib test) generated 4 warnings (4 duplicates)
[INFO] [stderr]     Finished `test` profile [unoptimized + debuginfo] target(s) in 0.03s
[INFO] [stderr]      Running unittests src/lib.rs (/opt/rustwide/target/debug/deps/wrflib-95dc1b5290f4b39e)
[INFO] [stdout] 
[INFO] [stdout] running 0 tests
[INFO] [stdout] 
[INFO] [stdout] test result: ok. 0 passed; 0 failed; 0 ignored; 0 measured; 0 filtered out; finished in 0.00s
[INFO] [stdout] 
[INFO] [stderr]    Doc-tests wrflib
[INFO] [stdout] 
[INFO] [stdout] running 5 tests
[INFO] [stdout] test src/quad_ins.rs - quad_ins::QuadIns (line 16) ... FAILED
[INFO] [stdout] test src/cx.rs - cx::Cx::debug_flags_mut (line 765) ... FAILED
[INFO] [stdout] test src/area.rs - area::Area::get_first_mut (line 294) ... FAILED
[INFO] [stdout] test src/quad_ins.rs - quad_ins::QuadIns (line 26) ... FAILED
[INFO] [stdout] test src/area.rs - area::Area::get_first (line 233) ... FAILED
[INFO] [stdout] 
[INFO] [stdout] failures:
[INFO] [stdout] 
[INFO] [stdout] ---- src/quad_ins.rs - quad_ins::QuadIns (line 16) stdout ----
[INFO] [stdout] error[E0412]: cannot find type `QuadIns` in this scope
[INFO] [stdout]  --> src/quad_ins.rs:18:13
[INFO] [stdout]   |
[INFO] [stdout] 4 |   pub base: QuadIns,
[INFO] [stdout]   |             ^^^^^^^ not found in this scope
[INFO] [stdout]   |
[INFO] [stdout] help: consider importing this struct
[INFO] [stdout]   |
[INFO] [stdout] 2 + use wrflib::QuadIns;
[INFO] [stdout]   |
[INFO] [stdout] 
[INFO] [stdout] error: aborting due to 1 previous error
[INFO] [stdout] 
[INFO] [stdout] For more information about this error, try `rustc --explain E0412`.
[INFO] [stdout] Couldn't compile the test.
[INFO] [stdout] ---- src/cx.rs - cx::Cx::debug_flags_mut (line 765) stdout ----
[INFO] [stdout] error[E0425]: cannot find value `cx` in this scope
[INFO] [stdout]  --> src/cx.rs:766:13
[INFO] [stdout]   |
[INFO] [stdout] 3 | let flags = cx.debug_flags_mut();
[INFO] [stdout]   |             ^^ not found in this scope
[INFO] [stdout] 
[INFO] [stdout] error[E0433]: failed to resolve: use of undeclared type `CxDebugDrawTree`
[INFO] [stdout]  --> src/cx.rs:767:19
[INFO] [stdout]   |
[INFO] [stdout] 4 | flags.draw_tree = CxDebugDrawTree::Instances;
[INFO] [stdout]   |                   ^^^^^^^^^^^^^^^ use of undeclared type `CxDebugDrawTree`
[INFO] [stdout]   |
[INFO] [stdout] help: consider importing this enum
[INFO] [stdout]   |
[INFO] [stdout] 2 + use wrflib::CxDebugDrawTree;
[INFO] [stdout]   |
[INFO] [stdout] 
[INFO] [stdout] error: aborting due to 2 previous errors
[INFO] [stdout] 
[INFO] [stdout] Some errors have detailed explanations: E0425, E0433.
[INFO] [stdout] For more information about an error, try `rustc --explain E0425`.
[INFO] [stdout] Couldn't compile the test.
[INFO] [stdout] ---- src/area.rs - area::Area::get_first_mut (line 294) stdout ----
[INFO] [stdout] error[E0425]: cannot find value `area` in this scope
[INFO] [stdout]  --> src/area.rs:295:13
[INFO] [stdout]   |
[INFO] [stdout] 3 | let glyph = area.get_first_mut::<TextIns>(cx);
[INFO] [stdout]   |             ^^^^ not found in this scope
[INFO] [stdout] 
[INFO] [stdout] error[E0425]: cannot find value `cx` in this scope
[INFO] [stdout]  --> src/area.rs:295:43
[INFO] [stdout]   |
[INFO] [stdout] 3 | let glyph = area.get_first_mut::<TextIns>(cx);
[INFO] [stdout]   |                                           ^^ not found in this scope
[INFO] [stdout] 
[INFO] [stdout] error[E0412]: cannot find type `TextIns` in this scope
[INFO] [stdout]  --> src/area.rs:295:34
[INFO] [stdout]   |
[INFO] [stdout] 3 | let glyph = area.get_first_mut::<TextIns>(cx);
[INFO] [stdout]   |                                  ^^^^^^^ not found in this scope
[INFO] [stdout]   |
[INFO] [stdout] help: consider importing this struct
[INFO] [stdout]   |
[INFO] [stdout] 2 + use wrflib::TextIns;
[INFO] [stdout]   |
[INFO] [stdout] 
[INFO] [stdout] error: aborting due to 3 previous errors
[INFO] [stdout] 
[INFO] [stdout] Some errors have detailed explanations: E0412, E0425.
[INFO] [stdout] For more information about an error, try `rustc --explain E0412`.
[INFO] [stdout] Couldn't compile the test.
[INFO] [stdout] ---- src/quad_ins.rs - quad_ins::QuadIns (line 26) stdout ----
[INFO] [stdout] error[E0422]: cannot find struct, variant or union type `DrawMyStruct` in this scope
[INFO] [stdout]  --> src/quad_ins.rs:27:9
[INFO] [stdout]   |
[INFO] [stdout] 3 | let s = DrawMyStruct {
[INFO] [stdout]   |         ^^^^^^^^^^^^ not found in this scope
[INFO] [stdout] 
[INFO] [stdout] error[E0433]: failed to resolve: use of undeclared type `QuadIns`
[INFO] [stdout]  --> src/quad_ins.rs:28:9
[INFO] [stdout]   |
[INFO] [stdout] 4 |   base: QuadIns::from_rect(rect),
[INFO] [stdout]   |         ^^^^^^^ use of undeclared type `QuadIns`
[INFO] [stdout]   |
[INFO] [stdout] help: consider importing this struct
[INFO] [stdout]   |
[INFO] [stdout] 2 + use wrflib::QuadIns;
[INFO] [stdout]   |
[INFO] [stdout] 
[INFO] [stdout] error[E0425]: cannot find value `rect` in this scope
[INFO] [stdout]  --> src/quad_ins.rs:28:28
[INFO] [stdout]   |
[INFO] [stdout] 4 |   base: QuadIns::from_rect(rect),
[INFO] [stdout]   |                            ^^^^ not found in this scope
[INFO] [stdout] 
[INFO] [stdout] error[E0425]: cannot find value `cx` in this scope
[INFO] [stdout]  --> src/quad_ins.rs:32:1
[INFO] [stdout]   |
[INFO] [stdout] 8 | cx.add_instances(&SHADER, &[s]);
[INFO] [stdout]   | ^^ not found in this scope
[INFO] [stdout] 
[INFO] [stdout] error[E0425]: cannot find value `SHADER` in this scope
[INFO] [stdout]  --> src/quad_ins.rs:32:19
[INFO] [stdout]   |
[INFO] [stdout] 8 | cx.add_instances(&SHADER, &[s]);
[INFO] [stdout]   |                   ^^^^^^ not found in this scope
[INFO] [stdout]   |
[INFO] [stdout] help: consider importing this constant
[INFO] [stdout]   |
[INFO] [stdout] 2 + use gl::SHADER;
[INFO] [stdout]   |
[INFO] [stdout] 
[INFO] [stdout] error: aborting due to 5 previous errors
[INFO] [stdout] 
[INFO] [stdout] Some errors have detailed explanations: E0422, E0425, E0433.
[INFO] [stdout] For more information about an error, try `rustc --explain E0422`.
[INFO] [stdout] Couldn't compile the test.
[INFO] [stdout] ---- src/area.rs - area::Area::get_first (line 233) stdout ----
[INFO] [stdout] error[E0425]: cannot find value `area` in this scope
[INFO] [stdout]  --> src/area.rs:234:13
[INFO] [stdout]   |
[INFO] [stdout] 3 | let glyph = area.get_first::<TextIns>(cx);
[INFO] [stdout]   |             ^^^^ not found in this scope
[INFO] [stdout] 
[INFO] [stdout] error[E0425]: cannot find value `cx` in this scope
[INFO] [stdout]  --> src/area.rs:234:39
[INFO] [stdout]   |
[INFO] [stdout] 3 | let glyph = area.get_first::<TextIns>(cx);
[INFO] [stdout]   |                                       ^^ not found in this scope
[INFO] [stdout] 
[INFO] [stdout] error[E0412]: cannot find type `TextIns` in this scope
[INFO] [stdout]  --> src/area.rs:234:30
[INFO] [stdout]   |
[INFO] [stdout] 3 | let glyph = area.get_first::<TextIns>(cx);
[INFO] [stdout]   |                              ^^^^^^^ not found in this scope
[INFO] [stdout]   |
[INFO] [stdout] help: consider importing this struct
[INFO] [stdout]   |
[INFO] [stdout] 2 + use wrflib::TextIns;
[INFO] [stdout]   |
[INFO] [stdout] 
[INFO] [stdout] error: aborting due to 3 previous errors
[INFO] [stdout] 
[INFO] [stdout] Some errors have detailed explanations: E0412, E0425.
[INFO] [stdout] For more information about an error, try `rustc --explain E0412`.
[INFO] [stdout] Couldn't compile the test.
[INFO] [stdout] 
[INFO] [stdout] failures:
[INFO] [stdout]     src/area.rs - area::Area::get_first (line 233)
[INFO] [stdout]     src/area.rs - area::Area::get_first_mut (line 294)
[INFO] [stdout]     src/cx.rs - cx::Cx::debug_flags_mut (line 765)
[INFO] [stdout]     src/quad_ins.rs - quad_ins::QuadIns (line 16)
[INFO] [stdout]     src/quad_ins.rs - quad_ins::QuadIns (line 26)
[INFO] [stdout] 
[INFO] [stdout] test result: FAILED. 0 passed; 5 failed; 0 ignored; 0 measured; 0 filtered out; finished in 0.08s
[INFO] [stdout] 
[INFO] [stderr] error: doctest failed, to rerun pass `--doc`
[INFO] running `Command { std: "docker" "inspect" "e01347d5d25c50fc63b9aa753e5c29d05265b0988de1a61bdf6964d723059166", kill_on_drop: false }`
[INFO] running `Command { std: "docker" "rm" "-f" "e01347d5d25c50fc63b9aa753e5c29d05265b0988de1a61bdf6964d723059166", kill_on_drop: false }`
[INFO] [stdout] e01347d5d25c50fc63b9aa753e5c29d05265b0988de1a61bdf6964d723059166
