[INFO] fetching crate wrath 0.1.0...
[INFO] testing wrath-0.1.0 against nightly-2024-10-28+rustflags=-Zrandomize-layout for randomize-layout
[INFO] extracting crate wrath 0.1.0 into /workspace/builds/worker-6-tc2/source
[INFO] validating manifest of crates.io crate wrath 0.1.0 on toolchain nightly-2024-10-28
[INFO] running `Command { std: CARGO_HOME="/workspace/cargo-home" RUSTUP_HOME="/workspace/rustup-home" "/workspace/cargo-home/bin/cargo" "+nightly-2024-10-28" "metadata" "--manifest-path" "Cargo.toml" "--no-deps", kill_on_drop: false }`
[INFO] started tweaking crates.io crate wrath 0.1.0
[INFO] finished tweaking crates.io crate wrath 0.1.0
[INFO] tweaked toml for crates.io crate wrath 0.1.0 written to /workspace/builds/worker-6-tc2/source/Cargo.toml
[INFO] crate crates.io crate wrath 0.1.0 already has a lockfile, it will not be regenerated
[INFO] running `Command { std: CARGO_HOME="/workspace/cargo-home" RUSTUP_HOME="/workspace/rustup-home" "/workspace/cargo-home/bin/cargo" "+nightly-2024-10-28" "fetch" "--manifest-path" "Cargo.toml", kill_on_drop: false }`
[INFO] running `Command { std: "docker" "create" "-v" "/var/lib/crater-agent-workspace/builds/worker-6-tc2/target:/opt/rustwide/target:rw,Z" "-v" "/var/lib/crater-agent-workspace/builds/worker-6-tc2/source:/opt/rustwide/workdir:ro,Z" "-v" "/var/lib/crater-agent-workspace/cargo-home:/opt/rustwide/cargo-home:ro,Z" "-v" "/var/lib/crater-agent-workspace/rustup-home:/opt/rustwide/rustup-home:ro,Z" "-e" "SOURCE_DIR=/opt/rustwide/workdir" "-e" "CARGO_TARGET_DIR=/opt/rustwide/target" "-e" "CARGO_HOME=/opt/rustwide/cargo-home" "-e" "RUSTUP_HOME=/opt/rustwide/rustup-home" "-w" "/opt/rustwide/workdir" "-m" "1610612736" "--user" "0:0" "--network" "none" "ghcr.io/rust-lang/crates-build-env/linux@sha256:4a844ea9eb2546a2d2c7022eacef16ef2e8229c7fbb2c7d4d55a9ceca922f72d" "/opt/rustwide/cargo-home/bin/cargo" "+nightly-2024-10-28" "metadata" "--no-deps" "--format-version=1", kill_on_drop: false }`
[INFO] [stdout] 6a22a7a68af0bfa119499142b372c71c53880be42380237e7f0f3965e09e2d64
[INFO] running `Command { std: "docker" "start" "-a" "6a22a7a68af0bfa119499142b372c71c53880be42380237e7f0f3965e09e2d64", kill_on_drop: false }`
[INFO] running `Command { std: "docker" "inspect" "6a22a7a68af0bfa119499142b372c71c53880be42380237e7f0f3965e09e2d64", kill_on_drop: false }`
[INFO] running `Command { std: "docker" "rm" "-f" "6a22a7a68af0bfa119499142b372c71c53880be42380237e7f0f3965e09e2d64", kill_on_drop: false }`
[INFO] [stdout] 6a22a7a68af0bfa119499142b372c71c53880be42380237e7f0f3965e09e2d64
[INFO] running `Command { std: "docker" "create" "-v" "/var/lib/crater-agent-workspace/builds/worker-6-tc2/target:/opt/rustwide/target:rw,Z" "-v" "/var/lib/crater-agent-workspace/builds/worker-6-tc2/source:/opt/rustwide/workdir:ro,Z" "-v" "/var/lib/crater-agent-workspace/cargo-home:/opt/rustwide/cargo-home:ro,Z" "-v" "/var/lib/crater-agent-workspace/rustup-home:/opt/rustwide/rustup-home:ro,Z" "-e" "SOURCE_DIR=/opt/rustwide/workdir" "-e" "CARGO_TARGET_DIR=/opt/rustwide/target" "-e" "CARGO_INCREMENTAL=0" "-e" "RUST_BACKTRACE=full" "-e" "RUSTFLAGS=--cap-lints=forbid -Zrandomize-layout" "-e" "RUSTDOCFLAGS=--cap-lints=forbid" "-e" "CARGO_HOME=/opt/rustwide/cargo-home" "-e" "RUSTUP_HOME=/opt/rustwide/rustup-home" "-w" "/opt/rustwide/workdir" "-m" "1610612736" "--user" "0:0" "--network" "none" "ghcr.io/rust-lang/crates-build-env/linux@sha256:4a844ea9eb2546a2d2c7022eacef16ef2e8229c7fbb2c7d4d55a9ceca922f72d" "/opt/rustwide/cargo-home/bin/cargo" "+nightly-2024-10-28" "build" "--frozen" "--message-format=json", kill_on_drop: false }`
[INFO] [stdout] 2fa4a2c7d430928a88c570ca25a31879e512a40c0ac40cbf411830208376f50b
[INFO] running `Command { std: "docker" "start" "-a" "2fa4a2c7d430928a88c570ca25a31879e512a40c0ac40cbf411830208376f50b", kill_on_drop: false }`
[INFO] [stderr]    Compiling either v1.9.0
[INFO] [stderr]    Compiling heck v0.4.1
[INFO] [stderr]    Compiling wrath-macros v0.1.0
[INFO] [stderr]    Compiling wrath v0.1.0 (/opt/rustwide/workdir)
[INFO] [stdout] warning: lint `unused_tuple_struct_fields` has been renamed to `dead_code`
[INFO] [stdout]   |
[INFO] [stdout]   = help: use the new name `dead_code`
[INFO] [stdout]   = note: requested on the command line with `-W unused_tuple_struct_fields`
[INFO] [stdout]   = note: `#[warn(renamed_and_removed_lints)]` on by default
[INFO] [stdout] 
[INFO] [stdout] 
[INFO] [stdout] warning: lint `pointer_structural_match` has been removed: converted into hard error, see RFC #3535 <https://rust-lang.github.io/rfcs/3535-constants-in-patterns.html> for more information
[INFO] [stdout]   |
[INFO] [stdout]   = note: requested on the command line with `-W pointer_structural_match`
[INFO] [stdout] 
[INFO] [stdout] 
[INFO] [stderr]     Finished `dev` profile [unoptimized + debuginfo] target(s) in 0.38s
[INFO] running `Command { std: "docker" "inspect" "2fa4a2c7d430928a88c570ca25a31879e512a40c0ac40cbf411830208376f50b", kill_on_drop: false }`
[INFO] running `Command { std: "docker" "rm" "-f" "2fa4a2c7d430928a88c570ca25a31879e512a40c0ac40cbf411830208376f50b", kill_on_drop: false }`
[INFO] [stdout] 2fa4a2c7d430928a88c570ca25a31879e512a40c0ac40cbf411830208376f50b
[INFO] running `Command { std: "docker" "create" "-v" "/var/lib/crater-agent-workspace/builds/worker-6-tc2/target:/opt/rustwide/target:rw,Z" "-v" "/var/lib/crater-agent-workspace/builds/worker-6-tc2/source:/opt/rustwide/workdir:ro,Z" "-v" "/var/lib/crater-agent-workspace/cargo-home:/opt/rustwide/cargo-home:ro,Z" "-v" "/var/lib/crater-agent-workspace/rustup-home:/opt/rustwide/rustup-home:ro,Z" "-e" "SOURCE_DIR=/opt/rustwide/workdir" "-e" "CARGO_TARGET_DIR=/opt/rustwide/target" "-e" "CARGO_INCREMENTAL=0" "-e" "RUST_BACKTRACE=full" "-e" "RUSTFLAGS=--cap-lints=forbid -Zrandomize-layout" "-e" "RUSTDOCFLAGS=--cap-lints=forbid" "-e" "CARGO_HOME=/opt/rustwide/cargo-home" "-e" "RUSTUP_HOME=/opt/rustwide/rustup-home" "-w" "/opt/rustwide/workdir" "-m" "1610612736" "--user" "0:0" "--network" "none" "ghcr.io/rust-lang/crates-build-env/linux@sha256:4a844ea9eb2546a2d2c7022eacef16ef2e8229c7fbb2c7d4d55a9ceca922f72d" "/opt/rustwide/cargo-home/bin/cargo" "+nightly-2024-10-28" "test" "--frozen" "--no-run" "--message-format=json", kill_on_drop: false }`
[INFO] [stdout] 243c0745e5bc87557047917c5dea7bc34c437399cebe44129c91857bd2a2f1e9
[INFO] running `Command { std: "docker" "start" "-a" "243c0745e5bc87557047917c5dea7bc34c437399cebe44129c91857bd2a2f1e9", kill_on_drop: false }`
[INFO] [stderr]    Compiling serde v1.0.190
[INFO] [stderr]    Compiling libc v0.2.150
[INFO] [stderr]    Compiling linked-hash-map v0.5.6
[INFO] [stderr]    Compiling trybuild v1.0.85
[INFO] [stderr]    Compiling similar v2.3.0
[INFO] [stderr]    Compiling termcolor v1.4.0
[INFO] [stderr]    Compiling serde_derive v1.0.190
[INFO] [stderr]    Compiling glob v0.3.1
[INFO] [stderr]    Compiling yaml-rust v0.4.5
[INFO] [stdout] warning: lint `unused_tuple_struct_fields` has been renamed to `dead_code`
[INFO] [stdout]   |
[INFO] [stdout]   = help: use the new name `dead_code`
[INFO] [stdout]   = note: requested on the command line with `-W unused_tuple_struct_fields`
[INFO] [stdout]   = note: `#[warn(renamed_and_removed_lints)]` on by default
[INFO] [stdout] 
[INFO] [stdout] 
[INFO] [stdout] warning: lint `pointer_structural_match` has been removed: converted into hard error, see RFC #3535 <https://rust-lang.github.io/rfcs/3535-constants-in-patterns.html> for more information
[INFO] [stdout]   |
[INFO] [stdout]   = note: requested on the command line with `-W pointer_structural_match`
[INFO] [stdout] 
[INFO] [stdout] 
[INFO] [stderr]    Compiling console v0.15.7
[INFO] [stderr]    Compiling serde_json v1.0.108
[INFO] [stderr]    Compiling basic-toml v0.1.7
[INFO] [stderr]    Compiling insta v1.34.0
[INFO] [stderr]    Compiling wrath v0.1.0 (/opt/rustwide/workdir)
[INFO] [stdout] warning: lint `unused_tuple_struct_fields` has been renamed to `dead_code`
[INFO] [stdout]   |
[INFO] [stdout]   = help: use the new name `dead_code`
[INFO] [stdout]   = note: requested on the command line with `-W unused_tuple_struct_fields`
[INFO] [stdout]   = note: `#[warn(renamed_and_removed_lints)]` on by default
[INFO] [stdout] 
[INFO] [stdout] 
[INFO] [stdout] warning: lint `unused_tuple_struct_fields` has been renamed to `dead_code`
[INFO] [stdout]   |
[INFO] [stdout]   = help: use the new name `dead_code`
[INFO] [stdout]   = note: requested on the command line with `-W unused_tuple_struct_fields`
[INFO] [stdout]   = note: `#[warn(renamed_and_removed_lints)]` on by default
[INFO] [stdout] 
[INFO] [stdout] 
[INFO] [stdout] warning: lint `unused_tuple_struct_fields` has been renamed to `dead_code`
[INFO] [stdout]   |
[INFO] [stdout]   = help: use the new name `dead_code`
[INFO] [stdout]   = note: requested on the command line with `-W unused_tuple_struct_fields`
[INFO] [stdout]   = note: `#[warn(renamed_and_removed_lints)]` on by default
[INFO] [stdout] 
[INFO] [stdout] 
[INFO] [stdout] warning: lint `pointer_structural_match` has been removed: converted into hard error, see RFC #3535 <https://rust-lang.github.io/rfcs/3535-constants-in-patterns.html> for more information
[INFO] [stdout]   |
[INFO] [stdout]   = note: requested on the command line with `-W pointer_structural_match`
[INFO] [stdout] 
[INFO] [stdout] 
[INFO] [stdout] warning: lint `pointer_structural_match` has been removed: converted into hard error, see RFC #3535 <https://rust-lang.github.io/rfcs/3535-constants-in-patterns.html> for more information
[INFO] [stdout]   |
[INFO] [stdout]   = note: requested on the command line with `-W pointer_structural_match`
[INFO] [stdout] 
[INFO] [stdout] 
[INFO] [stdout] warning: lint `pointer_structural_match` has been removed: converted into hard error, see RFC #3535 <https://rust-lang.github.io/rfcs/3535-constants-in-patterns.html> for more information
[INFO] [stdout]   |
[INFO] [stdout]   = note: requested on the command line with `-W pointer_structural_match`
[INFO] [stdout] 
[INFO] [stdout] 
[INFO] [stdout] warning: missing documentation for the crate
[INFO] [stdout]   --> tests/integrations/main.rs:2:1
[INFO] [stdout]    |
[INFO] [stdout] 2  | / #![allow(clippy::tests_outside_test_module)]
[INFO] [stdout] 3  | |
[INFO] [stdout] 4  | | /// An easy way to construct a map representing environment variables
[INFO] [stdout] 5  | | macro_rules! env_map {
[INFO] [stdout] ...  |
[INFO] [stdout] 52 | |     t.compile_fail("tests/integrations/macros/compile_fail/*.rs");
[INFO] [stdout] 53 | | }
[INFO] [stdout]    | |_^
[INFO] [stdout]    |
[INFO] [stdout]    = note: requested on the command line with `-W missing-docs`
[INFO] [stdout] 
[INFO] [stdout] 
[INFO] [stderr]     Finished `test` profile [unoptimized + debuginfo] target(s) in 6.69s
[INFO] running `Command { std: "docker" "inspect" "243c0745e5bc87557047917c5dea7bc34c437399cebe44129c91857bd2a2f1e9", kill_on_drop: false }`
[INFO] running `Command { std: "docker" "rm" "-f" "243c0745e5bc87557047917c5dea7bc34c437399cebe44129c91857bd2a2f1e9", kill_on_drop: false }`
[INFO] [stdout] 243c0745e5bc87557047917c5dea7bc34c437399cebe44129c91857bd2a2f1e9
[INFO] running `Command { std: "docker" "create" "-v" "/var/lib/crater-agent-workspace/builds/worker-6-tc2/target:/opt/rustwide/target:rw,Z" "-v" "/var/lib/crater-agent-workspace/builds/worker-6-tc2/source:/opt/rustwide/workdir:ro,Z" "-v" "/var/lib/crater-agent-workspace/cargo-home:/opt/rustwide/cargo-home:ro,Z" "-v" "/var/lib/crater-agent-workspace/rustup-home:/opt/rustwide/rustup-home:ro,Z" "-e" "SOURCE_DIR=/opt/rustwide/workdir" "-e" "CARGO_TARGET_DIR=/opt/rustwide/target" "-e" "CARGO_INCREMENTAL=0" "-e" "RUST_BACKTRACE=full" "-e" "RUSTFLAGS=--cap-lints=forbid -Zrandomize-layout" "-e" "RUSTDOCFLAGS=--cap-lints=forbid" "-e" "CARGO_HOME=/opt/rustwide/cargo-home" "-e" "RUSTUP_HOME=/opt/rustwide/rustup-home" "-w" "/opt/rustwide/workdir" "-m" "1610612736" "--user" "0:0" "--network" "none" "ghcr.io/rust-lang/crates-build-env/linux@sha256:4a844ea9eb2546a2d2c7022eacef16ef2e8229c7fbb2c7d4d55a9ceca922f72d" "/opt/rustwide/cargo-home/bin/cargo" "+nightly-2024-10-28" "test" "--frozen", kill_on_drop: false }`
[INFO] [stdout] 8648754dd4413df56ece7995a88fe7e8881e8dea300bd9f8a8e623c9ce6a291e
[INFO] running `Command { std: "docker" "start" "-a" "8648754dd4413df56ece7995a88fe7e8881e8dea300bd9f8a8e623c9ce6a291e", kill_on_drop: false }`
[INFO] [stderr] warning: lint `unused_tuple_struct_fields` has been renamed to `dead_code`
[INFO] [stderr]   |
[INFO] [stderr]   = help: use the new name `dead_code`
[INFO] [stderr]   = note: requested on the command line with `-W unused_tuple_struct_fields`
[INFO] [stderr]   = note: `#[warn(renamed_and_removed_lints)]` on by default
[INFO] [stderr] 
[INFO] [stderr] warning: lint `pointer_structural_match` has been removed: converted into hard error, see RFC #3535 <https://rust-lang.github.io/rfcs/3535-constants-in-patterns.html> for more information
[INFO] [stderr]   |
[INFO] [stderr]   = note: requested on the command line with `-W pointer_structural_match`
[INFO] [stderr] 
[INFO] [stderr] warning: `wrath` (lib) generated 2 warnings
[INFO] [stderr] warning: missing documentation for the crate
[INFO] [stderr]   --> tests/integrations/main.rs:2:1
[INFO] [stderr]    |
[INFO] [stderr] 2  | / #![allow(clippy::tests_outside_test_module)]
[INFO] [stderr] 3  | |
[INFO] [stderr] 4  | | /// An easy way to construct a map representing environment variables
[INFO] [stderr] 5  | | macro_rules! env_map {
[INFO] [stderr] ...  |
[INFO] [stderr] 52 | |     t.compile_fail("tests/integrations/macros/compile_fail/*.rs");
[INFO] [stderr] 53 | | }
[INFO] [stderr]    | |_^
[INFO] [stderr]    |
[INFO] [stderr]    = note: requested on the command line with `-W missing-docs`
[INFO] [stderr] 
[INFO] [stderr] warning: `wrath` (lib test) generated 2 warnings (2 duplicates)
[INFO] [stderr] warning: `wrath` (test "integrations") generated 3 warnings (2 duplicates)
[INFO] [stderr] warning: `wrath` (example "main") generated 2 warnings (2 duplicates)
[INFO] [stderr]     Finished `test` profile [unoptimized + debuginfo] target(s) in 0.02s
[INFO] [stderr]      Running unittests src/lib.rs (/opt/rustwide/target/debug/deps/wrath-efa519ecac6efd5d)
[INFO] [stdout] 
[INFO] [stdout] running 0 tests
[INFO] [stdout] 
[INFO] [stdout] test result: ok. 0 passed; 0 failed; 0 ignored; 0 measured; 0 filtered out; finished in 0.00s
[INFO] [stdout] 
[INFO] [stderr]      Running tests/integrations/main.rs (/opt/rustwide/target/debug/deps/integrations-7d4052573e4f479a)
[INFO] [stdout] 
[INFO] [stdout] running 20 tests
[INFO] [stdout] test default_fromstr_i32::ok ... ok
[INFO] [stdout] test default_fromstr_i32::unset ... ok
[INFO] [stdout] test from_pathbuf::ok ... ok
[INFO] [stdout] test fromstr_i32::ok ... ok
[INFO] [stdout] test intostring::ok ... ok
[INFO] [stdout] test fromstr_i32::convert - should panic ... ok
[INFO] [stdout] test from_pathbuf::unset - should panic ... ok
[INFO] [stdout] test default_fromstr_i32::parse - should panic ... ok
[INFO] [stdout] test many_fields::ok ... ok
[INFO] [stdout] test fromstr_i32::parse - should panic ... ok
[INFO] [stdout] test option_fromstr_i32::ok ... ok
[INFO] [stdout] test fromstr_i32::unset - should panic ... ok
[INFO] [stdout] test intostring::parse - should panic ... ok
[INFO] [stdout] test option_fromstr_i32::unset ... ok
[INFO] [stdout] test intostring::unset - should panic ... ok
[INFO] [stdout] test many_fields::convert_bar_baz - should panic ... ok
[INFO] [stdout] test many_fields::parse_bar - should panic ... ok
[INFO] [stdout] test many_fields::unset - should panic ... ok
[INFO] [stdout] test option_fromstr_i32::parse - should panic ... ok
[INFO] [stderr]    Compiling proc-macro2 v1.0.69
[INFO] [stderr]    Compiling unicode-ident v1.0.12
[INFO] [stderr]    Compiling libc v0.2.150
[INFO] [stderr]    Compiling serde v1.0.190
[INFO] [stderr]    Compiling lazy_static v1.4.0
[INFO] [stderr]    Compiling either v1.9.0
[INFO] [stderr]    Compiling heck v0.4.1
[INFO] [stderr]    Compiling linked-hash-map v0.5.6
[INFO] [stderr]    Compiling similar v2.3.0
[INFO] [stderr]    Compiling yaml-rust v0.4.5
[INFO] [stderr]    Compiling quote v1.0.33
[INFO] [stderr]    Compiling console v0.15.7
[INFO] [stderr]    Compiling syn v2.0.39
[INFO] [stderr]    Compiling insta v1.34.0
[INFO] [stderr]    Compiling wrath-macros v0.1.0
[INFO] [stderr]    Compiling wrath v0.1.0 (/opt/rustwide/workdir)
[INFO] [stderr] warning: lint `unused_tuple_struct_fields` has been renamed to `dead_code`
[INFO] [stderr]   |
[INFO] [stderr]   = help: use the new name `dead_code`
[INFO] [stderr]   = note: requested on the command line with `-W unused_tuple_struct_fields`
[INFO] [stderr]   = note: `#[warn(renamed_and_removed_lints)]` on by default
[INFO] [stderr] 
[INFO] [stderr] warning: lint `pointer_structural_match` has been removed: converted into hard error, see RFC #3535 <https://rust-lang.github.io/rfcs/3535-constants-in-patterns.html> for more information
[INFO] [stderr]   |
[INFO] [stderr]   = note: requested on the command line with `-W pointer_structural_match`
[INFO] [stderr] 
[INFO] [stderr] warning: `wrath` (lib) generated 2 warnings
[INFO] [stderr]    Compiling wrath-tests v0.0.0 (/opt/rustwide/target/tests/trybuild/wrath)
[INFO] [stderr]     Finished `dev` profile [unoptimized + debuginfo] target(s) in 3.05s
[INFO] [stderr] 
[INFO] [stderr] 
[INFO] [stderr] test tests/integrations/macros/pass/eq.rs [should pass] ... ok
[INFO] [stderr] 
[INFO] [stderr] STDERR:
[INFO] [stderr] ┈┈┈┈┈┈┈┈┈┈┈┈┈┈┈┈┈┈┈┈┈┈┈┈┈┈┈┈┈┈┈┈┈┈┈┈┈┈┈┈┈┈┈┈┈┈┈┈┈┈┈┈┈┈┈┈┈┈┈┈
[INFO] [stderr] warning: lint `unused_tuple_struct_fields` has been renamed to `dead_code`
[INFO] [stderr]   |
[INFO] [stderr]   = help: use the new name `dead_code`
[INFO] [stderr]   = note: requested on the command line with `-W unused_tuple_struct_fields`
[INFO] [stderr]   = note: `#[warn(renamed_and_removed_lints)]` on by default
[INFO] [stderr] 
[INFO] [stderr] warning: lint `pointer_structural_match` has been removed: converted into hard error, see RFC #3535 <https://rust-lang.github.io/rfcs/3535-constants-in-patterns.html> for more information
[INFO] [stderr]   |
[INFO] [stderr]   = note: requested on the command line with `-W pointer_structural_match`
[INFO] [stderr] ┈┈┈┈┈┈┈┈┈┈┈┈┈┈┈┈┈┈┈┈┈┈┈┈┈┈┈┈┈┈┈┈┈┈┈┈┈┈┈┈┈┈┈┈┈┈┈┈┈┈┈┈┈┈┈┈┈┈┈┈
[INFO] [stderr] 
[INFO] [stderr] test tests/integrations/macros/pass/eq_trailing_comma.rs [should pass] ... ok
[INFO] [stderr] 
[INFO] [stderr] STDERR:
[INFO] [stderr] ┈┈┈┈┈┈┈┈┈┈┈┈┈┈┈┈┈┈┈┈┈┈┈┈┈┈┈┈┈┈┈┈┈┈┈┈┈┈┈┈┈┈┈┈┈┈┈┈┈┈┈┈┈┈┈┈┈┈┈┈
[INFO] [stderr] warning: lint `unused_tuple_struct_fields` has been renamed to `dead_code`
[INFO] [stderr]   |
[INFO] [stderr]   = help: use the new name `dead_code`
[INFO] [stderr]   = note: requested on the command line with `-W unused_tuple_struct_fields`
[INFO] [stderr]   = note: `#[warn(renamed_and_removed_lints)]` on by default
[INFO] [stderr] 
[INFO] [stderr] warning: lint `pointer_structural_match` has been removed: converted into hard error, see RFC #3535 <https://rust-lang.github.io/rfcs/3535-constants-in-patterns.html> for more information
[INFO] [stderr]   |
[INFO] [stderr]   = note: requested on the command line with `-W pointer_structural_match`
[INFO] [stderr] ┈┈┈┈┈┈┈┈┈┈┈┈┈┈┈┈┈┈┈┈┈┈┈┈┈┈┈┈┈┈┈┈┈┈┈┈┈┈┈┈┈┈┈┈┈┈┈┈┈┈┈┈┈┈┈┈┈┈┈┈
[INFO] [stderr] 
[INFO] [stderr] test tests/integrations/macros/pass/override_crate.rs [should pass] ... ok
[INFO] [stderr] 
[INFO] [stderr] STDERR:
[INFO] [stderr] ┈┈┈┈┈┈┈┈┈┈┈┈┈┈┈┈┈┈┈┈┈┈┈┈┈┈┈┈┈┈┈┈┈┈┈┈┈┈┈┈┈┈┈┈┈┈┈┈┈┈┈┈┈┈┈┈┈┈┈┈
[INFO] [stderr] warning: lint `unused_tuple_struct_fields` has been renamed to `dead_code`
[INFO] [stderr]   |
[INFO] [stderr]   = help: use the new name `dead_code`
[INFO] [stderr]   = note: requested on the command line with `-W unused_tuple_struct_fields`
[INFO] [stderr]   = note: `#[warn(renamed_and_removed_lints)]` on by default
[INFO] [stderr] 
[INFO] [stderr] warning: lint `pointer_structural_match` has been removed: converted into hard error, see RFC #3535 <https://rust-lang.github.io/rfcs/3535-constants-in-patterns.html> for more information
[INFO] [stderr]   |
[INFO] [stderr]   = note: requested on the command line with `-W pointer_structural_match`
[INFO] [stderr] ┈┈┈┈┈┈┈┈┈┈┈┈┈┈┈┈┈┈┈┈┈┈┈┈┈┈┈┈┈┈┈┈┈┈┈┈┈┈┈┈┈┈┈┈┈┈┈┈┈┈┈┈┈┈┈┈┈┈┈┈
[INFO] [stderr] 
[INFO] [stderr] test tests/integrations/macros/pass/override_crate_separate_attr.rs [should pass] ... ok
[INFO] [stderr] 
[INFO] [stderr] STDERR:
[INFO] [stderr] ┈┈┈┈┈┈┈┈┈┈┈┈┈┈┈┈┈┈┈┈┈┈┈┈┈┈┈┈┈┈┈┈┈┈┈┈┈┈┈┈┈┈┈┈┈┈┈┈┈┈┈┈┈┈┈┈┈┈┈┈
[INFO] [stderr] warning: lint `unused_tuple_struct_fields` has been renamed to `dead_code`
[INFO] [stderr]   |
[INFO] [stderr]   = help: use the new name `dead_code`
[INFO] [stderr]   = note: requested on the command line with `-W unused_tuple_struct_fields`
[INFO] [stderr]   = note: `#[warn(renamed_and_removed_lints)]` on by default
[INFO] [stderr] 
[INFO] [stderr] warning: lint `pointer_structural_match` has been removed: converted into hard error, see RFC #3535 <https://rust-lang.github.io/rfcs/3535-constants-in-patterns.html> for more information
[INFO] [stderr]   |
[INFO] [stderr]   = note: requested on the command line with `-W pointer_structural_match`
[INFO] [stderr] ┈┈┈┈┈┈┈┈┈┈┈┈┈┈┈┈┈┈┈┈┈┈┈┈┈┈┈┈┈┈┈┈┈┈┈┈┈┈┈┈┈┈┈┈┈┈┈┈┈┈┈┈┈┈┈┈┈┈┈┈
[INFO] [stderr] 
[INFO] [stderr] test tests/integrations/macros/compile_fail/duplicate_attr_key.rs [should fail to compile] ... mismatch
[INFO] [stderr] 
[INFO] [stderr] EXPECTED:
[INFO] [stderr] ┈┈┈┈┈┈┈┈┈┈┈┈┈┈┈┈┈┈┈┈┈┈┈┈┈┈┈┈┈┈┈┈┈┈┈┈┈┈┈┈┈┈┈┈┈┈┈┈┈┈┈┈┈┈┈┈┈┈┈┈
[INFO] [stderr] error: duplicate key-value pair
[INFO] [stderr]  --> tests/integrations/macros/compile_fail/duplicate_attr_key.rs:4:9
[INFO] [stderr]   |
[INFO] [stderr] 4 | #[wrath(error = EnvError)]
[INFO] [stderr]   |         ^^^^^
[INFO] [stderr] 
[INFO] [stderr] error: duplicate key-value pair
[INFO] [stderr]  --> tests/integrations/macros/compile_fail/duplicate_attr_key.rs:5:9
[INFO] [stderr]   |
[INFO] [stderr] 5 | #[wrath(error = EnvError)]
[INFO] [stderr]   |         ^^^^^
[INFO] [stderr] ┈┈┈┈┈┈┈┈┈┈┈┈┈┈┈┈┈┈┈┈┈┈┈┈┈┈┈┈┈┈┈┈┈┈┈┈┈┈┈┈┈┈┈┈┈┈┈┈┈┈┈┈┈┈┈┈┈┈┈┈
[INFO] [stderr] 
[INFO] [stderr] ACTUAL OUTPUT:
[INFO] [stderr] ┈┈┈┈┈┈┈┈┈┈┈┈┈┈┈┈┈┈┈┈┈┈┈┈┈┈┈┈┈┈┈┈┈┈┈┈┈┈┈┈┈┈┈┈┈┈┈┈┈┈┈┈┈┈┈┈┈┈┈┈
[INFO] [stderr] error: duplicate key-value pair
[INFO] [stderr]  --> tests/integrations/macros/compile_fail/duplicate_attr_key.rs:4:9
[INFO] [stderr]   |
[INFO] [stderr] 4 | #[wrath(error = EnvError)]
[INFO] [stderr]   |         ^^^^^^^^^^^^^^^^
[INFO] [stderr] 
[INFO] [stderr] error: duplicate key-value pair
[INFO] [stderr]  --> tests/integrations/macros/compile_fail/duplicate_attr_key.rs:5:9
[INFO] [stderr]   |
[INFO] [stderr] 5 | #[wrath(error = EnvError)]
[INFO] [stderr]   |         ^^^^^^^^^^^^^^^^
[INFO] [stderr] ┈┈┈┈┈┈┈┈┈┈┈┈┈┈┈┈┈┈┈┈┈┈┈┈┈┈┈┈┈┈┈┈┈┈┈┈┈┈┈┈┈┈┈┈┈┈┈┈┈┈┈┈┈┈┈┈┈┈┈┈
[INFO] [stderr] note: If the actual output is the correct output you can bless it by rerunning
[INFO] [stderr]       your test with the environment variable TRYBUILD=overwrite
[INFO] [stderr] 
[INFO] [stderr] test tests/integrations/macros/compile_fail/duplicate_attr_key_parens.rs [should fail to compile] ... mismatch
[INFO] [stderr] 
[INFO] [stderr] EXPECTED:
[INFO] [stderr] ┈┈┈┈┈┈┈┈┈┈┈┈┈┈┈┈┈┈┈┈┈┈┈┈┈┈┈┈┈┈┈┈┈┈┈┈┈┈┈┈┈┈┈┈┈┈┈┈┈┈┈┈┈┈┈┈┈┈┈┈
[INFO] [stderr] error: duplicate key-value pair
[INFO] [stderr]  --> tests/integrations/macros/compile_fail/duplicate_attr_key_parens.rs:4:9
[INFO] [stderr]   |
[INFO] [stderr] 4 | #[wrath(error(EnvError))]
[INFO] [stderr]   |         ^^^^^
[INFO] [stderr] 
[INFO] [stderr] error: duplicate key-value pair
[INFO] [stderr]  --> tests/integrations/macros/compile_fail/duplicate_attr_key_parens.rs:5:9
[INFO] [stderr]   |
[INFO] [stderr] 5 | #[wrath(error(EnvError))]
[INFO] [stderr]   |         ^^^^^
[INFO] [stderr] ┈┈┈┈┈┈┈┈┈┈┈┈┈┈┈┈┈┈┈┈┈┈┈┈┈┈┈┈┈┈┈┈┈┈┈┈┈┈┈┈┈┈┈┈┈┈┈┈┈┈┈┈┈┈┈┈┈┈┈┈
[INFO] [stderr] 
[INFO] [stderr] ACTUAL OUTPUT:
[INFO] [stderr] ┈┈┈┈┈┈┈┈┈┈┈┈┈┈┈┈┈┈┈┈┈┈┈┈┈┈┈┈┈┈┈┈┈┈┈┈┈┈┈┈┈┈┈┈┈┈┈┈┈┈┈┈┈┈┈┈┈┈┈┈
[INFO] [stderr] error: duplicate key-value pair
[INFO] [stderr]  --> tests/integrations/macros/compile_fail/duplicate_attr_key_parens.rs:4:9
[INFO] [stderr]   |
[INFO] [stderr] 4 | #[wrath(error(EnvError))]
[INFO] [stderr]   |         ^^^^^^^^^^^^^^^
[INFO] [stderr] 
[INFO] [stderr] error: duplicate key-value pair
[INFO] [stderr]  --> tests/integrations/macros/compile_fail/duplicate_attr_key_parens.rs:5:9
[INFO] [stderr]   |
[INFO] [stderr] 5 | #[wrath(error(EnvError))]
[INFO] [stderr]   |         ^^^^^^^^^^^^^^^
[INFO] [stderr] ┈┈┈┈┈┈┈┈┈┈┈┈┈┈┈┈┈┈┈┈┈┈┈┈┈┈┈┈┈┈┈┈┈┈┈┈┈┈┈┈┈┈┈┈┈┈┈┈┈┈┈┈┈┈┈┈┈┈┈┈
[INFO] [stderr] note: If the actual output is the correct output you can bless it by rerunning
[INFO] [stderr]       your test with the environment variable TRYBUILD=overwrite
[INFO] [stderr] 
[INFO] [stderr] test tests/integrations/macros/compile_fail/lacks_error.rs [should fail to compile] ... ok
[INFO] [stderr] test tests/integrations/macros/compile_fail/unparseable_attr_args.rs [should fail to compile] ... ok
[INFO] [stderr] test tests/integrations/macros/compile_fail/unrecognized_attr_key.rs [should fail to compile] ... ok
[INFO] [stderr] test tests/integrations/macros/compile_fail/unrecognized_attr_key_parens.rs [should fail to compile] ... ok
[INFO] [stderr] 
[INFO] [stderr] 
[INFO] [stdout] test macros ... FAILED
[INFO] [stdout] 
[INFO] [stdout] failures:
[INFO] [stdout] 
[INFO] [stdout] ---- macros stdout ----
[INFO] [stdout] thread 'macros' panicked at /opt/rustwide/cargo-home/registry/src/index.crates.io-6f17d22bba15001f/trybuild-1.0.85/src/run.rs:101:13:
[INFO] [stdout] 2 of 10 tests failed
[INFO] [stdout] stack backtrace:
[INFO] [stdout]    0:     0x5bbc601166ba - std::backtrace_rs::backtrace::libunwind::trace::h207520d6e9873551
[INFO] [stdout]                                at /rustc/df4ca44d3fbc9301ee17f30f4d474e6ae4b05252/library/std/src/../../backtrace/src/backtrace/libunwind.rs:116:5
[INFO] [stdout]    1:     0x5bbc601166ba - std::backtrace_rs::backtrace::trace_unsynchronized::h2ed7433f370e3eca
[INFO] [stdout]                                at /rustc/df4ca44d3fbc9301ee17f30f4d474e6ae4b05252/library/std/src/../../backtrace/src/backtrace/mod.rs:66:5
[INFO] [stdout]    2:     0x5bbc601166ba - std::sys::backtrace::_print_fmt::h916fac51166b18d7
[INFO] [stdout]                                at /rustc/df4ca44d3fbc9301ee17f30f4d474e6ae4b05252/library/std/src/sys/backtrace.rs:66:9
[INFO] [stdout]    3:     0x5bbc601166ba - <std::sys::backtrace::BacktraceLock::print::DisplayBacktrace as core::fmt::Display>::fmt::ha0a4c9b8ce3802e6
[INFO] [stdout]                                at /rustc/df4ca44d3fbc9301ee17f30f4d474e6ae4b05252/library/std/src/sys/backtrace.rs:39:26
[INFO] [stdout]    4:     0x5bbc60141173 - core::fmt::rt::Argument::fmt::h4cfc8587d52b3eb5
[INFO] [stdout]                                at /rustc/df4ca44d3fbc9301ee17f30f4d474e6ae4b05252/library/core/src/fmt/rt.rs:177:76
[INFO] [stdout]    5:     0x5bbc60141173 - core::fmt::write::h522cc39e5b36ae9f
[INFO] [stdout]                                at /rustc/df4ca44d3fbc9301ee17f30f4d474e6ae4b05252/library/core/src/fmt/mod.rs:1190:21
[INFO] [stdout]    6:     0x5bbc60112213 - std::io::Write::write_fmt::h7d3c26752da97734
[INFO] [stdout]                                at /rustc/df4ca44d3fbc9301ee17f30f4d474e6ae4b05252/library/std/src/io/mod.rs:1839:15
[INFO] [stdout]    7:     0x5bbc60116502 - std::sys::backtrace::BacktraceLock::print::h4b9e00b29e9c0942
[INFO] [stdout]                                at /rustc/df4ca44d3fbc9301ee17f30f4d474e6ae4b05252/library/std/src/sys/backtrace.rs:42:9
[INFO] [stdout]    8:     0x5bbc60117b4a - std::panicking::default_hook::{{closure}}::hb59b88280d0324d9
[INFO] [stdout]                                at /rustc/df4ca44d3fbc9301ee17f30f4d474e6ae4b05252/library/std/src/panicking.rs:268:22
[INFO] [stdout]    9:     0x5bbc60117954 - std::panicking::default_hook::he1dd496665be4a29
[INFO] [stdout]                                at /rustc/df4ca44d3fbc9301ee17f30f4d474e6ae4b05252/library/std/src/panicking.rs:292:9
[INFO] [stdout]   10:     0x5bbc600de839 - <alloc::boxed::Box<F,A> as core::ops::function::Fn<Args>>::call::h4ff71de18744e1dc
[INFO] [stdout]                                at /rustc/df4ca44d3fbc9301ee17f30f4d474e6ae4b05252/library/alloc/src/boxed.rs:2468:9
[INFO] [stdout]   11:     0x5bbc600de839 - test::test_main::{{closure}}::hcf7c055ce117aa81
[INFO] [stdout]                                at /rustc/df4ca44d3fbc9301ee17f30f4d474e6ae4b05252/library/test/src/lib.rs:133:21
[INFO] [stdout]   12:     0x5bbc60118248 - <alloc::boxed::Box<F,A> as core::ops::function::Fn<Args>>::call::h1d66c6bbd60c9692
[INFO] [stdout]                                at /rustc/df4ca44d3fbc9301ee17f30f4d474e6ae4b05252/library/alloc/src/boxed.rs:2468:9
[INFO] [stdout]   13:     0x5bbc60118248 - std::panicking::rust_panic_with_hook::h2ff17fe8f26dfcf8
[INFO] [stdout]                                at /rustc/df4ca44d3fbc9301ee17f30f4d474e6ae4b05252/library/std/src/panicking.rs:809:13
[INFO] [stdout]   14:     0x5bbc6011800a - std::panicking::begin_panic_handler::{{closure}}::h4fad77951c07e101
[INFO] [stdout]                                at /rustc/df4ca44d3fbc9301ee17f30f4d474e6ae4b05252/library/std/src/panicking.rs:674:13
[INFO] [stdout]   15:     0x5bbc60116b99 - std::sys::backtrace::__rust_end_short_backtrace::hb1a25b3da5d0ea08
[INFO] [stdout]                                at /rustc/df4ca44d3fbc9301ee17f30f4d474e6ae4b05252/library/std/src/sys/backtrace.rs:170:18
[INFO] [stdout]   16:     0x5bbc60117c9c - rust_begin_unwind
[INFO] [stdout]                                at /rustc/df4ca44d3fbc9301ee17f30f4d474e6ae4b05252/library/std/src/panicking.rs:665:5
[INFO] [stdout]   17:     0x5bbc6013ef40 - core::panicking::panic_fmt::ha9db07b529f9b256
[INFO] [stdout]                                at /rustc/df4ca44d3fbc9301ee17f30f4d474e6ae4b05252/library/core/src/panicking.rs:75:14
[INFO] [stdout]   18:     0x5bbc5ff1f43c - trybuild::run::<impl trybuild::Runner>::run::h5909dc0d76328c7e
[INFO] [stdout]                                at /opt/rustwide/cargo-home/registry/src/index.crates.io-6f17d22bba15001f/trybuild-1.0.85/src/run.rs:101:13
[INFO] [stdout]   19:     0x5bbc5ff24ab8 - <trybuild::TestCases as core::ops::drop::Drop>::drop::he2c7629a66397624
[INFO] [stdout]                                at /opt/rustwide/cargo-home/registry/src/index.crates.io-6f17d22bba15001f/trybuild-1.0.85/src/lib.rs:315:13
[INFO] [stdout]   20:     0x5bbc5fe10697 - core::ptr::drop_in_place<trybuild::TestCases>::h229ea3191fc58783
[INFO] [stdout]                                at /rustc/df4ca44d3fbc9301ee17f30f4d474e6ae4b05252/library/core/src/ptr/mod.rs:521:1
[INFO] [stdout]   21:     0x5bbc5fe1459b - integrations::macros::h1db0b46e3cbc1c0d
[INFO] [stdout]                                at /opt/rustwide/workdir/tests/integrations/main.rs:53:1
[INFO] [stdout]   22:     0x5bbc5fe14517 - integrations::macros::{{closure}}::hcdfc5961713bd781
[INFO] [stdout]                                at /opt/rustwide/workdir/tests/integrations/main.rs:49:12
[INFO] [stdout]   23:     0x5bbc5fe0fd76 - core::ops::function::FnOnce::call_once::h12bebf8daa30dab6
[INFO] [stdout]                                at /rustc/df4ca44d3fbc9301ee17f30f4d474e6ae4b05252/library/core/src/ops/function.rs:250:5
[INFO] [stdout]   24:     0x5bbc600e310b - core::ops::function::FnOnce::call_once::h22c3ba5715e93f05
[INFO] [stdout]                                at /rustc/df4ca44d3fbc9301ee17f30f4d474e6ae4b05252/library/core/src/ops/function.rs:250:5
[INFO] [stdout]   25:     0x5bbc600e310b - test::__rust_begin_short_backtrace::h8e82d8113d0da17f
[INFO] [stdout]                                at /rustc/df4ca44d3fbc9301ee17f30f4d474e6ae4b05252/library/test/src/lib.rs:621:18
[INFO] [stdout]   26:     0x5bbc600e2a87 - test::run_test_in_process::{{closure}}::h33235f4f20b7b7c7
[INFO] [stdout]                                at /rustc/df4ca44d3fbc9301ee17f30f4d474e6ae4b05252/library/test/src/lib.rs:644:60
[INFO] [stdout]   27:     0x5bbc600e2a87 - <core::panic::unwind_safe::AssertUnwindSafe<F> as core::ops::function::FnOnce<()>>::call_once::hb5043206310c586f
[INFO] [stdout]                                at /rustc/df4ca44d3fbc9301ee17f30f4d474e6ae4b05252/library/core/src/panic/unwind_safe.rs:272:9
[INFO] [stdout]   28:     0x5bbc600e2a87 - std::panicking::try::do_call::h9ad4731a60ab23e2
[INFO] [stdout]                                at /rustc/df4ca44d3fbc9301ee17f30f4d474e6ae4b05252/library/std/src/panicking.rs:557:40
[INFO] [stdout]   29:     0x5bbc600e2a87 - std::panicking::try::h3824d23db772a716
[INFO] [stdout]                                at /rustc/df4ca44d3fbc9301ee17f30f4d474e6ae4b05252/library/std/src/panicking.rs:520:19
[INFO] [stdout]   30:     0x5bbc600e2a87 - std::panic::catch_unwind::h5afd514605fde46b
[INFO] [stdout]                                at /rustc/df4ca44d3fbc9301ee17f30f4d474e6ae4b05252/library/std/src/panic.rs:358:14
[INFO] [stdout]   31:     0x5bbc600e2a87 - test::run_test_in_process::h0d5cbfa7067d1720
[INFO] [stdout]                                at /rustc/df4ca44d3fbc9301ee17f30f4d474e6ae4b05252/library/test/src/lib.rs:644:27
[INFO] [stdout]   32:     0x5bbc600e2a87 - test::run_test::{{closure}}::h708eb8872708115d
[INFO] [stdout]                                at /rustc/df4ca44d3fbc9301ee17f30f4d474e6ae4b05252/library/test/src/lib.rs:565:43
[INFO] [stdout]   33:     0x5bbc600a61a4 - test::run_test::{{closure}}::h392c51cee94713ab
[INFO] [stdout]                                at /rustc/df4ca44d3fbc9301ee17f30f4d474e6ae4b05252/library/test/src/lib.rs:595:41
[INFO] [stdout]   34:     0x5bbc600a61a4 - std::sys::backtrace::__rust_begin_short_backtrace::h2f40290710935a8b
[INFO] [stdout]                                at /rustc/df4ca44d3fbc9301ee17f30f4d474e6ae4b05252/library/std/src/sys/backtrace.rs:154:18
[INFO] [stdout]   35:     0x5bbc600a994e - std::thread::Builder::spawn_unchecked_::{{closure}}::{{closure}}::h3fd968d89053a903
[INFO] [stdout]                                at /rustc/df4ca44d3fbc9301ee17f30f4d474e6ae4b05252/library/std/src/thread/mod.rs:541:17
[INFO] [stdout]   36:     0x5bbc600a994e - <core::panic::unwind_safe::AssertUnwindSafe<F> as core::ops::function::FnOnce<()>>::call_once::h743f637ba4229880
[INFO] [stdout]                                at /rustc/df4ca44d3fbc9301ee17f30f4d474e6ae4b05252/library/core/src/panic/unwind_safe.rs:272:9
[INFO] [stdout]   37:     0x5bbc600a994e - std::panicking::try::do_call::h07440897322525a6
[INFO] [stdout]                                at /rustc/df4ca44d3fbc9301ee17f30f4d474e6ae4b05252/library/std/src/panicking.rs:557:40
[INFO] [stdout]   38:     0x5bbc600a994e - std::panicking::try::he5a2e00188156637
[INFO] [stdout]                                at /rustc/df4ca44d3fbc9301ee17f30f4d474e6ae4b05252/library/std/src/panicking.rs:520:19
[INFO] [stdout]   39:     0x5bbc600a994e - std::panic::catch_unwind::hbaf3cae49b3c6433
[INFO] [stdout]                                at /rustc/df4ca44d3fbc9301ee17f30f4d474e6ae4b05252/library/std/src/panic.rs:358:14
[INFO] [stdout]   40:     0x5bbc600a994e - std::thread::Builder::spawn_unchecked_::{{closure}}::h8e141ea224820bce
[INFO] [stdout]                                at /rustc/df4ca44d3fbc9301ee17f30f4d474e6ae4b05252/library/std/src/thread/mod.rs:540:30
[INFO] [stdout]   41:     0x5bbc600a994e - core::ops::function::FnOnce::call_once{{vtable.shim}}::h90d312fedd7b8ea8
[INFO] [stdout]                                at /rustc/df4ca44d3fbc9301ee17f30f4d474e6ae4b05252/library/core/src/ops/function.rs:250:5
[INFO] [stdout]   42:     0x5bbc6011d04b - <alloc::boxed::Box<F,A> as core::ops::function::FnOnce<Args>>::call_once::h69aa08ddb6adb8b6
[INFO] [stdout]                                at /rustc/df4ca44d3fbc9301ee17f30f4d474e6ae4b05252/library/alloc/src/boxed.rs:2454:9
[INFO] [stdout]   43:     0x5bbc6011d04b - <alloc::boxed::Box<F,A> as core::ops::function::FnOnce<Args>>::call_once::h5aa36efdb79c806f
[INFO] [stdout]                                at /rustc/df4ca44d3fbc9301ee17f30f4d474e6ae4b05252/library/alloc/src/boxed.rs:2454:9
[INFO] [stdout]   44:     0x5bbc6011d04b - std::sys::pal::unix::thread::Thread::new::thread_start::h6cd80a1b4be5158d
[INFO] [stdout]                                at /rustc/df4ca44d3fbc9301ee17f30f4d474e6ae4b05252/library/std/src/sys/pal/unix/thread.rs:105:17
[INFO] [stdout]   45:     0x73997ac45ac3 - <unknown>
[INFO] [stdout]   46:     0x73997acd6a04 - clone
[INFO] [stdout]   47:                0x0 - <unknown>
[INFO] [stdout] 
[INFO] [stdout] 
[INFO] [stdout] failures:
[INFO] [stdout]     macros
[INFO] [stdout] 
[INFO] [stdout] test result: FAILED. 19 passed; 1 failed; 0 ignored; 0 measured; 0 filtered out; finished in 4.09s
[INFO] [stdout] 
[INFO] [stderr] error: test failed, to rerun pass `--test integrations`
[INFO] running `Command { std: "docker" "inspect" "8648754dd4413df56ece7995a88fe7e8881e8dea300bd9f8a8e623c9ce6a291e", kill_on_drop: false }`
[INFO] running `Command { std: "docker" "rm" "-f" "8648754dd4413df56ece7995a88fe7e8881e8dea300bd9f8a8e623c9ce6a291e", kill_on_drop: false }`
[INFO] [stdout] 8648754dd4413df56ece7995a88fe7e8881e8dea300bd9f8a8e623c9ce6a291e
