[INFO] fetching crate wp_query_rs 0.4.1...
[INFO] testing wp_query_rs-0.4.1 against nightly-2024-10-28 for randomize-layout
[INFO] extracting crate wp_query_rs 0.4.1 into /workspace/builds/worker-4-tc1/source
[INFO] validating manifest of crates.io crate wp_query_rs 0.4.1 on toolchain nightly-2024-10-28
[INFO] running `Command { std: CARGO_HOME="/workspace/cargo-home" RUSTUP_HOME="/workspace/rustup-home" "/workspace/cargo-home/bin/cargo" "+nightly-2024-10-28" "metadata" "--manifest-path" "Cargo.toml" "--no-deps", kill_on_drop: false }`
[INFO] started tweaking crates.io crate wp_query_rs 0.4.1
[INFO] finished tweaking crates.io crate wp_query_rs 0.4.1
[INFO] tweaked toml for crates.io crate wp_query_rs 0.4.1 written to /workspace/builds/worker-4-tc1/source/Cargo.toml
[INFO] running `Command { std: CARGO_HOME="/workspace/cargo-home" RUSTUP_HOME="/workspace/rustup-home" "/workspace/cargo-home/bin/cargo" "+nightly-2024-10-28" "generate-lockfile" "--manifest-path" "Cargo.toml", kill_on_drop: false }`
[INFO] [stderr]     Updating crates.io index
[INFO] [stderr]      Locking 267 packages to latest compatible versions
[INFO] [stderr]       Adding ext-php-rs v0.10.5 (available: v0.12.0)
[INFO] [stderr]       Adding mysql v24.0.0 (available: v25.0.1)
[INFO] [stderr]       Adding mysql_common v0.30.6 (available: v0.32.4)
[INFO] running `Command { std: CARGO_HOME="/workspace/cargo-home" RUSTUP_HOME="/workspace/rustup-home" "/workspace/cargo-home/bin/cargo" "+nightly-2024-10-28" "fetch" "--manifest-path" "Cargo.toml", kill_on_drop: false }`
[INFO] [stderr]  Downloading crates ...
[INFO] [stderr]   Downloaded sql_paginatorr v0.1.2
[INFO] [stderr]   Downloaded mysql_common v0.30.6
[INFO] [stderr]   Downloaded ext-php-rs-derive v0.10.1
[INFO] [stderr]   Downloaded ext-php-rs v0.10.5
[INFO] [stderr]   Downloaded mysql v24.0.0
[INFO] running `Command { std: "docker" "create" "-v" "/var/lib/crater-agent-workspace/builds/worker-4-tc1/target:/opt/rustwide/target:rw,Z" "-v" "/var/lib/crater-agent-workspace/builds/worker-4-tc1/source:/opt/rustwide/workdir:ro,Z" "-v" "/var/lib/crater-agent-workspace/cargo-home:/opt/rustwide/cargo-home:ro,Z" "-v" "/var/lib/crater-agent-workspace/rustup-home:/opt/rustwide/rustup-home:ro,Z" "-e" "SOURCE_DIR=/opt/rustwide/workdir" "-e" "CARGO_TARGET_DIR=/opt/rustwide/target" "-e" "CARGO_HOME=/opt/rustwide/cargo-home" "-e" "RUSTUP_HOME=/opt/rustwide/rustup-home" "-w" "/opt/rustwide/workdir" "-m" "1610612736" "--user" "0:0" "--network" "none" "ghcr.io/rust-lang/crates-build-env/linux@sha256:4a844ea9eb2546a2d2c7022eacef16ef2e8229c7fbb2c7d4d55a9ceca922f72d" "/opt/rustwide/cargo-home/bin/cargo" "+nightly-2024-10-28" "metadata" "--no-deps" "--format-version=1", kill_on_drop: false }`
[INFO] [stdout] ff6a0b91cf16c3dd35d9d8e91c8ad10d367a5bd38a31c01f7825c3e5f87ca9d9
[INFO] running `Command { std: "docker" "start" "-a" "ff6a0b91cf16c3dd35d9d8e91c8ad10d367a5bd38a31c01f7825c3e5f87ca9d9", kill_on_drop: false }`
[INFO] running `Command { std: "docker" "inspect" "ff6a0b91cf16c3dd35d9d8e91c8ad10d367a5bd38a31c01f7825c3e5f87ca9d9", kill_on_drop: false }`
[INFO] running `Command { std: "docker" "rm" "-f" "ff6a0b91cf16c3dd35d9d8e91c8ad10d367a5bd38a31c01f7825c3e5f87ca9d9", kill_on_drop: false }`
[INFO] [stdout] ff6a0b91cf16c3dd35d9d8e91c8ad10d367a5bd38a31c01f7825c3e5f87ca9d9
[INFO] running `Command { std: "docker" "create" "-v" "/var/lib/crater-agent-workspace/builds/worker-4-tc1/target:/opt/rustwide/target:rw,Z" "-v" "/var/lib/crater-agent-workspace/builds/worker-4-tc1/source:/opt/rustwide/workdir:ro,Z" "-v" "/var/lib/crater-agent-workspace/cargo-home:/opt/rustwide/cargo-home:ro,Z" "-v" "/var/lib/crater-agent-workspace/rustup-home:/opt/rustwide/rustup-home:ro,Z" "-e" "SOURCE_DIR=/opt/rustwide/workdir" "-e" "CARGO_TARGET_DIR=/opt/rustwide/target" "-e" "CARGO_INCREMENTAL=0" "-e" "RUST_BACKTRACE=full" "-e" "RUSTFLAGS=--cap-lints=forbid" "-e" "RUSTDOCFLAGS=--cap-lints=forbid" "-e" "CARGO_HOME=/opt/rustwide/cargo-home" "-e" "RUSTUP_HOME=/opt/rustwide/rustup-home" "-w" "/opt/rustwide/workdir" "-m" "1610612736" "--user" "0:0" "--network" "none" "ghcr.io/rust-lang/crates-build-env/linux@sha256:4a844ea9eb2546a2d2c7022eacef16ef2e8229c7fbb2c7d4d55a9ceca922f72d" "/opt/rustwide/cargo-home/bin/cargo" "+nightly-2024-10-28" "build" "--frozen" "--message-format=json", kill_on_drop: false }`
[INFO] [stdout] 830a1216427a60714cdabb9f29ba6331226ed4aa5c96a9026c2eb990f3fac0b0
[INFO] running `Command { std: "docker" "start" "-a" "830a1216427a60714cdabb9f29ba6331226ed4aa5c96a9026c2eb990f3fac0b0", kill_on_drop: false }`
[INFO] [stderr]    Compiling proc-macro2 v1.0.89
[INFO] [stderr]    Compiling unicode-ident v1.0.13
[INFO] [stderr]    Compiling version_check v0.9.5
[INFO] [stderr]    Compiling cfg-if v1.0.0
[INFO] [stderr]    Compiling autocfg v1.4.0
[INFO] [stderr]    Compiling libc v0.2.161
[INFO] [stderr]    Compiling shlex v1.3.0
[INFO] [stderr]    Compiling memchr v2.7.4
[INFO] [stderr]    Compiling typenum v1.17.0
[INFO] [stderr]    Compiling static_assertions v1.1.0
[INFO] [stderr]    Compiling byteorder v1.5.0
[INFO] [stderr]    Compiling cc v1.1.31
[INFO] [stderr]    Compiling generic-array v0.14.7
[INFO] [stderr]    Compiling glob v0.3.1
[INFO] [stderr]    Compiling lexical-util v0.8.5
[INFO] [stderr]    Compiling num-traits v0.2.19
[INFO] [stderr]    Compiling crossbeam-utils v0.8.20
[INFO] [stderr]    Compiling quote v1.0.37
[INFO] [stderr]    Compiling clang-sys v1.8.1
[INFO] [stderr]    Compiling syn v2.0.86
[INFO] [stderr]    Compiling once_cell v1.20.2
[INFO] [stderr]    Compiling minimal-lexical v0.2.1
[INFO] [stderr]    Compiling regex-syntax v0.8.5
[INFO] [stderr]    Compiling getrandom v0.2.15
[INFO] [stderr]    Compiling nom v7.1.3
[INFO] [stderr]    Compiling proc-macro-error-attr v1.0.4
[INFO] [stderr]    Compiling libloading v0.8.5
[INFO] [stderr]    Compiling bindgen v0.70.1
[INFO] [stderr]    Compiling syn v1.0.109
[INFO] [stderr]    Compiling hashbrown v0.15.0
[INFO] [stderr]    Compiling equivalent v1.0.1
[INFO] [stderr]    Compiling pkg-config v0.3.31
[INFO] [stderr]    Compiling regex-automata v0.4.8
[INFO] [stderr]    Compiling strsim v0.11.1
[INFO] [stderr]    Compiling serde v1.0.214
[INFO] [stderr]    Compiling frunk_core v0.4.3
[INFO] [stderr]    Compiling ident_case v1.0.1
[INFO] [stderr]    Compiling vcpkg v0.2.15
[INFO] [stderr]    Compiling either v1.13.0
[INFO] [stderr]    Compiling fnv v1.0.7
[INFO] [stderr]    Compiling indexmap v2.6.0
[INFO] [stderr]    Compiling itertools v0.13.0
[INFO] [stderr]    Compiling block-buffer v0.10.4
[INFO] [stderr]    Compiling crypto-common v0.1.6
[INFO] [stderr]    Compiling rand_core v0.6.4
[INFO] [stderr]    Compiling cexpr v0.6.0
[INFO] [stderr]    Compiling libz-sys v1.1.20
[INFO] [stderr]    Compiling lexical-parse-integer v0.8.6
[INFO] [stderr]    Compiling lexical-write-integer v0.8.5
[INFO] [stderr]    Compiling proc-macro-error v1.0.4
[INFO] [stderr]    Compiling ahash v0.8.11
[INFO] [stderr]    Compiling regex v1.11.1
[INFO] [stderr]    Compiling bitflags v2.6.0
[INFO] [stderr]    Compiling winnow v0.5.40
[INFO] [stderr]    Compiling radium v0.7.0
[INFO] [stderr]    Compiling rustc-hash v1.1.0
[INFO] [stderr]    Compiling tinyvec_macros v0.1.1
[INFO] [stderr]    Compiling thiserror v1.0.66
[INFO] [stderr]    Compiling toml_datetime v0.6.8
[INFO] [stderr]    Compiling tinyvec v1.8.0
[INFO] [stderr]    Compiling frunk_proc_macro_helpers v0.1.3
[INFO] [stderr]    Compiling darling_core v0.20.10
[INFO] [stderr]    Compiling num-integer v0.1.46
[INFO] [stderr]    Compiling lexical-write-float v0.8.5
[INFO] [stderr]    Compiling lexical-parse-float v0.8.5
[INFO] [stderr]    Compiling digest v0.10.7
[INFO] [stderr]    Compiling cmake v0.1.51
[INFO] [stderr]    Compiling subprocess v0.2.9
[INFO] [stderr]    Compiling aho-corasick v1.1.3
[INFO] [stderr]    Compiling cpufeatures v0.2.14
[INFO] [stderr]    Compiling powerfmt v0.2.0
[INFO] [stderr]    Compiling toml_edit v0.19.15
[INFO] [stderr]    Compiling serde_json v1.0.132
[INFO] [stderr]    Compiling tap v1.0.1
[INFO] [stderr]    Compiling zerocopy-derive v0.7.35
[INFO] [stderr]    Compiling serde_derive v1.0.214
[INFO] [stderr]    Compiling zerocopy v0.7.35
[INFO] [stderr]    Compiling thiserror-impl v1.0.66
[INFO] [stderr]    Compiling darling_macro v0.20.10
[INFO] [stderr]    Compiling rust_decimal v1.36.0
[INFO] [stderr]    Compiling proc-macro-crate v1.3.1
[INFO] [stderr]    Compiling ppv-lite86 v0.2.20
[INFO] [stderr]    Compiling rand_chacha v0.3.1
[INFO] [stderr]    Compiling darling v0.20.10
[INFO] [stderr]    Compiling wyz v0.5.1
[INFO] [stderr]    Compiling rand v0.8.5
[INFO] [stderr]    Compiling frunk_derives v0.4.3
[INFO] [stderr]    Compiling frunk_proc_macros v0.1.3
[INFO] [stderr]    Compiling deranged v0.3.11
[INFO] [stderr]    Compiling num-bigint v0.4.6
[INFO] [stderr]    Compiling lexical-core v0.8.5
[INFO] [stderr]    Compiling unicode-normalization v0.1.24
[INFO] [stderr]    Compiling crossbeam-epoch v0.9.18
[INFO] [stderr]    Compiling crc32fast v1.4.2
[INFO] [stderr]    Compiling ryu v1.0.18
[INFO] [stderr]    Compiling itoa v1.0.11
[INFO] [stderr]    Compiling termcolor v1.4.1
[INFO] [stderr]    Compiling heck v0.4.1
[INFO] [stderr]    Compiling funty v2.0.0
[INFO] [stderr]    Compiling percent-encoding v2.3.1
[INFO] [stderr]    Compiling num-conv v0.1.0
[INFO] [stderr]    Compiling arrayvec v0.7.6
[INFO] [stderr]    Compiling time-core v0.1.2
[INFO] [stderr]    Compiling base64 v0.21.7
[INFO] [stderr]    Compiling unicode-bidi v0.3.17
[INFO] [stderr]    Compiling time v0.3.36
[INFO] [stderr]    Compiling bitvec v1.0.1
[INFO] [stderr]    Compiling mysql-common-derive v0.30.2
[INFO] [stderr]    Compiling mysql_common v0.30.6
[INFO] [stderr]    Compiling idna v0.5.0
[INFO] [stderr]    Compiling frunk v0.4.3
[INFO] [stderr]    Compiling form_urlencoded v1.2.1
[INFO] [stderr]    Compiling bigdecimal v0.3.1
[INFO] [stderr]    Compiling crossbeam-deque v0.8.5
[INFO] [stderr]    Compiling flate2 v1.0.34
[INFO] [stderr]    Compiling lexical v6.1.1
[INFO] [stderr]    Compiling hashbrown v0.13.2
[INFO] [stderr]    Compiling sha2 v0.10.8
[INFO] [stderr]    Compiling sha1 v0.10.6
[INFO] [stderr]    Compiling derive_utils v0.14.2
[INFO] [stderr]    Compiling crossbeam-channel v0.5.13
[INFO] [stderr]    Compiling crossbeam-queue v0.3.11
[INFO] [stderr]    Compiling mysql v24.0.0
[INFO] [stderr]    Compiling bytes v1.8.0
[INFO] [stderr]    Compiling lazy_static v1.5.0
[INFO] [stderr]    Compiling smallvec v1.13.2
[INFO] [stderr]    Compiling uuid v1.11.0
[INFO] [stderr]    Compiling saturating v0.1.0
[INFO] [stderr]    Compiling crossbeam v0.8.4
[INFO] [stderr]    Compiling lru v0.10.1
[INFO] [stderr]    Compiling io-enum v1.1.3
[INFO] [stderr]    Compiling url v2.5.2
[INFO] [stderr]    Compiling pem v2.0.1
[INFO] [stderr]    Compiling twox-hash v1.6.3
[INFO] [stderr]    Compiling socket2 v0.5.7
[INFO] [stderr]    Compiling iana-time-zone v0.1.61
[INFO] [stderr]    Compiling bufstream v0.1.4
[INFO] [stderr]    Compiling sql_paginatorr v0.1.2
[INFO] [stderr]    Compiling chrono v0.4.38
[INFO] [stderr]    Compiling wp_query_rs v0.4.1 (/opt/rustwide/workdir)
[INFO] [stdout] warning: struct `CommentCount` is never constructed
[INFO] [stdout]    --> src/params.rs:148:12
[INFO] [stdout]     |
[INFO] [stdout] 148 | pub struct CommentCount {
[INFO] [stdout]     |            ^^^^^^^^^^^^
[INFO] [stdout]     |
[INFO] [stdout]     = note: `CommentCount` has a derived impl for the trait `Debug`, but this is intentionally ignored during dead code analysis
[INFO] [stdout]     = note: `#[warn(dead_code)]` on by default
[INFO] [stdout] 
[INFO] [stdout] 
[INFO] [stdout] warning: methods `page_id`, `pagename`, `comment_count`, `ignore_sticky_posts`, `m`, and `post_mime_type` are never used
[INFO] [stdout]    --> src/params/param_builder.rs:165:8
[INFO] [stdout]     |
[INFO] [stdout] 51  | impl<'a> ParamBuilder<'a> {
[INFO] [stdout]     | ------------------------- methods in this implementation
[INFO] [stdout] ...
[INFO] [stdout] 165 |     fn page_id(self) -> Self {
[INFO] [stdout]     |        ^^^^^^^
[INFO] [stdout] ...
[INFO] [stdout] 169 |     fn pagename(self) -> Self {
[INFO] [stdout]     |        ^^^^^^^^
[INFO] [stdout] ...
[INFO] [stdout] 173 |     fn comment_count(mut self, count: u64) -> Self {
[INFO] [stdout]     |        ^^^^^^^^^^^^^
[INFO] [stdout] ...
[INFO] [stdout] 192 |     fn ignore_sticky_posts(self) -> Self {
[INFO] [stdout]     |        ^^^^^^^^^^^^^^^^^^^
[INFO] [stdout] ...
[INFO] [stdout] 287 |     fn m(mut self, m: u64) -> Self {
[INFO] [stdout]     |        ^
[INFO] [stdout] ...
[INFO] [stdout] 309 |     fn post_mime_type(self) -> Self {
[INFO] [stdout]     |        ^^^^^^^^^^^^^^
[INFO] [stdout] 
[INFO] [stdout] 
[INFO] [stdout] warning: variants `Equals`, `NotEquals`, `GreaterThan`, `LessThan`, `GreaterThanOrEqualTo`, and `LessThanOrEqualTo` are never constructed
[INFO] [stdout]   --> src/sql.rs:57:5
[INFO] [stdout]    |
[INFO] [stdout] 56 | pub enum SqlCompareOperator {
[INFO] [stdout]    |          ------------------ variants in this enum
[INFO] [stdout] 57 |     Equals,
[INFO] [stdout]    |     ^^^^^^
[INFO] [stdout] 58 |     NotEquals,
[INFO] [stdout]    |     ^^^^^^^^^
[INFO] [stdout] 59 |     GreaterThan,
[INFO] [stdout]    |     ^^^^^^^^^^^
[INFO] [stdout] 60 |     LessThan,
[INFO] [stdout]    |     ^^^^^^^^
[INFO] [stdout] 61 |     GreaterThanOrEqualTo,
[INFO] [stdout]    |     ^^^^^^^^^^^^^^^^^^^^
[INFO] [stdout] 62 |     LessThanOrEqualTo,
[INFO] [stdout]    |     ^^^^^^^^^^^^^^^^^
[INFO] [stdout]    |
[INFO] [stdout]    = note: `SqlCompareOperator` has a derived impl for the trait `Debug`, but this is intentionally ignored during dead code analysis
[INFO] [stdout] 
[INFO] [stdout] 
[INFO] [stdout] warning: multiple variants are never constructed
[INFO] [stdout]   --> src/sql/cast_type.rs:3:5
[INFO] [stdout]    |
[INFO] [stdout] 2  | pub enum CastType {
[INFO] [stdout]    |          -------- variants in this enum
[INFO] [stdout] 3  |     Numeric,
[INFO] [stdout]    |     ^^^^^^^
[INFO] [stdout] 4  |     Binary,
[INFO] [stdout]    |     ^^^^^^
[INFO] [stdout] 5  |     Char,
[INFO] [stdout]    |     ^^^^
[INFO] [stdout] 6  |     Date,
[INFO] [stdout]    |     ^^^^
[INFO] [stdout] 7  |     Datetime,
[INFO] [stdout]    |     ^^^^^^^^
[INFO] [stdout] 8  |     Decimal,
[INFO] [stdout]    |     ^^^^^^^
[INFO] [stdout] 9  |     Signed,
[INFO] [stdout]    |     ^^^^^^
[INFO] [stdout] 10 |     Time,
[INFO] [stdout]    |     ^^^^
[INFO] [stdout] 11 |     Unsigned,
[INFO] [stdout]    |     ^^^^^^^^
[INFO] [stdout]    |
[INFO] [stdout]    = note: `CastType` has a derived impl for the trait `Debug`, but this is intentionally ignored during dead code analysis
[INFO] [stdout] 
[INFO] [stdout] 
[INFO] [stdout] warning: struct `WpComment` is never constructed
[INFO] [stdout]   --> src/wp_comment.rs:15:12
[INFO] [stdout]    |
[INFO] [stdout] 15 | pub struct WpComment {
[INFO] [stdout]    |            ^^^^^^^^^
[INFO] [stdout]    |
[INFO] [stdout]    = note: `WpComment` has a derived impl for the trait `Debug`, but this is intentionally ignored during dead code analysis
[INFO] [stdout] 
[INFO] [stdout] 
[INFO] [stdout] warning: associated function `new` is never used
[INFO] [stdout]   --> src/wp_comment.rs:35:12
[INFO] [stdout]    |
[INFO] [stdout] 34 | impl WpComment {
[INFO] [stdout]    | -------------- associated function in this implementation
[INFO] [stdout] 35 |     pub fn new(user_id: u64) -> Self {
[INFO] [stdout]    |            ^^^
[INFO] [stdout] 
[INFO] [stdout] 
[INFO] [stdout] warning: multiple fields are never read
[INFO] [stdout]   --> src/wp_comment/arg_builder.rs:19:9
[INFO] [stdout]    |
[INFO] [stdout] 18 | pub struct WpCommentQueryArgs {
[INFO] [stdout]    |            ------------------ fields in this struct
[INFO] [stdout] 19 |     pub author_email: Option<String>,
[INFO] [stdout]    |         ^^^^^^^^^^^^
[INFO] [stdout] 20 |     pub author_url: Option<String>,
[INFO] [stdout]    |         ^^^^^^^^^^
[INFO] [stdout] 21 |     pub author__in: Option<Vec<u64>>,
[INFO] [stdout]    |         ^^^^^^^^^^
[INFO] [stdout] 22 |     pub author__not_in: Option<Vec<u64>>,
[INFO] [stdout]    |         ^^^^^^^^^^^^^^
[INFO] [stdout] 23 |     pub comment__in: Option<Vec<u64>>,
[INFO] [stdout]    |         ^^^^^^^^^^^
[INFO] [stdout] 24 |     pub comment__not_in: Option<Vec<u64>>,
[INFO] [stdout]    |         ^^^^^^^^^^^^^^^
[INFO] [stdout] 25 |     pub count: bool,
[INFO] [stdout]    |         ^^^^^
[INFO] [stdout] 26 |     // TODO
[INFO] [stdout] 27 |     pub date_query: Option<DateQuery>,
[INFO] [stdout]    |         ^^^^^^^^^^
[INFO] [stdout] 28 |     pub fields: Fields,
[INFO] [stdout]    |         ^^^^^^
[INFO] [stdout] 29 |     pub include_unapproved: Option<Vec<u64>>,
[INFO] [stdout]    |         ^^^^^^^^^^^^^^^^^^
[INFO] [stdout] 30 |     pub karma: Option<u64>,
[INFO] [stdout]    |         ^^^^^
[INFO] [stdout] 31 |     pub meta_key: Option<Vec<String>>,
[INFO] [stdout]    |         ^^^^^^^^
[INFO] [stdout] 32 |     pub meta_value: Option<Vec<String>>,
[INFO] [stdout]    |         ^^^^^^^^^^
[INFO] [stdout] 33 |     pub meta_compare: SqlCompareOperator,
[INFO] [stdout]    |         ^^^^^^^^^^^^
[INFO] [stdout] 34 |     pub meta_type: CastType,
[INFO] [stdout]    |         ^^^^^^^^^
[INFO] [stdout] ...
[INFO] [stdout] 40 |     pub meta_query: Option<HashMap<MetaRelation, Vec<MetaQuery>>>,
[INFO] [stdout]    |         ^^^^^^^^^^
[INFO] [stdout] 41 |     pub number: Option<u64>,
[INFO] [stdout]    |         ^^^^^^
[INFO] [stdout] 42 |     pub paged: Option<u64>,
[INFO] [stdout]    |         ^^^^^
[INFO] [stdout] 43 |     pub offset: Option<u64>,
[INFO] [stdout]    |         ^^^^^^
[INFO] [stdout] 44 |     pub orderby: Orderby,
[INFO] [stdout]    |         ^^^^^^^
[INFO] [stdout] 45 |     pub order: SqlOrder,
[INFO] [stdout]    |         ^^^^^
[INFO] [stdout] 46 |     pub parent: Option<u64>,
[INFO] [stdout]    |         ^^^^^^
[INFO] [stdout] 47 |     pub parent__in: Option<Vec<u64>>,
[INFO] [stdout]    |         ^^^^^^^^^^
[INFO] [stdout] 48 |     pub parent__not_in: Option<Vec<u64>>,
[INFO] [stdout]    |         ^^^^^^^^^^^^^^
[INFO] [stdout] 49 |     pub post_author__in: Option<Vec<u64>>,
[INFO] [stdout]    |         ^^^^^^^^^^^^^^^
[INFO] [stdout] 50 |     pub post_author__not_in: Option<Vec<u64>>,
[INFO] [stdout]    |         ^^^^^^^^^^^^^^^^^^^
[INFO] [stdout] 51 |     pub post_id: Option<u64>,
[INFO] [stdout]    |         ^^^^^^^
[INFO] [stdout] 52 |     pub post__in: Option<Vec<u64>>,
[INFO] [stdout]    |         ^^^^^^^^
[INFO] [stdout] 53 |     pub post__not_in: Option<Vec<u64>>,
[INFO] [stdout]    |         ^^^^^^^^^^^^
[INFO] [stdout] 54 |     pub post_author: Option<u64>,
[INFO] [stdout]    |         ^^^^^^^^^^^
[INFO] [stdout] 55 |     pub post_status: Option<PostStatus>,
[INFO] [stdout]    |         ^^^^^^^^^^^
[INFO] [stdout] 56 |     pub post_type: Option<Vec<String>>,
[INFO] [stdout]    |         ^^^^^^^^^
[INFO] [stdout] 57 |     pub post_name: Option<String>,
[INFO] [stdout]    |         ^^^^^^^^^
[INFO] [stdout] 58 |     pub post_parent: Option<u64>,
[INFO] [stdout]    |         ^^^^^^^^^^^
[INFO] [stdout] 59 |     pub search: Option<String>,
[INFO] [stdout]    |         ^^^^^^
[INFO] [stdout] 60 |     pub status: Option<CommentApproved>,
[INFO] [stdout]    |         ^^^^^^
[INFO] [stdout] 61 |     pub comment_type: Option<CommentType>,
[INFO] [stdout]    |         ^^^^^^^^^^^^
[INFO] [stdout] 62 |     pub comment_type__in: Option<Vec<CommentType>>,
[INFO] [stdout]    |         ^^^^^^^^^^^^^^^^
[INFO] [stdout] 63 |     pub comment_type__not_in: Option<Vec<CommentType>>,
[INFO] [stdout]    |         ^^^^^^^^^^^^^^^^^^^^
[INFO] [stdout] 64 |     pub user_id: Option<u64>,
[INFO] [stdout]    |         ^^^^^^^
[INFO] [stdout] 65 |     pub hierarchical: Option<Hierarchy>,
[INFO] [stdout]    |         ^^^^^^^^^^^^
[INFO] [stdout]    |
[INFO] [stdout]    = note: `WpCommentQueryArgs` has a derived impl for the trait `Debug`, but this is intentionally ignored during dead code analysis
[INFO] [stdout] 
[INFO] [stdout] 
[INFO] [stdout] warning: associated function `new` is never used
[INFO] [stdout]   --> src/wp_comment/arg_builder.rs:73:12
[INFO] [stdout]    |
[INFO] [stdout] 72 | impl WpCommentArgBuilder {
[INFO] [stdout]    | ------------------------ associated function in this implementation
[INFO] [stdout] 73 |     pub fn new() -> Self {
[INFO] [stdout]    |            ^^^
[INFO] [stdout] 
[INFO] [stdout] 
[INFO] [stdout] warning: variants `All` and `Ids` are never constructed
[INFO] [stdout]  --> src/wp_comment/arg_builder/fields.rs:4:5
[INFO] [stdout]   |
[INFO] [stdout] 3 | pub enum Fields {
[INFO] [stdout]   |          ------ variants in this enum
[INFO] [stdout] 4 |     All,
[INFO] [stdout]   |     ^^^
[INFO] [stdout] 5 |     Ids,
[INFO] [stdout]   |     ^^^
[INFO] [stdout]   |
[INFO] [stdout]   = note: `Fields` has a derived impl for the trait `Debug`, but this is intentionally ignored during dead code analysis
[INFO] [stdout] 
[INFO] [stdout] 
[INFO] [stdout] warning: variants `Threaded`, `Flat`, and `False` are never constructed
[INFO] [stdout]  --> src/wp_comment/arg_builder/hierarchical.rs:4:5
[INFO] [stdout]   |
[INFO] [stdout] 2 | pub enum Hierarchy {
[INFO] [stdout]   |          --------- variants in this enum
[INFO] [stdout] 3 |     /// Retrieves comment tree to the nth depth.
[INFO] [stdout] 4 |     Threaded(u8),
[INFO] [stdout]   |     ^^^^^^^^
[INFO] [stdout] 5 |     /// 'flat' returns a flat array of found comments plus their children.
[INFO] [stdout] 6 |     Flat,
[INFO] [stdout]   |     ^^^^
[INFO] [stdout] 7 |     /// leaves out descendants.
[INFO] [stdout] 8 |     False,
[INFO] [stdout]   |     ^^^^^
[INFO] [stdout]   |
[INFO] [stdout]   = note: `Hierarchy` has a derived impl for the trait `Debug`, but this is intentionally ignored during dead code analysis
[INFO] [stdout] 
[INFO] [stdout] 
[INFO] [stdout] warning: multiple variants are never constructed
[INFO] [stdout]   --> src/wp_comment/arg_builder/orderby.rs:3:5
[INFO] [stdout]    |
[INFO] [stdout] 2  | pub enum Orderby {
[INFO] [stdout]    |          ------- variants in this enum
[INFO] [stdout] 3  |     Agent,
[INFO] [stdout]    |     ^^^^^
[INFO] [stdout] 4  |     Approved,
[INFO] [stdout]    |     ^^^^^^^^
[INFO] [stdout] 5  |     Author,
[INFO] [stdout]    |     ^^^^^^
[INFO] [stdout] 6  |     AuthorEmail,
[INFO] [stdout]    |     ^^^^^^^^^^^
[INFO] [stdout] 7  |     AuthorIp,
[INFO] [stdout]    |     ^^^^^^^^
[INFO] [stdout] 8  |     AuthorUrl,
[INFO] [stdout]    |     ^^^^^^^^^
[INFO] [stdout] 9  |     Content,
[INFO] [stdout]    |     ^^^^^^^
[INFO] [stdout] 10 |     Date,
[INFO] [stdout]    |     ^^^^
[INFO] [stdout] 11 |     DateGmt,
[INFO] [stdout]    |     ^^^^^^^
[INFO] [stdout] 12 |     Id,
[INFO] [stdout]    |     ^^
[INFO] [stdout] 13 |     Karma,
[INFO] [stdout]    |     ^^^^^
[INFO] [stdout] 14 |     Parent,
[INFO] [stdout]    |     ^^^^^^
[INFO] [stdout] 15 |     PostId,
[INFO] [stdout]    |     ^^^^^^
[INFO] [stdout] 16 |     Type,
[INFO] [stdout]    |     ^^^^
[INFO] [stdout] 17 |     UserId,
[INFO] [stdout]    |     ^^^^^^
[INFO] [stdout] 18 |     MetaValue(String),
[INFO] [stdout]    |     ^^^^^^^^^
[INFO] [stdout] 19 |     MetaKey(String),
[INFO] [stdout]    |     ^^^^^^^
[INFO] [stdout] 20 |     None,
[INFO] [stdout]    |     ^^^^
[INFO] [stdout]    |
[INFO] [stdout]    = note: `Orderby` has a derived impl for the trait `Debug`, but this is intentionally ignored during dead code analysis
[INFO] [stdout] 
[INFO] [stdout] 
[INFO] [stdout] warning: variants `Approved`, `Hold`, `All`, and `Custom` are never constructed
[INFO] [stdout]  --> src/wp_comment/comment_approved.rs:3:5
[INFO] [stdout]   |
[INFO] [stdout] 2 | pub enum CommentApproved {
[INFO] [stdout]   |          --------------- variants in this enum
[INFO] [stdout] 3 |     Approved,
[INFO] [stdout]   |     ^^^^^^^^
[INFO] [stdout] 4 |     Hold,
[INFO] [stdout]   |     ^^^^
[INFO] [stdout] 5 |     All,
[INFO] [stdout]   |     ^^^
[INFO] [stdout] 6 |     Custom(String),
[INFO] [stdout]   |     ^^^^^^
[INFO] [stdout]   |
[INFO] [stdout]   = note: `CommentApproved` has a derived impl for the trait `Debug`, but this is intentionally ignored during dead code analysis
[INFO] [stdout] 
[INFO] [stdout] 
[INFO] [stdout] warning: variants `Comment`, `Pingback`, `Trackback`, and `Custom` are never constructed
[INFO] [stdout]  --> src/wp_comment/comment_type.rs:3:5
[INFO] [stdout]   |
[INFO] [stdout] 2 | pub enum CommentType {
[INFO] [stdout]   |          ----------- variants in this enum
[INFO] [stdout] 3 |     Comment,
[INFO] [stdout]   |     ^^^^^^^
[INFO] [stdout] 4 |     Pingback,
[INFO] [stdout]   |     ^^^^^^^^
[INFO] [stdout] 5 |     Trackback,
[INFO] [stdout]   |     ^^^^^^^^^
[INFO] [stdout] 6 |     Custom(String),
[INFO] [stdout]   |     ^^^^^^
[INFO] [stdout]   |
[INFO] [stdout]   = note: `CommentType` has a derived impl for the trait `Debug`, but this is intentionally ignored during dead code analysis
[INFO] [stdout] 
[INFO] [stdout] 
[INFO] [stderr]     Finished `dev` profile [unoptimized + debuginfo] target(s) in 1m 04s
[INFO] running `Command { std: "docker" "inspect" "830a1216427a60714cdabb9f29ba6331226ed4aa5c96a9026c2eb990f3fac0b0", kill_on_drop: false }`
[INFO] running `Command { std: "docker" "rm" "-f" "830a1216427a60714cdabb9f29ba6331226ed4aa5c96a9026c2eb990f3fac0b0", kill_on_drop: false }`
[INFO] [stdout] 830a1216427a60714cdabb9f29ba6331226ed4aa5c96a9026c2eb990f3fac0b0
[INFO] running `Command { std: "docker" "create" "-v" "/var/lib/crater-agent-workspace/builds/worker-4-tc1/target:/opt/rustwide/target:rw,Z" "-v" "/var/lib/crater-agent-workspace/builds/worker-4-tc1/source:/opt/rustwide/workdir:ro,Z" "-v" "/var/lib/crater-agent-workspace/cargo-home:/opt/rustwide/cargo-home:ro,Z" "-v" "/var/lib/crater-agent-workspace/rustup-home:/opt/rustwide/rustup-home:ro,Z" "-e" "SOURCE_DIR=/opt/rustwide/workdir" "-e" "CARGO_TARGET_DIR=/opt/rustwide/target" "-e" "CARGO_INCREMENTAL=0" "-e" "RUST_BACKTRACE=full" "-e" "RUSTFLAGS=--cap-lints=forbid" "-e" "RUSTDOCFLAGS=--cap-lints=forbid" "-e" "CARGO_HOME=/opt/rustwide/cargo-home" "-e" "RUSTUP_HOME=/opt/rustwide/rustup-home" "-w" "/opt/rustwide/workdir" "-m" "1610612736" "--user" "0:0" "--network" "none" "ghcr.io/rust-lang/crates-build-env/linux@sha256:4a844ea9eb2546a2d2c7022eacef16ef2e8229c7fbb2c7d4d55a9ceca922f72d" "/opt/rustwide/cargo-home/bin/cargo" "+nightly-2024-10-28" "test" "--frozen" "--no-run" "--message-format=json", kill_on_drop: false }`
[INFO] [stdout] d7bfa86e8f5f5efa327deff53c817adea5b8e3827505de68757db539871a3591
[INFO] running `Command { std: "docker" "start" "-a" "d7bfa86e8f5f5efa327deff53c817adea5b8e3827505de68757db539871a3591", kill_on_drop: false }`
[INFO] [stdout] warning: struct `CommentCount` is never constructed
[INFO] [stdout]    --> src/params.rs:148:12
[INFO] [stdout]     |
[INFO] [stdout] 148 | pub struct CommentCount {
[INFO] [stdout]     |            ^^^^^^^^^^^^
[INFO] [stdout]     |
[INFO] [stdout]     = note: `CommentCount` has a derived impl for the trait `Debug`, but this is intentionally ignored during dead code analysis
[INFO] [stdout]     = note: `#[warn(dead_code)]` on by default
[INFO] [stdout] 
[INFO] [stdout] 
[INFO] [stdout] warning: methods `page_id`, `pagename`, `comment_count`, `ignore_sticky_posts`, `m`, and `post_mime_type` are never used
[INFO] [stdout]    --> src/params/param_builder.rs:165:8
[INFO] [stdout]     |
[INFO] [stdout] 51  | impl<'a> ParamBuilder<'a> {
[INFO] [stdout]     | ------------------------- methods in this implementation
[INFO] [stdout] ...
[INFO] [stdout] 165 |     fn page_id(self) -> Self {
[INFO] [stdout]     |        ^^^^^^^
[INFO] [stdout] ...
[INFO] [stdout] 169 |     fn pagename(self) -> Self {
[INFO] [stdout]     |        ^^^^^^^^
[INFO] [stdout] ...
[INFO] [stdout] 173 |     fn comment_count(mut self, count: u64) -> Self {
[INFO] [stdout]     |        ^^^^^^^^^^^^^
[INFO] [stdout] ...
[INFO] [stdout] 192 |     fn ignore_sticky_posts(self) -> Self {
[INFO] [stdout]     |        ^^^^^^^^^^^^^^^^^^^
[INFO] [stdout] ...
[INFO] [stdout] 287 |     fn m(mut self, m: u64) -> Self {
[INFO] [stdout]     |        ^
[INFO] [stdout] ...
[INFO] [stdout] 309 |     fn post_mime_type(self) -> Self {
[INFO] [stdout]     |        ^^^^^^^^^^^^^^
[INFO] [stdout] 
[INFO] [stdout] 
[INFO] [stdout] warning: variants `Equals`, `NotEquals`, `GreaterThan`, `LessThan`, `GreaterThanOrEqualTo`, and `LessThanOrEqualTo` are never constructed
[INFO] [stdout]   --> src/sql.rs:57:5
[INFO] [stdout]    |
[INFO] [stdout] 56 | pub enum SqlCompareOperator {
[INFO] [stdout]    |          ------------------ variants in this enum
[INFO] [stdout] 57 |     Equals,
[INFO] [stdout]    |     ^^^^^^
[INFO] [stdout] 58 |     NotEquals,
[INFO] [stdout]    |     ^^^^^^^^^
[INFO] [stdout] 59 |     GreaterThan,
[INFO] [stdout]    |     ^^^^^^^^^^^
[INFO] [stdout] 60 |     LessThan,
[INFO] [stdout]    |     ^^^^^^^^
[INFO] [stdout] 61 |     GreaterThanOrEqualTo,
[INFO] [stdout]    |     ^^^^^^^^^^^^^^^^^^^^
[INFO] [stdout] 62 |     LessThanOrEqualTo,
[INFO] [stdout]    |     ^^^^^^^^^^^^^^^^^
[INFO] [stdout]    |
[INFO] [stdout]    = note: `SqlCompareOperator` has a derived impl for the trait `Debug`, but this is intentionally ignored during dead code analysis
[INFO] [stdout] 
[INFO] [stdout] 
[INFO] [stdout] warning: multiple variants are never constructed
[INFO] [stdout]   --> src/sql/cast_type.rs:3:5
[INFO] [stdout]    |
[INFO] [stdout] 2  | pub enum CastType {
[INFO] [stdout]    |          -------- variants in this enum
[INFO] [stdout] 3  |     Numeric,
[INFO] [stdout]    |     ^^^^^^^
[INFO] [stdout] 4  |     Binary,
[INFO] [stdout]    |     ^^^^^^
[INFO] [stdout] 5  |     Char,
[INFO] [stdout]    |     ^^^^
[INFO] [stdout] 6  |     Date,
[INFO] [stdout]    |     ^^^^
[INFO] [stdout] 7  |     Datetime,
[INFO] [stdout]    |     ^^^^^^^^
[INFO] [stdout] 8  |     Decimal,
[INFO] [stdout]    |     ^^^^^^^
[INFO] [stdout] 9  |     Signed,
[INFO] [stdout]    |     ^^^^^^
[INFO] [stdout] 10 |     Time,
[INFO] [stdout]    |     ^^^^
[INFO] [stdout] 11 |     Unsigned,
[INFO] [stdout]    |     ^^^^^^^^
[INFO] [stdout]    |
[INFO] [stdout]    = note: `CastType` has a derived impl for the trait `Debug`, but this is intentionally ignored during dead code analysis
[INFO] [stdout] 
[INFO] [stdout] 
[INFO] [stderr]    Compiling wp_query_rs v0.4.1 (/opt/rustwide/workdir)
[INFO] [stdout] warning: struct `WpComment` is never constructed
[INFO] [stdout]   --> src/wp_comment.rs:15:12
[INFO] [stdout]    |
[INFO] [stdout] 15 | pub struct WpComment {
[INFO] [stdout]    |            ^^^^^^^^^
[INFO] [stdout]    |
[INFO] [stdout]    = note: `WpComment` has a derived impl for the trait `Debug`, but this is intentionally ignored during dead code analysis
[INFO] [stdout] 
[INFO] [stdout] 
[INFO] [stdout] warning: associated function `new` is never used
[INFO] [stdout]   --> src/wp_comment.rs:35:12
[INFO] [stdout]    |
[INFO] [stdout] 34 | impl WpComment {
[INFO] [stdout]    | -------------- associated function in this implementation
[INFO] [stdout] 35 |     pub fn new(user_id: u64) -> Self {
[INFO] [stdout]    |            ^^^
[INFO] [stdout] 
[INFO] [stdout] 
[INFO] [stdout] warning: multiple fields are never read
[INFO] [stdout]   --> src/wp_comment/arg_builder.rs:19:9
[INFO] [stdout]    |
[INFO] [stdout] 18 | pub struct WpCommentQueryArgs {
[INFO] [stdout]    |            ------------------ fields in this struct
[INFO] [stdout] 19 |     pub author_email: Option<String>,
[INFO] [stdout]    |         ^^^^^^^^^^^^
[INFO] [stdout] 20 |     pub author_url: Option<String>,
[INFO] [stdout]    |         ^^^^^^^^^^
[INFO] [stdout] 21 |     pub author__in: Option<Vec<u64>>,
[INFO] [stdout]    |         ^^^^^^^^^^
[INFO] [stdout] 22 |     pub author__not_in: Option<Vec<u64>>,
[INFO] [stdout]    |         ^^^^^^^^^^^^^^
[INFO] [stdout] 23 |     pub comment__in: Option<Vec<u64>>,
[INFO] [stdout]    |         ^^^^^^^^^^^
[INFO] [stdout] 24 |     pub comment__not_in: Option<Vec<u64>>,
[INFO] [stdout]    |         ^^^^^^^^^^^^^^^
[INFO] [stdout] 25 |     pub count: bool,
[INFO] [stdout]    |         ^^^^^
[INFO] [stdout] 26 |     // TODO
[INFO] [stdout] 27 |     pub date_query: Option<DateQuery>,
[INFO] [stdout]    |         ^^^^^^^^^^
[INFO] [stdout] 28 |     pub fields: Fields,
[INFO] [stdout]    |         ^^^^^^
[INFO] [stdout] 29 |     pub include_unapproved: Option<Vec<u64>>,
[INFO] [stdout]    |         ^^^^^^^^^^^^^^^^^^
[INFO] [stdout] 30 |     pub karma: Option<u64>,
[INFO] [stdout]    |         ^^^^^
[INFO] [stdout] 31 |     pub meta_key: Option<Vec<String>>,
[INFO] [stdout]    |         ^^^^^^^^
[INFO] [stdout] 32 |     pub meta_value: Option<Vec<String>>,
[INFO] [stdout]    |         ^^^^^^^^^^
[INFO] [stdout] 33 |     pub meta_compare: SqlCompareOperator,
[INFO] [stdout]    |         ^^^^^^^^^^^^
[INFO] [stdout] 34 |     pub meta_type: CastType,
[INFO] [stdout]    |         ^^^^^^^^^
[INFO] [stdout] ...
[INFO] [stdout] 40 |     pub meta_query: Option<HashMap<MetaRelation, Vec<MetaQuery>>>,
[INFO] [stdout]    |         ^^^^^^^^^^
[INFO] [stdout] 41 |     pub number: Option<u64>,
[INFO] [stdout]    |         ^^^^^^
[INFO] [stdout] 42 |     pub paged: Option<u64>,
[INFO] [stdout]    |         ^^^^^
[INFO] [stdout] 43 |     pub offset: Option<u64>,
[INFO] [stdout]    |         ^^^^^^
[INFO] [stdout] 44 |     pub orderby: Orderby,
[INFO] [stdout]    |         ^^^^^^^
[INFO] [stdout] 45 |     pub order: SqlOrder,
[INFO] [stdout]    |         ^^^^^
[INFO] [stdout] 46 |     pub parent: Option<u64>,
[INFO] [stdout]    |         ^^^^^^
[INFO] [stdout] 47 |     pub parent__in: Option<Vec<u64>>,
[INFO] [stdout]    |         ^^^^^^^^^^
[INFO] [stdout] 48 |     pub parent__not_in: Option<Vec<u64>>,
[INFO] [stdout]    |         ^^^^^^^^^^^^^^
[INFO] [stdout] 49 |     pub post_author__in: Option<Vec<u64>>,
[INFO] [stdout]    |         ^^^^^^^^^^^^^^^
[INFO] [stdout] 50 |     pub post_author__not_in: Option<Vec<u64>>,
[INFO] [stdout]    |         ^^^^^^^^^^^^^^^^^^^
[INFO] [stdout] 51 |     pub post_id: Option<u64>,
[INFO] [stdout]    |         ^^^^^^^
[INFO] [stdout] 52 |     pub post__in: Option<Vec<u64>>,
[INFO] [stdout]    |         ^^^^^^^^
[INFO] [stdout] 53 |     pub post__not_in: Option<Vec<u64>>,
[INFO] [stdout]    |         ^^^^^^^^^^^^
[INFO] [stdout] 54 |     pub post_author: Option<u64>,
[INFO] [stdout]    |         ^^^^^^^^^^^
[INFO] [stdout] 55 |     pub post_status: Option<PostStatus>,
[INFO] [stdout]    |         ^^^^^^^^^^^
[INFO] [stdout] 56 |     pub post_type: Option<Vec<String>>,
[INFO] [stdout]    |         ^^^^^^^^^
[INFO] [stdout] 57 |     pub post_name: Option<String>,
[INFO] [stdout]    |         ^^^^^^^^^
[INFO] [stdout] 58 |     pub post_parent: Option<u64>,
[INFO] [stdout]    |         ^^^^^^^^^^^
[INFO] [stdout] 59 |     pub search: Option<String>,
[INFO] [stdout]    |         ^^^^^^
[INFO] [stdout] 60 |     pub status: Option<CommentApproved>,
[INFO] [stdout]    |         ^^^^^^
[INFO] [stdout] 61 |     pub comment_type: Option<CommentType>,
[INFO] [stdout]    |         ^^^^^^^^^^^^
[INFO] [stdout] 62 |     pub comment_type__in: Option<Vec<CommentType>>,
[INFO] [stdout]    |         ^^^^^^^^^^^^^^^^
[INFO] [stdout] 63 |     pub comment_type__not_in: Option<Vec<CommentType>>,
[INFO] [stdout]    |         ^^^^^^^^^^^^^^^^^^^^
[INFO] [stdout] 64 |     pub user_id: Option<u64>,
[INFO] [stdout]    |         ^^^^^^^
[INFO] [stdout] 65 |     pub hierarchical: Option<Hierarchy>,
[INFO] [stdout]    |         ^^^^^^^^^^^^
[INFO] [stdout]    |
[INFO] [stdout]    = note: `WpCommentQueryArgs` has a derived impl for the trait `Debug`, but this is intentionally ignored during dead code analysis
[INFO] [stdout] 
[INFO] [stdout] 
[INFO] [stdout] warning: associated function `new` is never used
[INFO] [stdout]   --> src/wp_comment/arg_builder.rs:73:12
[INFO] [stdout]    |
[INFO] [stdout] 72 | impl WpCommentArgBuilder {
[INFO] [stdout]    | ------------------------ associated function in this implementation
[INFO] [stdout] 73 |     pub fn new() -> Self {
[INFO] [stdout]    |            ^^^
[INFO] [stdout] 
[INFO] [stdout] 
[INFO] [stdout] warning: variants `All` and `Ids` are never constructed
[INFO] [stdout]  --> src/wp_comment/arg_builder/fields.rs:4:5
[INFO] [stdout]   |
[INFO] [stdout] 3 | pub enum Fields {
[INFO] [stdout]   |          ------ variants in this enum
[INFO] [stdout] 4 |     All,
[INFO] [stdout]   |     ^^^
[INFO] [stdout] 5 |     Ids,
[INFO] [stdout]   |     ^^^
[INFO] [stdout]   |
[INFO] [stdout]   = note: `Fields` has a derived impl for the trait `Debug`, but this is intentionally ignored during dead code analysis
[INFO] [stdout] 
[INFO] [stdout] 
[INFO] [stdout] warning: variants `Threaded`, `Flat`, and `False` are never constructed
[INFO] [stdout]  --> src/wp_comment/arg_builder/hierarchical.rs:4:5
[INFO] [stdout]   |
[INFO] [stdout] 2 | pub enum Hierarchy {
[INFO] [stdout]   |          --------- variants in this enum
[INFO] [stdout] 3 |     /// Retrieves comment tree to the nth depth.
[INFO] [stdout] 4 |     Threaded(u8),
[INFO] [stdout]   |     ^^^^^^^^
[INFO] [stdout] 5 |     /// 'flat' returns a flat array of found comments plus their children.
[INFO] [stdout] 6 |     Flat,
[INFO] [stdout]   |     ^^^^
[INFO] [stdout] 7 |     /// leaves out descendants.
[INFO] [stdout] 8 |     False,
[INFO] [stdout]   |     ^^^^^
[INFO] [stdout]   |
[INFO] [stdout]   = note: `Hierarchy` has a derived impl for the trait `Debug`, but this is intentionally ignored during dead code analysis
[INFO] [stdout] 
[INFO] [stdout] 
[INFO] [stdout] warning: multiple variants are never constructed
[INFO] [stdout]   --> src/wp_comment/arg_builder/orderby.rs:3:5
[INFO] [stdout]    |
[INFO] [stdout] 2  | pub enum Orderby {
[INFO] [stdout]    |          ------- variants in this enum
[INFO] [stdout] 3  |     Agent,
[INFO] [stdout]    |     ^^^^^
[INFO] [stdout] 4  |     Approved,
[INFO] [stdout]    |     ^^^^^^^^
[INFO] [stdout] 5  |     Author,
[INFO] [stdout]    |     ^^^^^^
[INFO] [stdout] 6  |     AuthorEmail,
[INFO] [stdout]    |     ^^^^^^^^^^^
[INFO] [stdout] 7  |     AuthorIp,
[INFO] [stdout]    |     ^^^^^^^^
[INFO] [stdout] 8  |     AuthorUrl,
[INFO] [stdout]    |     ^^^^^^^^^
[INFO] [stdout] 9  |     Content,
[INFO] [stdout]    |     ^^^^^^^
[INFO] [stdout] 10 |     Date,
[INFO] [stdout]    |     ^^^^
[INFO] [stdout] 11 |     DateGmt,
[INFO] [stdout]    |     ^^^^^^^
[INFO] [stdout] 12 |     Id,
[INFO] [stdout]    |     ^^
[INFO] [stdout] 13 |     Karma,
[INFO] [stdout]    |     ^^^^^
[INFO] [stdout] 14 |     Parent,
[INFO] [stdout]    |     ^^^^^^
[INFO] [stdout] 15 |     PostId,
[INFO] [stdout]    |     ^^^^^^
[INFO] [stdout] 16 |     Type,
[INFO] [stdout]    |     ^^^^
[INFO] [stdout] 17 |     UserId,
[INFO] [stdout]    |     ^^^^^^
[INFO] [stdout] 18 |     MetaValue(String),
[INFO] [stdout]    |     ^^^^^^^^^
[INFO] [stdout] 19 |     MetaKey(String),
[INFO] [stdout]    |     ^^^^^^^
[INFO] [stdout] 20 |     None,
[INFO] [stdout]    |     ^^^^
[INFO] [stdout]    |
[INFO] [stdout]    = note: `Orderby` has a derived impl for the trait `Debug`, but this is intentionally ignored during dead code analysis
[INFO] [stdout] 
[INFO] [stdout] 
[INFO] [stdout] warning: variants `Approved`, `Hold`, `All`, and `Custom` are never constructed
[INFO] [stdout]  --> src/wp_comment/comment_approved.rs:3:5
[INFO] [stdout]   |
[INFO] [stdout] 2 | pub enum CommentApproved {
[INFO] [stdout]   |          --------------- variants in this enum
[INFO] [stdout] 3 |     Approved,
[INFO] [stdout]   |     ^^^^^^^^
[INFO] [stdout] 4 |     Hold,
[INFO] [stdout]   |     ^^^^
[INFO] [stdout] 5 |     All,
[INFO] [stdout]   |     ^^^
[INFO] [stdout] 6 |     Custom(String),
[INFO] [stdout]   |     ^^^^^^
[INFO] [stdout]   |
[INFO] [stdout]   = note: `CommentApproved` has a derived impl for the trait `Debug`, but this is intentionally ignored during dead code analysis
[INFO] [stdout] 
[INFO] [stdout] 
[INFO] [stdout] warning: variants `Comment`, `Pingback`, `Trackback`, and `Custom` are never constructed
[INFO] [stdout]  --> src/wp_comment/comment_type.rs:3:5
[INFO] [stdout]   |
[INFO] [stdout] 2 | pub enum CommentType {
[INFO] [stdout]   |          ----------- variants in this enum
[INFO] [stdout] 3 |     Comment,
[INFO] [stdout]   |     ^^^^^^^
[INFO] [stdout] 4 |     Pingback,
[INFO] [stdout]   |     ^^^^^^^^
[INFO] [stdout] 5 |     Trackback,
[INFO] [stdout]   |     ^^^^^^^^^
[INFO] [stdout] 6 |     Custom(String),
[INFO] [stdout]   |     ^^^^^^
[INFO] [stdout]   |
[INFO] [stdout]   = note: `CommentType` has a derived impl for the trait `Debug`, but this is intentionally ignored during dead code analysis
[INFO] [stdout] 
[INFO] [stdout] 
[INFO] [stdout] warning: unused variable: `posts`
[INFO] [stdout]   --> tests/tag.rs:15:9
[INFO] [stdout]    |
[INFO] [stdout] 15 |     let posts = WP_Query::new(params).expect("SqlFailed");
[INFO] [stdout]    |         ^^^^^ help: if this is intentional, prefix it with an underscore: `_posts`
[INFO] [stdout]    |
[INFO] [stdout]    = note: `#[warn(unused_variables)]` on by default
[INFO] [stdout] 
[INFO] [stdout] 
[INFO] [stdout] warning: unused variable: `posts`
[INFO] [stdout]   --> tests/tag.rs:38:9
[INFO] [stdout]    |
[INFO] [stdout] 38 |     let posts = WP_Query::new(params).expect("SqlFailed");
[INFO] [stdout]    |         ^^^^^ help: if this is intentional, prefix it with an underscore: `_posts`
[INFO] [stdout] 
[INFO] [stdout] 
[INFO] [stdout] warning: unused variable: `posts`
[INFO] [stdout]   --> tests/tag.rs:45:9
[INFO] [stdout]    |
[INFO] [stdout] 45 |     let posts = WP_Query::new(params).expect("SqlFailed");
[INFO] [stdout]    |         ^^^^^ help: if this is intentional, prefix it with an underscore: `_posts`
[INFO] [stdout] 
[INFO] [stdout] 
[INFO] [stdout] warning: unused variable: `posts`
[INFO] [stdout]  --> tests/date.rs:7:9
[INFO] [stdout]   |
[INFO] [stdout] 7 |     let posts = WP_Query::new(params).expect("SqlFailed");
[INFO] [stdout]   |         ^^^^^ help: if this is intentional, prefix it with an underscore: `_posts`
[INFO] [stdout]   |
[INFO] [stdout]   = note: `#[warn(unused_variables)]` on by default
[INFO] [stdout] 
[INFO] [stdout] 
[INFO] [stdout] warning: unused variable: `posts`
[INFO] [stdout]   --> tests/date.rs:14:9
[INFO] [stdout]    |
[INFO] [stdout] 14 |     let posts = WP_Query::new(params).expect("SqlFailed");
[INFO] [stdout]    |         ^^^^^ help: if this is intentional, prefix it with an underscore: `_posts`
[INFO] [stdout] 
[INFO] [stdout] 
[INFO] [stdout] warning: unused variable: `posts`
[INFO] [stdout]   --> tests/date.rs:26:9
[INFO] [stdout]    |
[INFO] [stdout] 26 |     let posts = WP_Query::new(params).expect("SqlFailed");
[INFO] [stdout]    |         ^^^^^ help: if this is intentional, prefix it with an underscore: `_posts`
[INFO] [stdout] 
[INFO] [stdout] 
[INFO] [stdout] warning: unused variable: `posts`
[INFO] [stdout]   --> tests/date.rs:39:9
[INFO] [stdout]    |
[INFO] [stdout] 39 |     let posts = WP_Query::new(params).expect("SqlFailed");
[INFO] [stdout]    |         ^^^^^ help: if this is intentional, prefix it with an underscore: `_posts`
[INFO] [stdout] 
[INFO] [stdout] 
[INFO] [stdout] warning: unused variable: `posts`
[INFO] [stdout]   --> tests/date.rs:59:9
[INFO] [stdout]    |
[INFO] [stdout] 59 |     let posts = WP_Query::new(params).expect("SqlFailed");
[INFO] [stdout]    |         ^^^^^ help: if this is intentional, prefix it with an underscore: `_posts`
[INFO] [stdout] 
[INFO] [stdout] 
[INFO] [stdout] warning: unused variable: `tax_name`
[INFO] [stdout]    --> src/params/param_builder.rs:561:13
[INFO] [stdout]     |
[INFO] [stdout] 561 |         let tax_name = String::from("custom_tax");
[INFO] [stdout]     |             ^^^^^^^^ help: if this is intentional, prefix it with an underscore: `_tax_name`
[INFO] [stdout]     |
[INFO] [stdout]     = note: `#[warn(unused_variables)]` on by default
[INFO] [stdout] 
[INFO] [stdout] 
[INFO] [stdout] warning: unused variable: `tax_name_two`
[INFO] [stdout]    --> src/params/param_builder.rs:562:13
[INFO] [stdout]     |
[INFO] [stdout] 562 |         let tax_name_two = String::from("category");
[INFO] [stdout]     |             ^^^^^^^^^^^^ help: if this is intentional, prefix it with an underscore: `_tax_name_two`
[INFO] [stdout] 
[INFO] [stdout] 
[INFO] [stdout] warning: unused variable: `tax_name_three`
[INFO] [stdout]    --> src/params/param_builder.rs:563:13
[INFO] [stdout]     |
[INFO] [stdout] 563 |         let tax_name_three = String::from("cust_2");
[INFO] [stdout]     |             ^^^^^^^^^^^^^^ help: if this is intentional, prefix it with an underscore: `_tax_name_three`
[INFO] [stdout] 
[INFO] [stdout] 
[INFO] [stdout] warning: unused variable: `id`
[INFO] [stdout]    --> src/params/param_builder.rs:620:13
[INFO] [stdout]     |
[INFO] [stdout] 620 |         let id = 1;
[INFO] [stdout]     |             ^^ help: if this is intentional, prefix it with an underscore: `_id`
[INFO] [stdout] 
[INFO] [stdout] 
[INFO] [stdout] warning: unused variable: `posts`
[INFO] [stdout]   --> tests/category.rs:31:9
[INFO] [stdout]    |
[INFO] [stdout] 31 |     let posts = WP_Query::new(params).expect("SqlFailed");
[INFO] [stdout]    |         ^^^^^ help: if this is intentional, prefix it with an underscore: `_posts`
[INFO] [stdout]    |
[INFO] [stdout]    = note: `#[warn(unused_variables)]` on by default
[INFO] [stdout] 
[INFO] [stdout] 
[INFO] [stdout] warning: unused variable: `posts`
[INFO] [stdout]   --> tests/category.rs:40:9
[INFO] [stdout]    |
[INFO] [stdout] 40 |     let posts = WP_Query::new(params).expect("SqlFailed");
[INFO] [stdout]    |         ^^^^^ help: if this is intentional, prefix it with an underscore: `_posts`
[INFO] [stdout] 
[INFO] [stdout] 
[INFO] [stdout] warning: struct `CommentCount` is never constructed
[INFO] [stdout]    --> src/params.rs:148:12
[INFO] [stdout]     |
[INFO] [stdout] 148 | pub struct CommentCount {
[INFO] [stdout]     |            ^^^^^^^^^^^^
[INFO] [stdout]     |
[INFO] [stdout]     = note: `CommentCount` has a derived impl for the trait `Debug`, but this is intentionally ignored during dead code analysis
[INFO] [stdout]     = note: `#[warn(dead_code)]` on by default
[INFO] [stdout] 
[INFO] [stdout] 
[INFO] [stdout] warning: methods `page_id`, `pagename`, `ignore_sticky_posts`, and `post_mime_type` are never used
[INFO] [stdout]    --> src/params/param_builder.rs:165:8
[INFO] [stdout]     |
[INFO] [stdout] 51  | impl<'a> ParamBuilder<'a> {
[INFO] [stdout]     | ------------------------- methods in this implementation
[INFO] [stdout] ...
[INFO] [stdout] 165 |     fn page_id(self) -> Self {
[INFO] [stdout]     |        ^^^^^^^
[INFO] [stdout] ...
[INFO] [stdout] 169 |     fn pagename(self) -> Self {
[INFO] [stdout]     |        ^^^^^^^^
[INFO] [stdout] ...
[INFO] [stdout] 192 |     fn ignore_sticky_posts(self) -> Self {
[INFO] [stdout]     |        ^^^^^^^^^^^^^^^^^^^
[INFO] [stdout] ...
[INFO] [stdout] 309 |     fn post_mime_type(self) -> Self {
[INFO] [stdout]     |        ^^^^^^^^^^^^^^
[INFO] [stdout] 
[INFO] [stdout] 
[INFO] [stdout] warning: variants `NotEquals`, `GreaterThan`, `LessThan`, `GreaterThanOrEqualTo`, and `LessThanOrEqualTo` are never constructed
[INFO] [stdout]   --> src/sql.rs:58:5
[INFO] [stdout]    |
[INFO] [stdout] 56 | pub enum SqlCompareOperator {
[INFO] [stdout]    |          ------------------ variants in this enum
[INFO] [stdout] 57 |     Equals,
[INFO] [stdout] 58 |     NotEquals,
[INFO] [stdout]    |     ^^^^^^^^^
[INFO] [stdout] 59 |     GreaterThan,
[INFO] [stdout]    |     ^^^^^^^^^^^
[INFO] [stdout] 60 |     LessThan,
[INFO] [stdout]    |     ^^^^^^^^
[INFO] [stdout] 61 |     GreaterThanOrEqualTo,
[INFO] [stdout]    |     ^^^^^^^^^^^^^^^^^^^^
[INFO] [stdout] 62 |     LessThanOrEqualTo,
[INFO] [stdout]    |     ^^^^^^^^^^^^^^^^^
[INFO] [stdout]    |
[INFO] [stdout]    = note: `SqlCompareOperator` has a derived impl for the trait `Debug`, but this is intentionally ignored during dead code analysis
[INFO] [stdout] 
[INFO] [stdout] 
[INFO] [stdout] warning: multiple variants are never constructed
[INFO] [stdout]   --> src/sql/cast_type.rs:3:5
[INFO] [stdout]    |
[INFO] [stdout] 2  | pub enum CastType {
[INFO] [stdout]    |          -------- variants in this enum
[INFO] [stdout] 3  |     Numeric,
[INFO] [stdout]    |     ^^^^^^^
[INFO] [stdout] ...
[INFO] [stdout] 6  |     Date,
[INFO] [stdout]    |     ^^^^
[INFO] [stdout] 7  |     Datetime,
[INFO] [stdout]    |     ^^^^^^^^
[INFO] [stdout] 8  |     Decimal,
[INFO] [stdout]    |     ^^^^^^^
[INFO] [stdout] 9  |     Signed,
[INFO] [stdout]    |     ^^^^^^
[INFO] [stdout] 10 |     Time,
[INFO] [stdout]    |     ^^^^
[INFO] [stdout] 11 |     Unsigned,
[INFO] [stdout]    |     ^^^^^^^^
[INFO] [stdout]    |
[INFO] [stdout]    = note: `CastType` has a derived impl for the trait `Debug`, but this is intentionally ignored during dead code analysis
[INFO] [stdout] 
[INFO] [stdout] 
[INFO] [stdout] warning: multiple fields are never read
[INFO] [stdout]   --> src/wp_comment.rs:16:9
[INFO] [stdout]    |
[INFO] [stdout] 15 | pub struct WpComment {
[INFO] [stdout]    |            --------- fields in this struct
[INFO] [stdout] 16 |     pub comment_ID: u64,
[INFO] [stdout]    |         ^^^^^^^^^^
[INFO] [stdout] 17 |     pub comment_post_ID: u64,
[INFO] [stdout]    |         ^^^^^^^^^^^^^^^
[INFO] [stdout] 18 |     pub comment_author: String,
[INFO] [stdout]    |         ^^^^^^^^^^^^^^
[INFO] [stdout] 19 |     pub comment_author_email: String,
[INFO] [stdout]    |         ^^^^^^^^^^^^^^^^^^^^
[INFO] [stdout] 20 |     pub comment_author_url: String,
[INFO] [stdout]    |         ^^^^^^^^^^^^^^^^^^
[INFO] [stdout] 21 |     pub comment_author_IP: net::Ipv4Addr,
[INFO] [stdout]    |         ^^^^^^^^^^^^^^^^^
[INFO] [stdout] 22 |     pub comment_date: PrimitiveDateTime,
[INFO] [stdout]    |         ^^^^^^^^^^^^
[INFO] [stdout] 23 |     pub comment_date_gmt: PrimitiveDateTime,
[INFO] [stdout]    |         ^^^^^^^^^^^^^^^^
[INFO] [stdout] 24 |     pub comment_content: String,
[INFO] [stdout]    |         ^^^^^^^^^^^^^^^
[INFO] [stdout] 25 |     pub comment_karma: u64,
[INFO] [stdout]    |         ^^^^^^^^^^^^^
[INFO] [stdout] 26 |     pub comment_approved: CommentApproved,
[INFO] [stdout] 27 |     pub comment_agent: String,
[INFO] [stdout]    |         ^^^^^^^^^^^^^
[INFO] [stdout] 28 |     pub comment_type: CommentType,
[INFO] [stdout]    |         ^^^^^^^^^^^^
[INFO] [stdout] 29 |     pub comment_parent: u64,
[INFO] [stdout]    |         ^^^^^^^^^^^^^^
[INFO] [stdout] 30 |     pub user_id: u64,
[INFO] [stdout] 31 |     children: Option<Vec<WpComment>>,
[INFO] [stdout]    |     ^^^^^^^^
[INFO] [stdout]    |
[INFO] [stdout]    = note: `WpComment` has a derived impl for the trait `Debug`, but this is intentionally ignored during dead code analysis
[INFO] [stdout] 
[INFO] [stdout] 
[INFO] [stdout] warning: multiple fields are never read
[INFO] [stdout]   --> src/wp_comment/arg_builder.rs:19:9
[INFO] [stdout]    |
[INFO] [stdout] 18 | pub struct WpCommentQueryArgs {
[INFO] [stdout]    |            ------------------ fields in this struct
[INFO] [stdout] 19 |     pub author_email: Option<String>,
[INFO] [stdout]    |         ^^^^^^^^^^^^
[INFO] [stdout] 20 |     pub author_url: Option<String>,
[INFO] [stdout]    |         ^^^^^^^^^^
[INFO] [stdout] 21 |     pub author__in: Option<Vec<u64>>,
[INFO] [stdout]    |         ^^^^^^^^^^
[INFO] [stdout] 22 |     pub author__not_in: Option<Vec<u64>>,
[INFO] [stdout]    |         ^^^^^^^^^^^^^^
[INFO] [stdout] 23 |     pub comment__in: Option<Vec<u64>>,
[INFO] [stdout]    |         ^^^^^^^^^^^
[INFO] [stdout] 24 |     pub comment__not_in: Option<Vec<u64>>,
[INFO] [stdout]    |         ^^^^^^^^^^^^^^^
[INFO] [stdout] 25 |     pub count: bool,
[INFO] [stdout]    |         ^^^^^
[INFO] [stdout] 26 |     // TODO
[INFO] [stdout] 27 |     pub date_query: Option<DateQuery>,
[INFO] [stdout]    |         ^^^^^^^^^^
[INFO] [stdout] 28 |     pub fields: Fields,
[INFO] [stdout]    |         ^^^^^^
[INFO] [stdout] 29 |     pub include_unapproved: Option<Vec<u64>>,
[INFO] [stdout]    |         ^^^^^^^^^^^^^^^^^^
[INFO] [stdout] 30 |     pub karma: Option<u64>,
[INFO] [stdout]    |         ^^^^^
[INFO] [stdout] 31 |     pub meta_key: Option<Vec<String>>,
[INFO] [stdout]    |         ^^^^^^^^
[INFO] [stdout] 32 |     pub meta_value: Option<Vec<String>>,
[INFO] [stdout]    |         ^^^^^^^^^^
[INFO] [stdout] 33 |     pub meta_compare: SqlCompareOperator,
[INFO] [stdout]    |         ^^^^^^^^^^^^
[INFO] [stdout] 34 |     pub meta_type: CastType,
[INFO] [stdout]    |         ^^^^^^^^^
[INFO] [stdout] ...
[INFO] [stdout] 40 |     pub meta_query: Option<HashMap<MetaRelation, Vec<MetaQuery>>>,
[INFO] [stdout]    |         ^^^^^^^^^^
[INFO] [stdout] 41 |     pub number: Option<u64>,
[INFO] [stdout]    |         ^^^^^^
[INFO] [stdout] 42 |     pub paged: Option<u64>,
[INFO] [stdout]    |         ^^^^^
[INFO] [stdout] 43 |     pub offset: Option<u64>,
[INFO] [stdout]    |         ^^^^^^
[INFO] [stdout] 44 |     pub orderby: Orderby,
[INFO] [stdout]    |         ^^^^^^^
[INFO] [stdout] 45 |     pub order: SqlOrder,
[INFO] [stdout]    |         ^^^^^
[INFO] [stdout] 46 |     pub parent: Option<u64>,
[INFO] [stdout]    |         ^^^^^^
[INFO] [stdout] 47 |     pub parent__in: Option<Vec<u64>>,
[INFO] [stdout]    |         ^^^^^^^^^^
[INFO] [stdout] 48 |     pub parent__not_in: Option<Vec<u64>>,
[INFO] [stdout]    |         ^^^^^^^^^^^^^^
[INFO] [stdout] 49 |     pub post_author__in: Option<Vec<u64>>,
[INFO] [stdout]    |         ^^^^^^^^^^^^^^^
[INFO] [stdout] 50 |     pub post_author__not_in: Option<Vec<u64>>,
[INFO] [stdout]    |         ^^^^^^^^^^^^^^^^^^^
[INFO] [stdout] 51 |     pub post_id: Option<u64>,
[INFO] [stdout]    |         ^^^^^^^
[INFO] [stdout] 52 |     pub post__in: Option<Vec<u64>>,
[INFO] [stdout]    |         ^^^^^^^^
[INFO] [stdout] 53 |     pub post__not_in: Option<Vec<u64>>,
[INFO] [stdout]    |         ^^^^^^^^^^^^
[INFO] [stdout] 54 |     pub post_author: Option<u64>,
[INFO] [stdout]    |         ^^^^^^^^^^^
[INFO] [stdout] 55 |     pub post_status: Option<PostStatus>,
[INFO] [stdout]    |         ^^^^^^^^^^^
[INFO] [stdout] 56 |     pub post_type: Option<Vec<String>>,
[INFO] [stdout]    |         ^^^^^^^^^
[INFO] [stdout] 57 |     pub post_name: Option<String>,
[INFO] [stdout]    |         ^^^^^^^^^
[INFO] [stdout] 58 |     pub post_parent: Option<u64>,
[INFO] [stdout]    |         ^^^^^^^^^^^
[INFO] [stdout] 59 |     pub search: Option<String>,
[INFO] [stdout]    |         ^^^^^^
[INFO] [stdout] 60 |     pub status: Option<CommentApproved>,
[INFO] [stdout]    |         ^^^^^^
[INFO] [stdout] 61 |     pub comment_type: Option<CommentType>,
[INFO] [stdout]    |         ^^^^^^^^^^^^
[INFO] [stdout] 62 |     pub comment_type__in: Option<Vec<CommentType>>,
[INFO] [stdout]    |         ^^^^^^^^^^^^^^^^
[INFO] [stdout] 63 |     pub comment_type__not_in: Option<Vec<CommentType>>,
[INFO] [stdout]    |         ^^^^^^^^^^^^^^^^^^^^
[INFO] [stdout] 64 |     pub user_id: Option<u64>,
[INFO] [stdout]    |         ^^^^^^^
[INFO] [stdout] 65 |     pub hierarchical: Option<Hierarchy>,
[INFO] [stdout]    |         ^^^^^^^^^^^^
[INFO] [stdout]    |
[INFO] [stdout]    = note: `WpCommentQueryArgs` has a derived impl for the trait `Debug`, but this is intentionally ignored during dead code analysis
[INFO] [stdout] 
[INFO] [stdout] 
[INFO] [stdout] warning: variant `Ids` is never constructed
[INFO] [stdout]  --> src/wp_comment/arg_builder/fields.rs:5:5
[INFO] [stdout]   |
[INFO] [stdout] 3 | pub enum Fields {
[INFO] [stdout]   |          ------ variant in this enum
[INFO] [stdout] 4 |     All,
[INFO] [stdout] 5 |     Ids,
[INFO] [stdout]   |     ^^^
[INFO] [stdout]   |
[INFO] [stdout]   = note: `Fields` has a derived impl for the trait `Debug`, but this is intentionally ignored during dead code analysis
[INFO] [stdout] 
[INFO] [stdout] 
[INFO] [stdout] warning: variants `Threaded`, `Flat`, and `False` are never constructed
[INFO] [stdout]  --> src/wp_comment/arg_builder/hierarchical.rs:4:5
[INFO] [stdout]   |
[INFO] [stdout] 2 | pub enum Hierarchy {
[INFO] [stdout]   |          --------- variants in this enum
[INFO] [stdout] 3 |     /// Retrieves comment tree to the nth depth.
[INFO] [stdout] 4 |     Threaded(u8),
[INFO] [stdout]   |     ^^^^^^^^
[INFO] [stdout] 5 |     /// 'flat' returns a flat array of found comments plus their children.
[INFO] [stdout] 6 |     Flat,
[INFO] [stdout]   |     ^^^^
[INFO] [stdout] 7 |     /// leaves out descendants.
[INFO] [stdout] 8 |     False,
[INFO] [stdout]   |     ^^^^^
[INFO] [stdout]   |
[INFO] [stdout]   = note: `Hierarchy` has a derived impl for the trait `Debug`, but this is intentionally ignored during dead code analysis
[INFO] [stdout] 
[INFO] [stdout] 
[INFO] [stdout] warning: multiple variants are never constructed
[INFO] [stdout]   --> src/wp_comment/arg_builder/orderby.rs:3:5
[INFO] [stdout]    |
[INFO] [stdout] 2  | pub enum Orderby {
[INFO] [stdout]    |          ------- variants in this enum
[INFO] [stdout] 3  |     Agent,
[INFO] [stdout]    |     ^^^^^
[INFO] [stdout] 4  |     Approved,
[INFO] [stdout]    |     ^^^^^^^^
[INFO] [stdout] 5  |     Author,
[INFO] [stdout]    |     ^^^^^^
[INFO] [stdout] 6  |     AuthorEmail,
[INFO] [stdout]    |     ^^^^^^^^^^^
[INFO] [stdout] 7  |     AuthorIp,
[INFO] [stdout]    |     ^^^^^^^^
[INFO] [stdout] 8  |     AuthorUrl,
[INFO] [stdout]    |     ^^^^^^^^^
[INFO] [stdout] 9  |     Content,
[INFO] [stdout]    |     ^^^^^^^
[INFO] [stdout] 10 |     Date,
[INFO] [stdout]    |     ^^^^
[INFO] [stdout] 11 |     DateGmt,
[INFO] [stdout] 12 |     Id,
[INFO] [stdout]    |     ^^
[INFO] [stdout] 13 |     Karma,
[INFO] [stdout]    |     ^^^^^
[INFO] [stdout] 14 |     Parent,
[INFO] [stdout]    |     ^^^^^^
[INFO] [stdout] 15 |     PostId,
[INFO] [stdout]    |     ^^^^^^
[INFO] [stdout] 16 |     Type,
[INFO] [stdout]    |     ^^^^
[INFO] [stdout] 17 |     UserId,
[INFO] [stdout]    |     ^^^^^^
[INFO] [stdout] 18 |     MetaValue(String),
[INFO] [stdout]    |     ^^^^^^^^^
[INFO] [stdout] 19 |     MetaKey(String),
[INFO] [stdout]    |     ^^^^^^^
[INFO] [stdout] 20 |     None,
[INFO] [stdout]    |     ^^^^
[INFO] [stdout]    |
[INFO] [stdout]    = note: `Orderby` has a derived impl for the trait `Debug`, but this is intentionally ignored during dead code analysis
[INFO] [stdout] 
[INFO] [stdout] 
[INFO] [stdout] warning: variants `Hold` and `All` are never constructed
[INFO] [stdout]  --> src/wp_comment/comment_approved.rs:4:5
[INFO] [stdout]   |
[INFO] [stdout] 2 | pub enum CommentApproved {
[INFO] [stdout]   |          --------------- variants in this enum
[INFO] [stdout] 3 |     Approved,
[INFO] [stdout] 4 |     Hold,
[INFO] [stdout]   |     ^^^^
[INFO] [stdout] 5 |     All,
[INFO] [stdout]   |     ^^^
[INFO] [stdout]   |
[INFO] [stdout]   = note: `CommentApproved` has a derived impl for the trait `Debug`, but this is intentionally ignored during dead code analysis
[INFO] [stdout] 
[INFO] [stdout] 
[INFO] [stdout] warning: variants `Pingback` and `Trackback` are never constructed
[INFO] [stdout]  --> src/wp_comment/comment_type.rs:4:5
[INFO] [stdout]   |
[INFO] [stdout] 2 | pub enum CommentType {
[INFO] [stdout]   |          ----------- variants in this enum
[INFO] [stdout] 3 |     Comment,
[INFO] [stdout] 4 |     Pingback,
[INFO] [stdout]   |     ^^^^^^^^
[INFO] [stdout] 5 |     Trackback,
[INFO] [stdout]   |     ^^^^^^^^^
[INFO] [stdout]   |
[INFO] [stdout]   = note: `CommentType` has a derived impl for the trait `Debug`, but this is intentionally ignored during dead code analysis
[INFO] [stdout] 
[INFO] [stdout] 
[INFO] [stderr]     Finished `test` profile [unoptimized + debuginfo] target(s) in 4.22s
[INFO] running `Command { std: "docker" "inspect" "d7bfa86e8f5f5efa327deff53c817adea5b8e3827505de68757db539871a3591", kill_on_drop: false }`
[INFO] running `Command { std: "docker" "rm" "-f" "d7bfa86e8f5f5efa327deff53c817adea5b8e3827505de68757db539871a3591", kill_on_drop: false }`
[INFO] [stdout] d7bfa86e8f5f5efa327deff53c817adea5b8e3827505de68757db539871a3591
[INFO] running `Command { std: "docker" "create" "-v" "/var/lib/crater-agent-workspace/builds/worker-4-tc1/target:/opt/rustwide/target:rw,Z" "-v" "/var/lib/crater-agent-workspace/builds/worker-4-tc1/source:/opt/rustwide/workdir:ro,Z" "-v" "/var/lib/crater-agent-workspace/cargo-home:/opt/rustwide/cargo-home:ro,Z" "-v" "/var/lib/crater-agent-workspace/rustup-home:/opt/rustwide/rustup-home:ro,Z" "-e" "SOURCE_DIR=/opt/rustwide/workdir" "-e" "CARGO_TARGET_DIR=/opt/rustwide/target" "-e" "CARGO_INCREMENTAL=0" "-e" "RUST_BACKTRACE=full" "-e" "RUSTFLAGS=--cap-lints=forbid" "-e" "RUSTDOCFLAGS=--cap-lints=forbid" "-e" "CARGO_HOME=/opt/rustwide/cargo-home" "-e" "RUSTUP_HOME=/opt/rustwide/rustup-home" "-w" "/opt/rustwide/workdir" "-m" "1610612736" "--user" "0:0" "--network" "none" "ghcr.io/rust-lang/crates-build-env/linux@sha256:4a844ea9eb2546a2d2c7022eacef16ef2e8229c7fbb2c7d4d55a9ceca922f72d" "/opt/rustwide/cargo-home/bin/cargo" "+nightly-2024-10-28" "test" "--frozen", kill_on_drop: false }`
[INFO] [stdout] 4da795ee11f23553ba967bbb5173b497fa2096f8d5301cefb5a144e6a0174938
[INFO] running `Command { std: "docker" "start" "-a" "4da795ee11f23553ba967bbb5173b497fa2096f8d5301cefb5a144e6a0174938", kill_on_drop: false }`
[INFO] [stderr] warning: struct `CommentCount` is never constructed
[INFO] [stderr]    --> src/params.rs:148:12
[INFO] [stderr]     |
[INFO] [stderr] 148 | pub struct CommentCount {
[INFO] [stderr]     |            ^^^^^^^^^^^^
[INFO] [stderr]     |
[INFO] [stderr]     = note: `CommentCount` has a derived impl for the trait `Debug`, but this is intentionally ignored during dead code analysis
[INFO] [stderr]     = note: `#[warn(dead_code)]` on by default
[INFO] [stderr] 
[INFO] [stderr] warning: methods `page_id`, `pagename`, `comment_count`, `ignore_sticky_posts`, `m`, and `post_mime_type` are never used
[INFO] [stderr]    --> src/params/param_builder.rs:165:8
[INFO] [stderr]     |
[INFO] [stderr] 51  | impl<'a> ParamBuilder<'a> {
[INFO] [stderr]     | ------------------------- methods in this implementation
[INFO] [stderr] ...
[INFO] [stderr] 165 |     fn page_id(self) -> Self {
[INFO] [stderr]     |        ^^^^^^^
[INFO] [stderr] ...
[INFO] [stderr] 169 |     fn pagename(self) -> Self {
[INFO] [stderr]     |        ^^^^^^^^
[INFO] [stderr] ...
[INFO] [stderr] 173 |     fn comment_count(mut self, count: u64) -> Self {
[INFO] [stderr]     |        ^^^^^^^^^^^^^
[INFO] [stderr] ...
[INFO] [stderr] 192 |     fn ignore_sticky_posts(self) -> Self {
[INFO] [stderr]     |        ^^^^^^^^^^^^^^^^^^^
[INFO] [stderr] ...
[INFO] [stderr] 287 |     fn m(mut self, m: u64) -> Self {
[INFO] [stderr]     |        ^
[INFO] [stderr] ...
[INFO] [stderr] 309 |     fn post_mime_type(self) -> Self {
[INFO] [stderr]     |        ^^^^^^^^^^^^^^
[INFO] [stderr] 
[INFO] [stderr] warning: variants `Equals`, `NotEquals`, `GreaterThan`, `LessThan`, `GreaterThanOrEqualTo`, and `LessThanOrEqualTo` are never constructed
[INFO] [stderr]   --> src/sql.rs:57:5
[INFO] [stderr]    |
[INFO] [stderr] 56 | pub enum SqlCompareOperator {
[INFO] [stderr]    |          ------------------ variants in this enum
[INFO] [stderr] 57 |     Equals,
[INFO] [stderr]    |     ^^^^^^
[INFO] [stderr] 58 |     NotEquals,
[INFO] [stderr]    |     ^^^^^^^^^
[INFO] [stderr] 59 |     GreaterThan,
[INFO] [stderr]    |     ^^^^^^^^^^^
[INFO] [stderr] 60 |     LessThan,
[INFO] [stderr]    |     ^^^^^^^^
[INFO] [stderr] 61 |     GreaterThanOrEqualTo,
[INFO] [stderr]    |     ^^^^^^^^^^^^^^^^^^^^
[INFO] [stderr] 62 |     LessThanOrEqualTo,
[INFO] [stderr]    |     ^^^^^^^^^^^^^^^^^
[INFO] [stderr]    |
[INFO] [stderr]    = note: `SqlCompareOperator` has a derived impl for the trait `Debug`, but this is intentionally ignored during dead code analysis
[INFO] [stderr] 
[INFO] [stderr] warning: multiple variants are never constructed
[INFO] [stderr]   --> src/sql/cast_type.rs:3:5
[INFO] [stderr]    |
[INFO] [stderr] 2  | pub enum CastType {
[INFO] [stderr]    |          -------- variants in this enum
[INFO] [stderr] 3  |     Numeric,
[INFO] [stderr]    |     ^^^^^^^
[INFO] [stderr] 4  |     Binary,
[INFO] [stderr]    |     ^^^^^^
[INFO] [stderr] 5  |     Char,
[INFO] [stderr]    |     ^^^^
[INFO] [stderr] 6  |     Date,
[INFO] [stderr]    |     ^^^^
[INFO] [stderr] 7  |     Datetime,
[INFO] [stderr]    |     ^^^^^^^^
[INFO] [stderr] 8  |     Decimal,
[INFO] [stderr]    |     ^^^^^^^
[INFO] [stderr] 9  |     Signed,
[INFO] [stderr]    |     ^^^^^^
[INFO] [stderr] 10 |     Time,
[INFO] [stderr]    |     ^^^^
[INFO] [stderr] 11 |     Unsigned,
[INFO] [stderr]    |     ^^^^^^^^
[INFO] [stderr]    |
[INFO] [stderr]    = note: `CastType` has a derived impl for the trait `Debug`, but this is intentionally ignored during dead code analysis
[INFO] [stderr] 
[INFO] [stderr] warning: struct `WpComment` is never constructed
[INFO] [stderr]   --> src/wp_comment.rs:15:12
[INFO] [stderr]    |
[INFO] [stderr] 15 | pub struct WpComment {
[INFO] [stderr]    |            ^^^^^^^^^
[INFO] [stderr]    |
[INFO] [stderr]    = note: `WpComment` has a derived impl for the trait `Debug`, but this is intentionally ignored during dead code analysis
[INFO] [stderr] 
[INFO] [stderr] warning: associated function `new` is never used
[INFO] [stderr]   --> src/wp_comment.rs:35:12
[INFO] [stderr]    |
[INFO] [stderr] 34 | impl WpComment {
[INFO] [stderr]    | -------------- associated function in this implementation
[INFO] [stderr] 35 |     pub fn new(user_id: u64) -> Self {
[INFO] [stderr]    |            ^^^
[INFO] [stderr] 
[INFO] [stderr] warning: multiple fields are never read
[INFO] [stderr]   --> src/wp_comment/arg_builder.rs:19:9
[INFO] [stderr]    |
[INFO] [stderr] 18 | pub struct WpCommentQueryArgs {
[INFO] [stderr]    |            ------------------ fields in this struct
[INFO] [stderr] 19 |     pub author_email: Option<String>,
[INFO] [stderr]    |         ^^^^^^^^^^^^
[INFO] [stderr] 20 |     pub author_url: Option<String>,
[INFO] [stderr]    |         ^^^^^^^^^^
[INFO] [stderr] 21 |     pub author__in: Option<Vec<u64>>,
[INFO] [stderr]    |         ^^^^^^^^^^
[INFO] [stderr] 22 |     pub author__not_in: Option<Vec<u64>>,
[INFO] [stderr]    |         ^^^^^^^^^^^^^^
[INFO] [stderr] 23 |     pub comment__in: Option<Vec<u64>>,
[INFO] [stderr]    |         ^^^^^^^^^^^
[INFO] [stderr] 24 |     pub comment__not_in: Option<Vec<u64>>,
[INFO] [stderr]    |         ^^^^^^^^^^^^^^^
[INFO] [stderr] 25 |     pub count: bool,
[INFO] [stderr]    |         ^^^^^
[INFO] [stderr] 26 |     // TODO
[INFO] [stderr] 27 |     pub date_query: Option<DateQuery>,
[INFO] [stderr]    |         ^^^^^^^^^^
[INFO] [stderr] 28 |     pub fields: Fields,
[INFO] [stderr]    |         ^^^^^^
[INFO] [stderr] 29 |     pub include_unapproved: Option<Vec<u64>>,
[INFO] [stderr]    |         ^^^^^^^^^^^^^^^^^^
[INFO] [stderr] 30 |     pub karma: Option<u64>,
[INFO] [stderr]    |         ^^^^^
[INFO] [stderr] 31 |     pub meta_key: Option<Vec<String>>,
[INFO] [stderr]    |         ^^^^^^^^
[INFO] [stderr] 32 |     pub meta_value: Option<Vec<String>>,
[INFO] [stderr]    |         ^^^^^^^^^^
[INFO] [stderr] 33 |     pub meta_compare: SqlCompareOperator,
[INFO] [stderr]    |         ^^^^^^^^^^^^
[INFO] [stderr] 34 |     pub meta_type: CastType,
[INFO] [stderr]    |         ^^^^^^^^^
[INFO] [stderr] ...
[INFO] [stderr] 40 |     pub meta_query: Option<HashMap<MetaRelation, Vec<MetaQuery>>>,
[INFO] [stderr]    |         ^^^^^^^^^^
[INFO] [stderr] 41 |     pub number: Option<u64>,
[INFO] [stderr]    |         ^^^^^^
[INFO] [stderr] 42 |     pub paged: Option<u64>,
[INFO] [stderr]    |         ^^^^^
[INFO] [stderr] 43 |     pub offset: Option<u64>,
[INFO] [stderr]    |         ^^^^^^
[INFO] [stderr] 44 |     pub orderby: Orderby,
[INFO] [stderr]    |         ^^^^^^^
[INFO] [stderr] 45 |     pub order: SqlOrder,
[INFO] [stderr]    |         ^^^^^
[INFO] [stderr] 46 |     pub parent: Option<u64>,
[INFO] [stderr]    |         ^^^^^^
[INFO] [stderr] 47 |     pub parent__in: Option<Vec<u64>>,
[INFO] [stderr]    |         ^^^^^^^^^^
[INFO] [stderr] 48 |     pub parent__not_in: Option<Vec<u64>>,
[INFO] [stderr]    |         ^^^^^^^^^^^^^^
[INFO] [stderr] 49 |     pub post_author__in: Option<Vec<u64>>,
[INFO] [stderr]    |         ^^^^^^^^^^^^^^^
[INFO] [stderr] 50 |     pub post_author__not_in: Option<Vec<u64>>,
[INFO] [stderr]    |         ^^^^^^^^^^^^^^^^^^^
[INFO] [stderr] 51 |     pub post_id: Option<u64>,
[INFO] [stderr]    |         ^^^^^^^
[INFO] [stderr] 52 |     pub post__in: Option<Vec<u64>>,
[INFO] [stderr]    |         ^^^^^^^^
[INFO] [stderr] 53 |     pub post__not_in: Option<Vec<u64>>,
[INFO] [stderr]    |         ^^^^^^^^^^^^
[INFO] [stderr] 54 |     pub post_author: Option<u64>,
[INFO] [stderr]    |         ^^^^^^^^^^^
[INFO] [stderr] 55 |     pub post_status: Option<PostStatus>,
[INFO] [stderr]    |         ^^^^^^^^^^^
[INFO] [stderr] 56 |     pub post_type: Option<Vec<String>>,
[INFO] [stderr]    |         ^^^^^^^^^
[INFO] [stderr] 57 |     pub post_name: Option<String>,
[INFO] [stderr]    |         ^^^^^^^^^
[INFO] [stderr] 58 |     pub post_parent: Option<u64>,
[INFO] [stderr]    |         ^^^^^^^^^^^
[INFO] [stderr] 59 |     pub search: Option<String>,
[INFO] [stderr]    |         ^^^^^^
[INFO] [stderr] 60 |     pub status: Option<CommentApproved>,
[INFO] [stderr]    |         ^^^^^^
[INFO] [stderr] 61 |     pub comment_type: Option<CommentType>,
[INFO] [stderr]    |         ^^^^^^^^^^^^
[INFO] [stderr] 62 |     pub comment_type__in: Option<Vec<CommentType>>,
[INFO] [stderr]    |         ^^^^^^^^^^^^^^^^
[INFO] [stderr] 63 |     pub comment_type__not_in: Option<Vec<CommentType>>,
[INFO] [stderr]    |         ^^^^^^^^^^^^^^^^^^^^
[INFO] [stderr] 64 |     pub user_id: Option<u64>,
[INFO] [stderr]    |         ^^^^^^^
[INFO] [stderr] 65 |     pub hierarchical: Option<Hierarchy>,
[INFO] [stderr]    |         ^^^^^^^^^^^^
[INFO] [stderr]    |
[INFO] [stderr]    = note: `WpCommentQueryArgs` has a derived impl for the trait `Debug`, but this is intentionally ignored during dead code analysis
[INFO] [stderr] 
[INFO] [stderr] warning: associated function `new` is never used
[INFO] [stderr]   --> src/wp_comment/arg_builder.rs:73:12
[INFO] [stderr]    |
[INFO] [stderr] 72 | impl WpCommentArgBuilder {
[INFO] [stderr]    | ------------------------ associated function in this implementation
[INFO] [stderr] 73 |     pub fn new() -> Self {
[INFO] [stderr]    |            ^^^
[INFO] [stderr] 
[INFO] [stderr] warning: variants `All` and `Ids` are never constructed
[INFO] [stderr]  --> src/wp_comment/arg_builder/fields.rs:4:5
[INFO] [stderr]   |
[INFO] [stderr] 3 | pub enum Fields {
[INFO] [stderr]   |          ------ variants in this enum
[INFO] [stderr] 4 |     All,
[INFO] [stderr]   |     ^^^
[INFO] [stderr] 5 |     Ids,
[INFO] [stderr]   |     ^^^
[INFO] [stderr]   |
[INFO] [stderr]   = note: `Fields` has a derived impl for the trait `Debug`, but this is intentionally ignored during dead code analysis
[INFO] [stderr] 
[INFO] [stderr] warning: variants `Threaded`, `Flat`, and `False` are never constructed
[INFO] [stderr]  --> src/wp_comment/arg_builder/hierarchical.rs:4:5
[INFO] [stderr]   |
[INFO] [stderr] 2 | pub enum Hierarchy {
[INFO] [stderr]   |          --------- variants in this enum
[INFO] [stderr] 3 |     /// Retrieves comment tree to the nth depth.
[INFO] [stderr] 4 |     Threaded(u8),
[INFO] [stderr]   |     ^^^^^^^^
[INFO] [stderr] 5 |     /// 'flat' returns a flat array of found comments plus their children.
[INFO] [stderr] 6 |     Flat,
[INFO] [stderr]   |     ^^^^
[INFO] [stderr] 7 |     /// leaves out descendants.
[INFO] [stderr] 8 |     False,
[INFO] [stderr]   |     ^^^^^
[INFO] [stderr]   |
[INFO] [stderr]   = note: `Hierarchy` has a derived impl for the trait `Debug`, but this is intentionally ignored during dead code analysis
[INFO] [stderr] 
[INFO] [stderr] warning: multiple variants are never constructed
[INFO] [stderr]   --> src/wp_comment/arg_builder/orderby.rs:3:5
[INFO] [stderr]    |
[INFO] [stderr] 2  | pub enum Orderby {
[INFO] [stderr]    |          ------- variants in this enum
[INFO] [stderr] 3  |     Agent,
[INFO] [stderr]    |     ^^^^^
[INFO] [stderr] 4  |     Approved,
[INFO] [stderr]    |     ^^^^^^^^
[INFO] [stderr] 5  |     Author,
[INFO] [stderr]    |     ^^^^^^
[INFO] [stderr] 6  |     AuthorEmail,
[INFO] [stderr]    |     ^^^^^^^^^^^
[INFO] [stderr] 7  |     AuthorIp,
[INFO] [stderr]    |     ^^^^^^^^
[INFO] [stderr] 8  |     AuthorUrl,
[INFO] [stderr]    |     ^^^^^^^^^
[INFO] [stderr] 9  |     Content,
[INFO] [stderr]    |     ^^^^^^^
[INFO] [stderr] 10 |     Date,
[INFO] [stderr]    |     ^^^^
[INFO] [stderr] 11 |     DateGmt,
[INFO] [stderr]    |     ^^^^^^^
[INFO] [stderr] 12 |     Id,
[INFO] [stderr]    |     ^^
[INFO] [stderr] 13 |     Karma,
[INFO] [stderr]    |     ^^^^^
[INFO] [stderr] 14 |     Parent,
[INFO] [stderr]    |     ^^^^^^
[INFO] [stderr] 15 |     PostId,
[INFO] [stderr]    |     ^^^^^^
[INFO] [stderr] 16 |     Type,
[INFO] [stderr]    |     ^^^^
[INFO] [stderr] 17 |     UserId,
[INFO] [stderr]    |     ^^^^^^
[INFO] [stderr] 18 |     MetaValue(String),
[INFO] [stderr]    |     ^^^^^^^^^
[INFO] [stderr] 19 |     MetaKey(String),
[INFO] [stderr]    |     ^^^^^^^
[INFO] [stderr] 20 |     None,
[INFO] [stderr]    |     ^^^^
[INFO] [stderr]    |
[INFO] [stderr]    = note: `Orderby` has a derived impl for the trait `Debug`, but this is intentionally ignored during dead code analysis
[INFO] [stderr] 
[INFO] [stderr] warning: variants `Approved`, `Hold`, `All`, and `Custom` are never constructed
[INFO] [stderr]  --> src/wp_comment/comment_approved.rs:3:5
[INFO] [stderr]   |
[INFO] [stderr] 2 | pub enum CommentApproved {
[INFO] [stderr]   |          --------------- variants in this enum
[INFO] [stderr] 3 |     Approved,
[INFO] [stderr]   |     ^^^^^^^^
[INFO] [stderr] 4 |     Hold,
[INFO] [stderr]   |     ^^^^
[INFO] [stderr] 5 |     All,
[INFO] [stderr]   |     ^^^
[INFO] [stderr] 6 |     Custom(String),
[INFO] [stderr]   |     ^^^^^^
[INFO] [stderr]   |
[INFO] [stderr]   = note: `CommentApproved` has a derived impl for the trait `Debug`, but this is intentionally ignored during dead code analysis
[INFO] [stderr] 
[INFO] [stderr] warning: variants `Comment`, `Pingback`, `Trackback`, and `Custom` are never constructed
[INFO] [stderr]  --> src/wp_comment/comment_type.rs:3:5
[INFO] [stderr]   |
[INFO] [stderr] 2 | pub enum CommentType {
[INFO] [stderr]   |          ----------- variants in this enum
[INFO] [stderr] 3 |     Comment,
[INFO] [stderr]   |     ^^^^^^^
[INFO] [stderr] 4 |     Pingback,
[INFO] [stderr]   |     ^^^^^^^^
[INFO] [stderr] 5 |     Trackback,
[INFO] [stderr]   |     ^^^^^^^^^
[INFO] [stderr] 6 |     Custom(String),
[INFO] [stderr]   |     ^^^^^^
[INFO] [stderr]   |
[INFO] [stderr]   = note: `CommentType` has a derived impl for the trait `Debug`, but this is intentionally ignored during dead code analysis
[INFO] [stderr] 
[INFO] [stderr] warning: unused variable: `tax_name`
[INFO] [stderr]    --> src/params/param_builder.rs:561:13
[INFO] [stderr]     |
[INFO] [stderr] 561 |         let tax_name = String::from("custom_tax");
[INFO] [stderr]     |             ^^^^^^^^ help: if this is intentional, prefix it with an underscore: `_tax_name`
[INFO] [stderr]     |
[INFO] [stderr]     = note: `#[warn(unused_variables)]` on by default
[INFO] [stderr] 
[INFO] [stderr] warning: unused variable: `tax_name_two`
[INFO] [stderr]    --> src/params/param_builder.rs:562:13
[INFO] [stderr]     |
[INFO] [stderr] 562 |         let tax_name_two = String::from("category");
[INFO] [stderr]     |             ^^^^^^^^^^^^ help: if this is intentional, prefix it with an underscore: `_tax_name_two`
[INFO] [stderr] 
[INFO] [stderr] warning: unused variable: `tax_name_three`
[INFO] [stderr]    --> src/params/param_builder.rs:563:13
[INFO] [stderr]     |
[INFO] [stderr] 563 |         let tax_name_three = String::from("cust_2");
[INFO] [stderr]     |             ^^^^^^^^^^^^^^ help: if this is intentional, prefix it with an underscore: `_tax_name_three`
[INFO] [stderr] 
[INFO] [stderr] warning: unused variable: `id`
[INFO] [stderr]    --> src/params/param_builder.rs:620:13
[INFO] [stderr]     |
[INFO] [stderr] 620 |         let id = 1;
[INFO] [stderr]     |             ^^ help: if this is intentional, prefix it with an underscore: `_id`
[INFO] [stderr] 
[INFO] [stderr] warning: methods `page_id`, `pagename`, `ignore_sticky_posts`, and `post_mime_type` are never used
[INFO] [stderr]    --> src/params/param_builder.rs:165:8
[INFO] [stderr]     |
[INFO] [stderr] 51  | impl<'a> ParamBuilder<'a> {
[INFO] [stderr]     | ------------------------- methods in this implementation
[INFO] [stderr] ...
[INFO] [stderr] 165 |     fn page_id(self) -> Self {
[INFO] [stderr]     |        ^^^^^^^
[INFO] [stderr] ...
[INFO] [stderr] 169 |     fn pagename(self) -> Self {
[INFO] [stderr]     |        ^^^^^^^^
[INFO] [stderr] ...
[INFO] [stderr] 192 |     fn ignore_sticky_posts(self) -> Self {
[INFO] [stderr]     |        ^^^^^^^^^^^^^^^^^^^
[INFO] [stderr] ...
[INFO] [stderr] 309 |     fn post_mime_type(self) -> Self {
[INFO] [stderr]     |        ^^^^^^^^^^^^^^
[INFO] [stderr] 
[INFO] [stderr] warning: variants `NotEquals`, `GreaterThan`, `LessThan`, `GreaterThanOrEqualTo`, and `LessThanOrEqualTo` are never constructed
[INFO] [stderr]   --> src/sql.rs:58:5
[INFO] [stderr]    |
[INFO] [stderr] 56 | pub enum SqlCompareOperator {
[INFO] [stderr]    |          ------------------ variants in this enum
[INFO] [stderr] 57 |     Equals,
[INFO] [stderr] 58 |     NotEquals,
[INFO] [stderr]    |     ^^^^^^^^^
[INFO] [stderr] 59 |     GreaterThan,
[INFO] [stderr]    |     ^^^^^^^^^^^
[INFO] [stderr] 60 |     LessThan,
[INFO] [stderr]    |     ^^^^^^^^
[INFO] [stderr] 61 |     GreaterThanOrEqualTo,
[INFO] [stderr]    |     ^^^^^^^^^^^^^^^^^^^^
[INFO] [stderr] 62 |     LessThanOrEqualTo,
[INFO] [stderr]    |     ^^^^^^^^^^^^^^^^^
[INFO] [stderr]    |
[INFO] [stderr]    = note: `SqlCompareOperator` has a derived impl for the trait `Debug`, but this is intentionally ignored during dead code analysis
[INFO] [stderr] 
[INFO] [stderr] warning: multiple variants are never constructed
[INFO] [stderr]   --> src/sql/cast_type.rs:3:5
[INFO] [stderr]    |
[INFO] [stderr] 2  | pub enum CastType {
[INFO] [stderr]    |          -------- variants in this enum
[INFO] [stderr] 3  |     Numeric,
[INFO] [stderr]    |     ^^^^^^^
[INFO] [stderr] ...
[INFO] [stderr] 6  |     Date,
[INFO] [stderr]    |     ^^^^
[INFO] [stderr] 7  |     Datetime,
[INFO] [stderr]    |     ^^^^^^^^
[INFO] [stderr] 8  |     Decimal,
[INFO] [stderr]    |     ^^^^^^^
[INFO] [stderr] 9  |     Signed,
[INFO] [stderr]    |     ^^^^^^
[INFO] [stderr] 10 |     Time,
[INFO] [stderr]    |     ^^^^
[INFO] [stderr] 11 |     Unsigned,
[INFO] [stderr]    |     ^^^^^^^^
[INFO] [stderr]    |
[INFO] [stderr]    = note: `CastType` has a derived impl for the trait `Debug`, but this is intentionally ignored during dead code analysis
[INFO] [stderr] 
[INFO] [stderr] warning: multiple fields are never read
[INFO] [stderr]   --> src/wp_comment.rs:16:9
[INFO] [stderr]    |
[INFO] [stderr] 15 | pub struct WpComment {
[INFO] [stderr]    |            --------- fields in this struct
[INFO] [stderr] 16 |     pub comment_ID: u64,
[INFO] [stderr]    |         ^^^^^^^^^^
[INFO] [stderr] 17 |     pub comment_post_ID: u64,
[INFO] [stderr]    |         ^^^^^^^^^^^^^^^
[INFO] [stderr] 18 |     pub comment_author: String,
[INFO] [stderr]    |         ^^^^^^^^^^^^^^
[INFO] [stderr] 19 |     pub comment_author_email: String,
[INFO] [stderr]    |         ^^^^^^^^^^^^^^^^^^^^
[INFO] [stderr] 20 |     pub comment_author_url: String,
[INFO] [stderr]    |         ^^^^^^^^^^^^^^^^^^
[INFO] [stderr] 21 |     pub comment_author_IP: net::Ipv4Addr,
[INFO] [stderr]    |         ^^^^^^^^^^^^^^^^^
[INFO] [stderr] 22 |     pub comment_date: PrimitiveDateTime,
[INFO] [stderr]    |         ^^^^^^^^^^^^
[INFO] [stderr] 23 |     pub comment_date_gmt: PrimitiveDateTime,
[INFO] [stderr]    |         ^^^^^^^^^^^^^^^^
[INFO] [stderr] 24 |     pub comment_content: String,
[INFO] [stderr]    |         ^^^^^^^^^^^^^^^
[INFO] [stderr] 25 |     pub comment_karma: u64,
[INFO] [stderr]    |         ^^^^^^^^^^^^^
[INFO] [stderr] 26 |     pub comment_approved: CommentApproved,
[INFO] [stderr] 27 |     pub comment_agent: String,
[INFO] [stderr]    |         ^^^^^^^^^^^^^
[INFO] [stderr] 28 |     pub comment_type: CommentType,
[INFO] [stderr]    |         ^^^^^^^^^^^^
[INFO] [stderr] 29 |     pub comment_parent: u64,
[INFO] [stderr]    |         ^^^^^^^^^^^^^^
[INFO] [stderr] 30 |     pub user_id: u64,
[INFO] [stderr] 31 |     children: Option<Vec<WpComment>>,
[INFO] [stderr]    |     ^^^^^^^^
[INFO] [stderr]    |
[INFO] [stderr]    = note: `WpComment` has a derived impl for the trait `Debug`, but this is intentionally ignored during dead code analysis
[INFO] [stderr] 
[INFO] [stderr] warning: variant `Ids` is never constructed
[INFO] [stderr]  --> src/wp_comment/arg_builder/fields.rs:5:5
[INFO] [stderr]   |
[INFO] [stderr] 3 | pub enum Fields {
[INFO] [stderr]   |          ------ variant in this enum
[INFO] [stderr] 4 |     All,
[INFO] [stderr] 5 |     Ids,
[INFO] [stderr]   |     ^^^
[INFO] [stderr]   |
[INFO] [stderr]   = note: `Fields` has a derived impl for the trait `Debug`, but this is intentionally ignored during dead code analysis
[INFO] [stderr] 
[INFO] [stderr] warning: multiple variants are never constructed
[INFO] [stderr]   --> src/wp_comment/arg_builder/orderby.rs:3:5
[INFO] [stderr]    |
[INFO] [stderr] 2  | pub enum Orderby {
[INFO] [stderr]    |          ------- variants in this enum
[INFO] [stderr] 3  |     Agent,
[INFO] [stderr]    |     ^^^^^
[INFO] [stderr] 4  |     Approved,
[INFO] [stderr]    |     ^^^^^^^^
[INFO] [stderr] 5  |     Author,
[INFO] [stderr]    |     ^^^^^^
[INFO] [stderr] 6  |     AuthorEmail,
[INFO] [stderr]    |     ^^^^^^^^^^^
[INFO] [stderr] 7  |     AuthorIp,
[INFO] [stderr]    |     ^^^^^^^^
[INFO] [stderr] 8  |     AuthorUrl,
[INFO] [stderr]    |     ^^^^^^^^^
[INFO] [stderr] 9  |     Content,
[INFO] [stderr]    |     ^^^^^^^
[INFO] [stderr] 10 |     Date,
[INFO] [stderr]    |     ^^^^
[INFO] [stderr] 11 |     DateGmt,
[INFO] [stderr] 12 |     Id,
[INFO] [stderr]    |     ^^
[INFO] [stderr] 13 |     Karma,
[INFO] [stderr]    |     ^^^^^
[INFO] [stderr] 14 |     Parent,
[INFO] [stderr]    |     ^^^^^^
[INFO] [stderr] 15 |     PostId,
[INFO] [stderr]    |     ^^^^^^
[INFO] [stderr] 16 |     Type,
[INFO] [stderr]    |     ^^^^
[INFO] [stderr] 17 |     UserId,
[INFO] [stderr]    |     ^^^^^^
[INFO] [stderr] 18 |     MetaValue(String),
[INFO] [stderr]    |     ^^^^^^^^^
[INFO] [stderr] 19 |     MetaKey(String),
[INFO] [stderr]    |     ^^^^^^^
[INFO] [stderr] 20 |     None,
[INFO] [stderr]    |     ^^^^
[INFO] [stderr]    |
[INFO] [stderr]    = note: `Orderby` has a derived impl for the trait `Debug`, but this is intentionally ignored during dead code analysis
[INFO] [stderr] 
[INFO] [stderr] warning: variants `Hold` and `All` are never constructed
[INFO] [stderr]  --> src/wp_comment/comment_approved.rs:4:5
[INFO] [stderr]   |
[INFO] [stderr] 2 | pub enum CommentApproved {
[INFO] [stderr]   |          --------------- variants in this enum
[INFO] [stderr] 3 |     Approved,
[INFO] [stderr] 4 |     Hold,
[INFO] [stderr]   |     ^^^^
[INFO] [stderr] 5 |     All,
[INFO] [stderr]   |     ^^^
[INFO] [stderr]   |
[INFO] [stderr]   = note: `CommentApproved` has a derived impl for the trait `Debug`, but this is intentionally ignored during dead code analysis
[INFO] [stderr] 
[INFO] [stderr] warning: variants `Pingback` and `Trackback` are never constructed
[INFO] [stderr]  --> src/wp_comment/comment_type.rs:4:5
[INFO] [stderr]   |
[INFO] [stderr] 2 | pub enum CommentType {
[INFO] [stderr]   |          ----------- variants in this enum
[INFO] [stderr] 3 |     Comment,
[INFO] [stderr] 4 |     Pingback,
[INFO] [stderr]   |     ^^^^^^^^
[INFO] [stderr] 5 |     Trackback,
[INFO] [stderr]   |     ^^^^^^^^^
[INFO] [stderr]   |
[INFO] [stderr]   = note: `CommentType` has a derived impl for the trait `Debug`, but this is intentionally ignored during dead code analysis
[INFO] [stderr] 
[INFO] [stderr] warning: `wp_query_rs` (lib) generated 13 warnings
[INFO] [stderr] warning: `wp_query_rs` (lib test) generated 15 warnings (3 duplicates)
[INFO] [stderr] warning: unused variable: `posts`
[INFO] [stderr]   --> tests/tag.rs:15:9
[INFO] [stderr]    |
[INFO] [stderr] 15 |     let posts = WP_Query::new(params).expect("SqlFailed");
[INFO] [stderr]    |         ^^^^^ help: if this is intentional, prefix it with an underscore: `_posts`
[INFO] [stderr]    |
[INFO] [stderr]    = note: `#[warn(unused_variables)]` on by default
[INFO] [stderr] 
[INFO] [stderr] warning: unused variable: `posts`
[INFO] [stderr]   --> tests/tag.rs:38:9
[INFO] [stderr]    |
[INFO] [stderr] 38 |     let posts = WP_Query::new(params).expect("SqlFailed");
[INFO] [stderr]    |         ^^^^^ help: if this is intentional, prefix it with an underscore: `_posts`
[INFO] [stderr] 
[INFO] [stderr] warning: unused variable: `posts`
[INFO] [stderr]   --> tests/tag.rs:45:9
[INFO] [stderr]    |
[INFO] [stderr] 45 |     let posts = WP_Query::new(params).expect("SqlFailed");
[INFO] [stderr]    |         ^^^^^ help: if this is intentional, prefix it with an underscore: `_posts`
[INFO] [stderr] 
[INFO] [stderr] warning: unused variable: `posts`
[INFO] [stderr]  --> tests/date.rs:7:9
[INFO] [stderr]   |
[INFO] [stderr] 7 |     let posts = WP_Query::new(params).expect("SqlFailed");
[INFO] [stderr]   |         ^^^^^ help: if this is intentional, prefix it with an underscore: `_posts`
[INFO] [stderr]   |
[INFO] [stderr]   = note: `#[warn(unused_variables)]` on by default
[INFO] [stderr] 
[INFO] [stderr] warning: unused variable: `posts`
[INFO] [stderr]   --> tests/date.rs:14:9
[INFO] [stderr]    |
[INFO] [stderr] 14 |     let posts = WP_Query::new(params).expect("SqlFailed");
[INFO] [stderr]    |         ^^^^^ help: if this is intentional, prefix it with an underscore: `_posts`
[INFO] [stderr] 
[INFO] [stderr] warning: unused variable: `posts`
[INFO] [stderr]   --> tests/date.rs:26:9
[INFO] [stderr]    |
[INFO] [stderr] 26 |     let posts = WP_Query::new(params).expect("SqlFailed");
[INFO] [stderr]    |         ^^^^^ help: if this is intentional, prefix it with an underscore: `_posts`
[INFO] [stderr] 
[INFO] [stderr] warning: unused variable: `posts`
[INFO] [stderr]   --> tests/date.rs:39:9
[INFO] [stderr]    |
[INFO] [stderr] 39 |     let posts = WP_Query::new(params).expect("SqlFailed");
[INFO] [stderr]    |         ^^^^^ help: if this is intentional, prefix it with an underscore: `_posts`
[INFO] [stderr] 
[INFO] [stderr] warning: unused variable: `posts`
[INFO] [stderr]   --> tests/date.rs:59:9
[INFO] [stderr]    |
[INFO] [stderr] 59 |     let posts = WP_Query::new(params).expect("SqlFailed");
[INFO] [stderr]    |         ^^^^^ help: if this is intentional, prefix it with an underscore: `_posts`
[INFO] [stderr] 
[INFO] [stderr] warning: `wp_query_rs` (test "tag") generated 3 warnings
[INFO] [stderr] warning: `wp_query_rs` (test "date") generated 5 warnings
[INFO] [stderr] warning: unused variable: `posts`
[INFO] [stderr]   --> tests/category.rs:31:9
[INFO] [stderr]    |
[INFO] [stderr] 31 |     let posts = WP_Query::new(params).expect("SqlFailed");
[INFO] [stderr]    |         ^^^^^ help: if this is intentional, prefix it with an underscore: `_posts`
[INFO] [stderr]    |
[INFO] [stderr]    = note: `#[warn(unused_variables)]` on by default
[INFO] [stderr] 
[INFO] [stderr] warning: unused variable: `posts`
[INFO] [stderr]   --> tests/category.rs:40:9
[INFO] [stderr]    |
[INFO] [stderr] 40 |     let posts = WP_Query::new(params).expect("SqlFailed");
[INFO] [stderr]    |         ^^^^^ help: if this is intentional, prefix it with an underscore: `_posts`
[INFO] [stderr] 
[INFO] [stderr] warning: `wp_query_rs` (test "category") generated 2 warnings
[INFO] [stderr]     Finished `test` profile [unoptimized + debuginfo] target(s) in 0.12s
[INFO] [stderr]      Running unittests src/lib.rs (/opt/rustwide/target/debug/deps/wp_query_rs-6ede3e1f5e6460ab)
[INFO] [stdout] 
[INFO] [stdout] running 115 tests
[INFO] [stdout] test params::date_query::tests::can_add_after ... ok
[INFO] [stdout] test params::date_query::tests::can_add_minute ... ok
[INFO] [stdout] test params::date_query::tests::can_add_month ... ok
[INFO] [stdout] test params::date_query::tests::can_add_year ... ok
[INFO] [stdout] test params::date_query::tests::can_set_column ... ok
[INFO] [stdout] test params::date_query::tests::can_set_inclusive ... ok
[INFO] [stdout] test params::meta_query::tests::can_create_new_query_with_int ... ok
[INFO] [stdout] test params::meta_query::tests::can_create_new_query_with_str ... ok
[INFO] [stdout] test params::date_query::tests::can_add_day ... ok
[INFO] [stdout] test params::meta_query::tests::can_write_meta_relation_to_string ... ok
[INFO] [stdout] test params::param_builder::tests::can_add_author ... ok
[INFO] [stdout] test params::param_builder::tests::can_add_author_in ... ok
[INFO] [stdout] test params::orderby::tests::can_convert_from_str ... ok
[INFO] [stdout] test params::param_builder::tests::can_add_category ... ok
[INFO] [stdout] test params::param_builder::tests::can_add_category_and ... ok
[INFO] [stdout] test params::param_builder::tests::can_add_comment_params ... ok
[INFO] [stdout] test params::param_builder::tests::can_add_author_not_in ... ok
[INFO] [stdout] test params::param_builder::tests::can_add_category_in ... ok
[INFO] [stdout] test params::param_builder::tests::can_add_category_not_in ... ok
[INFO] [stdout] test params::date_query::tests::can_add_second ... ok
[INFO] [stdout] test params::param_builder::tests::can_add_multiple_post_types ... ok
[INFO] [stdout] test params::param_builder::tests::can_add_multiple_tax ... ok
[INFO] [stdout] test params::param_builder::tests::can_add_date_queries ... ok
[INFO] [stdout] test params::date_query::tests::can_add_before ... ok
[INFO] [stdout] test params::param_builder::tests::can_add_post_in ... ok
[INFO] [stdout] test params::param_builder::tests::can_add_post_name_in ... ok
[INFO] [stdout] test params::param_builder::tests::can_add_date_params ... ok
[INFO] [stdout] test params::param_builder::tests::can_add_pagination_params ... ok
[INFO] [stdout] test params::param_builder::tests::can_add_orderby_params ... ok
[INFO] [stdout] test params::param_builder::tests::can_add_post_type ... ok
[INFO] [stdout] test params::param_builder::tests::can_add_single_tax ... ok
[INFO] [stdout] test params::param_builder::tests::can_add_post_params ... ok
[INFO] [stdout] test params::param_builder::tests::can_add_tag ... ok
[INFO] [stdout] test params::param_builder::tests::can_add_post_parent_in ... ok
[INFO] [stdout] test params::param_builder::tests::can_add_post_parent_not_in ... ok
[INFO] [stdout] test params::param_builder::tests::can_add_post_not_in ... ok
[INFO] [stdout] test params::param_builder::tests::can_add_tag_and ... ok
[INFO] [stdout] test params::param_builder::tests::can_add_tag_in ... ok
[INFO] [stdout] test params::param_builder::tests::can_add_tag_slug_and ... ok
[INFO] [stdout] test params::param_builder::tests::can_set_single_meta ... ok
[INFO] [stdout] test params::param_builder::tests::can_set_multiple_meta ... ok
[INFO] [stdout] test params::param_builder::tests::m_clears_year_and_monthnum ... ok
[INFO] [stdout] test params::post_type::tests::can_create_cpt ... ok
[INFO] [stdout] test params::tax_query::tests::can_add_term ... ok
[INFO] [stdout] test params::tax_query::tests::can_change_operator ... ok
[INFO] [stdout] test params::tax_query::tests::can_change_field ... ok
[INFO] [stdout] test params::param_builder::tests::can_add_tag_slug_in ... ok
[INFO] [stdout] test params::tax_query::tests::can_create ... ok
[INFO] [stdout] test params::post_type::tests::can_create ... ok
[INFO] [stdout] test params::param_builder::tests::can_add_tag_not_in ... ok
[INFO] [stdout] test query_builder::tests::ensure_implode_works ... ok
[INFO] [stdout] test query_builder::tests::nothing_imploded_for_empty_list ... ok
[INFO] [stdout] test query_builder::tests::implodes_to_question_marks ... ok
[INFO] [stdout] test sql::cast_type::tests::can_convert_to_string ... ok
[INFO] [stdout] test sql::tests::can_convert_order_from_str ... ok
[INFO] [stdout] test tests::it_works ... ok
[INFO] [stdout] test wp_comment::arg_builder::orderby::tests::can_to_string ... ok
[INFO] [stdout] test wp_comment::arg_builder::tests::can_add_author_email ... ok
[INFO] [stdout] test wp_comment::arg_builder::tests::can_add_author_in ... ok
[INFO] [stdout] test wp_comment::arg_builder::tests::can_add_author_meta_type ... ok
[INFO] [stdout] test sql::date::tests::can_get_date_for_now_utc ... ok
[INFO] [stdout] test sql::date::tests::can_get_date_for_now ... ok
[INFO] [stdout] test sql::date::tests::can_create_wp_post ... ok
[INFO] [stdout] test sql::tests::can_convert_order_from_str_undercase_mixed ... ok
[INFO] [stdout] test wp_comment::arg_builder::tests::can_add_comment_in ... ok
[INFO] [stdout] test wp_comment::arg_builder::tests::can_add_author_url ... ok
[INFO] [stdout] test wp_comment::arg_builder::tests::can_add_author_not_in ... ok
[INFO] [stdout] test wp_comment::arg_builder::tests::can_add_comment_not_in ... ok
[INFO] [stdout] test wp_comment::arg_builder::tests::can_add_count ... ok
[INFO] [stdout] test wp_comment::arg_builder::tests::can_add_date_query ... ok
[INFO] [stdout] test wp_comment::arg_builder::tests::can_add_fields ... ok
[INFO] [stdout] test wp_comment::arg_builder::tests::can_add_hierarchical ... ok
[INFO] [stdout] test wp_comment::arg_builder::tests::can_add_include_unapproved ... ok
[INFO] [stdout] test wp_comment::arg_builder::tests::can_add_karma ... ok
[INFO] [stdout] test wp_comment::arg_builder::tests::can_add_meta_compare ... ok
[INFO] [stdout] test wp_comment::arg_builder::tests::can_add_meta_compare_key ... ok
[INFO] [stdout] test wp_comment::arg_builder::tests::can_add_meta_key ... ok
[INFO] [stdout] test wp_comment::arg_builder::tests::can_add_meta_query ... ok
[INFO] [stdout] test wp_comment::arg_builder::tests::can_add_meta_type_key ... ok
[INFO] [stdout] test wp_comment::arg_builder::tests::can_add_meta_value ... ok
[INFO] [stdout] test wp_comment::arg_builder::tests::can_add_number ... ok
[INFO] [stdout] test wp_comment::arg_builder::tests::can_add_offset ... ok
[INFO] [stdout] test wp_comment::arg_builder::tests::can_add_order ... ok
[INFO] [stdout] test wp_comment::arg_builder::tests::can_add_orderby ... ok
[INFO] [stdout] test wp_comment::arg_builder::tests::can_add_paged ... ok
[INFO] [stdout] test wp_comment::arg_builder::tests::can_add_parent ... ok
[INFO] [stdout] test wp_comment::arg_builder::tests::can_add_post_author ... ok
[INFO] [stdout] test wp_comment::arg_builder::tests::can_add_parent_not_in ... ok
[INFO] [stdout] test wp_comment::arg_builder::tests::can_add_post_author_in ... ok
[INFO] [stdout] test wp_comment::arg_builder::tests::can_add_post_id ... ok
[INFO] [stdout] test wp_comment::arg_builder::tests::can_add_post_in ... ok
[INFO] [stdout] test wp_comment::arg_builder::tests::can_add_parent_in ... ok
[INFO] [stdout] test wp_comment::arg_builder::tests::can_add_post_name ... ok
[INFO] [stdout] test wp_comment::arg_builder::tests::can_add_post_parent ... ok
[INFO] [stdout] test wp_comment::arg_builder::tests::can_add_post_not_in ... ok
[INFO] [stdout] test wp_comment::arg_builder::tests::can_add_post_author_not_in ... ok
[INFO] [stdout] test wp_comment::arg_builder::tests::can_add_post_type ... ok
[INFO] [stdout] test wp_comment::arg_builder::tests::can_add_type ... ok
[INFO] [stdout] test wp_comment::arg_builder::tests::can_add_status ... ok
[INFO] [stdout] test wp_comment::arg_builder::tests::can_add_post_status ... ok
[INFO] [stdout] test wp_comment::arg_builder::tests::can_add_search ... ok
[INFO] [stdout] test wp_comment::arg_builder::tests::can_add_type_in ... ok
[INFO] [stdout] test wp_comment::arg_builder::tests::can_add_type_not_in ... ok
[INFO] [stdout] test wp_comment::arg_builder::tests::can_create ... ok
[INFO] [stdout] test wp_comment::arg_builder::tests::can_add_user_id ... ok
[INFO] [stdout] test wp_comment::comment_type::tests::can_create ... ok
[INFO] [stdout] test wp_comment::comment_approved::tests::can_create ... ok
[INFO] [stdout] test wp_comment::tests::can_create ... ok
[INFO] [stdout] test wp_post::meta::tests::can_create_with_str ... ok
[INFO] [stdout] test wp_post::meta::tests::can_create_with_number ... ok
[INFO] [stdout] test wp_post::post_status::tests::can_convert_from_str ... ok
[INFO] [stdout] test wp_post::post_status::tests::can_convert_from_mysql_value ... ok
[INFO] [stdout] test wp_post::post_status::tests::can_format ... ok
[INFO] [stdout] test wp_post::post_status::tests::can_get_text_from_post_status ... ok
[INFO] [stdout] test wp_post::sql::tests::can_convert_post_to_params ... ok
[INFO] [stdout] 
[INFO] [stdout] test result: ok. 115 passed; 0 failed; 0 ignored; 0 measured; 0 filtered out; finished in 0.01s
[INFO] [stdout] 
[INFO] [stderr]      Running tests/author.rs (/opt/rustwide/target/debug/deps/author-2e53810b28376fde)
[INFO] [stdout] 
[INFO] [stdout] running 6 tests
[INFO] [stdout] test can_join_user_table ... FAILED
[INFO] [stdout] test query_user_id_in ... FAILED
[INFO] [stdout] test can_search_author_name ... FAILED
[INFO] [stdout] test query_user_id_not_in ... FAILED
[INFO] [stdout] test query_user_id ... FAILED
[INFO] [stdout] test query_user_id_not_in_and_in ... FAILED
[INFO] [stdout] 
[INFO] [stdout] failures:
[INFO] [stdout] 
[INFO] [stdout] ---- can_join_user_table stdout ----
[INFO] [stdout] thread 'can_join_user_table' panicked at src/sql/pool.rs:13:25:
[INFO] [stdout] SqlConnectionError: DriverError { Could not connect to address `127.0.0.1:3306': Connection refused (os error 111) }
[INFO] [stdout] stack backtrace:
[INFO] [stdout]    0:     0x5dec4053e8ca - std::backtrace_rs::backtrace::libunwind::trace::h207520d6e9873551
[INFO] [stdout]                                at /rustc/df4ca44d3fbc9301ee17f30f4d474e6ae4b05252/library/std/src/../../backtrace/src/backtrace/libunwind.rs:116:5
[INFO] [stdout]    1:     0x5dec4053e8ca - std::backtrace_rs::backtrace::trace_unsynchronized::h2ed7433f370e3eca
[INFO] [stdout]                                at /rustc/df4ca44d3fbc9301ee17f30f4d474e6ae4b05252/library/std/src/../../backtrace/src/backtrace/mod.rs:66:5
[INFO] [stdout]    2:     0x5dec4053e8ca - std::sys::backtrace::_print_fmt::h916fac51166b18d7
[INFO] [stdout]                                at /rustc/df4ca44d3fbc9301ee17f30f4d474e6ae4b05252/library/std/src/sys/backtrace.rs:66:9
[INFO] [stdout]    3:     0x5dec4053e8ca - <std::sys::backtrace::BacktraceLock::print::DisplayBacktrace as core::fmt::Display>::fmt::ha0a4c9b8ce3802e6
[INFO] [stdout]                                at /rustc/df4ca44d3fbc9301ee17f30f4d474e6ae4b05252/library/std/src/sys/backtrace.rs:39:26
[INFO] [stdout]    4:     0x5dec40568b23 - core::fmt::rt::Argument::fmt::h4cfc8587d52b3eb5
[INFO] [stdout]                                at /rustc/df4ca44d3fbc9301ee17f30f4d474e6ae4b05252/library/core/src/fmt/rt.rs:177:76
[INFO] [stdout]    5:     0x5dec40568b23 - core::fmt::write::h522cc39e5b36ae9f
[INFO] [stdout]                                at /rustc/df4ca44d3fbc9301ee17f30f4d474e6ae4b05252/library/core/src/fmt/mod.rs:1190:21
[INFO] [stdout]    6:     0x5dec4053a8d3 - std::io::Write::write_fmt::h7d3c26752da97734
[INFO] [stdout]                                at /rustc/df4ca44d3fbc9301ee17f30f4d474e6ae4b05252/library/std/src/io/mod.rs:1839:15
[INFO] [stdout]    7:     0x5dec4053e712 - std::sys::backtrace::BacktraceLock::print::h4b9e00b29e9c0942
[INFO] [stdout]                                at /rustc/df4ca44d3fbc9301ee17f30f4d474e6ae4b05252/library/std/src/sys/backtrace.rs:42:9
[INFO] [stdout]    8:     0x5dec4053fd5a - std::panicking::default_hook::{{closure}}::hb59b88280d0324d9
[INFO] [stdout]                                at /rustc/df4ca44d3fbc9301ee17f30f4d474e6ae4b05252/library/std/src/panicking.rs:268:22
[INFO] [stdout]    9:     0x5dec4053fb64 - std::panicking::default_hook::he1dd496665be4a29
[INFO] [stdout]                                at /rustc/df4ca44d3fbc9301ee17f30f4d474e6ae4b05252/library/std/src/panicking.rs:292:9
[INFO] [stdout]   10:     0x5dec400e8f09 - <alloc::boxed::Box<F,A> as core::ops::function::Fn<Args>>::call::h4ff71de18744e1dc
[INFO] [stdout]                                at /rustc/df4ca44d3fbc9301ee17f30f4d474e6ae4b05252/library/alloc/src/boxed.rs:2468:9
[INFO] [stdout]   11:     0x5dec400e8f09 - test::test_main::{{closure}}::hcf7c055ce117aa81
[INFO] [stdout]                                at /rustc/df4ca44d3fbc9301ee17f30f4d474e6ae4b05252/library/test/src/lib.rs:133:21
[INFO] [stdout]   12:     0x5dec40540458 - <alloc::boxed::Box<F,A> as core::ops::function::Fn<Args>>::call::h1d66c6bbd60c9692
[INFO] [stdout]                                at /rustc/df4ca44d3fbc9301ee17f30f4d474e6ae4b05252/library/alloc/src/boxed.rs:2468:9
[INFO] [stdout]   13:     0x5dec40540458 - std::panicking::rust_panic_with_hook::h2ff17fe8f26dfcf8
[INFO] [stdout]                                at /rustc/df4ca44d3fbc9301ee17f30f4d474e6ae4b05252/library/std/src/panicking.rs:809:13
[INFO] [stdout]   14:     0x5dec4054021a - std::panicking::begin_panic_handler::{{closure}}::h4fad77951c07e101
[INFO] [stdout]                                at /rustc/df4ca44d3fbc9301ee17f30f4d474e6ae4b05252/library/std/src/panicking.rs:674:13
[INFO] [stdout]   15:     0x5dec4053eda9 - std::sys::backtrace::__rust_end_short_backtrace::hb1a25b3da5d0ea08
[INFO] [stdout]                                at /rustc/df4ca44d3fbc9301ee17f30f4d474e6ae4b05252/library/std/src/sys/backtrace.rs:170:18
[INFO] [stdout]   16:     0x5dec4053feac - rust_begin_unwind
[INFO] [stdout]                                at /rustc/df4ca44d3fbc9301ee17f30f4d474e6ae4b05252/library/std/src/panicking.rs:665:5
[INFO] [stdout]   17:     0x5dec40566300 - core::panicking::panic_fmt::ha9db07b529f9b256
[INFO] [stdout]                                at /rustc/df4ca44d3fbc9301ee17f30f4d474e6ae4b05252/library/core/src/panicking.rs:75:14
[INFO] [stdout]   18:     0x5dec40566786 - core::result::unwrap_failed::h5e8218e4d4338b8a
[INFO] [stdout]                                at /rustc/df4ca44d3fbc9301ee17f30f4d474e6ae4b05252/library/core/src/result.rs:1698:5
[INFO] [stdout]   19:     0x5dec40115039 - core::result::Result<T,E>::expect::h81572430f85e4a04
[INFO] [stdout]                                at /rustc/df4ca44d3fbc9301ee17f30f4d474e6ae4b05252/library/core/src/result.rs:1060:23
[INFO] [stdout]   20:     0x5dec40110bcc - wp_query_rs::sql::pool::get_pool::{{closure}}::h099d7bd32adc53b3
[INFO] [stdout]                                at /opt/rustwide/workdir/src/sql/pool.rs:13:9
[INFO] [stdout]   21:     0x5dec40109c49 - std::sync::once_lock::OnceLock<T>::get_or_init::{{closure}}::h52f1d2d147ab9681
[INFO] [stdout]                                at /rustc/df4ca44d3fbc9301ee17f30f4d474e6ae4b05252/library/std/src/sync/once_lock.rs:304:50
[INFO] [stdout]   22:     0x5dec40109bd1 - std::sync::once_lock::OnceLock<T>::initialize::{{closure}}::h8b313aabeab7e8b0
[INFO] [stdout]                                at /rustc/df4ca44d3fbc9301ee17f30f4d474e6ae4b05252/library/std/src/sync/once_lock.rs:512:19
[INFO] [stdout]   23:     0x5dec40109b3f - std::sync::once::Once::call_once_force::{{closure}}::h75cc38ddcf87ebd2
[INFO] [stdout]                                at /rustc/df4ca44d3fbc9301ee17f30f4d474e6ae4b05252/library/std/src/sync/once.rs:217:40
[INFO] [stdout]   24:     0x5dec40548923 - std::sys::sync::once::futex::Once::call::h71269da0f72c5b8f
[INFO] [stdout]                                at /rustc/df4ca44d3fbc9301ee17f30f4d474e6ae4b05252/library/std/src/sys/sync/once/futex.rs:176:21
[INFO] [stdout]   25:     0x5dec40109a75 - std::sync::once::Once::call_once_force::h215433e5b6fed04e
[INFO] [stdout]                                at /rustc/df4ca44d3fbc9301ee17f30f4d474e6ae4b05252/library/std/src/sync/once.rs:217:9
[INFO] [stdout]   26:     0x5dec40109b6a - std::sync::once_lock::OnceLock<T>::initialize::h63321aad36156c2b
[INFO] [stdout]                                at /rustc/df4ca44d3fbc9301ee17f30f4d474e6ae4b05252/library/std/src/sync/once_lock.rs:511:9
[INFO] [stdout]   27:     0x5dec40109cf2 - std::sync::once_lock::OnceLock<T>::get_or_try_init::h21d421de778b2454
[INFO] [stdout]                                at /rustc/df4ca44d3fbc9301ee17f30f4d474e6ae4b05252/library/std/src/sync/once_lock.rs:390:9
[INFO] [stdout]   28:     0x5dec40109c1f - std::sync::once_lock::OnceLock<T>::get_or_init::ha5fa9183fa4ab2e7
[INFO] [stdout]                                at /rustc/df4ca44d3fbc9301ee17f30f4d474e6ae4b05252/library/std/src/sync/once_lock.rs:304:15
[INFO] [stdout]   29:     0x5dec40110b7e - wp_query_rs::sql::pool::get_pool::hde6bae6a7ef7f6ef
[INFO] [stdout]                                at /opt/rustwide/workdir/src/sql/pool.rs:9:5
[INFO] [stdout]   30:     0x5dec40110ec3 - wp_query_rs::sql::get_conn::he84127f900942f80
[INFO] [stdout]                                at /opt/rustwide/workdir/src/sql.rs:25:5
[INFO] [stdout]   31:     0x5dec400ab7f4 - wp_query_rs::WpQuery::new::h693680c5aa24c9a2
[INFO] [stdout]                                at /opt/rustwide/workdir/src/lib.rs:71:24
[INFO] [stdout]   32:     0x5dec400ae633 - author::can_join_user_table::h777b5a03e4da9ad2
[INFO] [stdout]                                at /opt/rustwide/workdir/tests/author.rs:7:17
[INFO] [stdout]   33:     0x5dec400ae5c7 - author::can_join_user_table::{{closure}}::hd7c2ef71e80e9602
[INFO] [stdout]                                at /opt/rustwide/workdir/tests/author.rs:4:25
[INFO] [stdout]   34:     0x5dec400ac386 - core::ops::function::FnOnce::call_once::hac3a43bc7213200f
[INFO] [stdout]                                at /rustc/df4ca44d3fbc9301ee17f30f4d474e6ae4b05252/library/core/src/ops/function.rs:250:5
[INFO] [stdout]   35:     0x5dec400ed7db - core::ops::function::FnOnce::call_once::h22c3ba5715e93f05
[INFO] [stdout]                                at /rustc/df4ca44d3fbc9301ee17f30f4d474e6ae4b05252/library/core/src/ops/function.rs:250:5
[INFO] [stdout]   36:     0x5dec400ed7db - test::__rust_begin_short_backtrace::h8e82d8113d0da17f
[INFO] [stdout]                                at /rustc/df4ca44d3fbc9301ee17f30f4d474e6ae4b05252/library/test/src/lib.rs:621:18
[INFO] [stdout]   37:     0x5dec400ed157 - test::run_test_in_process::{{closure}}::h33235f4f20b7b7c7
[INFO] [stdout]                                at /rustc/df4ca44d3fbc9301ee17f30f4d474e6ae4b05252/library/test/src/lib.rs:644:60
[INFO] [stdout]   38:     0x5dec400ed157 - <core::panic::unwind_safe::AssertUnwindSafe<F> as core::ops::function::FnOnce<()>>::call_once::hb5043206310c586f
[INFO] [stdout]                                at /rustc/df4ca44d3fbc9301ee17f30f4d474e6ae4b05252/library/core/src/panic/unwind_safe.rs:272:9
[INFO] [stdout]   39:     0x5dec400ed157 - std::panicking::try::do_call::h9ad4731a60ab23e2
[INFO] [stdout]                                at /rustc/df4ca44d3fbc9301ee17f30f4d474e6ae4b05252/library/std/src/panicking.rs:557:40
[INFO] [stdout]   40:     0x5dec400ed157 - std::panicking::try::h3824d23db772a716
[INFO] [stdout]                                at /rustc/df4ca44d3fbc9301ee17f30f4d474e6ae4b05252/library/std/src/panicking.rs:520:19
[INFO] [stdout]   41:     0x5dec400ed157 - std::panic::catch_unwind::h5afd514605fde46b
[INFO] [stdout]                                at /rustc/df4ca44d3fbc9301ee17f30f4d474e6ae4b05252/library/std/src/panic.rs:358:14
[INFO] [stdout]   42:     0x5dec400ed157 - test::run_test_in_process::h0d5cbfa7067d1720
[INFO] [stdout]                                at /rustc/df4ca44d3fbc9301ee17f30f4d474e6ae4b05252/library/test/src/lib.rs:644:27
[INFO] [stdout]   43:     0x5dec400ed157 - test::run_test::{{closure}}::h708eb8872708115d
[INFO] [stdout]                                at /rustc/df4ca44d3fbc9301ee17f30f4d474e6ae4b05252/library/test/src/lib.rs:565:43
[INFO] [stdout]   44:     0x5dec400b0874 - test::run_test::{{closure}}::h392c51cee94713ab
[INFO] [stdout]                                at /rustc/df4ca44d3fbc9301ee17f30f4d474e6ae4b05252/library/test/src/lib.rs:595:41
[INFO] [stdout]   45:     0x5dec400b0874 - std::sys::backtrace::__rust_begin_short_backtrace::h2f40290710935a8b
[INFO] [stdout]                                at /rustc/df4ca44d3fbc9301ee17f30f4d474e6ae4b05252/library/std/src/sys/backtrace.rs:154:18
[INFO] [stdout]   46:     0x5dec400b401e - std::thread::Builder::spawn_unchecked_::{{closure}}::{{closure}}::h3fd968d89053a903
[INFO] [stdout]                                at /rustc/df4ca44d3fbc9301ee17f30f4d474e6ae4b05252/library/std/src/thread/mod.rs:541:17
[INFO] [stdout]   47:     0x5dec400b401e - <core::panic::unwind_safe::AssertUnwindSafe<F> as core::ops::function::FnOnce<()>>::call_once::h743f637ba4229880
[INFO] [stdout]                                at /rustc/df4ca44d3fbc9301ee17f30f4d474e6ae4b05252/library/core/src/panic/unwind_safe.rs:272:9
[INFO] [stdout]   48:     0x5dec400b401e - std::panicking::try::do_call::h07440897322525a6
[INFO] [stdout]                                at /rustc/df4ca44d3fbc9301ee17f30f4d474e6ae4b05252/library/std/src/panicking.rs:557:40
[INFO] [stdout]   49:     0x5dec400b401e - std::panicking::try::he5a2e00188156637
[INFO] [stdout]                                at /rustc/df4ca44d3fbc9301ee17f30f4d474e6ae4b05252/library/std/src/panicking.rs:520:19
[INFO] [stdout]   50:     0x5dec400b401e - std::panic::catch_unwind::hbaf3cae49b3c6433
[INFO] [stdout]                                at /rustc/df4ca44d3fbc9301ee17f30f4d474e6ae4b05252/library/std/src/panic.rs:358:14
[INFO] [stdout]   51:     0x5dec400b401e - std::thread::Builder::spawn_unchecked_::{{closure}}::h8e141ea224820bce
[INFO] [stdout]                                at /rustc/df4ca44d3fbc9301ee17f30f4d474e6ae4b05252/library/std/src/thread/mod.rs:540:30
[INFO] [stdout]   52:     0x5dec400b401e - core::ops::function::FnOnce::call_once{{vtable.shim}}::h90d312fedd7b8ea8
[INFO] [stdout]                                at /rustc/df4ca44d3fbc9301ee17f30f4d474e6ae4b05252/library/core/src/ops/function.rs:250:5
[INFO] [stdout]   53:     0x5dec4054460b - <alloc::boxed::Box<F,A> as core::ops::function::FnOnce<Args>>::call_once::h69aa08ddb6adb8b6
[INFO] [stdout]                                at /rustc/df4ca44d3fbc9301ee17f30f4d474e6ae4b05252/library/alloc/src/boxed.rs:2454:9
[INFO] [stdout]   54:     0x5dec4054460b - <alloc::boxed::Box<F,A> as core::ops::function::FnOnce<Args>>::call_once::h5aa36efdb79c806f
[INFO] [stdout]                                at /rustc/df4ca44d3fbc9301ee17f30f4d474e6ae4b05252/library/alloc/src/boxed.rs:2454:9
[INFO] [stdout]   55:     0x5dec4054460b - std::sys::pal::unix::thread::Thread::new::thread_start::h6cd80a1b4be5158d
[INFO] [stdout]                                at /rustc/df4ca44d3fbc9301ee17f30f4d474e6ae4b05252/library/std/src/sys/pal/unix/thread.rs:105:17
[INFO] [stdout]   56:     0x7b3b302d9ac3 - <unknown>
[INFO] [stdout]   57:     0x7b3b3036aa04 - clone
[INFO] [stdout]   58:                0x0 - <unknown>
[INFO] [stdout] 
[INFO] [stdout] ---- query_user_id_in stdout ----
[INFO] [stdout] thread 'query_user_id_in' panicked at src/sql/pool.rs:13:25:
[INFO] [stdout] SqlConnectionError: DriverError { Could not connect to address `127.0.0.1:3306': Connection refused (os error 111) }
[INFO] [stdout] stack backtrace:
[INFO] [stdout]    0:     0x5dec4053e8ca - std::backtrace_rs::backtrace::libunwind::trace::h207520d6e9873551
[INFO] [stdout]                                at /rustc/df4ca44d3fbc9301ee17f30f4d474e6ae4b05252/library/std/src/../../backtrace/src/backtrace/libunwind.rs:116:5
[INFO] [stdout]    1:     0x5dec4053e8ca - std::backtrace_rs::backtrace::trace_unsynchronized::h2ed7433f370e3eca
[INFO] [stdout]                                at /rustc/df4ca44d3fbc9301ee17f30f4d474e6ae4b05252/library/std/src/../../backtrace/src/backtrace/mod.rs:66:5
[INFO] [stdout]    2:     0x5dec4053e8ca - std::sys::backtrace::_print_fmt::h916fac51166b18d7
[INFO] [stdout]                                at /rustc/df4ca44d3fbc9301ee17f30f4d474e6ae4b05252/library/std/src/sys/backtrace.rs:66:9
[INFO] [stdout]    3:     0x5dec4053e8ca - <std::sys::backtrace::BacktraceLock::print::DisplayBacktrace as core::fmt::Display>::fmt::ha0a4c9b8ce3802e6
[INFO] [stdout]                                at /rustc/df4ca44d3fbc9301ee17f30f4d474e6ae4b05252/library/std/src/sys/backtrace.rs:39:26
[INFO] [stdout]    4:     0x5dec40568b23 - core::fmt::rt::Argument::fmt::h4cfc8587d52b3eb5
[INFO] [stdout]                                at /rustc/df4ca44d3fbc9301ee17f30f4d474e6ae4b05252/library/core/src/fmt/rt.rs:177:76
[INFO] [stdout]    5:     0x5dec40568b23 - core::fmt::write::h522cc39e5b36ae9f
[INFO] [stdout]                                at /rustc/df4ca44d3fbc9301ee17f30f4d474e6ae4b05252/library/core/src/fmt/mod.rs:1190:21
[INFO] [stdout]    6:     0x5dec4053a8d3 - std::io::Write::write_fmt::h7d3c26752da97734
[INFO] [stdout]                                at /rustc/df4ca44d3fbc9301ee17f30f4d474e6ae4b05252/library/std/src/io/mod.rs:1839:15
[INFO] [stdout]    7:     0x5dec4053e712 - std::sys::backtrace::BacktraceLock::print::h4b9e00b29e9c0942
[INFO] [stdout]                                at /rustc/df4ca44d3fbc9301ee17f30f4d474e6ae4b05252/library/std/src/sys/backtrace.rs:42:9
[INFO] [stdout]    8:     0x5dec4053fd5a - std::panicking::default_hook::{{closure}}::hb59b88280d0324d9
[INFO] [stdout]                                at /rustc/df4ca44d3fbc9301ee17f30f4d474e6ae4b05252/library/std/src/panicking.rs:268:22
[INFO] [stdout]    9:     0x5dec4053fb64 - std::panicking::default_hook::he1dd496665be4a29
[INFO] [stdout]                                at /rustc/df4ca44d3fbc9301ee17f30f4d474e6ae4b05252/library/std/src/panicking.rs:292:9
[INFO] [stdout]   10:     0x5dec400e8f09 - <alloc::boxed::Box<F,A> as core::ops::function::Fn<Args>>::call::h4ff71de18744e1dc
[INFO] [stdout]                                at /rustc/df4ca44d3fbc9301ee17f30f4d474e6ae4b05252/library/alloc/src/boxed.rs:2468:9
[INFO] [stdout]   11:     0x5dec400e8f09 - test::test_main::{{closure}}::hcf7c055ce117aa81
[INFO] [stdout]                                at /rustc/df4ca44d3fbc9301ee17f30f4d474e6ae4b05252/library/test/src/lib.rs:133:21
[INFO] [stdout]   12:     0x5dec40540458 - <alloc::boxed::Box<F,A> as core::ops::function::Fn<Args>>::call::h1d66c6bbd60c9692
[INFO] [stdout]                                at /rustc/df4ca44d3fbc9301ee17f30f4d474e6ae4b05252/library/alloc/src/boxed.rs:2468:9
[INFO] [stdout]   13:     0x5dec40540458 - std::panicking::rust_panic_with_hook::h2ff17fe8f26dfcf8
[INFO] [stdout]                                at /rustc/df4ca44d3fbc9301ee17f30f4d474e6ae4b05252/library/std/src/panicking.rs:809:13
[INFO] [stdout]   14:     0x5dec4054021a - std::panicking::begin_panic_handler::{{closure}}::h4fad77951c07e101
[INFO] [stdout]                                at /rustc/df4ca44d3fbc9301ee17f30f4d474e6ae4b05252/library/std/src/panicking.rs:674:13
[INFO] [stdout]   15:     0x5dec4053eda9 - std::sys::backtrace::__rust_end_short_backtrace::hb1a25b3da5d0ea08
[INFO] [stdout]                                at /rustc/df4ca44d3fbc9301ee17f30f4d474e6ae4b05252/library/std/src/sys/backtrace.rs:170:18
[INFO] [stdout]   16:     0x5dec4053feac - rust_begin_unwind
[INFO] [stdout]                                at /rustc/df4ca44d3fbc9301ee17f30f4d474e6ae4b05252/library/std/src/panicking.rs:665:5
[INFO] [stdout]   17:     0x5dec40566300 - core::panicking::panic_fmt::ha9db07b529f9b256
[INFO] [stdout]                                at /rustc/df4ca44d3fbc9301ee17f30f4d474e6ae4b05252/library/core/src/panicking.rs:75:14
[INFO] [stdout]   18:     0x5dec40566786 - core::result::unwrap_failed::h5e8218e4d4338b8a
[INFO] [stdout]                                at /rustc/df4ca44d3fbc9301ee17f30f4d474e6ae4b05252/library/core/src/result.rs:1698:5
[INFO] [stdout]   19:     0x5dec40115039 - core::result::Result<T,E>::expect::h81572430f85e4a04
[INFO] [stdout]                                at /rustc/df4ca44d3fbc9301ee17f30f4d474e6ae4b05252/library/core/src/result.rs:1060:23
[INFO] [stdout]   20:     0x5dec40110bcc - wp_query_rs::sql::pool::get_pool::{{closure}}::h099d7bd32adc53b3
[INFO] [stdout]                                at /opt/rustwide/workdir/src/sql/pool.rs:13:9
[INFO] [stdout]   21:     0x5dec40109c49 - std::sync::once_lock::OnceLock<T>::get_or_init::{{closure}}::h52f1d2d147ab9681
[INFO] [stdout]                                at /rustc/df4ca44d3fbc9301ee17f30f4d474e6ae4b05252/library/std/src/sync/once_lock.rs:304:50
[INFO] [stdout]   22:     0x5dec40109bd1 - std::sync::once_lock::OnceLock<T>::initialize::{{closure}}::h8b313aabeab7e8b0
[INFO] [stdout]                                at /rustc/df4ca44d3fbc9301ee17f30f4d474e6ae4b05252/library/std/src/sync/once_lock.rs:512:19
[INFO] [stdout]   23:     0x5dec40109b3f - std::sync::once::Once::call_once_force::{{closure}}::h75cc38ddcf87ebd2
[INFO] [stdout]                                at /rustc/df4ca44d3fbc9301ee17f30f4d474e6ae4b05252/library/std/src/sync/once.rs:217:40
[INFO] [stdout]   24:     0x5dec40548923 - std::sys::sync::once::futex::Once::call::h71269da0f72c5b8f
[INFO] [stdout]                                at /rustc/df4ca44d3fbc9301ee17f30f4d474e6ae4b05252/library/std/src/sys/sync/once/futex.rs:176:21
[INFO] [stdout]   25:     0x5dec40109a75 - std::sync::once::Once::call_once_force::h215433e5b6fed04e
[INFO] [stdout]                                at /rustc/df4ca44d3fbc9301ee17f30f4d474e6ae4b05252/library/std/src/sync/once.rs:217:9
[INFO] [stdout]   26:     0x5dec40109b6a - std::sync::once_lock::OnceLock<T>::initialize::h63321aad36156c2b
[INFO] [stdout]                                at /rustc/df4ca44d3fbc9301ee17f30f4d474e6ae4b05252/library/std/src/sync/once_lock.rs:511:9
[INFO] [stdout]   27:     0x5dec40109cf2 - std::sync::once_lock::OnceLock<T>::get_or_try_init::h21d421de778b2454
[INFO] [stdout]                                at /rustc/df4ca44d3fbc9301ee17f30f4d474e6ae4b05252/library/std/src/sync/once_lock.rs:390:9
[INFO] [stdout]   28:     0x5dec40109c1f - std::sync::once_lock::OnceLock<T>::get_or_init::ha5fa9183fa4ab2e7
[INFO] [stdout]                                at /rustc/df4ca44d3fbc9301ee17f30f4d474e6ae4b05252/library/std/src/sync/once_lock.rs:304:15
[INFO] [stdout]   29:     0x5dec40110b7e - wp_query_rs::sql::pool::get_pool::hde6bae6a7ef7f6ef
[INFO] [stdout]                                at /opt/rustwide/workdir/src/sql/pool.rs:9:5
[INFO] [stdout]   30:     0x5dec40110ec3 - wp_query_rs::sql::get_conn::he84127f900942f80
[INFO] [stdout]                                at /opt/rustwide/workdir/src/sql.rs:25:5
[INFO] [stdout]   31:     0x5dec400ab7f4 - wp_query_rs::WpQuery::new::h693680c5aa24c9a2
[INFO] [stdout]                                at /opt/rustwide/workdir/src/lib.rs:71:24
[INFO] [stdout]   32:     0x5dec400aea84 - author::query_user_id_in::hd22d98e6e2a57d58
[INFO] [stdout]                                at /opt/rustwide/workdir/tests/author.rs:31:17
[INFO] [stdout]   33:     0x5dec400ae9f7 - author::query_user_id_in::{{closure}}::h57f868c8e0bd956e
[INFO] [stdout]                                at /opt/rustwide/workdir/tests/author.rs:28:22
[INFO] [stdout]   34:     0x5dec400ac2c6 - core::ops::function::FnOnce::call_once::h4bf78b0f76806f13
[INFO] [stdout]                                at /rustc/df4ca44d3fbc9301ee17f30f4d474e6ae4b05252/library/core/src/ops/function.rs:250:5
[INFO] [stdout]   35:     0x5dec400ed7db - core::ops::function::FnOnce::call_once::h22c3ba5715e93f05
[INFO] [stdout]                                at /rustc/df4ca44d3fbc9301ee17f30f4d474e6ae4b05252/library/core/src/ops/function.rs:250:5
[INFO] [stdout]   36:     0x5dec400ed7db - test::__rust_begin_short_backtrace::h8e82d8113d0da17f
[INFO] [stdout]                                at /rustc/df4ca44d3fbc9301ee17f30f4d474e6ae4b05252/library/test/src/lib.rs:621:18
[INFO] [stdout]   37:     0x5dec400ed157 - test::run_test_in_process::{{closure}}::h33235f4f20b7b7c7
[INFO] [stdout]                                at /rustc/df4ca44d3fbc9301ee17f30f4d474e6ae4b05252/library/test/src/lib.rs:644:60
[INFO] [stdout]   38:     0x5dec400ed157 - <core::panic::unwind_safe::AssertUnwindSafe<F> as core::ops::function::FnOnce<()>>::call_once::hb5043206310c586f
[INFO] [stdout]                                at /rustc/df4ca44d3fbc9301ee17f30f4d474e6ae4b05252/library/core/src/panic/unwind_safe.rs:272:9
[INFO] [stdout]   39:     0x5dec400ed157 - std::panicking::try::do_call::h9ad4731a60ab23e2
[INFO] [stdout]                                at /rustc/df4ca44d3fbc9301ee17f30f4d474e6ae4b05252/library/std/src/panicking.rs:557:40
[INFO] [stdout]   40:     0x5dec400ed157 - std::panicking::try::h3824d23db772a716
[INFO] [stdout]                                at /rustc/df4ca44d3fbc9301ee17f30f4d474e6ae4b05252/library/std/src/panicking.rs:520:19
[INFO] [stdout]   41:     0x5dec400ed157 - std::panic::catch_unwind::h5afd514605fde46b
[INFO] [stdout]                                at /rustc/df4ca44d3fbc9301ee17f30f4d474e6ae4b05252/library/std/src/panic.rs:358:14
[INFO] [stdout]   42:     0x5dec400ed157 - test::run_test_in_process::h0d5cbfa7067d1720
[INFO] [stdout]                                at /rustc/df4ca44d3fbc9301ee17f30f4d474e6ae4b05252/library/test/src/lib.rs:644:27
[INFO] [stdout]   43:     0x5dec400ed157 - test::run_test::{{closure}}::h708eb8872708115d
[INFO] [stdout]                                at /rustc/df4ca44d3fbc9301ee17f30f4d474e6ae4b05252/library/test/src/lib.rs:565:43
[INFO] [stdout]   44:     0x5dec400b0874 - test::run_test::{{closure}}::h392c51cee94713ab
[INFO] [stdout]                                at /rustc/df4ca44d3fbc9301ee17f30f4d474e6ae4b05252/library/test/src/lib.rs:595:41
[INFO] [stdout]   45:     0x5dec400b0874 - std::sys::backtrace::__rust_begin_short_backtrace::h2f40290710935a8b
[INFO] [stdout]                                at /rustc/df4ca44d3fbc9301ee17f30f4d474e6ae4b05252/library/std/src/sys/backtrace.rs:154:18
[INFO] [stdout]   46:     0x5dec400b401e - std::thread::Builder::spawn_unchecked_::{{closure}}::{{closure}}::h3fd968d89053a903
[INFO] [stdout]                                at /rustc/df4ca44d3fbc9301ee17f30f4d474e6ae4b05252/library/std/src/thread/mod.rs:541:17
[INFO] [stdout]   47:     0x5dec400b401e - <core::panic::unwind_safe::AssertUnwindSafe<F> as core::ops::function::FnOnce<()>>::call_once::h743f637ba4229880
[INFO] [stdout]                                at /rustc/df4ca44d3fbc9301ee17f30f4d474e6ae4b05252/library/core/src/panic/unwind_safe.rs:272:9
[INFO] [stdout]   48:     0x5dec400b401e - std::panicking::try::do_call::h07440897322525a6
[INFO] [stdout]                                at /rustc/df4ca44d3fbc9301ee17f30f4d474e6ae4b05252/library/std/src/panicking.rs:557:40
[INFO] [stdout]   49:     0x5dec400b401e - std::panicking::try::he5a2e00188156637
[INFO] [stdout]                                at /rustc/df4ca44d3fbc9301ee17f30f4d474e6ae4b05252/library/std/src/panicking.rs:520:19
[INFO] [stdout]   50:     0x5dec400b401e - std::panic::catch_unwind::hbaf3cae49b3c6433
[INFO] [stdout]                                at /rustc/df4ca44d3fbc9301ee17f30f4d474e6ae4b05252/library/std/src/panic.rs:358:14
[INFO] [stdout]   51:     0x5dec400b401e - std::thread::Builder::spawn_unchecked_::{{closure}}::h8e141ea224820bce
[INFO] [stdout]                                at /rustc/df4ca44d3fbc9301ee17f30f4d474e6ae4b05252/library/std/src/thread/mod.rs:540:30
[INFO] [stdout]   52:     0x5dec400b401e - core::ops::function::FnOnce::call_once{{vtable.shim}}::h90d312fedd7b8ea8
[INFO] [stdout]                                at /rustc/df4ca44d3fbc9301ee17f30f4d474e6ae4b05252/library/core/src/ops/function.rs:250:5
[INFO] [stdout]   53:     0x5dec4054460b - <alloc::boxed::Box<F,A> as core::ops::function::FnOnce<Args>>::call_once::h69aa08ddb6adb8b6
[INFO] [stdout]                                at /rustc/df4ca44d3fbc9301ee17f30f4d474e6ae4b05252/library/alloc/src/boxed.rs:2454:9
[INFO] [stdout]   54:     0x5dec4054460b - <alloc::boxed::Box<F,A> as core::ops::function::FnOnce<Args>>::call_once::h5aa36efdb79c806f
[INFO] [stdout]                                at /rustc/df4ca44d3fbc9301ee17f30f4d474e6ae4b05252/library/alloc/src/boxed.rs:2454:9
[INFO] [stdout]   55:     0x5dec4054460b - std::sys::pal::unix::thread::Thread::new::thread_start::h6cd80a1b4be5158d
[INFO] [stdout]                                at /rustc/df4ca44d3fbc9301ee17f30f4d474e6ae4b05252/library/std/src/sys/pal/unix/thread.rs:105:17
[INFO] [stdout]   56:     0x7b3b302d9ac3 - <unknown>
[INFO] [stdout]   57:     0x7b3b3036aa04 - clone
[INFO] [stdout]   58:                0x0 - <unknown>
[INFO] [stdout] 
[INFO] [stdout] ---- can_search_author_name stdout ----
[INFO] [stdout] thread 'can_search_author_name' panicked at src/sql/pool.rs:13:25:
[INFO] [stdout] SqlConnectionError: DriverError { Could not connect to address `127.0.0.1:3306': Connection refused (os error 111) }
[INFO] [stdout] stack backtrace:
[INFO] [stdout]    0:     0x5dec4053e8ca - std::backtrace_rs::backtrace::libunwind::trace::h207520d6e9873551
[INFO] [stdout]                                at /rustc/df4ca44d3fbc9301ee17f30f4d474e6ae4b05252/library/std/src/../../backtrace/src/backtrace/libunwind.rs:116:5
[INFO] [stdout]    1:     0x5dec4053e8ca - std::backtrace_rs::backtrace::trace_unsynchronized::h2ed7433f370e3eca
[INFO] [stdout]                                at /rustc/df4ca44d3fbc9301ee17f30f4d474e6ae4b05252/library/std/src/../../backtrace/src/backtrace/mod.rs:66:5
[INFO] [stdout]    2:     0x5dec4053e8ca - std::sys::backtrace::_print_fmt::h916fac51166b18d7
[INFO] [stdout]                                at /rustc/df4ca44d3fbc9301ee17f30f4d474e6ae4b05252/library/std/src/sys/backtrace.rs:66:9
[INFO] [stdout]    3:     0x5dec4053e8ca - <std::sys::backtrace::BacktraceLock::print::DisplayBacktrace as core::fmt::Display>::fmt::ha0a4c9b8ce3802e6
[INFO] [stdout]                                at /rustc/df4ca44d3fbc9301ee17f30f4d474e6ae4b05252/library/std/src/sys/backtrace.rs:39:26
[INFO] [stdout]    4:     0x5dec40568b23 - core::fmt::rt::Argument::fmt::h4cfc8587d52b3eb5
[INFO] [stdout]                                at /rustc/df4ca44d3fbc9301ee17f30f4d474e6ae4b05252/library/core/src/fmt/rt.rs:177:76
[INFO] [stdout]    5:     0x5dec40568b23 - core::fmt::write::h522cc39e5b36ae9f
[INFO] [stdout]                                at /rustc/df4ca44d3fbc9301ee17f30f4d474e6ae4b05252/library/core/src/fmt/mod.rs:1190:21
[INFO] [stdout]    6:     0x5dec4053a8d3 - std::io::Write::write_fmt::h7d3c26752da97734
[INFO] [stdout]                                at /rustc/df4ca44d3fbc9301ee17f30f4d474e6ae4b05252/library/std/src/io/mod.rs:1839:15
[INFO] [stdout]    7:     0x5dec4053e712 - std::sys::backtrace::BacktraceLock::print::h4b9e00b29e9c0942
[INFO] [stdout]                                at /rustc/df4ca44d3fbc9301ee17f30f4d474e6ae4b05252/library/std/src/sys/backtrace.rs:42:9
[INFO] [stdout]    8:     0x5dec4053fd5a - std::panicking::default_hook::{{closure}}::hb59b88280d0324d9
[INFO] [stdout]                                at /rustc/df4ca44d3fbc9301ee17f30f4d474e6ae4b05252/library/std/src/panicking.rs:268:22
[INFO] [stdout]    9:     0x5dec4053fb64 - std::panicking::default_hook::he1dd496665be4a29
[INFO] [stdout]                                at /rustc/df4ca44d3fbc9301ee17f30f4d474e6ae4b05252/library/std/src/panicking.rs:292:9
[INFO] [stdout]   10:     0x5dec400e8f09 - <alloc::boxed::Box<F,A> as core::ops::function::Fn<Args>>::call::h4ff71de18744e1dc
[INFO] [stdout]                                at /rustc/df4ca44d3fbc9301ee17f30f4d474e6ae4b05252/library/alloc/src/boxed.rs:2468:9
[INFO] [stdout]   11:     0x5dec400e8f09 - test::test_main::{{closure}}::hcf7c055ce117aa81
[INFO] [stdout]                                at /rustc/df4ca44d3fbc9301ee17f30f4d474e6ae4b05252/library/test/src/lib.rs:133:21
[INFO] [stdout]   12:     0x5dec40540458 - <alloc::boxed::Box<F,A> as core::ops::function::Fn<Args>>::call::h1d66c6bbd60c9692
[INFO] [stdout]                                at /rustc/df4ca44d3fbc9301ee17f30f4d474e6ae4b05252/library/alloc/src/boxed.rs:2468:9
[INFO] [stdout]   13:     0x5dec40540458 - std::panicking::rust_panic_with_hook::h2ff17fe8f26dfcf8
[INFO] [stdout]                                at /rustc/df4ca44d3fbc9301ee17f30f4d474e6ae4b05252/library/std/src/panicking.rs:809:13
[INFO] [stdout]   14:     0x5dec4054021a - std::panicking::begin_panic_handler::{{closure}}::h4fad77951c07e101
[INFO] [stdout]                                at /rustc/df4ca44d3fbc9301ee17f30f4d474e6ae4b05252/library/std/src/panicking.rs:674:13
[INFO] [stdout]   15:     0x5dec4053eda9 - std::sys::backtrace::__rust_end_short_backtrace::hb1a25b3da5d0ea08
[INFO] [stdout]                                at /rustc/df4ca44d3fbc9301ee17f30f4d474e6ae4b05252/library/std/src/sys/backtrace.rs:170:18
[INFO] [stdout]   16:     0x5dec4053feac - rust_begin_unwind
[INFO] [stdout]                                at /rustc/df4ca44d3fbc9301ee17f30f4d474e6ae4b05252/library/std/src/panicking.rs:665:5
[INFO] [stdout]   17:     0x5dec40566300 - core::panicking::panic_fmt::ha9db07b529f9b256
[INFO] [stdout]                                at /rustc/df4ca44d3fbc9301ee17f30f4d474e6ae4b05252/library/core/src/panicking.rs:75:14
[INFO] [stdout]   18:     0x5dec40566786 - core::result::unwrap_failed::h5e8218e4d4338b8a
[INFO] [stdout]                                at /rustc/df4ca44d3fbc9301ee17f30f4d474e6ae4b05252/library/core/src/result.rs:1698:5
[INFO] [stdout]   19:     0x5dec40115039 - core::result::Result<T,E>::expect::h81572430f85e4a04
[INFO] [stdout]                                at /rustc/df4ca44d3fbc9301ee17f30f4d474e6ae4b05252/library/core/src/result.rs:1060:23
[INFO] [stdout]   20:     0x5dec40110bcc - wp_query_rs::sql::pool::get_pool::{{closure}}::h099d7bd32adc53b3
[INFO] [stdout]                                at /opt/rustwide/workdir/src/sql/pool.rs:13:9
[INFO] [stdout]   21:     0x5dec40109c49 - std::sync::once_lock::OnceLock<T>::get_or_init::{{closure}}::h52f1d2d147ab9681
[INFO] [stdout]                                at /rustc/df4ca44d3fbc9301ee17f30f4d474e6ae4b05252/library/std/src/sync/once_lock.rs:304:50
[INFO] [stdout]   22:     0x5dec40109bd1 - std::sync::once_lock::OnceLock<T>::initialize::{{closure}}::h8b313aabeab7e8b0
[INFO] [stdout]                                at /rustc/df4ca44d3fbc9301ee17f30f4d474e6ae4b05252/library/std/src/sync/once_lock.rs:512:19
[INFO] [stdout]   23:     0x5dec40109b3f - std::sync::once::Once::call_once_force::{{closure}}::h75cc38ddcf87ebd2
[INFO] [stdout]                                at /rustc/df4ca44d3fbc9301ee17f30f4d474e6ae4b05252/library/std/src/sync/once.rs:217:40
[INFO] [stdout]   24:     0x5dec40548923 - std::sys::sync::once::futex::Once::call::h71269da0f72c5b8f
[INFO] [stdout]                                at /rustc/df4ca44d3fbc9301ee17f30f4d474e6ae4b05252/library/std/src/sys/sync/once/futex.rs:176:21
[INFO] [stdout]   25:     0x5dec40109a75 - std::sync::once::Once::call_once_force::h215433e5b6fed04e
[INFO] [stdout]                                at /rustc/df4ca44d3fbc9301ee17f30f4d474e6ae4b05252/library/std/src/sync/once.rs:217:9
[INFO] [stdout]   26:     0x5dec40109b6a - std::sync::once_lock::OnceLock<T>::initialize::h63321aad36156c2b
[INFO] [stdout]                                at /rustc/df4ca44d3fbc9301ee17f30f4d474e6ae4b05252/library/std/src/sync/once_lock.rs:511:9
[INFO] [stdout]   27:     0x5dec40109cf2 - std::sync::once_lock::OnceLock<T>::get_or_try_init::h21d421de778b2454
[INFO] [stdout]                                at /rustc/df4ca44d3fbc9301ee17f30f4d474e6ae4b05252/library/std/src/sync/once_lock.rs:390:9
[INFO] [stdout]   28:     0x5dec40109c1f - std::sync::once_lock::OnceLock<T>::get_or_init::ha5fa9183fa4ab2e7
[INFO] [stdout]                                at /rustc/df4ca44d3fbc9301ee17f30f4d474e6ae4b05252/library/std/src/sync/once_lock.rs:304:15
[INFO] [stdout]   29:     0x5dec40110b7e - wp_query_rs::sql::pool::get_pool::hde6bae6a7ef7f6ef
[INFO] [stdout]                                at /opt/rustwide/workdir/src/sql/pool.rs:9:5
[INFO] [stdout]   30:     0x5dec40110ec3 - wp_query_rs::sql::get_conn::he84127f900942f80
[INFO] [stdout]                                at /opt/rustwide/workdir/src/sql.rs:25:5
[INFO] [stdout]   31:     0x5dec400ab7f4 - wp_query_rs::WpQuery::new::h693680c5aa24c9a2
[INFO] [stdout]                                at /opt/rustwide/workdir/src/lib.rs:71:24
[INFO] [stdout]   32:     0x5dec400ae778 - author::can_search_author_name::hab3bf90c35088b27
[INFO] [stdout]                                at /opt/rustwide/workdir/tests/author.rs:15:17
[INFO] [stdout]   33:     0x5dec400ae707 - author::can_search_author_name::{{closure}}::hb017ffa3f80737eb
[INFO] [stdout]                                at /opt/rustwide/workdir/tests/author.rs:12:28
[INFO] [stdout]   34:     0x5dec400ac286 - core::ops::function::FnOnce::call_once::h1dd96c3acc8e685d
[INFO] [stdout]                                at /rustc/df4ca44d3fbc9301ee17f30f4d474e6ae4b05252/library/core/src/ops/function.rs:250:5
[INFO] [stdout]   35:     0x5dec400ed7db - core::ops::function::FnOnce::call_once::h22c3ba5715e93f05
[INFO] [stdout]                                at /rustc/df4ca44d3fbc9301ee17f30f4d474e6ae4b05252/library/core/src/ops/function.rs:250:5
[INFO] [stdout]   36:     0x5dec400ed7db - test::__rust_begin_short_backtrace::h8e82d8113d0da17f
[INFO] [stdout]                                at /rustc/df4ca44d3fbc9301ee17f30f4d474e6ae4b05252/library/test/src/lib.rs:621:18
[INFO] [stdout]   37:     0x5dec400ed157 - test::run_test_in_process::{{closure}}::h33235f4f20b7b7c7
[INFO] [stdout]                                at /rustc/df4ca44d3fbc9301ee17f30f4d474e6ae4b05252/library/test/src/lib.rs:644:60
[INFO] [stdout]   38:     0x5dec400ed157 - <core::panic::unwind_safe::AssertUnwindSafe<F> as core::ops::function::FnOnce<()>>::call_once::hb5043206310c586f
[INFO] [stdout]                                at /rustc/df4ca44d3fbc9301ee17f30f4d474e6ae4b05252/library/core/src/panic/unwind_safe.rs:272:9
[INFO] [stdout]   39:     0x5dec400ed157 - std::panicking::try::do_call::h9ad4731a60ab23e2
[INFO] [stdout]                                at /rustc/df4ca44d3fbc9301ee17f30f4d474e6ae4b05252/library/std/src/panicking.rs:557:40
[INFO] [stdout]   40:     0x5dec400ed157 - std::panicking::try::h3824d23db772a716
[INFO] [stdout]                                at /rustc/df4ca44d3fbc9301ee17f30f4d474e6ae4b05252/library/std/src/panicking.rs:520:19
[INFO] [stdout]   41:     0x5dec400ed157 - std::panic::catch_unwind::h5afd514605fde46b
[INFO] [stdout]                                at /rustc/df4ca44d3fbc9301ee17f30f4d474e6ae4b05252/library/std/src/panic.rs:358:14
[INFO] [stdout]   42:     0x5dec400ed157 - test::run_test_in_process::h0d5cbfa7067d1720
[INFO] [stdout]                                at /rustc/df4ca44d3fbc9301ee17f30f4d474e6ae4b05252/library/test/src/lib.rs:644:27
[INFO] [stdout]   43:     0x5dec400ed157 - test::run_test::{{closure}}::h708eb8872708115d
[INFO] [stdout]                                at /rustc/df4ca44d3fbc9301ee17f30f4d474e6ae4b05252/library/test/src/lib.rs:565:43
[INFO] [stdout]   44:     0x5dec400b0874 - test::run_test::{{closure}}::h392c51cee94713ab
[INFO] [stdout]                                at /rustc/df4ca44d3fbc9301ee17f30f4d474e6ae4b05252/library/test/src/lib.rs:595:41
[INFO] [stdout]   45:     0x5dec400b0874 - std::sys::backtrace::__rust_begin_short_backtrace::h2f40290710935a8b
[INFO] [stdout]                                at /rustc/df4ca44d3fbc9301ee17f30f4d474e6ae4b05252/library/std/src/sys/backtrace.rs:154:18
[INFO] [stdout]   46:     0x5dec400b401e - std::thread::Builder::spawn_unchecked_::{{closure}}::{{closure}}::h3fd968d89053a903
[INFO] [stdout]                                at /rustc/df4ca44d3fbc9301ee17f30f4d474e6ae4b05252/library/std/src/thread/mod.rs:541:17
[INFO] [stdout]   47:     0x5dec400b401e - <core::panic::unwind_safe::AssertUnwindSafe<F> as core::ops::function::FnOnce<()>>::call_once::h743f637ba4229880
[INFO] [stdout]                                at /rustc/df4ca44d3fbc9301ee17f30f4d474e6ae4b05252/library/core/src/panic/unwind_safe.rs:272:9
[INFO] [stdout]   48:     0x5dec400b401e - std::panicking::try::do_call::h07440897322525a6
[INFO] [stdout]                                at /rustc/df4ca44d3fbc9301ee17f30f4d474e6ae4b05252/library/std/src/panicking.rs:557:40
[INFO] [stdout]   49:     0x5dec400b401e - std::panicking::try::he5a2e00188156637
[INFO] [stdout]                                at /rustc/df4ca44d3fbc9301ee17f30f4d474e6ae4b05252/library/std/src/panicking.rs:520:19
[INFO] [stdout]   50:     0x5dec400b401e - std::panic::catch_unwind::hbaf3cae49b3c6433
[INFO] [stdout]                                at /rustc/df4ca44d3fbc9301ee17f30f4d474e6ae4b05252/library/std/src/panic.rs:358:14
[INFO] [stdout]   51:     0x5dec400b401e - std::thread::Builder::spawn_unchecked_::{{closure}}::h8e141ea224820bce
[INFO] [stdout]                                at /rustc/df4ca44d3fbc9301ee17f30f4d474e6ae4b05252/library/std/src/thread/mod.rs:540:30
[INFO] [stdout]   52:     0x5dec400b401e - core::ops::function::FnOnce::call_once{{vtable.shim}}::h90d312fedd7b8ea8
[INFO] [stdout]                                at /rustc/df4ca44d3fbc9301ee17f30f4d474e6ae4b05252/library/core/src/ops/function.rs:250:5
[INFO] [stdout]   53:     0x5dec4054460b - <alloc::boxed::Box<F,A> as core::ops::function::FnOnce<Args>>::call_once::h69aa08ddb6adb8b6
[INFO] [stdout]                                at /rustc/df4ca44d3fbc9301ee17f30f4d474e6ae4b05252/library/alloc/src/boxed.rs:2454:9
[INFO] [stdout]   54:     0x5dec4054460b - <alloc::boxed::Box<F,A> as core::ops::function::FnOnce<Args>>::call_once::h5aa36efdb79c806f
[INFO] [stdout]                                at /rustc/df4ca44d3fbc9301ee17f30f4d474e6ae4b05252/library/alloc/src/boxed.rs:2454:9
[INFO] [stdout]   55:     0x5dec4054460b - std::sys::pal::unix::thread::Thread::new::thread_start::h6cd80a1b4be5158d
[INFO] [stdout]                                at /rustc/df4ca44d3fbc9301ee17f30f4d474e6ae4b05252/library/std/src/sys/pal/unix/thread.rs:105:17
[INFO] [stdout]   56:     0x7b3b302d9ac3 - <unknown>
[INFO] [stdout]   57:     0x7b3b3036aa04 - clone
[INFO] [stdout]   58:                0x0 - <unknown>
[INFO] [stdout] 
[INFO] [stdout] ---- query_user_id_not_in stdout ----
[INFO] [stdout] thread 'query_user_id_not_in' panicked at src/sql/pool.rs:13:25:
[INFO] [stdout] SqlConnectionError: DriverError { Could not connect to address `127.0.0.1:3306': Connection refused (os error 111) }
[INFO] [stdout] stack backtrace:
[INFO] [stdout]    0:     0x5dec4053e8ca - std::backtrace_rs::backtrace::libunwind::trace::h207520d6e9873551
[INFO] [stdout]                                at /rustc/df4ca44d3fbc9301ee17f30f4d474e6ae4b05252/library/std/src/../../backtrace/src/backtrace/libunwind.rs:116:5
[INFO] [stdout]    1:     0x5dec4053e8ca - std::backtrace_rs::backtrace::trace_unsynchronized::h2ed7433f370e3eca
[INFO] [stdout]                                at /rustc/df4ca44d3fbc9301ee17f30f4d474e6ae4b05252/library/std/src/../../backtrace/src/backtrace/mod.rs:66:5
[INFO] [stdout]    2:     0x5dec4053e8ca - std::sys::backtrace::_print_fmt::h916fac51166b18d7
[INFO] [stdout]                                at /rustc/df4ca44d3fbc9301ee17f30f4d474e6ae4b05252/library/std/src/sys/backtrace.rs:66:9
[INFO] [stdout]    3:     0x5dec4053e8ca - <std::sys::backtrace::BacktraceLock::print::DisplayBacktrace as core::fmt::Display>::fmt::ha0a4c9b8ce3802e6
[INFO] [stdout]                                at /rustc/df4ca44d3fbc9301ee17f30f4d474e6ae4b05252/library/std/src/sys/backtrace.rs:39:26
[INFO] [stdout]    4:     0x5dec40568b23 - core::fmt::rt::Argument::fmt::h4cfc8587d52b3eb5
[INFO] [stdout]                                at /rustc/df4ca44d3fbc9301ee17f30f4d474e6ae4b05252/library/core/src/fmt/rt.rs:177:76
[INFO] [stdout]    5:     0x5dec40568b23 - core::fmt::write::h522cc39e5b36ae9f
[INFO] [stdout]                                at /rustc/df4ca44d3fbc9301ee17f30f4d474e6ae4b05252/library/core/src/fmt/mod.rs:1190:21
[INFO] [stdout]    6:     0x5dec4053a8d3 - std::io::Write::write_fmt::h7d3c26752da97734
[INFO] [stdout]                                at /rustc/df4ca44d3fbc9301ee17f30f4d474e6ae4b05252/library/std/src/io/mod.rs:1839:15
[INFO] [stdout]    7:     0x5dec4053e712 - std::sys::backtrace::BacktraceLock::print::h4b9e00b29e9c0942
[INFO] [stdout]                                at /rustc/df4ca44d3fbc9301ee17f30f4d474e6ae4b05252/library/std/src/sys/backtrace.rs:42:9
[INFO] [stdout]    8:     0x5dec4053fd5a - std::panicking::default_hook::{{closure}}::hb59b88280d0324d9
[INFO] [stdout]                                at /rustc/df4ca44d3fbc9301ee17f30f4d474e6ae4b05252/library/std/src/panicking.rs:268:22
[INFO] [stdout]    9:     0x5dec4053fb64 - std::panicking::default_hook::he1dd496665be4a29
[INFO] [stdout]                                at /rustc/df4ca44d3fbc9301ee17f30f4d474e6ae4b05252/library/std/src/panicking.rs:292:9
[INFO] [stdout]   10:     0x5dec400e8f09 - <alloc::boxed::Box<F,A> as core::ops::function::Fn<Args>>::call::h4ff71de18744e1dc
[INFO] [stdout]                                at /rustc/df4ca44d3fbc9301ee17f30f4d474e6ae4b05252/library/alloc/src/boxed.rs:2468:9
[INFO] [stdout]   11:     0x5dec400e8f09 - test::test_main::{{closure}}::hcf7c055ce117aa81
[INFO] [stdout]                                at /rustc/df4ca44d3fbc9301ee17f30f4d474e6ae4b05252/library/test/src/lib.rs:133:21
[INFO] [stdout]   12:     0x5dec40540458 - <alloc::boxed::Box<F,A> as core::ops::function::Fn<Args>>::call::h1d66c6bbd60c9692
[INFO] [stdout]                                at /rustc/df4ca44d3fbc9301ee17f30f4d474e6ae4b05252/library/alloc/src/boxed.rs:2468:9
[INFO] [stdout]   13:     0x5dec40540458 - std::panicking::rust_panic_with_hook::h2ff17fe8f26dfcf8
[INFO] [stdout]                                at /rustc/df4ca44d3fbc9301ee17f30f4d474e6ae4b05252/library/std/src/panicking.rs:809:13
[INFO] [stdout]   14:     0x5dec4054021a - std::panicking::begin_panic_handler::{{closure}}::h4fad77951c07e101
[INFO] [stdout]                                at /rustc/df4ca44d3fbc9301ee17f30f4d474e6ae4b05252/library/std/src/panicking.rs:674:13
[INFO] [stdout]   15:     0x5dec4053eda9 - std::sys::backtrace::__rust_end_short_backtrace::hb1a25b3da5d0ea08
[INFO] [stdout]                                at /rustc/df4ca44d3fbc9301ee17f30f4d474e6ae4b05252/library/std/src/sys/backtrace.rs:170:18
[INFO] [stdout]   16:     0x5dec4053feac - rust_begin_unwind
[INFO] [stdout]                                at /rustc/df4ca44d3fbc9301ee17f30f4d474e6ae4b05252/library/std/src/panicking.rs:665:5
[INFO] [stdout]   17:     0x5dec40566300 - core::panicking::panic_fmt::ha9db07b529f9b256
[INFO] [stdout]                                at /rustc/df4ca44d3fbc9301ee17f30f4d474e6ae4b05252/library/core/src/panicking.rs:75:14
[INFO] [stdout]   18:     0x5dec40566786 - core::result::unwrap_failed::h5e8218e4d4338b8a
[INFO] [stdout]                                at /rustc/df4ca44d3fbc9301ee17f30f4d474e6ae4b05252/library/core/src/result.rs:1698:5
[INFO] [stdout]   19:     0x5dec40115039 - core::result::Result<T,E>::expect::h81572430f85e4a04
[INFO] [stdout]                                at /rustc/df4ca44d3fbc9301ee17f30f4d474e6ae4b05252/library/core/src/result.rs:1060:23
[INFO] [stdout]   20:     0x5dec40110bcc - wp_query_rs::sql::pool::get_pool::{{closure}}::h099d7bd32adc53b3
[INFO] [stdout]                                at /opt/rustwide/workdir/src/sql/pool.rs:13:9
[INFO] [stdout]   21:     0x5dec40109c49 - std::sync::once_lock::OnceLock<T>::get_or_init::{{closure}}::h52f1d2d147ab9681
[INFO] [stdout]                                at /rustc/df4ca44d3fbc9301ee17f30f4d474e6ae4b05252/library/std/src/sync/once_lock.rs:304:50
[INFO] [stdout]   22:     0x5dec40109bd1 - std::sync::once_lock::OnceLock<T>::initialize::{{closure}}::h8b313aabeab7e8b0
[INFO] [stdout]                                at /rustc/df4ca44d3fbc9301ee17f30f4d474e6ae4b05252/library/std/src/sync/once_lock.rs:512:19
[INFO] [stdout]   23:     0x5dec40109b3f - std::sync::once::Once::call_once_force::{{closure}}::h75cc38ddcf87ebd2
[INFO] [stdout]                                at /rustc/df4ca44d3fbc9301ee17f30f4d474e6ae4b05252/library/std/src/sync/once.rs:217:40
[INFO] [stdout]   24:     0x5dec40548923 - std::sys::sync::once::futex::Once::call::h71269da0f72c5b8f
[INFO] [stdout]                                at /rustc/df4ca44d3fbc9301ee17f30f4d474e6ae4b05252/library/std/src/sys/sync/once/futex.rs:176:21
[INFO] [stdout]   25:     0x5dec40109a75 - std::sync::once::Once::call_once_force::h215433e5b6fed04e
[INFO] [stdout]                                at /rustc/df4ca44d3fbc9301ee17f30f4d474e6ae4b05252/library/std/src/sync/once.rs:217:9
[INFO] [stdout]   26:     0x5dec40109b6a - std::sync::once_lock::OnceLock<T>::initialize::h63321aad36156c2b
[INFO] [stdout]                                at /rustc/df4ca44d3fbc9301ee17f30f4d474e6ae4b05252/library/std/src/sync/once_lock.rs:511:9
[INFO] [stdout]   27:     0x5dec40109cf2 - std::sync::once_lock::OnceLock<T>::get_or_try_init::h21d421de778b2454
[INFO] [stdout]                                at /rustc/df4ca44d3fbc9301ee17f30f4d474e6ae4b05252/library/std/src/sync/once_lock.rs:390:9
[INFO] [stdout]   28:     0x5dec40109c1f - std::sync::once_lock::OnceLock<T>::get_or_init::ha5fa9183fa4ab2e7
[INFO] [stdout]                                at /rustc/df4ca44d3fbc9301ee17f30f4d474e6ae4b05252/library/std/src/sync/once_lock.rs:304:15
[INFO] [stdout]   29:     0x5dec40110b7e - wp_query_rs::sql::pool::get_pool::hde6bae6a7ef7f6ef
[INFO] [stdout]                                at /opt/rustwide/workdir/src/sql/pool.rs:9:5
[INFO] [stdout]   30:     0x5dec40110ec3 - wp_query_rs::sql::get_conn::he84127f900942f80
[INFO] [stdout]                                at /opt/rustwide/workdir/src/sql.rs:25:5
[INFO] [stdout]   31:     0x5dec400ab7f4 - wp_query_rs::WpQuery::new::h693680c5aa24c9a2
[INFO] [stdout]                                at /opt/rustwide/workdir/src/lib.rs:71:24
[INFO] [stdout]   32:     0x5dec400aec74 - author::query_user_id_not_in::h9eda7059322b4fc4
[INFO] [stdout]                                at /opt/rustwide/workdir/tests/author.rs:39:17
[INFO] [stdout]   33:     0x5dec400aebe7 - author::query_user_id_not_in::{{closure}}::ha7c4ac2e2f96913d
[INFO] [stdout]                                at /opt/rustwide/workdir/tests/author.rs:36:26
[INFO] [stdout]   34:     0x5dec400ac346 - core::ops::function::FnOnce::call_once::h9f7c3e38ce1e8980
[INFO] [stdout]                                at /rustc/df4ca44d3fbc9301ee17f30f4d474e6ae4b05252/library/core/src/ops/function.rs:250:5
[INFO] [stdout]   35:     0x5dec400ed7db - core::ops::function::FnOnce::call_once::h22c3ba5715e93f05
[INFO] [stdout]                                at /rustc/df4ca44d3fbc9301ee17f30f4d474e6ae4b05252/library/core/src/ops/function.rs:250:5
[INFO] [stdout]   36:     0x5dec400ed7db - test::__rust_begin_short_backtrace::h8e82d8113d0da17f
[INFO] [stdout]                                at /rustc/df4ca44d3fbc9301ee17f30f4d474e6ae4b05252/library/test/src/lib.rs:621:18
[INFO] [stdout]   37:     0x5dec400ed157 - test::run_test_in_process::{{closure}}::h33235f4f20b7b7c7
[INFO] [stdout]                                at /rustc/df4ca44d3fbc9301ee17f30f4d474e6ae4b05252/library/test/src/lib.rs:644:60
[INFO] [stdout]   38:     0x5dec400ed157 - <core::panic::unwind_safe::AssertUnwindSafe<F> as core::ops::function::FnOnce<()>>::call_once::hb5043206310c586f
[INFO] [stdout]                                at /rustc/df4ca44d3fbc9301ee17f30f4d474e6ae4b05252/library/core/src/panic/unwind_safe.rs:272:9
[INFO] [stdout]   39:     0x5dec400ed157 - std::panicking::try::do_call::h9ad4731a60ab23e2
[INFO] [stdout]                                at /rustc/df4ca44d3fbc9301ee17f30f4d474e6ae4b05252/library/std/src/panicking.rs:557:40
[INFO] [stdout]   40:     0x5dec400ed157 - std::panicking::try::h3824d23db772a716
[INFO] [stdout]                                at /rustc/df4ca44d3fbc9301ee17f30f4d474e6ae4b05252/library/std/src/panicking.rs:520:19
[INFO] [stdout]   41:     0x5dec400ed157 - std::panic::catch_unwind::h5afd514605fde46b
[INFO] [stdout]                                at /rustc/df4ca44d3fbc9301ee17f30f4d474e6ae4b05252/library/std/src/panic.rs:358:14
[INFO] [stdout]   42:     0x5dec400ed157 - test::run_test_in_process::h0d5cbfa7067d1720
[INFO] [stdout]                                at /rustc/df4ca44d3fbc9301ee17f30f4d474e6ae4b05252/library/test/src/lib.rs:644:27
[INFO] [stdout]   43:     0x5dec400ed157 - test::run_test::{{closure}}::h708eb8872708115d
[INFO] [stdout]                                at /rustc/df4ca44d3fbc9301ee17f30f4d474e6ae4b05252/library/test/src/lib.rs:565:43
[INFO] [stdout]   44:     0x5dec400b0874 - test::run_test::{{closure}}::h392c51cee94713ab
[INFO] [stdout]                                at /rustc/df4ca44d3fbc9301ee17f30f4d474e6ae4b05252/library/test/src/lib.rs:595:41
[INFO] [stdout]   45:     0x5dec400b0874 - std::sys::backtrace::__rust_begin_short_backtrace::h2f40290710935a8b
[INFO] [stdout]                                at /rustc/df4ca44d3fbc9301ee17f30f4d474e6ae4b05252/library/std/src/sys/backtrace.rs:154:18
[INFO] [stdout]   46:     0x5dec400b401e - std::thread::Builder::spawn_unchecked_::{{closure}}::{{closure}}::h3fd968d89053a903
[INFO] [stdout]                                at /rustc/df4ca44d3fbc9301ee17f30f4d474e6ae4b05252/library/std/src/thread/mod.rs:541:17
[INFO] [stdout]   47:     0x5dec400b401e - <core::panic::unwind_safe::AssertUnwindSafe<F> as core::ops::function::FnOnce<()>>::call_once::h743f637ba4229880
[INFO] [stdout]                                at /rustc/df4ca44d3fbc9301ee17f30f4d474e6ae4b05252/library/core/src/panic/unwind_safe.rs:272:9
[INFO] [stdout]   48:     0x5dec400b401e - std::panicking::try::do_call::h07440897322525a6
[INFO] [stdout]                                at /rustc/df4ca44d3fbc9301ee17f30f4d474e6ae4b05252/library/std/src/panicking.rs:557:40
[INFO] [stdout]   49:     0x5dec400b401e - std::panicking::try::he5a2e00188156637
[INFO] [stdout]                                at /rustc/df4ca44d3fbc9301ee17f30f4d474e6ae4b05252/library/std/src/panicking.rs:520:19
[INFO] [stdout]   50:     0x5dec400b401e - std::panic::catch_unwind::hbaf3cae49b3c6433
[INFO] [stdout]                                at /rustc/df4ca44d3fbc9301ee17f30f4d474e6ae4b05252/library/std/src/panic.rs:358:14
[INFO] [stdout]   51:     0x5dec400b401e - std::thread::Builder::spawn_unchecked_::{{closure}}::h8e141ea224820bce
[INFO] [stdout]                                at /rustc/df4ca44d3fbc9301ee17f30f4d474e6ae4b05252/library/std/src/thread/mod.rs:540:30
[INFO] [stdout]   52:     0x5dec400b401e - core::ops::function::FnOnce::call_once{{vtable.shim}}::h90d312fedd7b8ea8
[INFO] [stdout]                                at /rustc/df4ca44d3fbc9301ee17f30f4d474e6ae4b05252/library/core/src/ops/function.rs:250:5
[INFO] [stdout]   53:     0x5dec4054460b - <alloc::boxed::Box<F,A> as core::ops::function::FnOnce<Args>>::call_once::h69aa08ddb6adb8b6
[INFO] [stdout]                                at /rustc/df4ca44d3fbc9301ee17f30f4d474e6ae4b05252/library/alloc/src/boxed.rs:2454:9
[INFO] [stdout]   54:     0x5dec4054460b - <alloc::boxed::Box<F,A> as core::ops::function::FnOnce<Args>>::call_once::h5aa36efdb79c806f
[INFO] [stdout]                                at /rustc/df4ca44d3fbc9301ee17f30f4d474e6ae4b05252/library/alloc/src/boxed.rs:2454:9
[INFO] [stdout]   55:     0x5dec4054460b - std::sys::pal::unix::thread::Thread::new::thread_start::h6cd80a1b4be5158d
[INFO] [stdout]                                at /rustc/df4ca44d3fbc9301ee17f30f4d474e6ae4b05252/library/std/src/sys/pal/unix/thread.rs:105:17
[INFO] [stdout]   56:     0x7b3b302d9ac3 - <unknown>
[INFO] [stdout]   57:     0x7b3b3036aa04 - clone
[INFO] [stdout]   58:                0x0 - <unknown>
[INFO] [stdout] 
[INFO] [stdout] ---- query_user_id stdout ----
[INFO] [stdout] thread 'query_user_id' panicked at src/sql/pool.rs:13:25:
[INFO] [stdout] SqlConnectionError: DriverError { Could not connect to address `127.0.0.1:3306': Connection refused (os error 111) }
[INFO] [stdout] stack backtrace:
[INFO] [stdout]    0:     0x5dec4053e8ca - std::backtrace_rs::backtrace::libunwind::trace::h207520d6e9873551
[INFO] [stdout]                                at /rustc/df4ca44d3fbc9301ee17f30f4d474e6ae4b05252/library/std/src/../../backtrace/src/backtrace/libunwind.rs:116:5
[INFO] [stdout]    1:     0x5dec4053e8ca - std::backtrace_rs::backtrace::trace_unsynchronized::h2ed7433f370e3eca
[INFO] [stdout]                                at /rustc/df4ca44d3fbc9301ee17f30f4d474e6ae4b05252/library/std/src/../../backtrace/src/backtrace/mod.rs:66:5
[INFO] [stdout]    2:     0x5dec4053e8ca - std::sys::backtrace::_print_fmt::h916fac51166b18d7
[INFO] [stdout]                                at /rustc/df4ca44d3fbc9301ee17f30f4d474e6ae4b05252/library/std/src/sys/backtrace.rs:66:9
[INFO] [stdout]    3:     0x5dec4053e8ca - <std::sys::backtrace::BacktraceLock::print::DisplayBacktrace as core::fmt::Display>::fmt::ha0a4c9b8ce3802e6
[INFO] [stdout]                                at /rustc/df4ca44d3fbc9301ee17f30f4d474e6ae4b05252/library/std/src/sys/backtrace.rs:39:26
[INFO] [stdout]    4:     0x5dec40568b23 - core::fmt::rt::Argument::fmt::h4cfc8587d52b3eb5
[INFO] [stdout]                                at /rustc/df4ca44d3fbc9301ee17f30f4d474e6ae4b05252/library/core/src/fmt/rt.rs:177:76
[INFO] [stdout]    5:     0x5dec40568b23 - core::fmt::write::h522cc39e5b36ae9f
[INFO] [stdout]                                at /rustc/df4ca44d3fbc9301ee17f30f4d474e6ae4b05252/library/core/src/fmt/mod.rs:1190:21
[INFO] [stdout]    6:     0x5dec4053a8d3 - std::io::Write::write_fmt::h7d3c26752da97734
[INFO] [stdout]                                at /rustc/df4ca44d3fbc9301ee17f30f4d474e6ae4b05252/library/std/src/io/mod.rs:1839:15
[INFO] [stdout]    7:     0x5dec4053e712 - std::sys::backtrace::BacktraceLock::print::h4b9e00b29e9c0942
[INFO] [stdout]                                at /rustc/df4ca44d3fbc9301ee17f30f4d474e6ae4b05252/library/std/src/sys/backtrace.rs:42:9
[INFO] [stdout]    8:     0x5dec4053fd5a - std::panicking::default_hook::{{closure}}::hb59b88280d0324d9
[INFO] [stdout]                                at /rustc/df4ca44d3fbc9301ee17f30f4d474e6ae4b05252/library/std/src/panicking.rs:268:22
[INFO] [stdout]    9:     0x5dec4053fb64 - std::panicking::default_hook::he1dd496665be4a29
[INFO] [stdout]                                at /rustc/df4ca44d3fbc9301ee17f30f4d474e6ae4b05252/library/std/src/panicking.rs:292:9
[INFO] [stdout]   10:     0x5dec400e8f09 - <alloc::boxed::Box<F,A> as core::ops::function::Fn<Args>>::call::h4ff71de18744e1dc
[INFO] [stdout]                                at /rustc/df4ca44d3fbc9301ee17f30f4d474e6ae4b05252/library/alloc/src/boxed.rs:2468:9
[INFO] [stdout]   11:     0x5dec400e8f09 - test::test_main::{{closure}}::hcf7c055ce117aa81
[INFO] [stdout]                                at /rustc/df4ca44d3fbc9301ee17f30f4d474e6ae4b05252/library/test/src/lib.rs:133:21
[INFO] [stdout]   12:     0x5dec40540458 - <alloc::boxed::Box<F,A> as core::ops::function::Fn<Args>>::call::h1d66c6bbd60c9692
[INFO] [stdout]                                at /rustc/df4ca44d3fbc9301ee17f30f4d474e6ae4b05252/library/alloc/src/boxed.rs:2468:9
[INFO] [stdout]   13:     0x5dec40540458 - std::panicking::rust_panic_with_hook::h2ff17fe8f26dfcf8
[INFO] [stdout]                                at /rustc/df4ca44d3fbc9301ee17f30f4d474e6ae4b05252/library/std/src/panicking.rs:809:13
[INFO] [stdout]   14:     0x5dec4054021a - std::panicking::begin_panic_handler::{{closure}}::h4fad77951c07e101
[INFO] [stdout]                                at /rustc/df4ca44d3fbc9301ee17f30f4d474e6ae4b05252/library/std/src/panicking.rs:674:13
[INFO] [stdout]   15:     0x5dec4053eda9 - std::sys::backtrace::__rust_end_short_backtrace::hb1a25b3da5d0ea08
[INFO] [stdout]                                at /rustc/df4ca44d3fbc9301ee17f30f4d474e6ae4b05252/library/std/src/sys/backtrace.rs:170:18
[INFO] [stdout]   16:     0x5dec4053feac - rust_begin_unwind
[INFO] [stdout]                                at /rustc/df4ca44d3fbc9301ee17f30f4d474e6ae4b05252/library/std/src/panicking.rs:665:5
[INFO] [stdout]   17:     0x5dec40566300 - core::panicking::panic_fmt::ha9db07b529f9b256
[INFO] [stdout]                                at /rustc/df4ca44d3fbc9301ee17f30f4d474e6ae4b05252/library/core/src/panicking.rs:75:14
[INFO] [stdout]   18:     0x5dec40566786 - core::result::unwrap_failed::h5e8218e4d4338b8a
[INFO] [stdout]                                at /rustc/df4ca44d3fbc9301ee17f30f4d474e6ae4b05252/library/core/src/result.rs:1698:5
[INFO] [stdout]   19:     0x5dec40115039 - core::result::Result<T,E>::expect::h81572430f85e4a04
[INFO] [stdout]                                at /rustc/df4ca44d3fbc9301ee17f30f4d474e6ae4b05252/library/core/src/result.rs:1060:23
[INFO] [stdout]   20:     0x5dec40110bcc - wp_query_rs::sql::pool::get_pool::{{closure}}::h099d7bd32adc53b3
[INFO] [stdout]                                at /opt/rustwide/workdir/src/sql/pool.rs:13:9
[INFO] [stdout]   21:     0x5dec40109c49 - std::sync::once_lock::OnceLock<T>::get_or_init::{{closure}}::h52f1d2d147ab9681
[INFO] [stdout]                                at /rustc/df4ca44d3fbc9301ee17f30f4d474e6ae4b05252/library/std/src/sync/once_lock.rs:304:50
[INFO] [stdout]   22:     0x5dec40109bd1 - std::sync::once_lock::OnceLock<T>::initialize::{{closure}}::h8b313aabeab7e8b0
[INFO] [stdout]                                at /rustc/df4ca44d3fbc9301ee17f30f4d474e6ae4b05252/library/std/src/sync/once_lock.rs:512:19
[INFO] [stdout]   23:     0x5dec40109b3f - std::sync::once::Once::call_once_force::{{closure}}::h75cc38ddcf87ebd2
[INFO] [stdout]                                at /rustc/df4ca44d3fbc9301ee17f30f4d474e6ae4b05252/library/std/src/sync/once.rs:217:40
[INFO] [stdout]   24:     0x5dec40548923 - std::sys::sync::once::futex::Once::call::h71269da0f72c5b8f
[INFO] [stdout]                                at /rustc/df4ca44d3fbc9301ee17f30f4d474e6ae4b05252/library/std/src/sys/sync/once/futex.rs:176:21
[INFO] [stdout]   25:     0x5dec40109a75 - std::sync::once::Once::call_once_force::h215433e5b6fed04e
[INFO] [stdout]                                at /rustc/df4ca44d3fbc9301ee17f30f4d474e6ae4b05252/library/std/src/sync/once.rs:217:9
[INFO] [stdout]   26:     0x5dec40109b6a - std::sync::once_lock::OnceLock<T>::initialize::h63321aad36156c2b
[INFO] [stdout]                                at /rustc/df4ca44d3fbc9301ee17f30f4d474e6ae4b05252/library/std/src/sync/once_lock.rs:511:9
[INFO] [stdout]   27:     0x5dec40109cf2 - std::sync::once_lock::OnceLock<T>::get_or_try_init::h21d421de778b2454
[INFO] [stdout]                                at /rustc/df4ca44d3fbc9301ee17f30f4d474e6ae4b05252/library/std/src/sync/once_lock.rs:390:9
[INFO] [stdout]   28:     0x5dec40109c1f - std::sync::once_lock::OnceLock<T>::get_or_init::ha5fa9183fa4ab2e7
[INFO] [stdout]                                at /rustc/df4ca44d3fbc9301ee17f30f4d474e6ae4b05252/library/std/src/sync/once_lock.rs:304:15
[INFO] [stdout]   29:     0x5dec40110b7e - wp_query_rs::sql::pool::get_pool::hde6bae6a7ef7f6ef
[INFO] [stdout]                                at /opt/rustwide/workdir/src/sql/pool.rs:9:5
[INFO] [stdout]   30:     0x5dec40110ec3 - wp_query_rs::sql::get_conn::he84127f900942f80
[INFO] [stdout]                                at /opt/rustwide/workdir/src/sql.rs:25:5
[INFO] [stdout]   31:     0x5dec400ab7f4 - wp_query_rs::WpQuery::new::h693680c5aa24c9a2
[INFO] [stdout]                                at /opt/rustwide/workdir/src/lib.rs:71:24
[INFO] [stdout]   32:     0x5dec400ae8c1 - author::query_user_id::h0585478218752c7e
[INFO] [stdout]                                at /opt/rustwide/workdir/tests/author.rs:23:17
[INFO] [stdout]   33:     0x5dec400ae857 - author::query_user_id::{{closure}}::h28a6d25177a0795e
[INFO] [stdout]                                at /opt/rustwide/workdir/tests/author.rs:20:19
[INFO] [stdout]   34:     0x5dec400ac306 - core::ops::function::FnOnce::call_once::h9cf204c6f5fe6631
[INFO] [stdout]                                at /rustc/df4ca44d3fbc9301ee17f30f4d474e6ae4b05252/library/core/src/ops/function.rs:250:5
[INFO] [stdout]   35:     0x5dec400ed7db - core::ops::function::FnOnce::call_once::h22c3ba5715e93f05
[INFO] [stdout]                                at /rustc/df4ca44d3fbc9301ee17f30f4d474e6ae4b05252/library/core/src/ops/function.rs:250:5
[INFO] [stdout]   36:     0x5dec400ed7db - test::__rust_begin_short_backtrace::h8e82d8113d0da17f
[INFO] [stdout]                                at /rustc/df4ca44d3fbc9301ee17f30f4d474e6ae4b05252/library/test/src/lib.rs:621:18
[INFO] [stdout]   37:     0x5dec400ed157 - test::run_test_in_process::{{closure}}::h33235f4f20b7b7c7
[INFO] [stdout]                                at /rustc/df4ca44d3fbc9301ee17f30f4d474e6ae4b05252/library/test/src/lib.rs:644:60
[INFO] [stdout]   38:     0x5dec400ed157 - <core::panic::unwind_safe::AssertUnwindSafe<F> as core::ops::function::FnOnce<()>>::call_once::hb5043206310c586f
[INFO] [stdout]                                at /rustc/df4ca44d3fbc9301ee17f30f4d474e6ae4b05252/library/core/src/panic/unwind_safe.rs:272:9
[INFO] [stdout]   39:     0x5dec400ed157 - std::panicking::try::do_call::h9ad4731a60ab23e2
[INFO] [stdout]                                at /rustc/df4ca44d3fbc9301ee17f30f4d474e6ae4b05252/library/std/src/panicking.rs:557:40
[INFO] [stdout]   40:     0x5dec400ed157 - std::panicking::try::h3824d23db772a716
[INFO] [stdout]                                at /rustc/df4ca44d3fbc9301ee17f30f4d474e6ae4b05252/library/std/src/panicking.rs:520:19
[INFO] [stdout]   41:     0x5dec400ed157 - std::panic::catch_unwind::h5afd514605fde46b
[INFO] [stdout]                                at /rustc/df4ca44d3fbc9301ee17f30f4d474e6ae4b05252/library/std/src/panic.rs:358:14
[INFO] [stdout]   42:     0x5dec400ed157 - test::run_test_in_process::h0d5cbfa7067d1720
[INFO] [stdout]                                at /rustc/df4ca44d3fbc9301ee17f30f4d474e6ae4b05252/library/test/src/lib.rs:644:27
[INFO] [stdout]   43:     0x5dec400ed157 - test::run_test::{{closure}}::h708eb8872708115d
[INFO] [stdout]                                at /rustc/df4ca44d3fbc9301ee17f30f4d474e6ae4b05252/library/test/src/lib.rs:565:43
[INFO] [stdout]   44:     0x5dec400b0874 - test::run_test::{{closure}}::h392c51cee94713ab
[INFO] [stdout]                                at /rustc/df4ca44d3fbc9301ee17f30f4d474e6ae4b05252/library/test/src/lib.rs:595:41
[INFO] [stdout]   45:     0x5dec400b0874 - std::sys::backtrace::__rust_begin_short_backtrace::h2f40290710935a8b
[INFO] [stdout]                                at /rustc/df4ca44d3fbc9301ee17f30f4d474e6ae4b05252/library/std/src/sys/backtrace.rs:154:18
[INFO] [stdout]   46:     0x5dec400b401e - std::thread::Builder::spawn_unchecked_::{{closure}}::{{closure}}::h3fd968d89053a903
[INFO] [stdout]                                at /rustc/df4ca44d3fbc9301ee17f30f4d474e6ae4b05252/library/std/src/thread/mod.rs:541:17
[INFO] [stdout]   47:     0x5dec400b401e - <core::panic::unwind_safe::AssertUnwindSafe<F> as core::ops::function::FnOnce<()>>::call_once::h743f637ba4229880
[INFO] [stdout]                                at /rustc/df4ca44d3fbc9301ee17f30f4d474e6ae4b05252/library/core/src/panic/unwind_safe.rs:272:9
[INFO] [stdout]   48:     0x5dec400b401e - std::panicking::try::do_call::h07440897322525a6
[INFO] [stdout]                                at /rustc/df4ca44d3fbc9301ee17f30f4d474e6ae4b05252/library/std/src/panicking.rs:557:40
[INFO] [stdout]   49:     0x5dec400b401e - std::panicking::try::he5a2e00188156637
[INFO] [stdout]                                at /rustc/df4ca44d3fbc9301ee17f30f4d474e6ae4b05252/library/std/src/panicking.rs:520:19
[INFO] [stdout]   50:     0x5dec400b401e - std::panic::catch_unwind::hbaf3cae49b3c6433
[INFO] [stdout]                                at /rustc/df4ca44d3fbc9301ee17f30f4d474e6ae4b05252/library/std/src/panic.rs:358:14
[INFO] [stdout]   51:     0x5dec400b401e - std::thread::Builder::spawn_unchecked_::{{closure}}::h8e141ea224820bce
[INFO] [stdout]                                at /rustc/df4ca44d3fbc9301ee17f30f4d474e6ae4b05252/library/std/src/thread/mod.rs:540:30
[INFO] [stdout]   52:     0x5dec400b401e - core::ops::function::FnOnce::call_once{{vtable.shim}}::h90d312fedd7b8ea8
[INFO] [stdout]                                at /rustc/df4ca44d3fbc9301ee17f30f4d474e6ae4b05252/library/core/src/ops/function.rs:250:5
[INFO] [stdout]   53:     0x5dec4054460b - <alloc::boxed::Box<F,A> as core::ops::function::FnOnce<Args>>::call_once::h69aa08ddb6adb8b6
[INFO] [stdout]                                at /rustc/df4ca44d3fbc9301ee17f30f4d474e6ae4b05252/library/alloc/src/boxed.rs:2454:9
[INFO] [stdout]   54:     0x5dec4054460b - <alloc::boxed::Box<F,A> as core::ops::function::FnOnce<Args>>::call_once::h5aa36efdb79c806f
[INFO] [stdout]                                at /rustc/df4ca44d3fbc9301ee17f30f4d474e6ae4b05252/library/alloc/src/boxed.rs:2454:9
[INFO] [stdout]   55:     0x5dec4054460b - std::sys::pal::unix::thread::Thread::new::thread_start::h6cd80a1b4be5158d
[INFO] [stdout]                                at /rustc/df4ca44d3fbc9301ee17f30f4d474e6ae4b05252/library/std/src/sys/pal/unix/thread.rs:105:17
[INFO] [stdout]   56:     0x7b3b302d9ac3 - <unknown>
[INFO] [stdout]   57:     0x7b3b3036aa04 - clone
[INFO] [stdout]   58:                0x0 - <unknown>
[INFO] [stdout] 
[INFO] [stdout] ---- query_user_id_not_in_and_in stdout ----
[INFO] [stdout] thread 'query_user_id_not_in_and_in' panicked at src/sql/pool.rs:13:25:
[INFO] [stdout] SqlConnectionError: DriverError { Could not connect to address `127.0.0.1:3306': Connection refused (os error 111) }
[INFO] [stdout] stack backtrace:
[INFO] [stdout]    0:     0x5dec4053e8ca - std::backtrace_rs::backtrace::libunwind::trace::h207520d6e9873551
[INFO] [stdout]                                at /rustc/df4ca44d3fbc9301ee17f30f4d474e6ae4b05252/library/std/src/../../backtrace/src/backtrace/libunwind.rs:116:5
[INFO] [stdout]    1:     0x5dec4053e8ca - std::backtrace_rs::backtrace::trace_unsynchronized::h2ed7433f370e3eca
[INFO] [stdout]                                at /rustc/df4ca44d3fbc9301ee17f30f4d474e6ae4b05252/library/std/src/../../backtrace/src/backtrace/mod.rs:66:5
[INFO] [stdout]    2:     0x5dec4053e8ca - std::sys::backtrace::_print_fmt::h916fac51166b18d7
[INFO] [stdout]                                at /rustc/df4ca44d3fbc9301ee17f30f4d474e6ae4b05252/library/std/src/sys/backtrace.rs:66:9
[INFO] [stdout]    3:     0x5dec4053e8ca - <std::sys::backtrace::BacktraceLock::print::DisplayBacktrace as core::fmt::Display>::fmt::ha0a4c9b8ce3802e6
[INFO] [stdout]                                at /rustc/df4ca44d3fbc9301ee17f30f4d474e6ae4b05252/library/std/src/sys/backtrace.rs:39:26
[INFO] [stdout]    4:     0x5dec40568b23 - core::fmt::rt::Argument::fmt::h4cfc8587d52b3eb5
[INFO] [stdout]                                at /rustc/df4ca44d3fbc9301ee17f30f4d474e6ae4b05252/library/core/src/fmt/rt.rs:177:76
[INFO] [stdout]    5:     0x5dec40568b23 - core::fmt::write::h522cc39e5b36ae9f
[INFO] [stdout]                                at /rustc/df4ca44d3fbc9301ee17f30f4d474e6ae4b05252/library/core/src/fmt/mod.rs:1190:21
[INFO] [stdout]    6:     0x5dec4053a8d3 - std::io::Write::write_fmt::h7d3c26752da97734
[INFO] [stdout]                                at /rustc/df4ca44d3fbc9301ee17f30f4d474e6ae4b05252/library/std/src/io/mod.rs:1839:15
[INFO] [stdout]    7:     0x5dec4053e712 - std::sys::backtrace::BacktraceLock::print::h4b9e00b29e9c0942
[INFO] [stdout]                                at /rustc/df4ca44d3fbc9301ee17f30f4d474e6ae4b05252/library/std/src/sys/backtrace.rs:42:9
[INFO] [stdout]    8:     0x5dec4053fd5a - std::panicking::default_hook::{{closure}}::hb59b88280d0324d9
[INFO] [stdout]                                at /rustc/df4ca44d3fbc9301ee17f30f4d474e6ae4b05252/library/std/src/panicking.rs:268:22
[INFO] [stdout]    9:     0x5dec4053fb64 - std::panicking::default_hook::he1dd496665be4a29
[INFO] [stdout]                                at /rustc/df4ca44d3fbc9301ee17f30f4d474e6ae4b05252/library/std/src/panicking.rs:292:9
[INFO] [stdout]   10:     0x5dec400e8f09 - <alloc::boxed::Box<F,A> as core::ops::function::Fn<Args>>::call::h4ff71de18744e1dc
[INFO] [stdout]                                at /rustc/df4ca44d3fbc9301ee17f30f4d474e6ae4b05252/library/alloc/src/boxed.rs:2468:9
[INFO] [stdout]   11:     0x5dec400e8f09 - test::test_main::{{closure}}::hcf7c055ce117aa81
[INFO] [stdout]                                at /rustc/df4ca44d3fbc9301ee17f30f4d474e6ae4b05252/library/test/src/lib.rs:133:21
[INFO] [stdout]   12:     0x5dec40540458 - <alloc::boxed::Box<F,A> as core::ops::function::Fn<Args>>::call::h1d66c6bbd60c9692
[INFO] [stdout]                                at /rustc/df4ca44d3fbc9301ee17f30f4d474e6ae4b05252/library/alloc/src/boxed.rs:2468:9
[INFO] [stdout]   13:     0x5dec40540458 - std::panicking::rust_panic_with_hook::h2ff17fe8f26dfcf8
[INFO] [stdout]                                at /rustc/df4ca44d3fbc9301ee17f30f4d474e6ae4b05252/library/std/src/panicking.rs:809:13
[INFO] [stdout]   14:     0x5dec4054021a - std::panicking::begin_panic_handler::{{closure}}::h4fad77951c07e101
[INFO] [stdout]                                at /rustc/df4ca44d3fbc9301ee17f30f4d474e6ae4b05252/library/std/src/panicking.rs:674:13
[INFO] [stdout]   15:     0x5dec4053eda9 - std::sys::backtrace::__rust_end_short_backtrace::hb1a25b3da5d0ea08
[INFO] [stdout]                                at /rustc/df4ca44d3fbc9301ee17f30f4d474e6ae4b05252/library/std/src/sys/backtrace.rs:170:18
[INFO] [stdout]   16:     0x5dec4053feac - rust_begin_unwind
[INFO] [stdout]                                at /rustc/df4ca44d3fbc9301ee17f30f4d474e6ae4b05252/library/std/src/panicking.rs:665:5
[INFO] [stdout]   17:     0x5dec40566300 - core::panicking::panic_fmt::ha9db07b529f9b256
[INFO] [stdout]                                at /rustc/df4ca44d3fbc9301ee17f30f4d474e6ae4b05252/library/core/src/panicking.rs:75:14
[INFO] [stdout]   18:     0x5dec40566786 - core::result::unwrap_failed::h5e8218e4d4338b8a
[INFO] [stdout]                                at /rustc/df4ca44d3fbc9301ee17f30f4d474e6ae4b05252/library/core/src/result.rs:1698:5
[INFO] [stdout]   19:     0x5dec40115039 - core::result::Result<T,E>::expect::h81572430f85e4a04
[INFO] [stdout]                                at /rustc/df4ca44d3fbc9301ee17f30f4d474e6ae4b05252/library/core/src/result.rs:1060:23
[INFO] [stdout]   20:     0x5dec40110bcc - wp_query_rs::sql::pool::get_pool::{{closure}}::h099d7bd32adc53b3
[INFO] [stdout]                                at /opt/rustwide/workdir/src/sql/pool.rs:13:9
[INFO] [stdout]   21:     0x5dec40109c49 - std::sync::once_lock::OnceLock<T>::get_or_init::{{closure}}::h52f1d2d147ab9681
[INFO] [stdout]                                at /rustc/df4ca44d3fbc9301ee17f30f4d474e6ae4b05252/library/std/src/sync/once_lock.rs:304:50
[INFO] [stdout]   22:     0x5dec40109bd1 - std::sync::once_lock::OnceLock<T>::initialize::{{closure}}::h8b313aabeab7e8b0
[INFO] [stdout]                                at /rustc/df4ca44d3fbc9301ee17f30f4d474e6ae4b05252/library/std/src/sync/once_lock.rs:512:19
[INFO] [stdout]   23:     0x5dec40109b3f - std::sync::once::Once::call_once_force::{{closure}}::h75cc38ddcf87ebd2
[INFO] [stdout]                                at /rustc/df4ca44d3fbc9301ee17f30f4d474e6ae4b05252/library/std/src/sync/once.rs:217:40
[INFO] [stdout]   24:     0x5dec40548923 - std::sys::sync::once::futex::Once::call::h71269da0f72c5b8f
[INFO] [stdout]                                at /rustc/df4ca44d3fbc9301ee17f30f4d474e6ae4b05252/library/std/src/sys/sync/once/futex.rs:176:21
[INFO] [stdout]   25:     0x5dec40109a75 - std::sync::once::Once::call_once_force::h215433e5b6fed04e
[INFO] [stdout]                                at /rustc/df4ca44d3fbc9301ee17f30f4d474e6ae4b05252/library/std/src/sync/once.rs:217:9
[INFO] [stdout]   26:     0x5dec40109b6a - std::sync::once_lock::OnceLock<T>::initialize::h63321aad36156c2b
[INFO] [stdout]                                at /rustc/df4ca44d3fbc9301ee17f30f4d474e6ae4b05252/library/std/src/sync/once_lock.rs:511:9
[INFO] [stdout]   27:     0x5dec40109cf2 - std::sync::once_lock::OnceLock<T>::get_or_try_init::h21d421de778b2454
[INFO] [stdout]                                at /rustc/df4ca44d3fbc9301ee17f30f4d474e6ae4b05252/library/std/src/sync/once_lock.rs:390:9
[INFO] [stdout]   28:     0x5dec40109c1f - std::sync::once_lock::OnceLock<T>::get_or_init::ha5fa9183fa4ab2e7
[INFO] [stdout]                                at /rustc/df4ca44d3fbc9301ee17f30f4d474e6ae4b05252/library/std/src/sync/once_lock.rs:304:15
[INFO] [stdout]   29:     0x5dec40110b7e - wp_query_rs::sql::pool::get_pool::hde6bae6a7ef7f6ef
[INFO] [stdout]                                at /opt/rustwide/workdir/src/sql/pool.rs:9:5
[INFO] [stdout]   30:     0x5dec40110ec3 - wp_query_rs::sql::get_conn::he84127f900942f80
[INFO] [stdout]                                at /opt/rustwide/workdir/src/sql.rs:25:5
[INFO] [stdout]   31:     0x5dec400ab7f4 - wp_query_rs::WpQuery::new::h693680c5aa24c9a2
[INFO] [stdout]                                at /opt/rustwide/workdir/src/lib.rs:71:24
[INFO] [stdout]   32:     0x5dec400aee61 - author::query_user_id_not_in_and_in::h953dc55d850c7a92
[INFO] [stdout]                                at /opt/rustwide/workdir/tests/author.rs:47:17
[INFO] [stdout]   33:     0x5dec400aedd7 - author::query_user_id_not_in_and_in::{{closure}}::hf1242ec778e01daa
[INFO] [stdout]                                at /opt/rustwide/workdir/tests/author.rs:44:33
[INFO] [stdout]   34:     0x5dec400ac246 - core::ops::function::FnOnce::call_once::h186c6cebc19355c8
[INFO] [stdout]                                at /rustc/df4ca44d3fbc9301ee17f30f4d474e6ae4b05252/library/core/src/ops/function.rs:250:5
[INFO] [stdout]   35:     0x5dec400ed7db - core::ops::function::FnOnce::call_once::h22c3ba5715e93f05
[INFO] [stdout]                                at /rustc/df4ca44d3fbc9301ee17f30f4d474e6ae4b05252/library/core/src/ops/function.rs:250:5
[INFO] [stdout]   36:     0x5dec400ed7db - test::__rust_begin_short_backtrace::h8e82d8113d0da17f
[INFO] [stdout]                                at /rustc/df4ca44d3fbc9301ee17f30f4d474e6ae4b05252/library/test/src/lib.rs:621:18
[INFO] [stdout]   37:     0x5dec400ed157 - test::run_test_in_process::{{closure}}::h33235f4f20b7b7c7
[INFO] [stdout]                                at /rustc/df4ca44d3fbc9301ee17f30f4d474e6ae4b05252/library/test/src/lib.rs:644:60
[INFO] [stdout]   38:     0x5dec400ed157 - <core::panic::unwind_safe::AssertUnwindSafe<F> as core::ops::function::FnOnce<()>>::call_once::hb5043206310c586f
[INFO] [stdout]                                at /rustc/df4ca44d3fbc9301ee17f30f4d474e6ae4b05252/library/core/src/panic/unwind_safe.rs:272:9
[INFO] [stdout]   39:     0x5dec400ed157 - std::panicking::try::do_call::h9ad4731a60ab23e2
[INFO] [stdout]                                at /rustc/df4ca44d3fbc9301ee17f30f4d474e6ae4b05252/library/std/src/panicking.rs:557:40
[INFO] [stdout]   40:     0x5dec400ed157 - std::panicking::try::h3824d23db772a716
[INFO] [stdout]                                at /rustc/df4ca44d3fbc9301ee17f30f4d474e6ae4b05252/library/std/src/panicking.rs:520:19
[INFO] [stdout]   41:     0x5dec400ed157 - std::panic::catch_unwind::h5afd514605fde46b
[INFO] [stdout]                                at /rustc/df4ca44d3fbc9301ee17f30f4d474e6ae4b05252/library/std/src/panic.rs:358:14
[INFO] [stdout]   42:     0x5dec400ed157 - test::run_test_in_process::h0d5cbfa7067d1720
[INFO] [stdout]                                at /rustc/df4ca44d3fbc9301ee17f30f4d474e6ae4b05252/library/test/src/lib.rs:644:27
[INFO] [stdout]   43:     0x5dec400ed157 - test::run_test::{{closure}}::h708eb8872708115d
[INFO] [stdout]                                at /rustc/df4ca44d3fbc9301ee17f30f4d474e6ae4b05252/library/test/src/lib.rs:565:43
[INFO] [stdout]   44:     0x5dec400b0874 - test::run_test::{{closure}}::h392c51cee94713ab
[INFO] [stdout]                                at /rustc/df4ca44d3fbc9301ee17f30f4d474e6ae4b05252/library/test/src/lib.rs:595:41
[INFO] [stdout]   45:     0x5dec400b0874 - std::sys::backtrace::__rust_begin_short_backtrace::h2f40290710935a8b
[INFO] [stdout]                                at /rustc/df4ca44d3fbc9301ee17f30f4d474e6ae4b05252/library/std/src/sys/backtrace.rs:154:18
[INFO] [stdout]   46:     0x5dec400b401e - std::thread::Builder::spawn_unchecked_::{{closure}}::{{closure}}::h3fd968d89053a903
[INFO] [stdout]                                at /rustc/df4ca44d3fbc9301ee17f30f4d474e6ae4b05252/library/std/src/thread/mod.rs:541:17
[INFO] [stdout]   47:     0x5dec400b401e - <core::panic::unwind_safe::AssertUnwindSafe<F> as core::ops::function::FnOnce<()>>::call_once::h743f637ba4229880
[INFO] [stdout]                                at /rustc/df4ca44d3fbc9301ee17f30f4d474e6ae4b05252/library/core/src/panic/unwind_safe.rs:272:9
[INFO] [stdout]   48:     0x5dec400b401e - std::panicking::try::do_call::h07440897322525a6
[INFO] [stdout]                                at /rustc/df4ca44d3fbc9301ee17f30f4d474e6ae4b05252/library/std/src/panicking.rs:557:40
[INFO] [stdout]   49:     0x5dec400b401e - std::panicking::try::he5a2e00188156637
[INFO] [stdout]                                at /rustc/df4ca44d3fbc9301ee17f30f4d474e6ae4b05252/library/std/src/panicking.rs:520:19
[INFO] [stdout]   50:     0x5dec400b401e - std::panic::catch_unwind::hbaf3cae49b3c6433
[INFO] [stdout]                                at /rustc/df4ca44d3fbc9301ee17f30f4d474e6ae4b05252/library/std/src/panic.rs:358:14
[INFO] [stdout]   51:     0x5dec400b401e - std::thread::Builder::spawn_unchecked_::{{closure}}::h8e141ea224820bce
[INFO] [stdout]                                at /rustc/df4ca44d3fbc9301ee17f30f4d474e6ae4b05252/library/std/src/thread/mod.rs:540:30
[INFO] [stdout]   52:     0x5dec400b401e - core::ops::function::FnOnce::call_once{{vtable.shim}}::h90d312fedd7b8ea8
[INFO] [stdout]                                at /rustc/df4ca44d3fbc9301ee17f30f4d474e6ae4b05252/library/core/src/ops/function.rs:250:5
[INFO] [stdout]   53:     0x5dec4054460b - <alloc::boxed::Box<F,A> as core::ops::function::FnOnce<Args>>::call_once::h69aa08ddb6adb8b6
[INFO] [stdout]                                at /rustc/df4ca44d3fbc9301ee17f30f4d474e6ae4b05252/library/alloc/src/boxed.rs:2454:9
[INFO] [stdout]   54:     0x5dec4054460b - <alloc::boxed::Box<F,A> as core::ops::function::FnOnce<Args>>::call_once::h5aa36efdb79c806f
[INFO] [stdout]                                at /rustc/df4ca44d3fbc9301ee17f30f4d474e6ae4b05252/library/alloc/src/boxed.rs:2454:9
[INFO] [stdout]   55:     0x5dec4054460b - std::sys::pal::unix::thread::Thread::new::thread_start::h6cd80a1b4be5158d
[INFO] [stdout]                                at /rustc/df4ca44d3fbc9301ee17f30f4d474e6ae4b05252/library/std/src/sys/pal/unix/thread.rs:105:17
[INFO] [stdout]   56:     0x7b3b302d9ac3 - <unknown>
[INFO] [stdout]   57:     0x7b3b3036aa04 - clone
[INFO] [stdout]   58:                0x0 - <unknown>
[INFO] [stdout] 
[INFO] [stdout] 
[INFO] [stderr] error: test failed, to rerun pass `--test author`
[INFO] [stdout] failures:
[INFO] [stdout]     can_join_user_table
[INFO] [stdout]     can_search_author_name
[INFO] [stdout]     query_user_id
[INFO] [stdout]     query_user_id_in
[INFO] [stdout]     query_user_id_not_in
[INFO] [stdout]     query_user_id_not_in_and_in
[INFO] [stdout] 
[INFO] [stdout] test result: FAILED. 0 passed; 6 failed; 0 ignored; 0 measured; 0 filtered out; finished in 0.03s
[INFO] [stdout] 
[INFO] running `Command { std: "docker" "inspect" "4da795ee11f23553ba967bbb5173b497fa2096f8d5301cefb5a144e6a0174938", kill_on_drop: false }`
[INFO] running `Command { std: "docker" "rm" "-f" "4da795ee11f23553ba967bbb5173b497fa2096f8d5301cefb5a144e6a0174938", kill_on_drop: false }`
[INFO] [stdout] 4da795ee11f23553ba967bbb5173b497fa2096f8d5301cefb5a144e6a0174938
