[INFO] fetching crate worlde-automaton 0.1.0...
[INFO] testing worlde-automaton-0.1.0 against nightly-2024-10-28 for randomize-layout
[INFO] extracting crate worlde-automaton 0.1.0 into /workspace/builds/worker-6-tc1/source
[INFO] validating manifest of crates.io crate worlde-automaton 0.1.0 on toolchain nightly-2024-10-28
[INFO] running `Command { std: CARGO_HOME="/workspace/cargo-home" RUSTUP_HOME="/workspace/rustup-home" "/workspace/cargo-home/bin/cargo" "+nightly-2024-10-28" "metadata" "--manifest-path" "Cargo.toml" "--no-deps", kill_on_drop: false }`
[INFO] started tweaking crates.io crate worlde-automaton 0.1.0
[INFO] finished tweaking crates.io crate worlde-automaton 0.1.0
[INFO] tweaked toml for crates.io crate worlde-automaton 0.1.0 written to /workspace/builds/worker-6-tc1/source/Cargo.toml
[INFO] running `Command { std: CARGO_HOME="/workspace/cargo-home" RUSTUP_HOME="/workspace/rustup-home" "/workspace/cargo-home/bin/cargo" "+nightly-2024-10-28" "generate-lockfile" "--manifest-path" "Cargo.toml", kill_on_drop: false }`
[INFO] [stderr]     Updating crates.io index
[INFO] [stderr]      Locking 1 package to latest compatible version
[INFO] running `Command { std: CARGO_HOME="/workspace/cargo-home" RUSTUP_HOME="/workspace/rustup-home" "/workspace/cargo-home/bin/cargo" "+nightly-2024-10-28" "fetch" "--manifest-path" "Cargo.toml", kill_on_drop: false }`
[INFO] running `Command { std: "docker" "create" "-v" "/var/lib/crater-agent-workspace/builds/worker-6-tc1/target:/opt/rustwide/target:rw,Z" "-v" "/var/lib/crater-agent-workspace/builds/worker-6-tc1/source:/opt/rustwide/workdir:ro,Z" "-v" "/var/lib/crater-agent-workspace/cargo-home:/opt/rustwide/cargo-home:ro,Z" "-v" "/var/lib/crater-agent-workspace/rustup-home:/opt/rustwide/rustup-home:ro,Z" "-e" "SOURCE_DIR=/opt/rustwide/workdir" "-e" "CARGO_TARGET_DIR=/opt/rustwide/target" "-e" "CARGO_HOME=/opt/rustwide/cargo-home" "-e" "RUSTUP_HOME=/opt/rustwide/rustup-home" "-w" "/opt/rustwide/workdir" "-m" "1610612736" "--user" "0:0" "--network" "none" "ghcr.io/rust-lang/crates-build-env/linux@sha256:4a844ea9eb2546a2d2c7022eacef16ef2e8229c7fbb2c7d4d55a9ceca922f72d" "/opt/rustwide/cargo-home/bin/cargo" "+nightly-2024-10-28" "metadata" "--no-deps" "--format-version=1", kill_on_drop: false }`
[INFO] [stdout] b933b6b6f0d987225e4048dd0fd778e29277a9053fb368dd0ba7332c35845834
[INFO] running `Command { std: "docker" "start" "-a" "b933b6b6f0d987225e4048dd0fd778e29277a9053fb368dd0ba7332c35845834", kill_on_drop: false }`
[INFO] running `Command { std: "docker" "inspect" "b933b6b6f0d987225e4048dd0fd778e29277a9053fb368dd0ba7332c35845834", kill_on_drop: false }`
[INFO] running `Command { std: "docker" "rm" "-f" "b933b6b6f0d987225e4048dd0fd778e29277a9053fb368dd0ba7332c35845834", kill_on_drop: false }`
[INFO] [stdout] b933b6b6f0d987225e4048dd0fd778e29277a9053fb368dd0ba7332c35845834
[INFO] running `Command { std: "docker" "create" "-v" "/var/lib/crater-agent-workspace/builds/worker-6-tc1/target:/opt/rustwide/target:rw,Z" "-v" "/var/lib/crater-agent-workspace/builds/worker-6-tc1/source:/opt/rustwide/workdir:ro,Z" "-v" "/var/lib/crater-agent-workspace/cargo-home:/opt/rustwide/cargo-home:ro,Z" "-v" "/var/lib/crater-agent-workspace/rustup-home:/opt/rustwide/rustup-home:ro,Z" "-e" "SOURCE_DIR=/opt/rustwide/workdir" "-e" "CARGO_TARGET_DIR=/opt/rustwide/target" "-e" "CARGO_INCREMENTAL=0" "-e" "RUST_BACKTRACE=full" "-e" "RUSTFLAGS=--cap-lints=forbid" "-e" "RUSTDOCFLAGS=--cap-lints=forbid" "-e" "CARGO_HOME=/opt/rustwide/cargo-home" "-e" "RUSTUP_HOME=/opt/rustwide/rustup-home" "-w" "/opt/rustwide/workdir" "-m" "1610612736" "--user" "0:0" "--network" "none" "ghcr.io/rust-lang/crates-build-env/linux@sha256:4a844ea9eb2546a2d2c7022eacef16ef2e8229c7fbb2c7d4d55a9ceca922f72d" "/opt/rustwide/cargo-home/bin/cargo" "+nightly-2024-10-28" "build" "--frozen" "--message-format=json", kill_on_drop: false }`
[INFO] [stdout] 46db75ed440a6ca07a64eba7035848ad0481cc3c2b15f8b0837046e98b7c0831
[INFO] running `Command { std: "docker" "start" "-a" "46db75ed440a6ca07a64eba7035848ad0481cc3c2b15f8b0837046e98b7c0831", kill_on_drop: false }`
[INFO] [stderr]    Compiling fst v0.4.7
[INFO] [stderr]    Compiling worlde-automaton v0.1.0 (/opt/rustwide/workdir)
[INFO] [stdout] warning: lint `const_err` has been removed: converted into hard error, see issue #71800 <https://github.com/rust-lang/rust/issues/71800> for more information
[INFO] [stdout]   --> src/lib.rs:95:5
[INFO] [stdout]    |
[INFO] [stdout] 95 |     const_err,
[INFO] [stdout]    |     ^^^^^^^^^
[INFO] [stdout]    |
[INFO] [stdout]    = note: `#[warn(renamed_and_removed_lints)]` on by default
[INFO] [stdout] 
[INFO] [stdout] 
[INFO] [stdout] warning: lint `private_in_public` has been removed: replaced with another group of lints, see RFC <https://rust-lang.github.io/rfcs/2145-type-privacy.html> for more information
[INFO] [stdout]    --> src/lib.rs:106:5
[INFO] [stdout]     |
[INFO] [stdout] 106 |     private_in_public,
[INFO] [stdout]     |     ^^^^^^^^^^^^^^^^^
[INFO] [stdout] 
[INFO] [stdout] 
[INFO] [stdout] warning: unnecessary qualification
[INFO] [stdout]    --> src/lib.rs:141:5
[INFO] [stdout]     |
[INFO] [stdout] 141 |     std::mem::size_of::<Wordle>() == 28,
[INFO] [stdout]     |     ^^^^^^^^^^^^^^^^^^^^^^^^^^^
[INFO] [stdout]     |
[INFO] [stdout] note: the lint level is defined here
[INFO] [stdout]    --> src/lib.rs:118:5
[INFO] [stdout]     |
[INFO] [stdout] 118 |     unused_qualifications,
[INFO] [stdout]     |     ^^^^^^^^^^^^^^^^^^^^^
[INFO] [stdout] help: remove the unnecessary path segments
[INFO] [stdout]     |
[INFO] [stdout] 141 -     std::mem::size_of::<Wordle>() == 28,
[INFO] [stdout] 141 +     size_of::<Wordle>() == 28,
[INFO] [stdout]     |
[INFO] [stdout] 
[INFO] [stdout] 
[INFO] [stdout] warning: unnecessary qualification
[INFO] [stdout]    --> src/lib.rs:287:5
[INFO] [stdout]     |
[INFO] [stdout] 287 |     std::mem::size_of::<SolveState>() == 8,
[INFO] [stdout]     |     ^^^^^^^^^^^^^^^^^^^^^^^^^^^^^^^
[INFO] [stdout]     |
[INFO] [stdout] help: remove the unnecessary path segments
[INFO] [stdout]     |
[INFO] [stdout] 287 -     std::mem::size_of::<SolveState>() == 8,
[INFO] [stdout] 287 +     size_of::<SolveState>() == 8,
[INFO] [stdout]     |
[INFO] [stdout] 
[INFO] [stdout] 
[INFO] [stdout] warning: unnecessary qualification
[INFO] [stdout]    --> src/lib.rs:291:5
[INFO] [stdout]     |
[INFO] [stdout] 291 |     std::mem::size_of::<Option<SolveState>>() == 8,
[INFO] [stdout]     |     ^^^^^^^^^^^^^^^^^^^^^^^^^^^^^^^^^^^^^^^
[INFO] [stdout]     |
[INFO] [stdout] help: remove the unnecessary path segments
[INFO] [stdout]     |
[INFO] [stdout] 291 -     std::mem::size_of::<Option<SolveState>>() == 8,
[INFO] [stdout] 291 +     size_of::<Option<SolveState>>() == 8,
[INFO] [stdout]     |
[INFO] [stdout] 
[INFO] [stdout] 
[INFO] [stderr]     Finished `dev` profile [unoptimized + debuginfo] target(s) in 0.78s
[INFO] running `Command { std: "docker" "inspect" "46db75ed440a6ca07a64eba7035848ad0481cc3c2b15f8b0837046e98b7c0831", kill_on_drop: false }`
[INFO] running `Command { std: "docker" "rm" "-f" "46db75ed440a6ca07a64eba7035848ad0481cc3c2b15f8b0837046e98b7c0831", kill_on_drop: false }`
[INFO] [stdout] 46db75ed440a6ca07a64eba7035848ad0481cc3c2b15f8b0837046e98b7c0831
[INFO] running `Command { std: "docker" "create" "-v" "/var/lib/crater-agent-workspace/builds/worker-6-tc1/target:/opt/rustwide/target:rw,Z" "-v" "/var/lib/crater-agent-workspace/builds/worker-6-tc1/source:/opt/rustwide/workdir:ro,Z" "-v" "/var/lib/crater-agent-workspace/cargo-home:/opt/rustwide/cargo-home:ro,Z" "-v" "/var/lib/crater-agent-workspace/rustup-home:/opt/rustwide/rustup-home:ro,Z" "-e" "SOURCE_DIR=/opt/rustwide/workdir" "-e" "CARGO_TARGET_DIR=/opt/rustwide/target" "-e" "CARGO_INCREMENTAL=0" "-e" "RUST_BACKTRACE=full" "-e" "RUSTFLAGS=--cap-lints=forbid" "-e" "RUSTDOCFLAGS=--cap-lints=forbid" "-e" "CARGO_HOME=/opt/rustwide/cargo-home" "-e" "RUSTUP_HOME=/opt/rustwide/rustup-home" "-w" "/opt/rustwide/workdir" "-m" "1610612736" "--user" "0:0" "--network" "none" "ghcr.io/rust-lang/crates-build-env/linux@sha256:4a844ea9eb2546a2d2c7022eacef16ef2e8229c7fbb2c7d4d55a9ceca922f72d" "/opt/rustwide/cargo-home/bin/cargo" "+nightly-2024-10-28" "test" "--frozen" "--no-run" "--message-format=json", kill_on_drop: false }`
[INFO] [stdout] 12ddd78683d06bd3de453f7aebb631538beac0712f1ac3c4b88869aa43238bd9
[INFO] running `Command { std: "docker" "start" "-a" "12ddd78683d06bd3de453f7aebb631538beac0712f1ac3c4b88869aa43238bd9", kill_on_drop: false }`
[INFO] [stderr]    Compiling worlde-automaton v0.1.0 (/opt/rustwide/workdir)
[INFO] [stdout] warning: lint `const_err` has been removed: converted into hard error, see issue #71800 <https://github.com/rust-lang/rust/issues/71800> for more information
[INFO] [stdout]   --> src/lib.rs:95:5
[INFO] [stdout]    |
[INFO] [stdout] 95 |     const_err,
[INFO] [stdout]    |     ^^^^^^^^^
[INFO] [stdout]    |
[INFO] [stdout]    = note: `#[warn(renamed_and_removed_lints)]` on by default
[INFO] [stdout] 
[INFO] [stdout] 
[INFO] [stdout] warning: lint `private_in_public` has been removed: replaced with another group of lints, see RFC <https://rust-lang.github.io/rfcs/2145-type-privacy.html> for more information
[INFO] [stdout]    --> src/lib.rs:106:5
[INFO] [stdout]     |
[INFO] [stdout] 106 |     private_in_public,
[INFO] [stdout]     |     ^^^^^^^^^^^^^^^^^
[INFO] [stdout] 
[INFO] [stdout] 
[INFO] [stdout] warning: unnecessary qualification
[INFO] [stdout]    --> src/lib.rs:141:5
[INFO] [stdout]     |
[INFO] [stdout] 141 |     std::mem::size_of::<Wordle>() == 28,
[INFO] [stdout]     |     ^^^^^^^^^^^^^^^^^^^^^^^^^^^
[INFO] [stdout]     |
[INFO] [stdout] note: the lint level is defined here
[INFO] [stdout]    --> src/lib.rs:118:5
[INFO] [stdout]     |
[INFO] [stdout] 118 |     unused_qualifications,
[INFO] [stdout]     |     ^^^^^^^^^^^^^^^^^^^^^
[INFO] [stdout] help: remove the unnecessary path segments
[INFO] [stdout]     |
[INFO] [stdout] 141 -     std::mem::size_of::<Wordle>() == 28,
[INFO] [stdout] 141 +     size_of::<Wordle>() == 28,
[INFO] [stdout]     |
[INFO] [stdout] 
[INFO] [stdout] 
[INFO] [stdout] warning: unnecessary qualification
[INFO] [stdout]    --> src/lib.rs:287:5
[INFO] [stdout]     |
[INFO] [stdout] 287 |     std::mem::size_of::<SolveState>() == 8,
[INFO] [stdout]     |     ^^^^^^^^^^^^^^^^^^^^^^^^^^^^^^^
[INFO] [stdout]     |
[INFO] [stdout] help: remove the unnecessary path segments
[INFO] [stdout]     |
[INFO] [stdout] 287 -     std::mem::size_of::<SolveState>() == 8,
[INFO] [stdout] 287 +     size_of::<SolveState>() == 8,
[INFO] [stdout]     |
[INFO] [stdout] 
[INFO] [stdout] 
[INFO] [stdout] warning: unnecessary qualification
[INFO] [stdout]    --> src/lib.rs:291:5
[INFO] [stdout]     |
[INFO] [stdout] 291 |     std::mem::size_of::<Option<SolveState>>() == 8,
[INFO] [stdout]     |     ^^^^^^^^^^^^^^^^^^^^^^^^^^^^^^^^^^^^^^^
[INFO] [stdout]     |
[INFO] [stdout] help: remove the unnecessary path segments
[INFO] [stdout]     |
[INFO] [stdout] 291 -     std::mem::size_of::<Option<SolveState>>() == 8,
[INFO] [stdout] 291 +     size_of::<Option<SolveState>>() == 8,
[INFO] [stdout]     |
[INFO] [stdout] 
[INFO] [stdout] 
[INFO] [stdout] warning: lint `const_err` has been removed: converted into hard error, see issue #71800 <https://github.com/rust-lang/rust/issues/71800> for more information
[INFO] [stdout]   --> src/lib.rs:95:5
[INFO] [stdout]    |
[INFO] [stdout] 95 |     const_err,
[INFO] [stdout]    |     ^^^^^^^^^
[INFO] [stdout]    |
[INFO] [stdout]    = note: `#[warn(renamed_and_removed_lints)]` on by default
[INFO] [stdout] 
[INFO] [stdout] 
[INFO] [stdout] warning: lint `private_in_public` has been removed: replaced with another group of lints, see RFC <https://rust-lang.github.io/rfcs/2145-type-privacy.html> for more information
[INFO] [stdout]    --> src/lib.rs:106:5
[INFO] [stdout]     |
[INFO] [stdout] 106 |     private_in_public,
[INFO] [stdout]     |     ^^^^^^^^^^^^^^^^^
[INFO] [stdout] 
[INFO] [stdout] 
[INFO] [stdout] warning: unnecessary qualification
[INFO] [stdout]    --> src/lib.rs:141:5
[INFO] [stdout]     |
[INFO] [stdout] 141 |     std::mem::size_of::<Wordle>() == 28,
[INFO] [stdout]     |     ^^^^^^^^^^^^^^^^^^^^^^^^^^^
[INFO] [stdout]     |
[INFO] [stdout] note: the lint level is defined here
[INFO] [stdout]    --> src/lib.rs:118:5
[INFO] [stdout]     |
[INFO] [stdout] 118 |     unused_qualifications,
[INFO] [stdout]     |     ^^^^^^^^^^^^^^^^^^^^^
[INFO] [stdout] help: remove the unnecessary path segments
[INFO] [stdout]     |
[INFO] [stdout] 141 -     std::mem::size_of::<Wordle>() == 28,
[INFO] [stdout] 141 +     size_of::<Wordle>() == 28,
[INFO] [stdout]     |
[INFO] [stdout] 
[INFO] [stdout] 
[INFO] [stdout] warning: unnecessary qualification
[INFO] [stdout]    --> src/lib.rs:287:5
[INFO] [stdout]     |
[INFO] [stdout] 287 |     std::mem::size_of::<SolveState>() == 8,
[INFO] [stdout]     |     ^^^^^^^^^^^^^^^^^^^^^^^^^^^^^^^
[INFO] [stdout]     |
[INFO] [stdout] help: remove the unnecessary path segments
[INFO] [stdout]     |
[INFO] [stdout] 287 -     std::mem::size_of::<SolveState>() == 8,
[INFO] [stdout] 287 +     size_of::<SolveState>() == 8,
[INFO] [stdout]     |
[INFO] [stdout] 
[INFO] [stdout] 
[INFO] [stdout] warning: unnecessary qualification
[INFO] [stdout]    --> src/lib.rs:291:5
[INFO] [stdout]     |
[INFO] [stdout] 291 |     std::mem::size_of::<Option<SolveState>>() == 8,
[INFO] [stdout]     |     ^^^^^^^^^^^^^^^^^^^^^^^^^^^^^^^^^^^^^^^
[INFO] [stdout]     |
[INFO] [stdout] help: remove the unnecessary path segments
[INFO] [stdout]     |
[INFO] [stdout] 291 -     std::mem::size_of::<Option<SolveState>>() == 8,
[INFO] [stdout] 291 +     size_of::<Option<SolveState>>() == 8,
[INFO] [stdout]     |
[INFO] [stdout] 
[INFO] [stdout] 
[INFO] [stderr]     Finished `test` profile [unoptimized + debuginfo] target(s) in 0.56s
[INFO] running `Command { std: "docker" "inspect" "12ddd78683d06bd3de453f7aebb631538beac0712f1ac3c4b88869aa43238bd9", kill_on_drop: false }`
[INFO] running `Command { std: "docker" "rm" "-f" "12ddd78683d06bd3de453f7aebb631538beac0712f1ac3c4b88869aa43238bd9", kill_on_drop: false }`
[INFO] [stdout] 12ddd78683d06bd3de453f7aebb631538beac0712f1ac3c4b88869aa43238bd9
[INFO] running `Command { std: "docker" "create" "-v" "/var/lib/crater-agent-workspace/builds/worker-6-tc1/target:/opt/rustwide/target:rw,Z" "-v" "/var/lib/crater-agent-workspace/builds/worker-6-tc1/source:/opt/rustwide/workdir:ro,Z" "-v" "/var/lib/crater-agent-workspace/cargo-home:/opt/rustwide/cargo-home:ro,Z" "-v" "/var/lib/crater-agent-workspace/rustup-home:/opt/rustwide/rustup-home:ro,Z" "-e" "SOURCE_DIR=/opt/rustwide/workdir" "-e" "CARGO_TARGET_DIR=/opt/rustwide/target" "-e" "CARGO_INCREMENTAL=0" "-e" "RUST_BACKTRACE=full" "-e" "RUSTFLAGS=--cap-lints=forbid" "-e" "RUSTDOCFLAGS=--cap-lints=forbid" "-e" "CARGO_HOME=/opt/rustwide/cargo-home" "-e" "RUSTUP_HOME=/opt/rustwide/rustup-home" "-w" "/opt/rustwide/workdir" "-m" "1610612736" "--user" "0:0" "--network" "none" "ghcr.io/rust-lang/crates-build-env/linux@sha256:4a844ea9eb2546a2d2c7022eacef16ef2e8229c7fbb2c7d4d55a9ceca922f72d" "/opt/rustwide/cargo-home/bin/cargo" "+nightly-2024-10-28" "test" "--frozen", kill_on_drop: false }`
[INFO] [stdout] cb241a2814d63304d209ec07a435b2e5942c9403d18f3a42812884a009922bc1
[INFO] running `Command { std: "docker" "start" "-a" "cb241a2814d63304d209ec07a435b2e5942c9403d18f3a42812884a009922bc1", kill_on_drop: false }`
[INFO] [stderr] warning: lint `const_err` has been removed: converted into hard error, see issue #71800 <https://github.com/rust-lang/rust/issues/71800> for more information
[INFO] [stderr]   --> src/lib.rs:95:5
[INFO] [stderr]    |
[INFO] [stderr] 95 |     const_err,
[INFO] [stderr]    |     ^^^^^^^^^
[INFO] [stderr]    |
[INFO] [stderr]    = note: `#[warn(renamed_and_removed_lints)]` on by default
[INFO] [stderr] 
[INFO] [stderr] warning: lint `private_in_public` has been removed: replaced with another group of lints, see RFC <https://rust-lang.github.io/rfcs/2145-type-privacy.html> for more information
[INFO] [stderr]    --> src/lib.rs:106:5
[INFO] [stderr]     |
[INFO] [stderr] 106 |     private_in_public,
[INFO] [stderr]     |     ^^^^^^^^^^^^^^^^^
[INFO] [stderr] 
[INFO] [stderr] warning: unnecessary qualification
[INFO] [stderr]    --> src/lib.rs:141:5
[INFO] [stderr]     |
[INFO] [stderr] 141 |     std::mem::size_of::<Wordle>() == 28,
[INFO] [stderr]     |     ^^^^^^^^^^^^^^^^^^^^^^^^^^^
[INFO] [stderr]     |
[INFO] [stderr] note: the lint level is defined here
[INFO] [stderr]    --> src/lib.rs:118:5
[INFO] [stderr]     |
[INFO] [stderr] 118 |     unused_qualifications,
[INFO] [stderr]     |     ^^^^^^^^^^^^^^^^^^^^^
[INFO] [stderr] help: remove the unnecessary path segments
[INFO] [stderr]     |
[INFO] [stderr] 141 -     std::mem::size_of::<Wordle>() == 28,
[INFO] [stderr] 141 +     size_of::<Wordle>() == 28,
[INFO] [stderr]     |
[INFO] [stderr] 
[INFO] [stderr] warning: unnecessary qualification
[INFO] [stderr]    --> src/lib.rs:287:5
[INFO] [stderr]     |
[INFO] [stderr] 287 |     std::mem::size_of::<SolveState>() == 8,
[INFO] [stderr]     |     ^^^^^^^^^^^^^^^^^^^^^^^^^^^^^^^
[INFO] [stderr]     |
[INFO] [stderr] help: remove the unnecessary path segments
[INFO] [stderr]     |
[INFO] [stderr] 287 -     std::mem::size_of::<SolveState>() == 8,
[INFO] [stderr] 287 +     size_of::<SolveState>() == 8,
[INFO] [stderr]     |
[INFO] [stderr] 
[INFO] [stderr] warning: unnecessary qualification
[INFO] [stderr]    --> src/lib.rs:291:5
[INFO] [stderr]     |
[INFO] [stderr] 291 |     std::mem::size_of::<Option<SolveState>>() == 8,
[INFO] [stderr]     |     ^^^^^^^^^^^^^^^^^^^^^^^^^^^^^^^^^^^^^^^
[INFO] [stderr]     |
[INFO] [stderr] help: remove the unnecessary path segments
[INFO] [stderr]     |
[INFO] [stderr] 291 -     std::mem::size_of::<Option<SolveState>>() == 8,
[INFO] [stderr] 291 +     size_of::<Option<SolveState>>() == 8,
[INFO] [stderr]     |
[INFO] [stderr] 
[INFO] [stderr] warning: `worlde-automaton` (lib) generated 5 warnings (run `cargo fix --lib -p worlde-automaton` to apply 3 suggestions)
[INFO] [stderr] warning: `worlde-automaton` (lib test) generated 5 warnings (5 duplicates)
[INFO] [stderr]     Finished `test` profile [unoptimized + debuginfo] target(s) in 0.01s
[INFO] [stderr]      Running unittests src/lib.rs (/opt/rustwide/target/debug/deps/worlde_automaton-7c1fb1d1721577cb)
[INFO] [stdout] 
[INFO] [stdout] running 19 tests
[INFO] [stdout] test types::tests::test_constraint ... ok
[INFO] [stdout] test types::tests::test_constraint_must_letter ... ok
[INFO] [stdout] test types::tests::test_constraint_is_free ... ok
[INFO] [stdout] test types::tests::test_letter_into ... ok
[INFO] [stdout] test types::tests::test_letter_new ... ok
[INFO] [stdout] test types::tests::test_letter_try_new ... ok
[INFO] [stdout] test types::tests::test_list ... ok
[INFO] [stdout] test types::tests::test_list_iter ... ok
[INFO] [stdout] test types::tests::test_set ... ok
[INFO] [stdout] test types::tests::test_list_remove ... ok
[INFO] [stdout] test types::tests::test_list_contains ... ok
[INFO] [stdout] test tests::test_no_conditions ... ok
[INFO] [stdout] test tests::test_dont_allow_a_in_third_pos ... ok
[INFO] [stdout] test tests::test_use_partially_solved_letter ... ok
[INFO] [stdout] test tests::test_require_a_in_third_pos ... ok
[INFO] [stdout] test tests::test_never_accept_a ... ok
[INFO] [stdout] test tests::test_never_accept_abcd ... ok
[INFO] [stdout] test types::tests::test_letter_new_invalid - should panic ... ok
[INFO] [stdout] test types::tests::test_list_full - should panic ... ok
[INFO] [stdout] 
[INFO] [stdout] test result: ok. 19 passed; 0 failed; 0 ignored; 0 measured; 0 filtered out; finished in 0.02s
[INFO] [stdout] 
[INFO] [stderr]    Doc-tests worlde_automaton
[INFO] [stderr] warning: lint `const_err` has been removed: converted into hard error, see issue #71800 <https://github.com/rust-lang/rust/issues/71800> for more information
[INFO] [stderr]   --> src/lib.rs:95:5
[INFO] [stderr]    |
[INFO] [stderr] 95 |     const_err,
[INFO] [stderr]    |     ^^^^^^^^^
[INFO] [stderr]    |
[INFO] [stderr]    = note: `#[warn(renamed_and_removed_lints)]` on by default
[INFO] [stderr] 
[INFO] [stderr] warning: lint `private_in_public` has been removed: replaced with another group of lints, see RFC <https://rust-lang.github.io/rfcs/2145-type-privacy.html> for more information
[INFO] [stderr]    --> src/lib.rs:106:5
[INFO] [stderr]     |
[INFO] [stderr] 106 |     private_in_public,
[INFO] [stderr]     |     ^^^^^^^^^^^^^^^^^
[INFO] [stderr] 
[INFO] [stderr] warning: 2 warnings emitted
[INFO] [stderr] 
[INFO] [stdout] 
[INFO] [stdout] running 2 tests
[INFO] [stdout] test src/lib.rs - WordleBuilder (line 202) ... FAILED
[INFO] [stdout] test src/lib.rs - (line 11) ... ok
[INFO] [stdout] 
[INFO] [stdout] failures:
[INFO] [stdout] 
[INFO] [stdout] ---- src/lib.rs - WordleBuilder (line 202) stdout ----
[INFO] [stdout] error[E0432]: unresolved import `wordle_automaton`
[INFO] [stdout]  --> src/lib.rs:203:5
[INFO] [stdout]   |
[INFO] [stdout] 3 | use wordle_automaton::WordleBuilder;
[INFO] [stdout]   |     ^^^^^^^^^^^^^^^^ use of undeclared crate or module `wordle_automaton`
[INFO] [stdout]   |
[INFO] [stdout] help: there is a crate or module with a similar name
[INFO] [stdout]   |
[INFO] [stdout] 3 | use worlde_automaton::WordleBuilder;
[INFO] [stdout]   |     ~~~~~~~~~~~~~~~~
[INFO] [stdout] 
[INFO] [stdout] error: aborting due to 1 previous error
[INFO] [stdout] 
[INFO] [stdout] For more information about this error, try `rustc --explain E0432`.
[INFO] [stdout] Couldn't compile the test.
[INFO] [stdout] 
[INFO] [stdout] failures:
[INFO] [stdout]     src/lib.rs - WordleBuilder (line 202)
[INFO] [stdout] 
[INFO] [stdout] test result: FAILED. 1 passed; 1 failed; 0 ignored; 0 measured; 0 filtered out; finished in 0.23s
[INFO] [stdout] 
[INFO] [stderr] error: doctest failed, to rerun pass `--doc`
[INFO] running `Command { std: "docker" "inspect" "cb241a2814d63304d209ec07a435b2e5942c9403d18f3a42812884a009922bc1", kill_on_drop: false }`
[INFO] running `Command { std: "docker" "rm" "-f" "cb241a2814d63304d209ec07a435b2e5942c9403d18f3a42812884a009922bc1", kill_on_drop: false }`
[INFO] [stdout] cb241a2814d63304d209ec07a435b2e5942c9403d18f3a42812884a009922bc1
