[INFO] fetching crate worker-route-macro 0.0.3...
[INFO] testing worker-route-macro-0.0.3 against nightly-2024-10-28+rustflags=-Zrandomize-layout for randomize-layout
[INFO] extracting crate worker-route-macro 0.0.3 into /workspace/builds/worker-1-tc2/source
[INFO] validating manifest of crates.io crate worker-route-macro 0.0.3 on toolchain nightly-2024-10-28
[INFO] running `Command { std: CARGO_HOME="/workspace/cargo-home" RUSTUP_HOME="/workspace/rustup-home" "/workspace/cargo-home/bin/cargo" "+nightly-2024-10-28" "metadata" "--manifest-path" "Cargo.toml" "--no-deps", kill_on_drop: false }`
[INFO] started tweaking crates.io crate worker-route-macro 0.0.3
[INFO] finished tweaking crates.io crate worker-route-macro 0.0.3
[INFO] tweaked toml for crates.io crate worker-route-macro 0.0.3 written to /workspace/builds/worker-1-tc2/source/Cargo.toml
[INFO] running `Command { std: CARGO_HOME="/workspace/cargo-home" RUSTUP_HOME="/workspace/rustup-home" "/workspace/cargo-home/bin/cargo" "+nightly-2024-10-28" "generate-lockfile" "--manifest-path" "Cargo.toml", kill_on_drop: false }`
[INFO] [stderr]     Updating crates.io index
[INFO] [stderr]      Locking 5 packages to latest compatible versions
[INFO] running `Command { std: CARGO_HOME="/workspace/cargo-home" RUSTUP_HOME="/workspace/rustup-home" "/workspace/cargo-home/bin/cargo" "+nightly-2024-10-28" "fetch" "--manifest-path" "Cargo.toml", kill_on_drop: false }`
[INFO] running `Command { std: "docker" "create" "-v" "/var/lib/crater-agent-workspace/builds/worker-1-tc2/target:/opt/rustwide/target:rw,Z" "-v" "/var/lib/crater-agent-workspace/builds/worker-1-tc2/source:/opt/rustwide/workdir:ro,Z" "-v" "/var/lib/crater-agent-workspace/cargo-home:/opt/rustwide/cargo-home:ro,Z" "-v" "/var/lib/crater-agent-workspace/rustup-home:/opt/rustwide/rustup-home:ro,Z" "-e" "SOURCE_DIR=/opt/rustwide/workdir" "-e" "CARGO_TARGET_DIR=/opt/rustwide/target" "-e" "CARGO_HOME=/opt/rustwide/cargo-home" "-e" "RUSTUP_HOME=/opt/rustwide/rustup-home" "-w" "/opt/rustwide/workdir" "-m" "1610612736" "--user" "0:0" "--network" "none" "ghcr.io/rust-lang/crates-build-env/linux@sha256:4a844ea9eb2546a2d2c7022eacef16ef2e8229c7fbb2c7d4d55a9ceca922f72d" "/opt/rustwide/cargo-home/bin/cargo" "+nightly-2024-10-28" "metadata" "--no-deps" "--format-version=1", kill_on_drop: false }`
[INFO] [stdout] 9f1f0ac34747c15d075768d8849a696b1e23d9fd65bfa9a28e80143183f0b529
[INFO] running `Command { std: "docker" "start" "-a" "9f1f0ac34747c15d075768d8849a696b1e23d9fd65bfa9a28e80143183f0b529", kill_on_drop: false }`
[INFO] running `Command { std: "docker" "inspect" "9f1f0ac34747c15d075768d8849a696b1e23d9fd65bfa9a28e80143183f0b529", kill_on_drop: false }`
[INFO] running `Command { std: "docker" "rm" "-f" "9f1f0ac34747c15d075768d8849a696b1e23d9fd65bfa9a28e80143183f0b529", kill_on_drop: false }`
[INFO] [stdout] 9f1f0ac34747c15d075768d8849a696b1e23d9fd65bfa9a28e80143183f0b529
[INFO] running `Command { std: "docker" "create" "-v" "/var/lib/crater-agent-workspace/builds/worker-1-tc2/target:/opt/rustwide/target:rw,Z" "-v" "/var/lib/crater-agent-workspace/builds/worker-1-tc2/source:/opt/rustwide/workdir:ro,Z" "-v" "/var/lib/crater-agent-workspace/cargo-home:/opt/rustwide/cargo-home:ro,Z" "-v" "/var/lib/crater-agent-workspace/rustup-home:/opt/rustwide/rustup-home:ro,Z" "-e" "SOURCE_DIR=/opt/rustwide/workdir" "-e" "CARGO_TARGET_DIR=/opt/rustwide/target" "-e" "CARGO_INCREMENTAL=0" "-e" "RUST_BACKTRACE=full" "-e" "RUSTFLAGS=--cap-lints=forbid -Zrandomize-layout" "-e" "RUSTDOCFLAGS=--cap-lints=forbid" "-e" "CARGO_HOME=/opt/rustwide/cargo-home" "-e" "RUSTUP_HOME=/opt/rustwide/rustup-home" "-w" "/opt/rustwide/workdir" "-m" "1610612736" "--user" "0:0" "--network" "none" "ghcr.io/rust-lang/crates-build-env/linux@sha256:4a844ea9eb2546a2d2c7022eacef16ef2e8229c7fbb2c7d4d55a9ceca922f72d" "/opt/rustwide/cargo-home/bin/cargo" "+nightly-2024-10-28" "build" "--frozen" "--message-format=json", kill_on_drop: false }`
[INFO] [stdout] 32779e421d161c64c3ac9143dcd00db76d8a56faf9f24a9aeb76e13238c620ca
[INFO] running `Command { std: "docker" "start" "-a" "32779e421d161c64c3ac9143dcd00db76d8a56faf9f24a9aeb76e13238c620ca", kill_on_drop: false }`
[INFO] [stderr]    Compiling proc-macro2 v1.0.89
[INFO] [stderr]    Compiling unicode-ident v1.0.13
[INFO] [stderr]    Compiling paste v1.0.15
[INFO] [stderr]    Compiling quote v1.0.37
[INFO] [stderr]    Compiling syn v2.0.86
[INFO] [stderr]    Compiling worker-route-macro v0.0.3 (/opt/rustwide/workdir)
[INFO] [stdout] warning: field `0` is never read
[INFO] [stdout]  --> src/error.rs:4:18
[INFO] [stdout]   |
[INFO] [stdout] 4 | pub struct Error(syn::Error);
[INFO] [stdout]   |            ----- ^^^^^^^^^^
[INFO] [stdout]   |            |
[INFO] [stdout]   |            field in this struct
[INFO] [stdout]   |
[INFO] [stdout]   = help: consider removing this field
[INFO] [stdout]   = note: `Error` has a derived impl for the trait `Debug`, but this is intentionally ignored during dead code analysis
[INFO] [stdout]   = note: `#[warn(dead_code)]` on by default
[INFO] [stdout] 
[INFO] [stdout] 
[INFO] [stderr]     Finished `dev` profile [unoptimized + debuginfo] target(s) in 2.70s
[INFO] running `Command { std: "docker" "inspect" "32779e421d161c64c3ac9143dcd00db76d8a56faf9f24a9aeb76e13238c620ca", kill_on_drop: false }`
[INFO] running `Command { std: "docker" "rm" "-f" "32779e421d161c64c3ac9143dcd00db76d8a56faf9f24a9aeb76e13238c620ca", kill_on_drop: false }`
[INFO] [stdout] 32779e421d161c64c3ac9143dcd00db76d8a56faf9f24a9aeb76e13238c620ca
[INFO] running `Command { std: "docker" "create" "-v" "/var/lib/crater-agent-workspace/builds/worker-1-tc2/target:/opt/rustwide/target:rw,Z" "-v" "/var/lib/crater-agent-workspace/builds/worker-1-tc2/source:/opt/rustwide/workdir:ro,Z" "-v" "/var/lib/crater-agent-workspace/cargo-home:/opt/rustwide/cargo-home:ro,Z" "-v" "/var/lib/crater-agent-workspace/rustup-home:/opt/rustwide/rustup-home:ro,Z" "-e" "SOURCE_DIR=/opt/rustwide/workdir" "-e" "CARGO_TARGET_DIR=/opt/rustwide/target" "-e" "CARGO_INCREMENTAL=0" "-e" "RUST_BACKTRACE=full" "-e" "RUSTFLAGS=--cap-lints=forbid -Zrandomize-layout" "-e" "RUSTDOCFLAGS=--cap-lints=forbid" "-e" "CARGO_HOME=/opt/rustwide/cargo-home" "-e" "RUSTUP_HOME=/opt/rustwide/rustup-home" "-w" "/opt/rustwide/workdir" "-m" "1610612736" "--user" "0:0" "--network" "none" "ghcr.io/rust-lang/crates-build-env/linux@sha256:4a844ea9eb2546a2d2c7022eacef16ef2e8229c7fbb2c7d4d55a9ceca922f72d" "/opt/rustwide/cargo-home/bin/cargo" "+nightly-2024-10-28" "test" "--frozen" "--no-run" "--message-format=json", kill_on_drop: false }`
[INFO] [stdout] 23b6d8528f300ac4d59b6557cf94d72a33f172f1257b72b51598934674db700e
[INFO] running `Command { std: "docker" "start" "-a" "23b6d8528f300ac4d59b6557cf94d72a33f172f1257b72b51598934674db700e", kill_on_drop: false }`
[INFO] [stderr]    Compiling worker-route-macro v0.0.3 (/opt/rustwide/workdir)
[INFO] [stdout] warning: field `0` is never read
[INFO] [stdout]  --> src/error.rs:4:18
[INFO] [stdout]   |
[INFO] [stdout] 4 | pub struct Error(syn::Error);
[INFO] [stdout]   |            ----- ^^^^^^^^^^
[INFO] [stdout]   |            |
[INFO] [stdout]   |            field in this struct
[INFO] [stdout]   |
[INFO] [stdout]   = help: consider removing this field
[INFO] [stdout]   = note: `Error` has a derived impl for the trait `Debug`, but this is intentionally ignored during dead code analysis
[INFO] [stdout]   = note: `#[warn(dead_code)]` on by default
[INFO] [stdout] 
[INFO] [stdout] 
[INFO] [stdout] warning: field `0` is never read
[INFO] [stdout]  --> src/error.rs:4:18
[INFO] [stdout]   |
[INFO] [stdout] 4 | pub struct Error(syn::Error);
[INFO] [stdout]   |            ----- ^^^^^^^^^^
[INFO] [stdout]   |            |
[INFO] [stdout]   |            field in this struct
[INFO] [stdout]   |
[INFO] [stdout]   = help: consider removing this field
[INFO] [stdout]   = note: `Error` has a derived impl for the trait `Debug`, but this is intentionally ignored during dead code analysis
[INFO] [stdout]   = note: `#[warn(dead_code)]` on by default
[INFO] [stdout] 
[INFO] [stdout] 
[INFO] [stderr]     Finished `test` profile [unoptimized + debuginfo] target(s) in 0.29s
[INFO] running `Command { std: "docker" "inspect" "23b6d8528f300ac4d59b6557cf94d72a33f172f1257b72b51598934674db700e", kill_on_drop: false }`
[INFO] running `Command { std: "docker" "rm" "-f" "23b6d8528f300ac4d59b6557cf94d72a33f172f1257b72b51598934674db700e", kill_on_drop: false }`
[INFO] [stdout] 23b6d8528f300ac4d59b6557cf94d72a33f172f1257b72b51598934674db700e
[INFO] running `Command { std: "docker" "create" "-v" "/var/lib/crater-agent-workspace/builds/worker-1-tc2/target:/opt/rustwide/target:rw,Z" "-v" "/var/lib/crater-agent-workspace/builds/worker-1-tc2/source:/opt/rustwide/workdir:ro,Z" "-v" "/var/lib/crater-agent-workspace/cargo-home:/opt/rustwide/cargo-home:ro,Z" "-v" "/var/lib/crater-agent-workspace/rustup-home:/opt/rustwide/rustup-home:ro,Z" "-e" "SOURCE_DIR=/opt/rustwide/workdir" "-e" "CARGO_TARGET_DIR=/opt/rustwide/target" "-e" "CARGO_INCREMENTAL=0" "-e" "RUST_BACKTRACE=full" "-e" "RUSTFLAGS=--cap-lints=forbid -Zrandomize-layout" "-e" "RUSTDOCFLAGS=--cap-lints=forbid" "-e" "CARGO_HOME=/opt/rustwide/cargo-home" "-e" "RUSTUP_HOME=/opt/rustwide/rustup-home" "-w" "/opt/rustwide/workdir" "-m" "1610612736" "--user" "0:0" "--network" "none" "ghcr.io/rust-lang/crates-build-env/linux@sha256:4a844ea9eb2546a2d2c7022eacef16ef2e8229c7fbb2c7d4d55a9ceca922f72d" "/opt/rustwide/cargo-home/bin/cargo" "+nightly-2024-10-28" "test" "--frozen", kill_on_drop: false }`
[INFO] [stdout] 60165e27083a259100bc2c5f787859b07ed27b76c872ca62036eb443e5c61c62
[INFO] running `Command { std: "docker" "start" "-a" "60165e27083a259100bc2c5f787859b07ed27b76c872ca62036eb443e5c61c62", kill_on_drop: false }`
[INFO] [stderr] warning: field `0` is never read
[INFO] [stderr]  --> src/error.rs:4:18
[INFO] [stderr]   |
[INFO] [stderr] 4 | pub struct Error(syn::Error);
[INFO] [stderr]   |            ----- ^^^^^^^^^^
[INFO] [stderr]   |            |
[INFO] [stderr]   |            field in this struct
[INFO] [stderr]   |
[INFO] [stderr]   = help: consider removing this field
[INFO] [stderr]   = note: `Error` has a derived impl for the trait `Debug`, but this is intentionally ignored during dead code analysis
[INFO] [stderr]   = note: `#[warn(dead_code)]` on by default
[INFO] [stderr] 
[INFO] [stderr] warning: `worker-route-macro` (lib) generated 1 warning
[INFO] [stderr] warning: `worker-route-macro` (lib test) generated 1 warning (1 duplicate)
[INFO] [stderr]     Finished `test` profile [unoptimized + debuginfo] target(s) in 0.01s
[INFO] [stderr]      Running unittests src/lib.rs (/opt/rustwide/target/debug/deps/worker_route_macro-8bb663f4ed390356)
[INFO] [stdout] 
[INFO] [stdout] running 0 tests
[INFO] [stdout] 
[INFO] [stdout] test result: ok. 0 passed; 0 failed; 0 ignored; 0 measured; 0 filtered out; finished in 0.00s
[INFO] [stdout] 
[INFO] [stderr]    Doc-tests worker_route_macro
[INFO] [stdout] 
[INFO] [stdout] running 8 tests
[INFO] [stdout] test src/lib.rs - options (line 36) ... FAILED
[INFO] [stdout] test src/lib.rs - put (line 36) ... FAILED
[INFO] [stdout] test src/lib.rs - route (line 68) ... FAILED
[INFO] [stdout] test src/lib.rs - head (line 36) ... FAILED
[INFO] [stdout] test src/lib.rs - delete (line 36) ... FAILED
[INFO] [stdout] test src/lib.rs - get (line 36) ... FAILED
[INFO] [stdout] test src/lib.rs - patch (line 36) ... FAILED
[INFO] [stdout] test src/lib.rs - post (line 36) ... FAILED
[INFO] [stdout] 
[INFO] [stdout] failures:
[INFO] [stdout] 
[INFO] [stdout] ---- src/lib.rs - options (line 36) stdout ----
[INFO] [stdout] error[E0432]: unresolved import `worker`
[INFO] [stdout]  --> src/lib.rs:37:5
[INFO] [stdout]   |
[INFO] [stdout] 3 | use worker::{Result, Request, RouteContext, Response};
[INFO] [stdout]   |     ^^^^^^ use of undeclared crate or module `worker`
[INFO] [stdout] 
[INFO] [stdout] error[E0432]: unresolved import `worker_route`
[INFO] [stdout]  --> src/lib.rs:38:5
[INFO] [stdout]   |
[INFO] [stdout] 4 | use worker_route::options;
[INFO] [stdout]   |     ^^^^^^^^^^^^ use of undeclared crate or module `worker_route`
[INFO] [stdout] 
[INFO] [stdout] error: aborting due to 2 previous errors
[INFO] [stdout] 
[INFO] [stdout] For more information about this error, try `rustc --explain E0432`.
[INFO] [stdout] Couldn't compile the test.
[INFO] [stdout] ---- src/lib.rs - put (line 36) stdout ----
[INFO] [stdout] error[E0432]: unresolved import `worker`
[INFO] [stdout]  --> src/lib.rs:37:5
[INFO] [stdout]   |
[INFO] [stdout] 3 | use worker::{Result, Request, RouteContext, Response};
[INFO] [stdout]   |     ^^^^^^ use of undeclared crate or module `worker`
[INFO] [stdout] 
[INFO] [stdout] error[E0432]: unresolved import `worker_route`
[INFO] [stdout]  --> src/lib.rs:38:5
[INFO] [stdout]   |
[INFO] [stdout] 4 | use worker_route::put;
[INFO] [stdout]   |     ^^^^^^^^^^^^ use of undeclared crate or module `worker_route`
[INFO] [stdout] 
[INFO] [stdout] error: aborting due to 2 previous errors
[INFO] [stdout] 
[INFO] [stdout] For more information about this error, try `rustc --explain E0432`.
[INFO] [stdout] Couldn't compile the test.
[INFO] [stdout] ---- src/lib.rs - route (line 68) stdout ----
[INFO] [stdout] error[E0432]: unresolved import `worker`
[INFO] [stdout]  --> src/lib.rs:69:5
[INFO] [stdout]   |
[INFO] [stdout] 3 | use worker::{Result, Request, RouteContext, Response};
[INFO] [stdout]   |     ^^^^^^ use of undeclared crate or module `worker`
[INFO] [stdout] 
[INFO] [stdout] error[E0432]: unresolved import `worker_route`
[INFO] [stdout]  --> src/lib.rs:70:5
[INFO] [stdout]   |
[INFO] [stdout] 4 | use worker_route::route;
[INFO] [stdout]   |     ^^^^^^^^^^^^ use of undeclared crate or module `worker_route`
[INFO] [stdout] 
[INFO] [stdout] error: aborting due to 2 previous errors
[INFO] [stdout] 
[INFO] [stdout] For more information about this error, try `rustc --explain E0432`.
[INFO] [stdout] Couldn't compile the test.
[INFO] [stdout] ---- src/lib.rs - head (line 36) stdout ----
[INFO] [stdout] error[E0432]: unresolved import `worker`
[INFO] [stdout]  --> src/lib.rs:37:5
[INFO] [stdout]   |
[INFO] [stdout] 3 | use worker::{Result, Request, RouteContext, Response};
[INFO] [stdout]   |     ^^^^^^ use of undeclared crate or module `worker`
[INFO] [stdout] 
[INFO] [stdout] error[E0432]: unresolved import `worker_route`
[INFO] [stdout]  --> src/lib.rs:38:5
[INFO] [stdout]   |
[INFO] [stdout] 4 | use worker_route::head;
[INFO] [stdout]   |     ^^^^^^^^^^^^ use of undeclared crate or module `worker_route`
[INFO] [stdout] 
[INFO] [stdout] error: aborting due to 2 previous errors
[INFO] [stdout] 
[INFO] [stdout] For more information about this error, try `rustc --explain E0432`.
[INFO] [stdout] Couldn't compile the test.
[INFO] [stdout] ---- src/lib.rs - delete (line 36) stdout ----
[INFO] [stdout] error[E0432]: unresolved import `worker`
[INFO] [stdout]  --> src/lib.rs:37:5
[INFO] [stdout]   |
[INFO] [stdout] 3 | use worker::{Result, Request, RouteContext, Response};
[INFO] [stdout]   |     ^^^^^^ use of undeclared crate or module `worker`
[INFO] [stdout] 
[INFO] [stdout] error[E0432]: unresolved import `worker_route`
[INFO] [stdout]  --> src/lib.rs:38:5
[INFO] [stdout]   |
[INFO] [stdout] 4 | use worker_route::delete;
[INFO] [stdout]   |     ^^^^^^^^^^^^ use of undeclared crate or module `worker_route`
[INFO] [stdout] 
[INFO] [stdout] error: aborting due to 2 previous errors
[INFO] [stdout] 
[INFO] [stdout] For more information about this error, try `rustc --explain E0432`.
[INFO] [stdout] Couldn't compile the test.
[INFO] [stdout] ---- src/lib.rs - get (line 36) stdout ----
[INFO] [stdout] error[E0432]: unresolved import `worker`
[INFO] [stdout]  --> src/lib.rs:37:5
[INFO] [stdout]   |
[INFO] [stdout] 3 | use worker::{Result, Request, RouteContext, Response};
[INFO] [stdout]   |     ^^^^^^ use of undeclared crate or module `worker`
[INFO] [stdout] 
[INFO] [stdout] error[E0432]: unresolved import `worker_route`
[INFO] [stdout]  --> src/lib.rs:38:5
[INFO] [stdout]   |
[INFO] [stdout] 4 | use worker_route::get;
[INFO] [stdout]   |     ^^^^^^^^^^^^ use of undeclared crate or module `worker_route`
[INFO] [stdout] 
[INFO] [stdout] error: aborting due to 2 previous errors
[INFO] [stdout] 
[INFO] [stdout] For more information about this error, try `rustc --explain E0432`.
[INFO] [stdout] Couldn't compile the test.
[INFO] [stdout] ---- src/lib.rs - patch (line 36) stdout ----
[INFO] [stdout] error[E0432]: unresolved import `worker`
[INFO] [stdout]  --> src/lib.rs:37:5
[INFO] [stdout]   |
[INFO] [stdout] 3 | use worker::{Result, Request, RouteContext, Response};
[INFO] [stdout]   |     ^^^^^^ use of undeclared crate or module `worker`
[INFO] [stdout] 
[INFO] [stdout] error[E0432]: unresolved import `worker_route`
[INFO] [stdout]  --> src/lib.rs:38:5
[INFO] [stdout]   |
[INFO] [stdout] 4 | use worker_route::patch;
[INFO] [stdout]   |     ^^^^^^^^^^^^ use of undeclared crate or module `worker_route`
[INFO] [stdout] 
[INFO] [stdout] error: aborting due to 2 previous errors
[INFO] [stdout] 
[INFO] [stdout] For more information about this error, try `rustc --explain E0432`.
[INFO] [stdout] Couldn't compile the test.
[INFO] [stdout] ---- src/lib.rs - post (line 36) stdout ----
[INFO] [stdout] error[E0432]: unresolved import `worker`
[INFO] [stdout]  --> src/lib.rs:37:5
[INFO] [stdout]   |
[INFO] [stdout] 3 | use worker::{Result, Request, RouteContext, Response};
[INFO] [stdout]   |     ^^^^^^ use of undeclared crate or module `worker`
[INFO] [stdout] 
[INFO] [stdout] error[E0432]: unresolved import `worker_route`
[INFO] [stdout]  --> src/lib.rs:38:5
[INFO] [stdout]   |
[INFO] [stdout] 4 | use worker_route::post;
[INFO] [stdout]   |     ^^^^^^^^^^^^ use of undeclared crate or module `worker_route`
[INFO] [stdout] 
[INFO] [stdout] error: aborting due to 2 previous errors
[INFO] [stdout] 
[INFO] [stdout] For more information about this error, try `rustc --explain E0432`.
[INFO] [stdout] Couldn't compile the test.
[INFO] [stdout] 
[INFO] [stdout] failures:
[INFO] [stdout]     src/lib.rs - delete (line 36)
[INFO] [stdout]     src/lib.rs - get (line 36)
[INFO] [stdout]     src/lib.rs - head (line 36)
[INFO] [stdout]     src/lib.rs - options (line 36)
[INFO] [stdout]     src/lib.rs - patch (line 36)
[INFO] [stdout]     src/lib.rs - post (line 36)
[INFO] [stdout]     src/lib.rs - put (line 36)
[INFO] [stdout]     src/lib.rs - route (line 68)
[INFO] [stdout] 
[INFO] [stdout] test result: FAILED. 0 passed; 8 failed; 0 ignored; 0 measured; 0 filtered out; finished in 0.03s
[INFO] [stdout] 
[INFO] [stderr] error: doctest failed, to rerun pass `--doc`
[INFO] running `Command { std: "docker" "inspect" "60165e27083a259100bc2c5f787859b07ed27b76c872ca62036eb443e5c61c62", kill_on_drop: false }`
[INFO] running `Command { std: "docker" "rm" "-f" "60165e27083a259100bc2c5f787859b07ed27b76c872ca62036eb443e5c61c62", kill_on_drop: false }`
[INFO] [stdout] 60165e27083a259100bc2c5f787859b07ed27b76c872ca62036eb443e5c61c62
