[INFO] fetching crate wordcloud-rs 0.1.14...
[INFO] testing wordcloud-rs-0.1.14 against nightly-2024-10-28+rustflags=-Zrandomize-layout for randomize-layout
[INFO] extracting crate wordcloud-rs 0.1.14 into /workspace/builds/worker-6-tc2/source
[INFO] validating manifest of crates.io crate wordcloud-rs 0.1.14 on toolchain nightly-2024-10-28
[INFO] running `Command { std: CARGO_HOME="/workspace/cargo-home" RUSTUP_HOME="/workspace/rustup-home" "/workspace/cargo-home/bin/cargo" "+nightly-2024-10-28" "metadata" "--manifest-path" "Cargo.toml" "--no-deps", kill_on_drop: false }`
[INFO] started tweaking crates.io crate wordcloud-rs 0.1.14
[INFO] finished tweaking crates.io crate wordcloud-rs 0.1.14
[INFO] tweaked toml for crates.io crate wordcloud-rs 0.1.14 written to /workspace/builds/worker-6-tc2/source/Cargo.toml
[INFO] running `Command { std: CARGO_HOME="/workspace/cargo-home" RUSTUP_HOME="/workspace/rustup-home" "/workspace/cargo-home/bin/cargo" "+nightly-2024-10-28" "generate-lockfile" "--manifest-path" "Cargo.toml", kill_on_drop: false }`
[INFO] [stderr]     Updating crates.io index
[INFO] [stderr]      Locking 91 packages to latest compatible versions
[INFO] [stderr]       Adding env_logger v0.10.2 (available: v0.11.5)
[INFO] [stderr]       Adding fontdue v0.7.3 (available: v0.9.2)
[INFO] [stderr]       Adding image v0.24.9 (available: v0.25.4)
[INFO] [stderr]       Adding itertools v0.10.5 (available: v0.13.0)
[INFO] running `Command { std: CARGO_HOME="/workspace/cargo-home" RUSTUP_HOME="/workspace/rustup-home" "/workspace/cargo-home/bin/cargo" "+nightly-2024-10-28" "fetch" "--manifest-path" "Cargo.toml", kill_on_drop: false }`
[INFO] running `Command { std: "docker" "create" "-v" "/var/lib/crater-agent-workspace/builds/worker-6-tc2/target:/opt/rustwide/target:rw,Z" "-v" "/var/lib/crater-agent-workspace/builds/worker-6-tc2/source:/opt/rustwide/workdir:ro,Z" "-v" "/var/lib/crater-agent-workspace/cargo-home:/opt/rustwide/cargo-home:ro,Z" "-v" "/var/lib/crater-agent-workspace/rustup-home:/opt/rustwide/rustup-home:ro,Z" "-e" "SOURCE_DIR=/opt/rustwide/workdir" "-e" "CARGO_TARGET_DIR=/opt/rustwide/target" "-e" "CARGO_HOME=/opt/rustwide/cargo-home" "-e" "RUSTUP_HOME=/opt/rustwide/rustup-home" "-w" "/opt/rustwide/workdir" "-m" "1610612736" "--user" "0:0" "--network" "none" "ghcr.io/rust-lang/crates-build-env/linux@sha256:4a844ea9eb2546a2d2c7022eacef16ef2e8229c7fbb2c7d4d55a9ceca922f72d" "/opt/rustwide/cargo-home/bin/cargo" "+nightly-2024-10-28" "metadata" "--no-deps" "--format-version=1", kill_on_drop: false }`
[INFO] [stdout] 3090ecb70d14b8fec77753d9e13d8b37730a49d73b7a6fcd67fb573576758947
[INFO] running `Command { std: "docker" "start" "-a" "3090ecb70d14b8fec77753d9e13d8b37730a49d73b7a6fcd67fb573576758947", kill_on_drop: false }`
[INFO] running `Command { std: "docker" "inspect" "3090ecb70d14b8fec77753d9e13d8b37730a49d73b7a6fcd67fb573576758947", kill_on_drop: false }`
[INFO] running `Command { std: "docker" "rm" "-f" "3090ecb70d14b8fec77753d9e13d8b37730a49d73b7a6fcd67fb573576758947", kill_on_drop: false }`
[INFO] [stdout] 3090ecb70d14b8fec77753d9e13d8b37730a49d73b7a6fcd67fb573576758947
[INFO] running `Command { std: "docker" "create" "-v" "/var/lib/crater-agent-workspace/builds/worker-6-tc2/target:/opt/rustwide/target:rw,Z" "-v" "/var/lib/crater-agent-workspace/builds/worker-6-tc2/source:/opt/rustwide/workdir:ro,Z" "-v" "/var/lib/crater-agent-workspace/cargo-home:/opt/rustwide/cargo-home:ro,Z" "-v" "/var/lib/crater-agent-workspace/rustup-home:/opt/rustwide/rustup-home:ro,Z" "-e" "SOURCE_DIR=/opt/rustwide/workdir" "-e" "CARGO_TARGET_DIR=/opt/rustwide/target" "-e" "CARGO_INCREMENTAL=0" "-e" "RUST_BACKTRACE=full" "-e" "RUSTFLAGS=--cap-lints=forbid -Zrandomize-layout" "-e" "RUSTDOCFLAGS=--cap-lints=forbid" "-e" "CARGO_HOME=/opt/rustwide/cargo-home" "-e" "RUSTUP_HOME=/opt/rustwide/rustup-home" "-w" "/opt/rustwide/workdir" "-m" "1610612736" "--user" "0:0" "--network" "none" "ghcr.io/rust-lang/crates-build-env/linux@sha256:4a844ea9eb2546a2d2c7022eacef16ef2e8229c7fbb2c7d4d55a9ceca922f72d" "/opt/rustwide/cargo-home/bin/cargo" "+nightly-2024-10-28" "build" "--frozen" "--message-format=json", kill_on_drop: false }`
[INFO] [stdout] 23be019aa54f22c23fbfb18121f036a14e3c6f57466d9a430c16a39cc9a24239
[INFO] running `Command { std: "docker" "start" "-a" "23be019aa54f22c23fbfb18121f036a14e3c6f57466d9a430c16a39cc9a24239", kill_on_drop: false }`
[INFO] [stderr]    Compiling crossbeam-utils v0.8.20
[INFO] [stderr]    Compiling byteorder v1.5.0
[INFO] [stderr]    Compiling simd-adler32 v0.3.7
[INFO] [stderr]    Compiling libc v0.2.161
[INFO] [stderr]    Compiling rayon-core v1.12.1
[INFO] [stderr]    Compiling libm v0.2.11
[INFO] [stderr]    Compiling num-traits v0.2.19
[INFO] [stderr]    Compiling syn v2.0.86
[INFO] [stderr]    Compiling adler2 v2.0.0
[INFO] [stderr]    Compiling either v1.13.0
[INFO] [stderr]    Compiling miniz_oxide v0.8.0
[INFO] [stderr]    Compiling siphasher v0.3.11
[INFO] [stderr]    Compiling version_check v0.9.5
[INFO] [stderr]    Compiling rand_core v0.6.4
[INFO] [stderr]    Compiling rand v0.8.5
[INFO] [stderr]    Compiling phf_shared v0.11.2
[INFO] [stderr]    Compiling crc32fast v1.4.2
[INFO] [stderr]    Compiling ahash v0.8.11
[INFO] [stderr]    Compiling crossbeam-epoch v0.9.18
[INFO] [stderr]    Compiling flate2 v1.0.34
[INFO] [stderr]    Compiling once_cell v1.20.2
[INFO] [stderr]    Compiling crossbeam-deque v0.8.5
[INFO] [stderr]    Compiling getrandom v0.2.15
[INFO] [stderr]    Compiling phf_generator v0.11.2
[INFO] [stderr]    Compiling weezl v0.1.8
[INFO] [stderr]    Compiling zune-inflate v0.2.54
[INFO] [stderr]    Compiling fdeflate v0.3.6
[INFO] [stderr]    Compiling half v2.4.1
[INFO] [stderr]    Compiling color_quant v1.1.0
[INFO] [stderr]    Compiling by_address v1.2.1
[INFO] [stderr]    Compiling palette v0.7.6
[INFO] [stderr]    Compiling anyhow v1.0.92
[INFO] [stderr]    Compiling bit_field v0.10.2
[INFO] [stderr]    Compiling bytemuck v1.19.0
[INFO] [stderr]    Compiling rayon v1.10.0
[INFO] [stderr]    Compiling lebe v0.5.2
[INFO] [stderr]    Compiling smallvec v1.13.2
[INFO] [stderr]    Compiling gif v0.13.1
[INFO] [stderr]    Compiling qoi v0.4.1
[INFO] [stderr]    Compiling png v0.17.14
[INFO] [stderr]    Compiling approx v0.5.1
[INFO] [stderr]    Compiling exr v1.73.0
[INFO] [stderr]    Compiling itertools v0.10.5
[INFO] [stderr]    Compiling lazy_static v1.5.0
[INFO] [stderr]    Compiling fast-srgb8 v1.0.0
[INFO] [stderr]    Compiling ttf-parser v0.15.2
[INFO] [stderr]    Compiling twemoji-rs v0.1.2
[INFO] [stderr]    Compiling jpeg-decoder v0.3.1
[INFO] [stderr]    Compiling zerocopy-derive v0.7.35
[INFO] [stderr]    Compiling phf_macros v0.11.2
[INFO] [stderr]    Compiling palette_derive v0.7.6
[INFO] [stderr]    Compiling phf v0.11.2
[INFO] [stderr]    Compiling zerocopy v0.7.35
[INFO] [stderr]    Compiling tiff v0.9.1
[INFO] [stderr]    Compiling ppv-lite86 v0.2.20
[INFO] [stderr]    Compiling hashbrown v0.13.2
[INFO] [stderr]    Compiling image v0.24.9
[INFO] [stderr]    Compiling rand_chacha v0.3.1
[INFO] [stderr]    Compiling fontdue v0.7.3
[INFO] [stderr]    Compiling rand_distr v0.4.3
[INFO] [stderr]    Compiling wordcloud-rs v0.1.14 (/opt/rustwide/workdir)
[INFO] [stdout] warning: field `indexes` is never read
[INFO] [stdout]   --> src/indexed_chars.rs:16:9
[INFO] [stdout]    |
[INFO] [stdout] 15 | pub struct IndexedChars {
[INFO] [stdout]    |            ------------ field in this struct
[INFO] [stdout] 16 |     pub indexes: Vec<usize>,
[INFO] [stdout]    |         ^^^^^^^
[INFO] [stdout]    |
[INFO] [stdout]    = note: `#[warn(dead_code)]` on by default
[INFO] [stdout] 
[INFO] [stdout] 
[INFO] [stderr]     Finished `dev` profile [unoptimized + debuginfo] target(s) in 8.91s
[INFO] running `Command { std: "docker" "inspect" "23be019aa54f22c23fbfb18121f036a14e3c6f57466d9a430c16a39cc9a24239", kill_on_drop: false }`
[INFO] running `Command { std: "docker" "rm" "-f" "23be019aa54f22c23fbfb18121f036a14e3c6f57466d9a430c16a39cc9a24239", kill_on_drop: false }`
[INFO] [stdout] 23be019aa54f22c23fbfb18121f036a14e3c6f57466d9a430c16a39cc9a24239
[INFO] running `Command { std: "docker" "create" "-v" "/var/lib/crater-agent-workspace/builds/worker-6-tc2/target:/opt/rustwide/target:rw,Z" "-v" "/var/lib/crater-agent-workspace/builds/worker-6-tc2/source:/opt/rustwide/workdir:ro,Z" "-v" "/var/lib/crater-agent-workspace/cargo-home:/opt/rustwide/cargo-home:ro,Z" "-v" "/var/lib/crater-agent-workspace/rustup-home:/opt/rustwide/rustup-home:ro,Z" "-e" "SOURCE_DIR=/opt/rustwide/workdir" "-e" "CARGO_TARGET_DIR=/opt/rustwide/target" "-e" "CARGO_INCREMENTAL=0" "-e" "RUST_BACKTRACE=full" "-e" "RUSTFLAGS=--cap-lints=forbid -Zrandomize-layout" "-e" "RUSTDOCFLAGS=--cap-lints=forbid" "-e" "CARGO_HOME=/opt/rustwide/cargo-home" "-e" "RUSTUP_HOME=/opt/rustwide/rustup-home" "-w" "/opt/rustwide/workdir" "-m" "1610612736" "--user" "0:0" "--network" "none" "ghcr.io/rust-lang/crates-build-env/linux@sha256:4a844ea9eb2546a2d2c7022eacef16ef2e8229c7fbb2c7d4d55a9ceca922f72d" "/opt/rustwide/cargo-home/bin/cargo" "+nightly-2024-10-28" "test" "--frozen" "--no-run" "--message-format=json", kill_on_drop: false }`
[INFO] [stdout] 7b6fea0cd70a05c3ae4a123e96f17d8b532b9ba31b2c990f6951f8d9abb74c41
[INFO] running `Command { std: "docker" "start" "-a" "7b6fea0cd70a05c3ae4a123e96f17d8b532b9ba31b2c990f6951f8d9abb74c41", kill_on_drop: false }`
[INFO] [stderr]    Compiling libc v0.2.161
[INFO] [stderr]    Compiling aho-corasick v1.1.3
[INFO] [stderr]    Compiling regex-syntax v0.8.5
[INFO] [stderr]    Compiling log v0.4.22
[INFO] [stderr]    Compiling humantime v2.1.0
[INFO] [stderr]    Compiling termcolor v1.4.1
[INFO] [stderr]    Compiling getrandom v0.2.15
[INFO] [stderr]    Compiling is-terminal v0.4.13
[INFO] [stderr]    Compiling rand_core v0.6.4
[INFO] [stderr]    Compiling rand_chacha v0.3.1
[INFO] [stderr]    Compiling rand v0.8.5
[INFO] [stderr]    Compiling regex-automata v0.4.8
[INFO] [stderr]    Compiling rand_distr v0.4.3
[INFO] [stderr]    Compiling wordcloud-rs v0.1.14 (/opt/rustwide/workdir)
[INFO] [stdout] warning: field `indexes` is never read
[INFO] [stdout]   --> src/indexed_chars.rs:16:9
[INFO] [stdout]    |
[INFO] [stdout] 15 | pub struct IndexedChars {
[INFO] [stdout]    |            ------------ field in this struct
[INFO] [stdout] 16 |     pub indexes: Vec<usize>,
[INFO] [stdout]    |         ^^^^^^^
[INFO] [stdout]    |
[INFO] [stdout]    = note: `#[warn(dead_code)]` on by default
[INFO] [stdout] 
[INFO] [stdout] 
[INFO] [stderr]    Compiling regex v1.11.1
[INFO] [stderr]    Compiling env_logger v0.10.2
[INFO] [stdout] warning: field `indexes` is never read
[INFO] [stdout]   --> src/indexed_chars.rs:16:9
[INFO] [stdout]    |
[INFO] [stdout] 15 | pub struct IndexedChars {
[INFO] [stdout]    |            ------------ field in this struct
[INFO] [stdout] 16 |     pub indexes: Vec<usize>,
[INFO] [stdout]    |         ^^^^^^^
[INFO] [stdout]    |
[INFO] [stdout]    = note: `#[warn(dead_code)]` on by default
[INFO] [stdout] 
[INFO] [stdout] 
[INFO] [stderr]     Finished `test` profile [unoptimized + debuginfo] target(s) in 3.80s
[INFO] running `Command { std: "docker" "inspect" "7b6fea0cd70a05c3ae4a123e96f17d8b532b9ba31b2c990f6951f8d9abb74c41", kill_on_drop: false }`
[INFO] running `Command { std: "docker" "rm" "-f" "7b6fea0cd70a05c3ae4a123e96f17d8b532b9ba31b2c990f6951f8d9abb74c41", kill_on_drop: false }`
[INFO] [stdout] 7b6fea0cd70a05c3ae4a123e96f17d8b532b9ba31b2c990f6951f8d9abb74c41
[INFO] running `Command { std: "docker" "create" "-v" "/var/lib/crater-agent-workspace/builds/worker-6-tc2/target:/opt/rustwide/target:rw,Z" "-v" "/var/lib/crater-agent-workspace/builds/worker-6-tc2/source:/opt/rustwide/workdir:ro,Z" "-v" "/var/lib/crater-agent-workspace/cargo-home:/opt/rustwide/cargo-home:ro,Z" "-v" "/var/lib/crater-agent-workspace/rustup-home:/opt/rustwide/rustup-home:ro,Z" "-e" "SOURCE_DIR=/opt/rustwide/workdir" "-e" "CARGO_TARGET_DIR=/opt/rustwide/target" "-e" "CARGO_INCREMENTAL=0" "-e" "RUST_BACKTRACE=full" "-e" "RUSTFLAGS=--cap-lints=forbid -Zrandomize-layout" "-e" "RUSTDOCFLAGS=--cap-lints=forbid" "-e" "CARGO_HOME=/opt/rustwide/cargo-home" "-e" "RUSTUP_HOME=/opt/rustwide/rustup-home" "-w" "/opt/rustwide/workdir" "-m" "1610612736" "--user" "0:0" "--network" "none" "ghcr.io/rust-lang/crates-build-env/linux@sha256:4a844ea9eb2546a2d2c7022eacef16ef2e8229c7fbb2c7d4d55a9ceca922f72d" "/opt/rustwide/cargo-home/bin/cargo" "+nightly-2024-10-28" "test" "--frozen", kill_on_drop: false }`
[INFO] [stdout] 1bb1dbcdbfb338bef5a5e0b7319c9c684da06b2c387fb87a328c96a3ef1b0247
[INFO] running `Command { std: "docker" "start" "-a" "1bb1dbcdbfb338bef5a5e0b7319c9c684da06b2c387fb87a328c96a3ef1b0247", kill_on_drop: false }`
[INFO] [stderr] warning: field `indexes` is never read
[INFO] [stderr]   --> src/indexed_chars.rs:16:9
[INFO] [stderr]    |
[INFO] [stderr] 15 | pub struct IndexedChars {
[INFO] [stderr]    |            ------------ field in this struct
[INFO] [stderr] 16 |     pub indexes: Vec<usize>,
[INFO] [stderr]    |         ^^^^^^^
[INFO] [stderr]    |
[INFO] [stderr]    = note: `#[warn(dead_code)]` on by default
[INFO] [stderr] 
[INFO] [stderr] warning: `wordcloud-rs` (lib) generated 1 warning
[INFO] [stderr] warning: `wordcloud-rs` (lib test) generated 1 warning (1 duplicate)
[INFO] [stderr]     Finished `test` profile [unoptimized + debuginfo] target(s) in 0.05s
[INFO] [stderr]      Running unittests src/lib.rs (/opt/rustwide/target/debug/deps/wordcloud_rs-48e9583e6596ee07)
[INFO] [stdout] 
[INFO] [stdout] running 1 test
[INFO] [stderr] [2024-11-01T17:37:09Z INFO  wordcloud] Placed `the` at (640, 24)
[INFO] [stderr] [2024-11-01T17:37:09Z INFO  wordcloud] Placed `126x190 image` at (0, 179)
[INFO] [stderr] [2024-11-01T17:37:09Z INFO  wordcloud] Placed `126x126 image` at (256, 247)
[INFO] [stderr] [2024-11-01T17:37:09Z INFO  wordcloud] Placed `a` at (717, 2)
[INFO] [stderr] [2024-11-01T17:37:09Z INFO  wordcloud] Placed `of` at (704, 220)
[INFO] [stderr] [2024-11-01T17:37:09Z INFO  wordcloud] Placed `Turing` at (320, 28)
[INFO] [stderr] [2024-11-01T17:37:09Z INFO  wordcloud] Placed `110x150 image` at (448, 146)
[INFO] [stderr] [2024-11-01T17:37:09Z INFO  wordcloud] Placed `in` at (460, 306)
[INFO] [stderr] [2024-11-01T17:37:09Z INFO  wordcloud] Placed `was` at (576, 289)
[INFO] [stderr] [2024-11-01T17:37:09Z INFO  wordcloud] Placed `for` at (576, 183)
[INFO] [stderr] [2024-11-01T17:37:09Z INFO  wordcloud] Placed `and` at (128, 51)
[INFO] [stderr] [2024-11-01T17:37:09Z INFO  wordcloud] Placed `to` at (650, 169)
[INFO] [stderr] [2024-11-01T17:37:09Z INFO  wordcloud] Placed `that` at (128, 276)
[INFO] [stderr] [2024-11-01T17:37:09Z INFO  wordcloud] Placed `he` at (644, 343)
[INFO] [stderr] [2024-11-01T17:37:09Z INFO  wordcloud] Placed `at` at (276, 85)
[INFO] [stderr] [2024-11-01T17:37:09Z INFO  wordcloud] Placed `on` at (331, 101)
[INFO] [stderr] [2024-11-01T17:37:09Z INFO  wordcloud] Placed `his` at (130, 1)
[INFO] [stderr] [2024-11-01T17:37:09Z INFO  wordcloud] Placed `with` at (576, 242)
[INFO] [stderr] [2024-11-01T17:37:09Z INFO  wordcloud] Placed `computer` at (128, 115)
[INFO] [stderr] [2024-11-01T17:37:09Z INFO  wordcloud] Placed `an` at (720, 318)
[INFO] [stderr] [2024-11-01T17:37:09Z INFO  wordcloud] Placed `He` at (645, 276)
[INFO] [stderr] [2024-11-01T17:37:09Z INFO  wordcloud] Placed `as` at (398, 346)
[INFO] [stderr] [2024-11-01T17:37:09Z INFO  wordcloud] Placed `machine` at (128, 201)
[INFO] [stderr] [2024-11-01T17:37:09Z INFO  wordcloud] Placed `is` at (345, 171)
[INFO] [stderr] [2024-11-01T17:37:09Z INFO  wordcloud] Placed `June` at (320, 200)
[INFO] [stderr] [2024-11-01T17:37:09Z INFO  wordcloud] Placed `s` at (399, 275)
[INFO] [stderr] [2024-11-01T17:37:09Z INFO  wordcloud] Placed `be` at (722, 363)
[INFO] [stderr] [2024-11-01T17:37:09Z INFO  wordcloud] Placed `him` at (578, 61)
[INFO] [stderr] [2024-11-01T17:37:09Z INFO  wordcloud] Placed `by` at (715, 125)
[INFO] [stderr] [2024-11-01T17:37:09Z INFO  wordcloud] Placed `including` at (128, 165)
[INFO] [stderr] [2024-11-01T17:37:09Z INFO  wordcloud] Placed `chemical` at (448, 12)
[INFO] [stderr] [2024-11-01T17:37:09Z INFO  wordcloud] Placed `science` at (0, 31)
[INFO] [stderr] [2024-11-01T17:37:09Z INFO  wordcloud] Placed `theoretical` at (192, 0)
[INFO] [stderr] [2024-11-01T17:37:09Z INFO  wordcloud] Placed `homosexual` at (448, 113)
[INFO] [stderr] [2024-11-01T17:37:09Z INFO  wordcloud] Placed `England` at (0, 146)
[INFO] [stderr] [2024-11-01T17:37:09Z INFO  wordcloud] Placed `Laboratory` at (640, 6)
[INFO] [stderr] [2024-11-01T17:37:09Z INFO  wordcloud] Placed `In` at (419, 235)
[INFO] [stderr] [2024-11-01T17:37:09Z INFO  wordcloud] Placed `crucial` at (256, 367)
[INFO] [stderr] [2024-11-01T17:37:09Z INFO  wordcloud] Placed `7` at (640, 121)
[INFO] [stderr] [2024-11-01T17:37:09Z INFO  wordcloud] Placed `worked` at (128, 244)
[INFO] [stderr] [2024-11-01T17:37:09Z INFO  wordcloud] Placed `Cambridge` at (576, 158)
[INFO] [stderr] [2024-11-01T17:37:09Z INFO  wordcloud] Placed `has` at (389, 131)
[INFO] [stderr] [2024-11-01T17:37:09Z INFO  wordcloud] Placed `war` at (260, 36)
[INFO] [stderr] [2024-11-01T17:37:09Z INFO  wordcloud] Placed `first` at (197, 336)
[INFO] [stderr] [2024-11-01T17:37:09Z INFO  wordcloud] Placed `mathematical` at (0, 110)
[INFO] [stderr] [2024-11-01T17:37:09Z INFO  wordcloud] Placed `computation` at (448, 289)
[INFO] [stderr] [2024-11-01T17:37:09Z INFO  wordcloud] Placed `birthday` at (0, 1)
[INFO] [stderr] [2024-11-01T17:37:09Z INFO  wordcloud] Placed `which` at (704, 173)
[INFO] [stderr] [2024-11-01T17:37:09Z INFO  wordcloud] Placed `poisoning` at (512, 352)
[INFO] [stderr] [2024-11-01T17:37:09Z INFO  wordcloud] Placed `named` at (704, 193)
[INFO] [stderr] [2024-11-01T17:37:09Z INFO  wordcloud] Placed `23` at (10, 71)
[INFO] [stderr] [2024-11-01T17:37:09Z INFO  wordcloud] Placed `considered` at (256, 235)
[INFO] [stderr] [2024-11-01T17:37:09Z INFO  wordcloud] Placed `University` at (64, 363)
[INFO] [stderr] [2024-11-01T17:37:09Z INFO  wordcloud] Placed `can` at (394, 337)
[INFO] [stderr] [2024-11-01T17:37:09Z INFO  wordcloud] Placed `Alan` at (385, 109)
[INFO] [stderr] [2024-11-01T17:37:09Z INFO  wordcloud] Placed `from` at (582, 137)
[INFO] [stderr] [2024-11-01T17:37:09Z INFO  wordcloud] Placed `Computing` at (256, 154)
[INFO] [stderr] [2024-11-01T17:37:09Z INFO  wordcloud] Placed `Britain` at (128, 45)
[INFO] [stderr] [2024-11-01T17:37:09Z WARN  wordcloud] Not enough room left to fit the object
[INFO] [stderr]     
[INFO] [stderr]     Stack backtrace:
[INFO] [stderr]        0: anyhow::error::<impl anyhow::Error>::msg
[INFO] [stderr]                  at /opt/rustwide/cargo-home/registry/src/index.crates.io-6f17d22bba15001f/anyhow-1.0.92/src/backtrace.rs:27:14
[INFO] [stderr]        1: anyhow::__private::format_err
[INFO] [stderr]                  at /opt/rustwide/cargo-home/registry/src/index.crates.io-6f17d22bba15001f/anyhow-1.0.92/src/lib.rs:691:13
[INFO] [stderr]        2: wordcloud_rs::collision_map::CollisionMap::place
[INFO] [stderr]                  at ./src/collision_map.rs:64:13
[INFO] [stderr]        3: wordcloud_rs::wordcloud::WorldCloud::add
[INFO] [stderr]                  at ./src/wordcloud.rs:43:15
[INFO] [stderr]        4: wordcloud_rs::builder::wordcloud
[INFO] [stderr]                  at ./src/builder.rs:46:16
[INFO] [stderr]        5: wordcloud_rs::builder::Builder::generate
[INFO] [stderr]                  at ./src/builder.rs:100:9
[INFO] [stderr]        6: wordcloud_rs::tests::it_works
[INFO] [stderr]                  at ./src/lib.rs:48:18
[INFO] [stderr]        7: wordcloud_rs::tests::it_works::{{closure}}
[INFO] [stderr]                  at ./src/lib.rs:39:18
[INFO] [stderr]        8: core::ops::function::FnOnce::call_once
[INFO] [stderr]                  at /rustc/df4ca44d3fbc9301ee17f30f4d474e6ae4b05252/library/core/src/ops/function.rs:250:5
[INFO] [stderr]        9: core::ops::function::FnOnce::call_once
[INFO] [stderr]                  at /rustc/df4ca44d3fbc9301ee17f30f4d474e6ae4b05252/library/core/src/ops/function.rs:250:5
[INFO] [stderr]       10: test::__rust_begin_short_backtrace
[INFO] [stderr]                  at /rustc/df4ca44d3fbc9301ee17f30f4d474e6ae4b05252/library/test/src/lib.rs:621:18
[INFO] [stderr]       11: test::run_test_in_process::{{closure}}
[INFO] [stderr]                  at /rustc/df4ca44d3fbc9301ee17f30f4d474e6ae4b05252/library/test/src/lib.rs:644:60
[INFO] [stderr]       12: <core::panic::unwind_safe::AssertUnwindSafe<F> as core::ops::function::FnOnce<()>>::call_once
[INFO] [stderr]                  at /rustc/df4ca44d3fbc9301ee17f30f4d474e6ae4b05252/library/core/src/panic/unwind_safe.rs:272:9
[INFO] [stderr]       13: std::panicking::try::do_call
[INFO] [stderr]                  at /rustc/df4ca44d3fbc9301ee17f30f4d474e6ae4b05252/library/std/src/panicking.rs:557:40
[INFO] [stderr]       14: std::panicking::try
[INFO] [stderr]                  at /rustc/df4ca44d3fbc9301ee17f30f4d474e6ae4b05252/library/std/src/panicking.rs:520:19
[INFO] [stderr]       15: std::panic::catch_unwind
[INFO] [stderr]                  at /rustc/df4ca44d3fbc9301ee17f30f4d474e6ae4b05252/library/std/src/panic.rs:358:14
[INFO] [stderr]       16: test::run_test_in_process
[INFO] [stderr]                  at /rustc/df4ca44d3fbc9301ee17f30f4d474e6ae4b05252/library/test/src/lib.rs:644:27
[INFO] [stderr]       17: test::run_test::{{closure}}
[INFO] [stderr]                  at /rustc/df4ca44d3fbc9301ee17f30f4d474e6ae4b05252/library/test/src/lib.rs:565:43
[INFO] [stderr]       18: test::run_test::{{closure}}
[INFO] [stderr]                  at /rustc/df4ca44d3fbc9301ee17f30f4d474e6ae4b05252/library/test/src/lib.rs:595:41
[INFO] [stderr]       19: std::sys::backtrace::__rust_begin_short_backtrace
[INFO] [stderr]                  at /rustc/df4ca44d3fbc9301ee17f30f4d474e6ae4b05252/library/std/src/sys/backtrace.rs:154:18
[INFO] [stderr]       20: std::thread::Builder::spawn_unchecked_::{{closure}}::{{closure}}
[INFO] [stderr]                  at /rustc/df4ca44d3fbc9301ee17f30f4d474e6ae4b05252/library/std/src/thread/mod.rs:541:17
[INFO] [stderr]       21: <core::panic::unwind_safe::AssertUnwindSafe<F> as core::ops::function::FnOnce<()>>::call_once
[INFO] [stderr]                  at /rustc/df4ca44d3fbc9301ee17f30f4d474e6ae4b05252/library/core/src/panic/unwind_safe.rs:272:9
[INFO] [stderr]       22: std::panicking::try::do_call
[INFO] [stderr]                  at /rustc/df4ca44d3fbc9301ee17f30f4d474e6ae4b05252/library/std/src/panicking.rs:557:40
[INFO] [stderr]       23: std::panicking::try
[INFO] [stderr]                  at /rustc/df4ca44d3fbc9301ee17f30f4d474e6ae4b05252/library/std/src/panicking.rs:520:19
[INFO] [stderr]       24: std::panic::catch_unwind
[INFO] [stderr]                  at /rustc/df4ca44d3fbc9301ee17f30f4d474e6ae4b05252/library/std/src/panic.rs:358:14
[INFO] [stderr]       25: std::thread::Builder::spawn_unchecked_::{{closure}}
[INFO] [stderr]                  at /rustc/df4ca44d3fbc9301ee17f30f4d474e6ae4b05252/library/std/src/thread/mod.rs:540:30
[INFO] [stderr]       26: core::ops::function::FnOnce::call_once{{vtable.shim}}
[INFO] [stderr]                  at /rustc/df4ca44d3fbc9301ee17f30f4d474e6ae4b05252/library/core/src/ops/function.rs:250:5
[INFO] [stderr]       27: <alloc::boxed::Box<F,A> as core::ops::function::FnOnce<Args>>::call_once
[INFO] [stderr]                  at /rustc/df4ca44d3fbc9301ee17f30f4d474e6ae4b05252/library/alloc/src/boxed.rs:2454:9
[INFO] [stderr]       28: <alloc::boxed::Box<F,A> as core::ops::function::FnOnce<Args>>::call_once
[INFO] [stderr]                  at /rustc/df4ca44d3fbc9301ee17f30f4d474e6ae4b05252/library/alloc/src/boxed.rs:2454:9
[INFO] [stderr]       29: std::sys::pal::unix::thread::Thread::new::thread_start
[INFO] [stderr]                  at /rustc/df4ca44d3fbc9301ee17f30f4d474e6ae4b05252/library/std/src/sys/pal/unix/thread.rs:105:17
[INFO] [stderr]       30: <unknown>
[INFO] [stderr]       31: clone
[INFO] [stderr] [2024-11-01T17:37:09Z WARN  wordcloud] Adjusting scale to 0.9
[INFO] [stderr] [2024-11-01T17:37:09Z INFO  wordcloud] Placed `Manchester` at (512, 39)
[INFO] [stderr] [2024-11-01T17:37:09Z WARN  wordcloud] Not enough room left to fit the object
[INFO] [stderr]     
[INFO] [stderr]     Stack backtrace:
[INFO] [stderr]        0: anyhow::error::<impl anyhow::Error>::msg
[INFO] [stderr]                  at /opt/rustwide/cargo-home/registry/src/index.crates.io-6f17d22bba15001f/anyhow-1.0.92/src/backtrace.rs:27:14
[INFO] [stderr]        1: anyhow::__private::format_err
[INFO] [stderr]                  at /opt/rustwide/cargo-home/registry/src/index.crates.io-6f17d22bba15001f/anyhow-1.0.92/src/lib.rs:691:13
[INFO] [stderr]        2: wordcloud_rs::collision_map::CollisionMap::place
[INFO] [stderr]                  at ./src/collision_map.rs:64:13
[INFO] [stderr]        3: wordcloud_rs::wordcloud::WorldCloud::add
[INFO] [stderr]                  at ./src/wordcloud.rs:43:15
[INFO] [stderr]        4: wordcloud_rs::builder::wordcloud
[INFO] [stderr]                  at ./src/builder.rs:46:16
[INFO] [stderr]        5: wordcloud_rs::builder::Builder::generate
[INFO] [stderr]                  at ./src/builder.rs:100:9
[INFO] [stderr]        6: wordcloud_rs::tests::it_works
[INFO] [stderr]                  at ./src/lib.rs:48:18
[INFO] [stderr]        7: wordcloud_rs::tests::it_works::{{closure}}
[INFO] [stderr]                  at ./src/lib.rs:39:18
[INFO] [stderr]        8: core::ops::function::FnOnce::call_once
[INFO] [stderr]                  at /rustc/df4ca44d3fbc9301ee17f30f4d474e6ae4b05252/library/core/src/ops/function.rs:250:5
[INFO] [stderr]        9: core::ops::function::FnOnce::call_once
[INFO] [stderr]                  at /rustc/df4ca44d3fbc9301ee17f30f4d474e6ae4b05252/library/core/src/ops/function.rs:250:5
[INFO] [stderr]       10: test::__rust_begin_short_backtrace
[INFO] [stderr]                  at /rustc/df4ca44d3fbc9301ee17f30f4d474e6ae4b05252/library/test/src/lib.rs:621:18
[INFO] [stderr]       11: test::run_test_in_process::{{closure}}
[INFO] [stderr]                  at /rustc/df4ca44d3fbc9301ee17f30f4d474e6ae4b05252/library/test/src/lib.rs:644:60
[INFO] [stderr]       12: <core::panic::unwind_safe::AssertUnwindSafe<F> as core::ops::function::FnOnce<()>>::call_once
[INFO] [stderr]                  at /rustc/df4ca44d3fbc9301ee17f30f4d474e6ae4b05252/library/core/src/panic/unwind_safe.rs:272:9
[INFO] [stderr]       13: std::panicking::try::do_call
[INFO] [stderr]                  at /rustc/df4ca44d3fbc9301ee17f30f4d474e6ae4b05252/library/std/src/panicking.rs:557:40
[INFO] [stderr]       14: std::panicking::try
[INFO] [stderr]                  at /rustc/df4ca44d3fbc9301ee17f30f4d474e6ae4b05252/library/std/src/panicking.rs:520:19
[INFO] [stderr]       15: std::panic::catch_unwind
[INFO] [stderr]                  at /rustc/df4ca44d3fbc9301ee17f30f4d474e6ae4b05252/library/std/src/panic.rs:358:14
[INFO] [stderr]       16: test::run_test_in_process
[INFO] [stderr]                  at /rustc/df4ca44d3fbc9301ee17f30f4d474e6ae4b05252/library/test/src/lib.rs:644:27
[INFO] [stderr]       17: test::run_test::{{closure}}
[INFO] [stderr]                  at /rustc/df4ca44d3fbc9301ee17f30f4d474e6ae4b05252/library/test/src/lib.rs:565:43
[INFO] [stderr]       18: test::run_test::{{closure}}
[INFO] [stderr]                  at /rustc/df4ca44d3fbc9301ee17f30f4d474e6ae4b05252/library/test/src/lib.rs:595:41
[INFO] [stderr]       19: std::sys::backtrace::__rust_begin_short_backtrace
[INFO] [stderr]                  at /rustc/df4ca44d3fbc9301ee17f30f4d474e6ae4b05252/library/std/src/sys/backtrace.rs:154:18
[INFO] [stderr]       20: std::thread::Builder::spawn_unchecked_::{{closure}}::{{closure}}
[INFO] [stderr]                  at /rustc/df4ca44d3fbc9301ee17f30f4d474e6ae4b05252/library/std/src/thread/mod.rs:541:17
[INFO] [stderr]       21: <core::panic::unwind_safe::AssertUnwindSafe<F> as core::ops::function::FnOnce<()>>::call_once
[INFO] [stderr]                  at /rustc/df4ca44d3fbc9301ee17f30f4d474e6ae4b05252/library/core/src/panic/unwind_safe.rs:272:9
[INFO] [stderr]       22: std::panicking::try::do_call
[INFO] [stderr]                  at /rustc/df4ca44d3fbc9301ee17f30f4d474e6ae4b05252/library/std/src/panicking.rs:557:40
[INFO] [stderr]       23: std::panicking::try
[INFO] [stderr]                  at /rustc/df4ca44d3fbc9301ee17f30f4d474e6ae4b05252/library/std/src/panicking.rs:520:19
[INFO] [stderr]       24: std::panic::catch_unwind
[INFO] [stderr]                  at /rustc/df4ca44d3fbc9301ee17f30f4d474e6ae4b05252/library/std/src/panic.rs:358:14
[INFO] [stderr]       25: std::thread::Builder::spawn_unchecked_::{{closure}}
[INFO] [stderr]                  at /rustc/df4ca44d3fbc9301ee17f30f4d474e6ae4b05252/library/std/src/thread/mod.rs:540:30
[INFO] [stderr]       26: core::ops::function::FnOnce::call_once{{vtable.shim}}
[INFO] [stderr]                  at /rustc/df4ca44d3fbc9301ee17f30f4d474e6ae4b05252/library/core/src/ops/function.rs:250:5
[INFO] [stderr]       27: <alloc::boxed::Box<F,A> as core::ops::function::FnOnce<Args>>::call_once
[INFO] [stderr]                  at /rustc/df4ca44d3fbc9301ee17f30f4d474e6ae4b05252/library/alloc/src/boxed.rs:2454:9
[INFO] [stderr]       28: <alloc::boxed::Box<F,A> as core::ops::function::FnOnce<Args>>::call_once
[INFO] [stderr]                  at /rustc/df4ca44d3fbc9301ee17f30f4d474e6ae4b05252/library/alloc/src/boxed.rs:2454:9
[INFO] [stderr]       29: std::sys::pal::unix::thread::Thread::new::thread_start
[INFO] [stderr]                  at /rustc/df4ca44d3fbc9301ee17f30f4d474e6ae4b05252/library/std/src/sys/pal/unix/thread.rs:105:17
[INFO] [stderr]       30: <unknown>
[INFO] [stderr]       31: clone
[INFO] [stderr] [2024-11-01T17:37:09Z WARN  wordcloud] Adjusting scale to 0.9
[INFO] [stderr] [2024-11-01T17:37:09Z INFO  wordcloud] Placed `intelligence` at (0, 92)
[INFO] [stderr] [2024-11-01T17:37:09Z INFO  wordcloud] Placed `1954` at (258, 56)
[INFO] [stderr] [2024-11-01T17:37:09Z INFO  wordcloud] Placed `where` at (384, 321)
[INFO] [stderr] [2024-11-01T17:37:09Z INFO  wordcloud] Placed `never` at (128, 258)
[INFO] [stderr] [2024-11-01T17:37:09Z INFO  wordcloud] Placed `public` at (192, 98)
[INFO] [stderr] [2024-11-01T17:37:09Z INFO  wordcloud] Placed `acts` at (385, 185)
[INFO] [stderr] [2024-11-01T17:37:09Z INFO  wordcloud] Placed `many` at (256, 191)
[INFO] [stderr] [2024-11-01T17:37:09Z INFO  wordcloud] Placed `German` at (640, 218)
[INFO] [stderr] [2024-11-01T17:37:09Z INFO  wordcloud] Placed `law` at (404, 153)
[INFO] [stderr] [2024-11-01T17:37:09Z INFO  wordcloud] Placed `British` at (704, 307)
[INFO] [stderr] [2024-11-01T17:37:09Z INFO  wordcloud] Placed `College` at (704, 290)
[INFO] [stderr] [2024-11-01T17:37:09Z INFO  wordcloud] Placed `fellow` at (578, 90)
[INFO] [stderr] [2024-11-01T17:37:09Z INFO  wordcloud] Placed `purely` at (389, 259)
[INFO] [stderr] [2024-11-01T17:37:09Z INFO  wordcloud] Placed `problem` at (384, 3)
[INFO] [stderr] [2024-11-01T17:37:09Z INFO  wordcloud] Placed `Despite` at (512, 336)
[INFO] [stderr] [2024-11-01T17:37:09Z INFO  wordcloud] Placed `death` at (386, 44)
[INFO] [stderr] [2024-11-01T17:37:09Z INFO  wordcloud] Placed `After` at (387, 304)
[INFO] [stderr] [2024-11-01T17:37:09Z INFO  wordcloud] Placed `number` at (128, 337)
[INFO] [stderr] [2024-11-01T17:37:09Z INFO  wordcloud] Placed `hormone` at (256, 77)
[INFO] [stderr] [2024-11-01T17:37:09Z INFO  wordcloud] Placed `cryptanalysis` at (320, 25)
[INFO] [stderr] [2024-11-01T17:37:09Z INFO  wordcloud] Placed `2019` at (657, 126)
[INFO] [stderr] [2024-11-01T17:37:09Z INFO  wordcloud] Placed `machines` at (448, 375)
[INFO] [stderr] [2024-11-01T17:37:09Z INFO  wordcloud] Placed `statues` at (640, 141)
[INFO] [stderr] [2024-11-01T17:37:09Z INFO  wordcloud] Placed `oscillating` at (384, 95)
[INFO] [stderr] [2024-11-01T17:37:09Z INFO  wordcloud] Placed `fully` at (82, 75)
[INFO] [stderr] [2024-11-01T17:37:09Z INFO  wordcloud] Placed `Ultra` at (531, 87)
[INFO] [stderr] [2024-11-01T17:37:09Z INFO  wordcloud] Placed `accepted` at (512, 0)
[INFO] [stderr] [2024-11-01T17:37:09Z INFO  wordcloud] Placed `pardon` at (0, 368)
[INFO] [stderr] [2024-11-01T17:37:09Z INFO  wordcloud] Placed `because` at (640, 27)
[INFO] [stderr] [2024-11-01T17:37:09Z INFO  wordcloud] Placed `undecidable` at (0, 132)
[INFO] [stderr] [2024-11-01T17:37:09Z INFO  wordcloud] Placed `DES` at (577, 373)
[INFO] [stderr] [2024-11-01T17:37:09Z INFO  wordcloud] Placed `proof` at (588, 18)
[INFO] [stderr] [2024-11-01T17:37:09Z INFO  wordcloud] Placed `joined` at (195, 366)
[INFO] [stderr] [2024-11-01T17:37:09Z INFO  wordcloud] Placed `recognised` at (192, 29)
[INFO] [stderr] [2024-11-01T17:37:09Z INFO  wordcloud] Placed `behalf` at (198, 270)
[INFO] [stderr] [2024-11-01T17:37:09Z WARN  wordcloud] Not enough room left to fit the object
[INFO] [stderr]     
[INFO] [stderr]     Stack backtrace:
[INFO] [stderr]        0: anyhow::error::<impl anyhow::Error>::msg
[INFO] [stderr]                  at /opt/rustwide/cargo-home/registry/src/index.crates.io-6f17d22bba15001f/anyhow-1.0.92/src/backtrace.rs:27:14
[INFO] [stderr]        1: anyhow::__private::format_err
[INFO] [stderr]                  at /opt/rustwide/cargo-home/registry/src/index.crates.io-6f17d22bba15001f/anyhow-1.0.92/src/lib.rs:691:13
[INFO] [stderr]        2: wordcloud_rs::collision_map::CollisionMap::place
[INFO] [stderr]                  at ./src/collision_map.rs:64:13
[INFO] [stderr]        3: wordcloud_rs::wordcloud::WorldCloud::add
[INFO] [stderr]                  at ./src/wordcloud.rs:43:15
[INFO] [stderr]        4: wordcloud_rs::builder::wordcloud
[INFO] [stderr]                  at ./src/builder.rs:46:16
[INFO] [stderr]        5: wordcloud_rs::builder::Builder::generate
[INFO] [stderr]                  at ./src/builder.rs:100:9
[INFO] [stderr]        6: wordcloud_rs::tests::it_works
[INFO] [stderr]                  at ./src/lib.rs:48:18
[INFO] [stderr]        7: wordcloud_rs::tests::it_works::{{closure}}
[INFO] [stderr]                  at ./src/lib.rs:39:18
[INFO] [stderr]        8: core::ops::function::FnOnce::call_once
[INFO] [stderr]                  at /rustc/df4ca44d3fbc9301ee17f30f4d474e6ae4b05252/library/core/src/ops/function.rs:250:5
[INFO] [stderr]        9: core::ops::function::FnOnce::call_once
[INFO] [stderr]                  at /rustc/df4ca44d3fbc9301ee17f30f4d474e6ae4b05252/library/core/src/ops/function.rs:250:5
[INFO] [stderr]       10: test::__rust_begin_short_backtrace
[INFO] [stderr]                  at /rustc/df4ca44d3fbc9301ee17f30f4d474e6ae4b05252/library/test/src/lib.rs:621:18
[INFO] [stderr]       11: test::run_test_in_process::{{closure}}
[INFO] [stderr]                  at /rustc/df4ca44d3fbc9301ee17f30f4d474e6ae4b05252/library/test/src/lib.rs:644:60
[INFO] [stderr]       12: <core::panic::unwind_safe::AssertUnwindSafe<F> as core::ops::function::FnOnce<()>>::call_once
[INFO] [stderr]                  at /rustc/df4ca44d3fbc9301ee17f30f4d474e6ae4b05252/library/core/src/panic/unwind_safe.rs:272:9
[INFO] [stderr]       13: std::panicking::try::do_call
[INFO] [stderr]                  at /rustc/df4ca44d3fbc9301ee17f30f4d474e6ae4b05252/library/std/src/panicking.rs:557:40
[INFO] [stderr]       14: std::panicking::try
[INFO] [stderr]                  at /rustc/df4ca44d3fbc9301ee17f30f4d474e6ae4b05252/library/std/src/panicking.rs:520:19
[INFO] [stderr]       15: std::panic::catch_unwind
[INFO] [stderr]                  at /rustc/df4ca44d3fbc9301ee17f30f4d474e6ae4b05252/library/std/src/panic.rs:358:14
[INFO] [stderr]       16: test::run_test_in_process
[INFO] [stderr]                  at /rustc/df4ca44d3fbc9301ee17f30f4d474e6ae4b05252/library/test/src/lib.rs:644:27
[INFO] [stderr]       17: test::run_test::{{closure}}
[INFO] [stderr]                  at /rustc/df4ca44d3fbc9301ee17f30f4d474e6ae4b05252/library/test/src/lib.rs:565:43
[INFO] [stderr]       18: test::run_test::{{closure}}
[INFO] [stderr]                  at /rustc/df4ca44d3fbc9301ee17f30f4d474e6ae4b05252/library/test/src/lib.rs:595:41
[INFO] [stderr]       19: std::sys::backtrace::__rust_begin_short_backtrace
[INFO] [stderr]                  at /rustc/df4ca44d3fbc9301ee17f30f4d474e6ae4b05252/library/std/src/sys/backtrace.rs:154:18
[INFO] [stderr]       20: std::thread::Builder::spawn_unchecked_::{{closure}}::{{closure}}
[INFO] [stderr]                  at /rustc/df4ca44d3fbc9301ee17f30f4d474e6ae4b05252/library/std/src/thread/mod.rs:541:17
[INFO] [stderr]       21: <core::panic::unwind_safe::AssertUnwindSafe<F> as core::ops::function::FnOnce<()>>::call_once
[INFO] [stderr]                  at /rustc/df4ca44d3fbc9301ee17f30f4d474e6ae4b05252/library/core/src/panic/unwind_safe.rs:272:9
[INFO] [stderr]       22: std::panicking::try::do_call
[INFO] [stderr]                  at /rustc/df4ca44d3fbc9301ee17f30f4d474e6ae4b05252/library/std/src/panicking.rs:557:40
[INFO] [stderr]       23: std::panicking::try
[INFO] [stderr]                  at /rustc/df4ca44d3fbc9301ee17f30f4d474e6ae4b05252/library/std/src/panicking.rs:520:19
[INFO] [stderr]       24: std::panic::catch_unwind
[INFO] [stderr]                  at /rustc/df4ca44d3fbc9301ee17f30f4d474e6ae4b05252/library/std/src/panic.rs:358:14
[INFO] [stderr]       25: std::thread::Builder::spawn_unchecked_::{{closure}}
[INFO] [stderr]                  at /rustc/df4ca44d3fbc9301ee17f30f4d474e6ae4b05252/library/std/src/thread/mod.rs:540:30
[INFO] [stderr]       26: core::ops::function::FnOnce::call_once{{vtable.shim}}
[INFO] [stderr]                  at /rustc/df4ca44d3fbc9301ee17f30f4d474e6ae4b05252/library/core/src/ops/function.rs:250:5
[INFO] [stderr]       27: <alloc::boxed::Box<F,A> as core::ops::function::FnOnce<Args>>::call_once
[INFO] [stderr]                  at /rustc/df4ca44d3fbc9301ee17f30f4d474e6ae4b05252/library/alloc/src/boxed.rs:2454:9
[INFO] [stderr]       28: <alloc::boxed::Box<F,A> as core::ops::function::FnOnce<Args>>::call_once
[INFO] [stderr]                  at /rustc/df4ca44d3fbc9301ee17f30f4d474e6ae4b05252/library/alloc/src/boxed.rs:2454:9
[INFO] [stderr]       29: std::sys::pal::unix::thread::Thread::new::thread_start
[INFO] [stderr]                  at /rustc/df4ca44d3fbc9301ee17f30f4d474e6ae4b05252/library/std/src/sys/pal/unix/thread.rs:105:17
[INFO] [stderr]       30: <unknown>
[INFO] [stderr]       31: clone
[INFO] [stderr] [2024-11-01T17:37:09Z WARN  wordcloud] Adjusting scale to 0.9
[INFO] [stderr] [2024-11-01T17:37:09Z INFO  wordcloud] Placed `answered` at (0, 60)
[INFO] [stderr] [2024-11-01T17:37:09Z INFO  wordcloud] Placed `granted` at (128, 193)
[INFO] [stderr] [2024-11-01T17:37:09Z INFO  wordcloud] Placed `or` at (217, 376)
[INFO] [stderr] [2024-11-01T17:37:09Z INFO  wordcloud] Placed `War` at (536, 68)
[INFO] [stderr] [2024-11-01T17:37:09Z WARN  wordcloud] Not enough room left to fit the object
[INFO] [stderr]     
[INFO] [stderr]     Stack backtrace:
[INFO] [stderr]        0: anyhow::error::<impl anyhow::Error>::msg
[INFO] [stderr]                  at /opt/rustwide/cargo-home/registry/src/index.crates.io-6f17d22bba15001f/anyhow-1.0.92/src/backtrace.rs:27:14
[INFO] [stderr]        1: anyhow::__private::format_err
[INFO] [stderr]                  at /opt/rustwide/cargo-home/registry/src/index.crates.io-6f17d22bba15001f/anyhow-1.0.92/src/lib.rs:691:13
[INFO] [stderr]        2: wordcloud_rs::collision_map::CollisionMap::place
[INFO] [stderr]                  at ./src/collision_map.rs:64:13
[INFO] [stderr]        3: wordcloud_rs::wordcloud::WorldCloud::add
[INFO] [stderr]                  at ./src/wordcloud.rs:43:15
[INFO] [stderr]        4: wordcloud_rs::builder::wordcloud
[INFO] [stderr]                  at ./src/builder.rs:46:16
[INFO] [stderr]        5: wordcloud_rs::builder::Builder::generate
[INFO] [stderr]                  at ./src/builder.rs:100:9
[INFO] [stderr]        6: wordcloud_rs::tests::it_works
[INFO] [stderr]                  at ./src/lib.rs:48:18
[INFO] [stderr]        7: wordcloud_rs::tests::it_works::{{closure}}
[INFO] [stderr]                  at ./src/lib.rs:39:18
[INFO] [stderr]        8: core::ops::function::FnOnce::call_once
[INFO] [stderr]                  at /rustc/df4ca44d3fbc9301ee17f30f4d474e6ae4b05252/library/core/src/ops/function.rs:250:5
[INFO] [stderr]        9: core::ops::function::FnOnce::call_once
[INFO] [stderr]                  at /rustc/df4ca44d3fbc9301ee17f30f4d474e6ae4b05252/library/core/src/ops/function.rs:250:5
[INFO] [stderr]       10: test::__rust_begin_short_backtrace
[INFO] [stderr]                  at /rustc/df4ca44d3fbc9301ee17f30f4d474e6ae4b05252/library/test/src/lib.rs:621:18
[INFO] [stderr]       11: test::run_test_in_process::{{closure}}
[INFO] [stderr]                  at /rustc/df4ca44d3fbc9301ee17f30f4d474e6ae4b05252/library/test/src/lib.rs:644:60
[INFO] [stderr]       12: <core::panic::unwind_safe::AssertUnwindSafe<F> as core::ops::function::FnOnce<()>>::call_once
[INFO] [stderr]                  at /rustc/df4ca44d3fbc9301ee17f30f4d474e6ae4b05252/library/core/src/panic/unwind_safe.rs:272:9
[INFO] [stderr]       13: std::panicking::try::do_call
[INFO] [stderr]                  at /rustc/df4ca44d3fbc9301ee17f30f4d474e6ae4b05252/library/std/src/panicking.rs:557:40
[INFO] [stderr]       14: std::panicking::try
[INFO] [stderr]                  at /rustc/df4ca44d3fbc9301ee17f30f4d474e6ae4b05252/library/std/src/panicking.rs:520:19
[INFO] [stderr]       15: std::panic::catch_unwind
[INFO] [stderr]                  at /rustc/df4ca44d3fbc9301ee17f30f4d474e6ae4b05252/library/std/src/panic.rs:358:14
[INFO] [stderr]       16: test::run_test_in_process
[INFO] [stderr]                  at /rustc/df4ca44d3fbc9301ee17f30f4d474e6ae4b05252/library/test/src/lib.rs:644:27
[INFO] [stderr]       17: test::run_test::{{closure}}
[INFO] [stderr]                  at /rustc/df4ca44d3fbc9301ee17f30f4d474e6ae4b05252/library/test/src/lib.rs:565:43
[INFO] [stderr]       18: test::run_test::{{closure}}
[INFO] [stderr]                  at /rustc/df4ca44d3fbc9301ee17f30f4d474e6ae4b05252/library/test/src/lib.rs:595:41
[INFO] [stderr]       19: std::sys::backtrace::__rust_begin_short_backtrace
[INFO] [stderr]                  at /rustc/df4ca44d3fbc9301ee17f30f4d474e6ae4b05252/library/std/src/sys/backtrace.rs:154:18
[INFO] [stderr]       20: std::thread::Builder::spawn_unchecked_::{{closure}}::{{closure}}
[INFO] [stderr]                  at /rustc/df4ca44d3fbc9301ee17f30f4d474e6ae4b05252/library/std/src/thread/mod.rs:541:17
[INFO] [stderr]       21: <core::panic::unwind_safe::AssertUnwindSafe<F> as core::ops::function::FnOnce<()>>::call_once
[INFO] [stderr]                  at /rustc/df4ca44d3fbc9301ee17f30f4d474e6ae4b05252/library/core/src/panic/unwind_safe.rs:272:9
[INFO] [stderr]       22: std::panicking::try::do_call
[INFO] [stderr]                  at /rustc/df4ca44d3fbc9301ee17f30f4d474e6ae4b05252/library/std/src/panicking.rs:557:40
[INFO] [stderr]       23: std::panicking::try
[INFO] [stderr]                  at /rustc/df4ca44d3fbc9301ee17f30f4d474e6ae4b05252/library/std/src/panicking.rs:520:19
[INFO] [stderr]       24: std::panic::catch_unwind
[INFO] [stderr]                  at /rustc/df4ca44d3fbc9301ee17f30f4d474e6ae4b05252/library/std/src/panic.rs:358:14
[INFO] [stderr]       25: std::thread::Builder::spawn_unchecked_::{{closure}}
[INFO] [stderr]                  at /rustc/df4ca44d3fbc9301ee17f30f4d474e6ae4b05252/library/std/src/thread/mod.rs:540:30
[INFO] [stderr]       26: core::ops::function::FnOnce::call_once{{vtable.shim}}
[INFO] [stderr]                  at /rustc/df4ca44d3fbc9301ee17f30f4d474e6ae4b05252/library/core/src/ops/function.rs:250:5
[INFO] [stderr]       27: <alloc::boxed::Box<F,A> as core::ops::function::FnOnce<Args>>::call_once
[INFO] [stderr]                  at /rustc/df4ca44d3fbc9301ee17f30f4d474e6ae4b05252/library/alloc/src/boxed.rs:2454:9
[INFO] [stderr]       28: <alloc::boxed::Box<F,A> as core::ops::function::FnOnce<Args>>::call_once
[INFO] [stderr]                  at /rustc/df4ca44d3fbc9301ee17f30f4d474e6ae4b05252/library/alloc/src/boxed.rs:2454:9
[INFO] [stderr]       29: std::sys::pal::unix::thread::Thread::new::thread_start
[INFO] [stderr]                  at /rustc/df4ca44d3fbc9301ee17f30f4d474e6ae4b05252/library/std/src/sys/pal/unix/thread.rs:105:17
[INFO] [stderr]       30: <unknown>
[INFO] [stderr]       31: clone
[INFO] [stderr] [2024-11-01T17:37:09Z WARN  wordcloud] Adjusting scale to 0.9
[INFO] [stderr] [2024-11-01T17:37:09Z WARN  wordcloud] Not enough room left to fit the object
[INFO] [stderr]     
[INFO] [stderr]     Stack backtrace:
[INFO] [stderr]        0: anyhow::error::<impl anyhow::Error>::msg
[INFO] [stderr]                  at /opt/rustwide/cargo-home/registry/src/index.crates.io-6f17d22bba15001f/anyhow-1.0.92/src/backtrace.rs:27:14
[INFO] [stderr]        1: anyhow::__private::format_err
[INFO] [stderr]                  at /opt/rustwide/cargo-home/registry/src/index.crates.io-6f17d22bba15001f/anyhow-1.0.92/src/lib.rs:691:13
[INFO] [stderr]        2: wordcloud_rs::collision_map::CollisionMap::place
[INFO] [stderr]                  at ./src/collision_map.rs:64:13
[INFO] [stderr]        3: wordcloud_rs::wordcloud::WorldCloud::add
[INFO] [stderr]                  at ./src/wordcloud.rs:43:15
[INFO] [stderr]        4: wordcloud_rs::builder::wordcloud
[INFO] [stderr]                  at ./src/builder.rs:46:16
[INFO] [stderr]        5: wordcloud_rs::builder::Builder::generate
[INFO] [stderr]                  at ./src/builder.rs:100:9
[INFO] [stderr]        6: wordcloud_rs::tests::it_works
[INFO] [stderr]                  at ./src/lib.rs:48:18
[INFO] [stderr]        7: wordcloud_rs::tests::it_works::{{closure}}
[INFO] [stderr]                  at ./src/lib.rs:39:18
[INFO] [stderr]        8: core::ops::function::FnOnce::call_once
[INFO] [stderr]                  at /rustc/df4ca44d3fbc9301ee17f30f4d474e6ae4b05252/library/core/src/ops/function.rs:250:5
[INFO] [stderr]        9: core::ops::function::FnOnce::call_once
[INFO] [stderr]                  at /rustc/df4ca44d3fbc9301ee17f30f4d474e6ae4b05252/library/core/src/ops/function.rs:250:5
[INFO] [stderr]       10: test::__rust_begin_short_backtrace
[INFO] [stderr]                  at /rustc/df4ca44d3fbc9301ee17f30f4d474e6ae4b05252/library/test/src/lib.rs:621:18
[INFO] [stderr]       11: test::run_test_in_process::{{closure}}
[INFO] [stderr]                  at /rustc/df4ca44d3fbc9301ee17f30f4d474e6ae4b05252/library/test/src/lib.rs:644:60
[INFO] [stderr]       12: <core::panic::unwind_safe::AssertUnwindSafe<F> as core::ops::function::FnOnce<()>>::call_once
[INFO] [stderr]                  at /rustc/df4ca44d3fbc9301ee17f30f4d474e6ae4b05252/library/core/src/panic/unwind_safe.rs:272:9
[INFO] [stderr]       13: std::panicking::try::do_call
[INFO] [stderr]                  at /rustc/df4ca44d3fbc9301ee17f30f4d474e6ae4b05252/library/std/src/panicking.rs:557:40
[INFO] [stderr]       14: std::panicking::try
[INFO] [stderr]                  at /rustc/df4ca44d3fbc9301ee17f30f4d474e6ae4b05252/library/std/src/panicking.rs:520:19
[INFO] [stderr]       15: std::panic::catch_unwind
[INFO] [stderr]                  at /rustc/df4ca44d3fbc9301ee17f30f4d474e6ae4b05252/library/std/src/panic.rs:358:14
[INFO] [stderr]       16: test::run_test_in_process
[INFO] [stderr]                  at /rustc/df4ca44d3fbc9301ee17f30f4d474e6ae4b05252/library/test/src/lib.rs:644:27
[INFO] [stderr]       17: test::run_test::{{closure}}
[INFO] [stderr]                  at /rustc/df4ca44d3fbc9301ee17f30f4d474e6ae4b05252/library/test/src/lib.rs:565:43
[INFO] [stderr]       18: test::run_test::{{closure}}
[INFO] [stderr]                  at /rustc/df4ca44d3fbc9301ee17f30f4d474e6ae4b05252/library/test/src/lib.rs:595:41
[INFO] [stderr]       19: std::sys::backtrace::__rust_begin_short_backtrace
[INFO] [stderr]                  at /rustc/df4ca44d3fbc9301ee17f30f4d474e6ae4b05252/library/std/src/sys/backtrace.rs:154:18
[INFO] [stderr]       20: std::thread::Builder::spawn_unchecked_::{{closure}}::{{closure}}
[INFO] [stderr]                  at /rustc/df4ca44d3fbc9301ee17f30f4d474e6ae4b05252/library/std/src/thread/mod.rs:541:17
[INFO] [stderr]       21: <core::panic::unwind_safe::AssertUnwindSafe<F> as core::ops::function::FnOnce<()>>::call_once
[INFO] [stderr]                  at /rustc/df4ca44d3fbc9301ee17f30f4d474e6ae4b05252/library/core/src/panic/unwind_safe.rs:272:9
[INFO] [stderr]       22: std::panicking::try::do_call
[INFO] [stderr]                  at /rustc/df4ca44d3fbc9301ee17f30f4d474e6ae4b05252/library/std/src/panicking.rs:557:40
[INFO] [stderr]       23: std::panicking::try
[INFO] [stderr]                  at /rustc/df4ca44d3fbc9301ee17f30f4d474e6ae4b05252/library/std/src/panicking.rs:520:19
[INFO] [stderr]       24: std::panic::catch_unwind
[INFO] [stderr]                  at /rustc/df4ca44d3fbc9301ee17f30f4d474e6ae4b05252/library/std/src/panic.rs:358:14
[INFO] [stderr]       25: std::thread::Builder::spawn_unchecked_::{{closure}}
[INFO] [stderr]                  at /rustc/df4ca44d3fbc9301ee17f30f4d474e6ae4b05252/library/std/src/thread/mod.rs:540:30
[INFO] [stderr]       26: core::ops::function::FnOnce::call_once{{vtable.shim}}
[INFO] [stderr]                  at /rustc/df4ca44d3fbc9301ee17f30f4d474e6ae4b05252/library/core/src/ops/function.rs:250:5
[INFO] [stderr]       27: <alloc::boxed::Box<F,A> as core::ops::function::FnOnce<Args>>::call_once
[INFO] [stderr]                  at /rustc/df4ca44d3fbc9301ee17f30f4d474e6ae4b05252/library/alloc/src/boxed.rs:2454:9
[INFO] [stderr]       28: <alloc::boxed::Box<F,A> as core::ops::function::FnOnce<Args>>::call_once
[INFO] [stderr]                  at /rustc/df4ca44d3fbc9301ee17f30f4d474e6ae4b05252/library/alloc/src/boxed.rs:2454:9
[INFO] [stderr]       29: std::sys::pal::unix::thread::Thread::new::thread_start
[INFO] [stderr]                  at /rustc/df4ca44d3fbc9301ee17f30f4d474e6ae4b05252/library/std/src/sys/pal/unix/thread.rs:105:17
[INFO] [stderr]       30: <unknown>
[INFO] [stderr]       31: clone
[INFO] [stderr] [2024-11-01T17:37:09Z WARN  wordcloud] Adjusting scale to 0.79999995
[INFO] [stderr] [2024-11-01T17:37:09Z INFO  wordcloud] Placed `alternative` at (0, 25)
[INFO] [stderr] [2024-11-01T17:37:09Z INFO  wordcloud] Placed `London` at (512, 319)
[INFO] [stdout] test tests::it_works ... FAILED
[INFO] [stdout] 
[INFO] [stdout] failures:
[INFO] [stdout] 
[INFO] [stdout] ---- tests::it_works stdout ----
[INFO] [stdout] thread 'tests::it_works' panicked at src/lib.rs:49:37:
[INFO] [stdout] called `Result::unwrap()` on an `Err` value: IoError(Os { code: 30, kind: ReadOnlyFilesystem, message: "Read-only file system" })
[INFO] [stdout] stack backtrace:
[INFO] [stdout]    0:     0x5bb28c98c33a - std::backtrace_rs::backtrace::libunwind::trace::h207520d6e9873551
[INFO] [stdout]                                at /rustc/df4ca44d3fbc9301ee17f30f4d474e6ae4b05252/library/std/src/../../backtrace/src/backtrace/libunwind.rs:116:5
[INFO] [stdout]    1:     0x5bb28c98c33a - std::backtrace_rs::backtrace::trace_unsynchronized::h2ed7433f370e3eca
[INFO] [stdout]                                at /rustc/df4ca44d3fbc9301ee17f30f4d474e6ae4b05252/library/std/src/../../backtrace/src/backtrace/mod.rs:66:5
[INFO] [stdout]    2:     0x5bb28c98c33a - std::sys::backtrace::_print_fmt::h916fac51166b18d7
[INFO] [stdout]                                at /rustc/df4ca44d3fbc9301ee17f30f4d474e6ae4b05252/library/std/src/sys/backtrace.rs:66:9
[INFO] [stdout]    3:     0x5bb28c98c33a - <std::sys::backtrace::BacktraceLock::print::DisplayBacktrace as core::fmt::Display>::fmt::ha0a4c9b8ce3802e6
[INFO] [stdout]                                at /rustc/df4ca44d3fbc9301ee17f30f4d474e6ae4b05252/library/std/src/sys/backtrace.rs:39:26
[INFO] [stdout]    4:     0x5bb28c9b5b63 - core::fmt::rt::Argument::fmt::h4cfc8587d52b3eb5
[INFO] [stdout]                                at /rustc/df4ca44d3fbc9301ee17f30f4d474e6ae4b05252/library/core/src/fmt/rt.rs:177:76
[INFO] [stdout]    5:     0x5bb28c9b5b63 - core::fmt::write::h522cc39e5b36ae9f
[INFO] [stdout]                                at /rustc/df4ca44d3fbc9301ee17f30f4d474e6ae4b05252/library/core/src/fmt/mod.rs:1190:21
[INFO] [stdout]    6:     0x5bb28c988a73 - std::io::Write::write_fmt::h7d3c26752da97734
[INFO] [stdout]                                at /rustc/df4ca44d3fbc9301ee17f30f4d474e6ae4b05252/library/std/src/io/mod.rs:1839:15
[INFO] [stdout]    7:     0x5bb28c98c182 - std::sys::backtrace::BacktraceLock::print::h4b9e00b29e9c0942
[INFO] [stdout]                                at /rustc/df4ca44d3fbc9301ee17f30f4d474e6ae4b05252/library/std/src/sys/backtrace.rs:42:9
[INFO] [stdout]    8:     0x5bb28c98d7ca - std::panicking::default_hook::{{closure}}::hb59b88280d0324d9
[INFO] [stdout]                                at /rustc/df4ca44d3fbc9301ee17f30f4d474e6ae4b05252/library/std/src/panicking.rs:268:22
[INFO] [stdout]    9:     0x5bb28c98d5d4 - std::panicking::default_hook::he1dd496665be4a29
[INFO] [stdout]                                at /rustc/df4ca44d3fbc9301ee17f30f4d474e6ae4b05252/library/std/src/panicking.rs:292:9
[INFO] [stdout]   10:     0x5bb28c199c99 - <alloc::boxed::Box<F,A> as core::ops::function::Fn<Args>>::call::h4ff71de18744e1dc
[INFO] [stdout]                                at /rustc/df4ca44d3fbc9301ee17f30f4d474e6ae4b05252/library/alloc/src/boxed.rs:2468:9
[INFO] [stdout]   11:     0x5bb28c199c99 - test::test_main::{{closure}}::hcf7c055ce117aa81
[INFO] [stdout]                                at /rustc/df4ca44d3fbc9301ee17f30f4d474e6ae4b05252/library/test/src/lib.rs:133:21
[INFO] [stdout]   12:     0x5bb28c98dec8 - <alloc::boxed::Box<F,A> as core::ops::function::Fn<Args>>::call::h1d66c6bbd60c9692
[INFO] [stdout]                                at /rustc/df4ca44d3fbc9301ee17f30f4d474e6ae4b05252/library/alloc/src/boxed.rs:2468:9
[INFO] [stdout]   13:     0x5bb28c98dec8 - std::panicking::rust_panic_with_hook::h2ff17fe8f26dfcf8
[INFO] [stdout]                                at /rustc/df4ca44d3fbc9301ee17f30f4d474e6ae4b05252/library/std/src/panicking.rs:809:13
[INFO] [stdout]   14:     0x5bb28c98dc8a - std::panicking::begin_panic_handler::{{closure}}::h4fad77951c07e101
[INFO] [stdout]                                at /rustc/df4ca44d3fbc9301ee17f30f4d474e6ae4b05252/library/std/src/panicking.rs:674:13
[INFO] [stdout]   15:     0x5bb28c98c819 - std::sys::backtrace::__rust_end_short_backtrace::hb1a25b3da5d0ea08
[INFO] [stdout]                                at /rustc/df4ca44d3fbc9301ee17f30f4d474e6ae4b05252/library/std/src/sys/backtrace.rs:170:18
[INFO] [stdout]   16:     0x5bb28c98d91c - rust_begin_unwind
[INFO] [stdout]                                at /rustc/df4ca44d3fbc9301ee17f30f4d474e6ae4b05252/library/std/src/panicking.rs:665:5
[INFO] [stdout]   17:     0x5bb28c9b3500 - core::panicking::panic_fmt::ha9db07b529f9b256
[INFO] [stdout]                                at /rustc/df4ca44d3fbc9301ee17f30f4d474e6ae4b05252/library/core/src/panicking.rs:75:14
[INFO] [stdout]   18:     0x5bb28c9b39e6 - core::result::unwrap_failed::h5e8218e4d4338b8a
[INFO] [stdout]                                at /rustc/df4ca44d3fbc9301ee17f30f4d474e6ae4b05252/library/core/src/result.rs:1698:5
[INFO] [stdout]   19:     0x5bb28c15a6a9 - core::result::Result<T,E>::unwrap::h8496db375c4ad822
[INFO] [stdout]                                at /rustc/df4ca44d3fbc9301ee17f30f4d474e6ae4b05252/library/core/src/result.rs:1103:23
[INFO] [stdout]   20:     0x5bb28c15a6a9 - wordcloud_rs::tests::it_works::hb90fafb6a900eb81
[INFO] [stdout]                                at /opt/rustwide/workdir/src/lib.rs:49:9
[INFO] [stdout]   21:     0x5bb28c15a1c7 - wordcloud_rs::tests::it_works::{{closure}}::hf4d3a60435a7a8e6
[INFO] [stdout]                                at /opt/rustwide/workdir/src/lib.rs:39:18
[INFO] [stdout]   22:     0x5bb28c142f46 - core::ops::function::FnOnce::call_once::h71aff9343f5c71ea
[INFO] [stdout]                                at /rustc/df4ca44d3fbc9301ee17f30f4d474e6ae4b05252/library/core/src/ops/function.rs:250:5
[INFO] [stdout]   23:     0x5bb28c19e56b - core::ops::function::FnOnce::call_once::h22c3ba5715e93f05
[INFO] [stdout]                                at /rustc/df4ca44d3fbc9301ee17f30f4d474e6ae4b05252/library/core/src/ops/function.rs:250:5
[INFO] [stdout]   24:     0x5bb28c19e56b - test::__rust_begin_short_backtrace::h8e82d8113d0da17f
[INFO] [stdout]                                at /rustc/df4ca44d3fbc9301ee17f30f4d474e6ae4b05252/library/test/src/lib.rs:621:18
[INFO] [stdout]   25:     0x5bb28c19dee7 - test::run_test_in_process::{{closure}}::h33235f4f20b7b7c7
[INFO] [stdout]                                at /rustc/df4ca44d3fbc9301ee17f30f4d474e6ae4b05252/library/test/src/lib.rs:644:60
[INFO] [stdout]   26:     0x5bb28c19dee7 - <core::panic::unwind_safe::AssertUnwindSafe<F> as core::ops::function::FnOnce<()>>::call_once::hb5043206310c586f
[INFO] [stdout]                                at /rustc/df4ca44d3fbc9301ee17f30f4d474e6ae4b05252/library/core/src/panic/unwind_safe.rs:272:9
[INFO] [stdout]   27:     0x5bb28c19dee7 - std::panicking::try::do_call::h9ad4731a60ab23e2
[INFO] [stdout]                                at /rustc/df4ca44d3fbc9301ee17f30f4d474e6ae4b05252/library/std/src/panicking.rs:557:40
[INFO] [stdout]   28:     0x5bb28c19dee7 - std::panicking::try::h3824d23db772a716
[INFO] [stdout]                                at /rustc/df4ca44d3fbc9301ee17f30f4d474e6ae4b05252/library/std/src/panicking.rs:520:19
[INFO] [stdout]   29:     0x5bb28c19dee7 - std::panic::catch_unwind::h5afd514605fde46b
[INFO] [stdout]                                at /rustc/df4ca44d3fbc9301ee17f30f4d474e6ae4b05252/library/std/src/panic.rs:358:14
[INFO] [stdout]   30:     0x5bb28c19dee7 - test::run_test_in_process::h0d5cbfa7067d1720
[INFO] [stdout]                                at /rustc/df4ca44d3fbc9301ee17f30f4d474e6ae4b05252/library/test/src/lib.rs:644:27
[INFO] [stdout]   31:     0x5bb28c19dee7 - test::run_test::{{closure}}::h708eb8872708115d
[INFO] [stdout]                                at /rustc/df4ca44d3fbc9301ee17f30f4d474e6ae4b05252/library/test/src/lib.rs:565:43
[INFO] [stdout]   32:     0x5bb28c161604 - test::run_test::{{closure}}::h392c51cee94713ab
[INFO] [stdout]                                at /rustc/df4ca44d3fbc9301ee17f30f4d474e6ae4b05252/library/test/src/lib.rs:595:41
[INFO] [stdout]   33:     0x5bb28c161604 - std::sys::backtrace::__rust_begin_short_backtrace::h2f40290710935a8b
[INFO] [stdout]                                at /rustc/df4ca44d3fbc9301ee17f30f4d474e6ae4b05252/library/std/src/sys/backtrace.rs:154:18
[INFO] [stdout]   34:     0x5bb28c164dae - std::thread::Builder::spawn_unchecked_::{{closure}}::{{closure}}::h3fd968d89053a903
[INFO] [stdout]                                at /rustc/df4ca44d3fbc9301ee17f30f4d474e6ae4b05252/library/std/src/thread/mod.rs:541:17
[INFO] [stdout]   35:     0x5bb28c164dae - <core::panic::unwind_safe::AssertUnwindSafe<F> as core::ops::function::FnOnce<()>>::call_once::h743f637ba4229880
[INFO] [stdout]                                at /rustc/df4ca44d3fbc9301ee17f30f4d474e6ae4b05252/library/core/src/panic/unwind_safe.rs:272:9
[INFO] [stdout]   36:     0x5bb28c164dae - std::panicking::try::do_call::h07440897322525a6
[INFO] [stdout]                                at /rustc/df4ca44d3fbc9301ee17f30f4d474e6ae4b05252/library/std/src/panicking.rs:557:40
[INFO] [stdout]   37:     0x5bb28c164dae - std::panicking::try::he5a2e00188156637
[INFO] [stdout]                                at /rustc/df4ca44d3fbc9301ee17f30f4d474e6ae4b05252/library/std/src/panicking.rs:520:19
[INFO] [stdout]   38:     0x5bb28c164dae - std::panic::catch_unwind::hbaf3cae49b3c6433
[INFO] [stdout]                                at /rustc/df4ca44d3fbc9301ee17f30f4d474e6ae4b05252/library/std/src/panic.rs:358:14
[INFO] [stdout]   39:     0x5bb28c164dae - std::thread::Builder::spawn_unchecked_::{{closure}}::h8e141ea224820bce
[INFO] [stdout]                                at /rustc/df4ca44d3fbc9301ee17f30f4d474e6ae4b05252/library/std/src/thread/mod.rs:540:30
[INFO] [stdout]   40:     0x5bb28c164dae - core::ops::function::FnOnce::call_once{{vtable.shim}}::h90d312fedd7b8ea8
[INFO] [stdout]                                at /rustc/df4ca44d3fbc9301ee17f30f4d474e6ae4b05252/library/core/src/ops/function.rs:250:5
[INFO] [stdout]   41:     0x5bb28c99221b - <alloc::boxed::Box<F,A> as core::ops::function::FnOnce<Args>>::call_once::h69aa08ddb6adb8b6
[INFO] [stdout]                                at /rustc/df4ca44d3fbc9301ee17f30f4d474e6ae4b05252/library/alloc/src/boxed.rs:2454:9
[INFO] [stdout]   42:     0x5bb28c99221b - <alloc::boxed::Box<F,A> as core::ops::function::FnOnce<Args>>::call_once::h5aa36efdb79c806f
[INFO] [stdout]                                at /rustc/df4ca44d3fbc9301ee17f30f4d474e6ae4b05252/library/alloc/src/boxed.rs:2454:9
[INFO] [stdout]   43:     0x5bb28c99221b - std::sys::pal::unix::thread::Thread::new::thread_start::h6cd80a1b4be5158d
[INFO] [stdout]                                at /rustc/df4ca44d3fbc9301ee17f30f4d474e6ae4b05252/library/std/src/sys/pal/unix/thread.rs:105:17
[INFO] [stdout]   44:     0x7759e79baac3 - <unknown>
[INFO] [stdout]   45:     0x7759e7a4ba04 - clone
[INFO] [stdout]   46:                0x0 - <unknown>
[INFO] [stdout] 
[INFO] [stdout] 
[INFO] [stdout] failures:
[INFO] [stdout]     tests::it_works
[INFO] [stdout] 
[INFO] [stdout] test result: FAILED. 0 passed; 1 failed; 0 ignored; 0 measured; 0 filtered out; finished in 0.22s
[INFO] [stdout] 
[INFO] [stderr] error: test failed, to rerun pass `--lib`
[INFO] running `Command { std: "docker" "inspect" "1bb1dbcdbfb338bef5a5e0b7319c9c684da06b2c387fb87a328c96a3ef1b0247", kill_on_drop: false }`
[INFO] running `Command { std: "docker" "rm" "-f" "1bb1dbcdbfb338bef5a5e0b7319c9c684da06b2c387fb87a328c96a3ef1b0247", kill_on_drop: false }`
[INFO] [stdout] 1bb1dbcdbfb338bef5a5e0b7319c9c684da06b2c387fb87a328c96a3ef1b0247
