[INFO] fetching crate wolf_engine_window 0.3.0...
[INFO] testing wolf_engine_window-0.3.0 against nightly-2024-10-28+rustflags=-Zrandomize-layout for randomize-layout
[INFO] extracting crate wolf_engine_window 0.3.0 into /workspace/builds/worker-1-tc2/source
[INFO] validating manifest of crates.io crate wolf_engine_window 0.3.0 on toolchain nightly-2024-10-28
[INFO] running `Command { std: CARGO_HOME="/workspace/cargo-home" RUSTUP_HOME="/workspace/rustup-home" "/workspace/cargo-home/bin/cargo" "+nightly-2024-10-28" "metadata" "--manifest-path" "Cargo.toml" "--no-deps", kill_on_drop: false }`
[INFO] started tweaking crates.io crate wolf_engine_window 0.3.0
[INFO] removed 0 missing tests
[INFO] finished tweaking crates.io crate wolf_engine_window 0.3.0
[INFO] tweaked toml for crates.io crate wolf_engine_window 0.3.0 written to /workspace/builds/worker-1-tc2/source/Cargo.toml
[INFO] running `Command { std: CARGO_HOME="/workspace/cargo-home" RUSTUP_HOME="/workspace/rustup-home" "/workspace/cargo-home/bin/cargo" "+nightly-2024-10-28" "generate-lockfile" "--manifest-path" "Cargo.toml", kill_on_drop: false }`
[INFO] [stderr]     Updating crates.io index
[INFO] [stderr]      Locking 209 packages to latest compatible versions
[INFO] [stderr]       Adding libtest-mimic v0.7.3 (available: v0.8.1)
[INFO] [stderr]       Adding raw-window-handle v0.5.2 (available: v0.6.2)
[INFO] running `Command { std: CARGO_HOME="/workspace/cargo-home" RUSTUP_HOME="/workspace/rustup-home" "/workspace/cargo-home/bin/cargo" "+nightly-2024-10-28" "fetch" "--manifest-path" "Cargo.toml", kill_on_drop: false }`
[INFO] running `Command { std: "docker" "create" "-v" "/var/lib/crater-agent-workspace/builds/worker-1-tc2/target:/opt/rustwide/target:rw,Z" "-v" "/var/lib/crater-agent-workspace/builds/worker-1-tc2/source:/opt/rustwide/workdir:ro,Z" "-v" "/var/lib/crater-agent-workspace/cargo-home:/opt/rustwide/cargo-home:ro,Z" "-v" "/var/lib/crater-agent-workspace/rustup-home:/opt/rustwide/rustup-home:ro,Z" "-e" "SOURCE_DIR=/opt/rustwide/workdir" "-e" "CARGO_TARGET_DIR=/opt/rustwide/target" "-e" "CARGO_HOME=/opt/rustwide/cargo-home" "-e" "RUSTUP_HOME=/opt/rustwide/rustup-home" "-w" "/opt/rustwide/workdir" "-m" "1610612736" "--user" "0:0" "--network" "none" "ghcr.io/rust-lang/crates-build-env/linux@sha256:4a844ea9eb2546a2d2c7022eacef16ef2e8229c7fbb2c7d4d55a9ceca922f72d" "/opt/rustwide/cargo-home/bin/cargo" "+nightly-2024-10-28" "metadata" "--no-deps" "--format-version=1", kill_on_drop: false }`
[INFO] [stdout] 7cdb84aa8f88f7c0a0411694268217897f4e9bb7b6b11d0dcb8d584b293a9976
[INFO] running `Command { std: "docker" "start" "-a" "7cdb84aa8f88f7c0a0411694268217897f4e9bb7b6b11d0dcb8d584b293a9976", kill_on_drop: false }`
[INFO] running `Command { std: "docker" "inspect" "7cdb84aa8f88f7c0a0411694268217897f4e9bb7b6b11d0dcb8d584b293a9976", kill_on_drop: false }`
[INFO] running `Command { std: "docker" "rm" "-f" "7cdb84aa8f88f7c0a0411694268217897f4e9bb7b6b11d0dcb8d584b293a9976", kill_on_drop: false }`
[INFO] [stdout] 7cdb84aa8f88f7c0a0411694268217897f4e9bb7b6b11d0dcb8d584b293a9976
[INFO] running `Command { std: "docker" "create" "-v" "/var/lib/crater-agent-workspace/builds/worker-1-tc2/target:/opt/rustwide/target:rw,Z" "-v" "/var/lib/crater-agent-workspace/builds/worker-1-tc2/source:/opt/rustwide/workdir:ro,Z" "-v" "/var/lib/crater-agent-workspace/cargo-home:/opt/rustwide/cargo-home:ro,Z" "-v" "/var/lib/crater-agent-workspace/rustup-home:/opt/rustwide/rustup-home:ro,Z" "-e" "SOURCE_DIR=/opt/rustwide/workdir" "-e" "CARGO_TARGET_DIR=/opt/rustwide/target" "-e" "CARGO_INCREMENTAL=0" "-e" "RUST_BACKTRACE=full" "-e" "RUSTFLAGS=--cap-lints=forbid -Zrandomize-layout" "-e" "RUSTDOCFLAGS=--cap-lints=forbid" "-e" "CARGO_HOME=/opt/rustwide/cargo-home" "-e" "RUSTUP_HOME=/opt/rustwide/rustup-home" "-w" "/opt/rustwide/workdir" "-m" "1610612736" "--user" "0:0" "--network" "none" "ghcr.io/rust-lang/crates-build-env/linux@sha256:4a844ea9eb2546a2d2c7022eacef16ef2e8229c7fbb2c7d4d55a9ceca922f72d" "/opt/rustwide/cargo-home/bin/cargo" "+nightly-2024-10-28" "build" "--frozen" "--message-format=json", kill_on_drop: false }`
[INFO] [stdout] 684d5a413db0b6afd6db8d917c1309449c98e8a35f31033280ac77ff6043cd43
[INFO] running `Command { std: "docker" "start" "-a" "684d5a413db0b6afd6db8d917c1309449c98e8a35f31033280ac77ff6043cd43", kill_on_drop: false }`
[INFO] [stderr]    Compiling pkg-config v0.3.31
[INFO] [stderr]    Compiling rustix v0.38.38
[INFO] [stderr]    Compiling bitflags v2.6.0
[INFO] [stderr]    Compiling libloading v0.8.5
[INFO] [stderr]    Compiling linux-raw-sys v0.4.14
[INFO] [stderr]    Compiling syn v2.0.86
[INFO] [stderr]    Compiling shlex v1.3.0
[INFO] [stderr]    Compiling downcast-rs v1.2.1
[INFO] [stderr]    Compiling scoped-tls v1.0.1
[INFO] [stderr]    Compiling cc v1.1.31
[INFO] [stderr]    Compiling dlib v0.5.2
[INFO] [stderr]    Compiling memchr v2.7.4
[INFO] [stderr]    Compiling smallvec v1.13.2
[INFO] [stderr]    Compiling wayland-client v0.31.7
[INFO] [stderr]    Compiling tracing-core v0.1.32
[INFO] [stderr]    Compiling thiserror v1.0.66
[INFO] [stderr]    Compiling bytemuck v1.19.0
[INFO] [stderr]    Compiling tracing v0.1.40
[INFO] [stderr]    Compiling wayland-sys v0.31.5
[INFO] [stderr]    Compiling ttf-parser v0.25.0
[INFO] [stderr]    Compiling quick-xml v0.36.2
[INFO] [stderr]    Compiling strict-num v0.1.1
[INFO] [stderr]    Compiling cursor-icon v1.1.0
[INFO] [stderr]    Compiling xkeysym v0.2.1
[INFO] [stderr]    Compiling smithay-client-toolkit v0.19.2
[INFO] [stderr]    Compiling arrayref v0.3.9
[INFO] [stderr]    Compiling xcursor v0.3.8
[INFO] [stderr]    Compiling ahash v0.8.11
[INFO] [stderr]    Compiling tiny-skia-path v0.11.4
[INFO] [stderr]    Compiling wayland-scanner v0.31.5
[INFO] [stderr]    Compiling x11-dl v2.21.0
[INFO] [stderr]    Compiling wayland-backend v0.3.7
[INFO] [stderr]    Compiling arrayvec v0.7.6
[INFO] [stderr]    Compiling cfg_aliases v0.2.1
[INFO] [stderr]    Compiling ab_glyph_rasterizer v0.1.8
[INFO] [stderr]    Compiling tiny-skia v0.11.4
[INFO] [stderr]    Compiling winit v0.30.5
[INFO] [stderr]    Compiling as-raw-xcb-connection v1.0.1
[INFO] [stderr]    Compiling x11rb-protocol v0.13.1
[INFO] [stderr]    Compiling xkbcommon-dl v0.4.2
[INFO] [stderr]    Compiling owned_ttf_parser v0.25.0
[INFO] [stderr]    Compiling zerocopy-derive v0.7.35
[INFO] [stderr]    Compiling thiserror-impl v1.0.66
[INFO] [stderr]    Compiling ab_glyph v0.2.29
[INFO] [stderr]    Compiling zerocopy v0.7.35
[INFO] [stderr]    Compiling percent-encoding v2.3.1
[INFO] [stderr]    Compiling dpi v0.1.1
[INFO] [stderr]    Compiling smol_str v0.2.2
[INFO] [stderr]    Compiling ppv-lite86 v0.2.20
[INFO] [stderr]    Compiling rand_chacha v0.3.1
[INFO] [stderr]    Compiling rand v0.8.5
[INFO] [stderr]    Compiling polling v3.7.3
[INFO] [stderr]    Compiling uuid v1.11.0
[INFO] [stderr]    Compiling calloop v0.13.0
[INFO] [stderr]    Compiling wayland-csd-frame v0.3.0
[INFO] [stderr]    Compiling wayland-protocols v0.32.5
[INFO] [stderr]    Compiling calloop-wayland-source v0.3.0
[INFO] [stderr]    Compiling wayland-cursor v0.31.7
[INFO] [stderr]    Compiling wayland-protocols-wlr v0.3.5
[INFO] [stderr]    Compiling wayland-protocols-plasma v0.3.5
[INFO] [stderr]    Compiling x11rb v0.13.1
[INFO] [stderr]    Compiling sctk-adwaita v0.10.1
[INFO] [stderr]    Compiling wolf_engine_input v0.1.2
[INFO] [stderr]    Compiling wolf_engine_window v0.3.0 (/opt/rustwide/workdir)
[INFO] [stderr]     Finished `dev` profile [unoptimized + debuginfo] target(s) in 41.77s
[INFO] running `Command { std: "docker" "inspect" "684d5a413db0b6afd6db8d917c1309449c98e8a35f31033280ac77ff6043cd43", kill_on_drop: false }`
[INFO] running `Command { std: "docker" "rm" "-f" "684d5a413db0b6afd6db8d917c1309449c98e8a35f31033280ac77ff6043cd43", kill_on_drop: false }`
[INFO] [stdout] 684d5a413db0b6afd6db8d917c1309449c98e8a35f31033280ac77ff6043cd43
[INFO] running `Command { std: "docker" "create" "-v" "/var/lib/crater-agent-workspace/builds/worker-1-tc2/target:/opt/rustwide/target:rw,Z" "-v" "/var/lib/crater-agent-workspace/builds/worker-1-tc2/source:/opt/rustwide/workdir:ro,Z" "-v" "/var/lib/crater-agent-workspace/cargo-home:/opt/rustwide/cargo-home:ro,Z" "-v" "/var/lib/crater-agent-workspace/rustup-home:/opt/rustwide/rustup-home:ro,Z" "-e" "SOURCE_DIR=/opt/rustwide/workdir" "-e" "CARGO_TARGET_DIR=/opt/rustwide/target" "-e" "CARGO_INCREMENTAL=0" "-e" "RUST_BACKTRACE=full" "-e" "RUSTFLAGS=--cap-lints=forbid -Zrandomize-layout" "-e" "RUSTDOCFLAGS=--cap-lints=forbid" "-e" "CARGO_HOME=/opt/rustwide/cargo-home" "-e" "RUSTUP_HOME=/opt/rustwide/rustup-home" "-w" "/opt/rustwide/workdir" "-m" "1610612736" "--user" "0:0" "--network" "none" "ghcr.io/rust-lang/crates-build-env/linux@sha256:4a844ea9eb2546a2d2c7022eacef16ef2e8229c7fbb2c7d4d55a9ceca922f72d" "/opt/rustwide/cargo-home/bin/cargo" "+nightly-2024-10-28" "test" "--frozen" "--no-run" "--message-format=json", kill_on_drop: false }`
[INFO] [stdout] 30b7c3d27f30aec9abfae1885c9d8564d44e8a36161af6812865e335b1e663dc
[INFO] running `Command { std: "docker" "start" "-a" "30b7c3d27f30aec9abfae1885c9d8564d44e8a36161af6812865e335b1e663dc", kill_on_drop: false }`
[INFO] [stderr]    Compiling syn v2.0.86
[INFO] [stderr]    Compiling equivalent v1.0.1
[INFO] [stderr]    Compiling syn v1.0.109
[INFO] [stderr]    Compiling hashbrown v0.15.0
[INFO] [stderr]    Compiling anstyle-parse v0.2.6
[INFO] [stderr]    Compiling toml_datetime v0.6.8
[INFO] [stderr]    Compiling is_terminal_polyfill v1.70.1
[INFO] [stderr]    Compiling colorchoice v1.0.3
[INFO] [stderr]    Compiling anstyle-query v1.1.2
[INFO] [stderr]    Compiling winnow v0.6.20
[INFO] [stderr]    Compiling anstyle v1.0.10
[INFO] [stderr]    Compiling clap_lex v0.7.2
[INFO] [stderr]    Compiling heck v0.5.0
[INFO] [stderr]    Compiling strsim v0.11.1
[INFO] [stderr]    Compiling anstream v0.6.17
[INFO] [stderr]    Compiling num_cpus v1.16.0
[INFO] [stderr]    Compiling escape8259 v0.5.3
[INFO] [stderr]    Compiling indexmap v2.6.0
[INFO] [stderr]    Compiling clap_builder v4.5.20
[INFO] [stderr]    Compiling threadpool v1.8.1
[INFO] [stderr]    Compiling toml_edit v0.22.22
[INFO] [stderr]    Compiling ntest_test_cases v0.9.3
[INFO] [stderr]    Compiling proc-macro-crate v3.2.0
[INFO] [stderr]    Compiling zerocopy-derive v0.7.35
[INFO] [stderr]    Compiling thiserror-impl v1.0.66
[INFO] [stderr]    Compiling clap_derive v4.5.18
[INFO] [stderr]    Compiling ntest_timeout v0.9.3
[INFO] [stderr]    Compiling ntest v0.9.3
[INFO] [stderr]    Compiling zerocopy v0.7.35
[INFO] [stderr]    Compiling thiserror v1.0.66
[INFO] [stderr]    Compiling calloop v0.13.0
[INFO] [stderr]    Compiling ppv-lite86 v0.2.20
[INFO] [stderr]    Compiling ahash v0.8.11
[INFO] [stderr]    Compiling calloop-wayland-source v0.3.0
[INFO] [stderr]    Compiling smithay-client-toolkit v0.19.2
[INFO] [stderr]    Compiling rand_chacha v0.3.1
[INFO] [stderr]    Compiling clap v4.5.20
[INFO] [stderr]    Compiling libtest-mimic v0.7.3
[INFO] [stderr]    Compiling rand v0.8.5
[INFO] [stderr]    Compiling uuid v1.11.0
[INFO] [stderr]    Compiling sctk-adwaita v0.10.1
[INFO] [stderr]    Compiling winit v0.30.5
[INFO] [stderr]    Compiling wolf_engine_input v0.1.2
[INFO] [stderr]    Compiling wolf_engine_window v0.3.0 (/opt/rustwide/workdir)
[INFO] [stderr]     Finished `test` profile [unoptimized + debuginfo] target(s) in 10.90s
[INFO] running `Command { std: "docker" "inspect" "30b7c3d27f30aec9abfae1885c9d8564d44e8a36161af6812865e335b1e663dc", kill_on_drop: false }`
[INFO] running `Command { std: "docker" "rm" "-f" "30b7c3d27f30aec9abfae1885c9d8564d44e8a36161af6812865e335b1e663dc", kill_on_drop: false }`
[INFO] [stdout] 30b7c3d27f30aec9abfae1885c9d8564d44e8a36161af6812865e335b1e663dc
[INFO] running `Command { std: "docker" "create" "-v" "/var/lib/crater-agent-workspace/builds/worker-1-tc2/target:/opt/rustwide/target:rw,Z" "-v" "/var/lib/crater-agent-workspace/builds/worker-1-tc2/source:/opt/rustwide/workdir:ro,Z" "-v" "/var/lib/crater-agent-workspace/cargo-home:/opt/rustwide/cargo-home:ro,Z" "-v" "/var/lib/crater-agent-workspace/rustup-home:/opt/rustwide/rustup-home:ro,Z" "-e" "SOURCE_DIR=/opt/rustwide/workdir" "-e" "CARGO_TARGET_DIR=/opt/rustwide/target" "-e" "CARGO_INCREMENTAL=0" "-e" "RUST_BACKTRACE=full" "-e" "RUSTFLAGS=--cap-lints=forbid -Zrandomize-layout" "-e" "RUSTDOCFLAGS=--cap-lints=forbid" "-e" "CARGO_HOME=/opt/rustwide/cargo-home" "-e" "RUSTUP_HOME=/opt/rustwide/rustup-home" "-w" "/opt/rustwide/workdir" "-m" "1610612736" "--user" "0:0" "--network" "none" "ghcr.io/rust-lang/crates-build-env/linux@sha256:4a844ea9eb2546a2d2c7022eacef16ef2e8229c7fbb2c7d4d55a9ceca922f72d" "/opt/rustwide/cargo-home/bin/cargo" "+nightly-2024-10-28" "test" "--frozen", kill_on_drop: false }`
[INFO] [stdout] 7fdc5382762557a1ba5bb803f2c60e8db7d9d165efe6eb35aff246b114c23a7e
[INFO] running `Command { std: "docker" "start" "-a" "7fdc5382762557a1ba5bb803f2c60e8db7d9d165efe6eb35aff246b114c23a7e", kill_on_drop: false }`
[INFO] [stderr]     Finished `test` profile [unoptimized + debuginfo] target(s) in 0.10s
[INFO] [stderr]      Running unittests src/lib.rs (/opt/rustwide/target/debug/deps/wolf_engine_window-939b9acfc933dcc1)
[INFO] [stdout] 
[INFO] [stdout] running 2 tests
[INFO] [stdout] test window_system_tests::should_not_be_fullscreen_by_default ... ok
[INFO] [stdout] test window_system_tests::should_set_settings_values ... ok
[INFO] [stdout] 
[INFO] [stdout] test result: ok. 2 passed; 0 failed; 0 ignored; 0 measured; 0 filtered out; finished in 0.00s
[INFO] [stdout] 
[INFO] [stderr]      Running tests/dropped_window.rs (/opt/rustwide/target/debug/deps/dropped_window-02b76ece7adf56c3)
[INFO] [stdout] 
[INFO] [stdout] running 1 test
[INFO] [stderr] thread 'main' panicked at tests/dropped_window.rs:18:57:
[INFO] [stderr] called `Result::unwrap()` on an `Err` value: OsError(OsError { error: os error at /opt/rustwide/cargo-home/registry/src/index.crates.io-6f17d22bba15001f/winit-0.30.5/src/platform_impl/linux/mod.rs:760: neither WAYLAND_DISPLAY nor WAYLAND_SOCKET nor DISPLAY is set.
[INFO] [stderr] 
[INFO] [stderr] Stack backtrace:
[INFO] [stderr]    0: anyhow::error::<impl core::convert::From<E> for anyhow::Error>::from
[INFO] [stderr]              at /opt/rustwide/cargo-home/registry/src/index.crates.io-6f17d22bba15001f/anyhow-1.0.92/src/backtrace.rs:27:14
[INFO] [stderr]    1: <T as core::convert::Into<U>>::into
[INFO] [stderr]              at /rustc/df4ca44d3fbc9301ee17f30f4d474e6ae4b05252/library/core/src/convert/mod.rs:759:9
[INFO] [stderr]    2: anyhow::kind::Trait::new
[INFO] [stderr]              at /opt/rustwide/cargo-home/registry/src/index.crates.io-6f17d22bba15001f/anyhow-1.0.92/src/kind.rs:95:9
[INFO] [stderr]    3: wolf_engine_window::event::EventLoopBuilder::build
[INFO] [stderr]              at ./src/event.rs:56:60
[INFO] [stderr]    4: dropped_window::test
[INFO] [stderr]              at ./tests/dropped_window.rs:18:22
[INFO] [stderr]    5: core::ops::function::FnOnce::call_once
[INFO] [stderr]              at /rustc/df4ca44d3fbc9301ee17f30f4d474e6ae4b05252/library/core/src/ops/function.rs:250:5
[INFO] [stderr]    6: libtest_mimic::Trial::test::{{closure}}
[INFO] [stderr]              at /opt/rustwide/cargo-home/registry/src/index.crates.io-6f17d22bba15001f/libtest-mimic-0.7.3/src/lib.rs:112:54
[INFO] [stderr]    7: core::ops::function::FnOnce::call_once{{vtable.shim}}
[INFO] [stderr]              at /rustc/df4ca44d3fbc9301ee17f30f4d474e6ae4b05252/library/core/src/ops/function.rs:250:5
[INFO] [stderr]    8: <alloc::boxed::Box<F,A> as core::ops::function::FnOnce<Args>>::call_once
[INFO] [stderr]              at /rustc/df4ca44d3fbc9301ee17f30f4d474e6ae4b05252/library/alloc/src/boxed.rs:2454:9
[INFO] [stderr]    9: libtest_mimic::run_single::{{closure}}
[INFO] [stderr]              at /opt/rustwide/cargo-home/registry/src/index.crates.io-6f17d22bba15001f/libtest-mimic-0.7.3/src/lib.rs:551:43
[INFO] [stderr]   10: <core::panic::unwind_safe::AssertUnwindSafe<F> as core::ops::function::FnOnce<()>>::call_once
[INFO] [stderr]              at /rustc/df4ca44d3fbc9301ee17f30f4d474e6ae4b05252/library/core/src/panic/unwind_safe.rs:272:9
[INFO] [stderr]   11: std::panicking::try::do_call
[INFO] [stderr]              at /rustc/df4ca44d3fbc9301ee17f30f4d474e6ae4b05252/library/std/src/panicking.rs:557:40
[INFO] [stderr]   12: __rust_try
[INFO] [stderr]   13: std::panicking::try
[INFO] [stderr]              at /rustc/df4ca44d3fbc9301ee17f30f4d474e6ae4b05252/library/std/src/panicking.rs:520:19
[INFO] [stderr]   14: std::panic::catch_unwind
[INFO] [stderr]              at /rustc/df4ca44d3fbc9301ee17f30f4d474e6ae4b05252/library/std/src/panic.rs:358:14
[INFO] [stderr]   15: libtest_mimic::run_single
[INFO] [stderr]              at /opt/rustwide/cargo-home/registry/src/index.crates.io-6f17d22bba15001f/libtest-mimic-0.7.3/src/lib.rs:551:5
[INFO] [stderr]   16: libtest_mimic::run
[INFO] [stderr]              at /opt/rustwide/cargo-home/registry/src/index.crates.io-6f17d22bba15001f/libtest-mimic-0.7.3/src/lib.rs:493:17
[INFO] [stderr]   17: dropped_window::main
[INFO] [stderr]              at ./tests/dropped_window.rs:14:5
[INFO] [stderr]   18: core::ops::function::FnOnce::call_once
[INFO] [stderr]              at /rustc/df4ca44d3fbc9301ee17f30f4d474e6ae4b05252/library/core/src/ops/function.rs:250:5
[INFO] [stderr]   19: std::sys::backtrace::__rust_begin_short_backtrace
[INFO] [stderr]              at /rustc/df4ca44d3fbc9301ee17f30f4d474e6ae4b05252/library/std/src/sys/backtrace.rs:154:18
[INFO] [stderr]   20: std::rt::lang_start::{{closure}}
[INFO] [stderr]              at /rustc/df4ca44d3fbc9301ee17f30f4d474e6ae4b05252/library/std/src/rt.rs:195:18
[INFO] [stderr]   21: core::ops::function::impls::<impl core::ops::function::FnOnce<A> for &F>::call_once
[INFO] [stderr]              at /rustc/df4ca44d3fbc9301ee17f30f4d474e6ae4b05252/library/core/src/ops/function.rs:284:13
[INFO] [stderr]   22: std::panicking::try::do_call
[INFO] [stderr]              at /rustc/df4ca44d3fbc9301ee17f30f4d474e6ae4b05252/library/std/src/panicking.rs:557:40
[INFO] [stderr]   23: std::panicking::try
[INFO] [stderr]              at /rustc/df4ca44d3fbc9301ee17f30f4d474e6ae4b05252/library/std/src/panicking.rs:520:19
[INFO] [stderr]   24: std::panic::catch_unwind
[INFO] [stderr]              at /rustc/df4ca44d3fbc9301ee17f30f4d474e6ae4b05252/library/std/src/panic.rs:358:14
[INFO] [stderr]   25: std::rt::lang_start_internal::{{closure}}
[INFO] [stderr]              at /rustc/df4ca44d3fbc9301ee17f30f4d474e6ae4b05252/library/std/src/rt.rs:174:48
[INFO] [stderr]   26: std::panicking::try::do_call
[INFO] [stderr]              at /rustc/df4ca44d3fbc9301ee17f30f4d474e6ae4b05252/library/std/src/panicking.rs:557:40
[INFO] [stderr]   27: std::panicking::try
[INFO] [stderr]              at /rustc/df4ca44d3fbc9301ee17f30f4d474e6ae4b05252/library/std/src/panicking.rs:520:19
[INFO] [stderr]   28: std::panic::catch_unwind
[INFO] [stderr]              at /rustc/df4ca44d3fbc9301ee17f30f4d474e6ae4b05252/library/std/src/panic.rs:358:14
[INFO] [stderr]   29: std::rt::lang_start_internal
[INFO] [stderr]              at /rustc/df4ca44d3fbc9301ee17f30f4d474e6ae4b05252/library/std/src/rt.rs:174:20
[INFO] [stderr]   30: std::rt::lang_start
[INFO] [stderr]              at /rustc/df4ca44d3fbc9301ee17f30f4d474e6ae4b05252/library/std/src/rt.rs:194:17
[INFO] [stderr]   31: main
[INFO] [stderr]   32: <unknown>
[INFO] [stderr]   33: __libc_start_main
[INFO] [stderr]   34: _start })
[INFO] [stderr] stack backtrace:
[INFO] [stderr]    0:     0x5a4dc168430a - std::backtrace_rs::backtrace::libunwind::trace::h207520d6e9873551
[INFO] [stderr]                                at /rustc/df4ca44d3fbc9301ee17f30f4d474e6ae4b05252/library/std/src/../../backtrace/src/backtrace/libunwind.rs:116:5
[INFO] [stderr]    1:     0x5a4dc168430a - std::backtrace_rs::backtrace::trace_unsynchronized::h2ed7433f370e3eca
[INFO] [stderr]                                at /rustc/df4ca44d3fbc9301ee17f30f4d474e6ae4b05252/library/std/src/../../backtrace/src/backtrace/mod.rs:66:5
[INFO] [stderr]    2:     0x5a4dc168430a - std::sys::backtrace::_print_fmt::h916fac51166b18d7
[INFO] [stderr]                                at /rustc/df4ca44d3fbc9301ee17f30f4d474e6ae4b05252/library/std/src/sys/backtrace.rs:66:9
[INFO] [stderr]    3:     0x5a4dc168430a - <std::sys::backtrace::BacktraceLock::print::DisplayBacktrace as core::fmt::Display>::fmt::ha0a4c9b8ce3802e6
[INFO] [stderr]                                at /rustc/df4ca44d3fbc9301ee17f30f4d474e6ae4b05252/library/std/src/sys/backtrace.rs:39:26
[INFO] [stderr]    4:     0x5a4dc16acf23 - core::fmt::rt::Argument::fmt::h4cfc8587d52b3eb5
[INFO] [stderr]                                at /rustc/df4ca44d3fbc9301ee17f30f4d474e6ae4b05252/library/core/src/fmt/rt.rs:177:76
[INFO] [stderr]    5:     0x5a4dc16acf23 - core::fmt::write::h522cc39e5b36ae9f
[INFO] [stderr]                                at /rustc/df4ca44d3fbc9301ee17f30f4d474e6ae4b05252/library/core/src/fmt/mod.rs:1190:21
[INFO] [stderr]    6:     0x5a4dc1680a43 - std::io::Write::write_fmt::hf1c1dcc8cc1287f0
[INFO] [stderr]                                at /rustc/df4ca44d3fbc9301ee17f30f4d474e6ae4b05252/library/std/src/io/mod.rs:1839:15
[INFO] [stderr]    7:     0x5a4dc1684152 - std::sys::backtrace::BacktraceLock::print::h4b9e00b29e9c0942
[INFO] [stderr]                                at /rustc/df4ca44d3fbc9301ee17f30f4d474e6ae4b05252/library/std/src/sys/backtrace.rs:42:9
[INFO] [stderr]    8:     0x5a4dc168511c - std::panicking::default_hook::{{closure}}::hb59b88280d0324d9
[INFO] [stderr]                                at /rustc/df4ca44d3fbc9301ee17f30f4d474e6ae4b05252/library/std/src/panicking.rs:268:22
[INFO] [stderr]    9:     0x5a4dc1684f62 - std::panicking::default_hook::he1dd496665be4a29
[INFO] [stderr]                                at /rustc/df4ca44d3fbc9301ee17f30f4d474e6ae4b05252/library/std/src/panicking.rs:295:9
[INFO] [stderr]   10:     0x5a4dc1685757 - std::panicking::rust_panic_with_hook::h2ff17fe8f26dfcf8
[INFO] [stderr]                                at /rustc/df4ca44d3fbc9301ee17f30f4d474e6ae4b05252/library/std/src/panicking.rs:801:13
[INFO] [stderr]   11:     0x5a4dc16855ea - std::panicking::begin_panic_handler::{{closure}}::h4fad77951c07e101
[INFO] [stderr]                                at /rustc/df4ca44d3fbc9301ee17f30f4d474e6ae4b05252/library/std/src/panicking.rs:674:13
[INFO] [stderr]   12:     0x5a4dc16847e9 - std::sys::backtrace::__rust_end_short_backtrace::hb1a25b3da5d0ea08
[INFO] [stderr]                                at /rustc/df4ca44d3fbc9301ee17f30f4d474e6ae4b05252/library/std/src/sys/backtrace.rs:170:18
[INFO] [stderr]   13:     0x5a4dc168527c - rust_begin_unwind
[INFO] [stderr]                                at /rustc/df4ca44d3fbc9301ee17f30f4d474e6ae4b05252/library/std/src/panicking.rs:665:5
[INFO] [stderr]   14:     0x5a4dc16aac90 - core::panicking::panic_fmt::ha9db07b529f9b256
[INFO] [stderr]                                at /rustc/df4ca44d3fbc9301ee17f30f4d474e6ae4b05252/library/core/src/panicking.rs:75:14
[INFO] [stderr]   15:     0x5a4dc16ab116 - core::result::unwrap_failed::h5e8218e4d4338b8a
[INFO] [stderr]                                at /rustc/df4ca44d3fbc9301ee17f30f4d474e6ae4b05252/library/core/src/result.rs:1698:5
[INFO] [stderr]   16:     0x5a4dc0f75e1a - core::result::Result<T,E>::unwrap::hb0b340d8baf121c1
[INFO] [stderr]                                at /rustc/df4ca44d3fbc9301ee17f30f4d474e6ae4b05252/library/core/src/result.rs:1103:23
[INFO] [stderr]   17:     0x5a4dc0f75e1a - dropped_window::test::h2a9329a902035f8b
[INFO] [stderr]                                at /opt/rustwide/workdir/tests/dropped_window.rs:18:22
[INFO] [stderr]   18:     0x5a4dc0f61f01 - core::ops::function::FnOnce::call_once::h119bad19ed9538a1
[INFO] [stderr]                                at /rustc/df4ca44d3fbc9301ee17f30f4d474e6ae4b05252/library/core/src/ops/function.rs:250:5
[INFO] [stderr]   19:     0x5a4dc0f73d90 - libtest_mimic::Trial::test::{{closure}}::h903bb143bc3b58fa
[INFO] [stderr]                                at /opt/rustwide/cargo-home/registry/src/index.crates.io-6f17d22bba15001f/libtest-mimic-0.7.3/src/lib.rs:112:54
[INFO] [stderr]   20:     0x5a4dc0f61e66 - core::ops::function::FnOnce::call_once{{vtable.shim}}::hd599ec4911572f87
[INFO] [stderr]                                at /rustc/df4ca44d3fbc9301ee17f30f4d474e6ae4b05252/library/core/src/ops/function.rs:250:5
[INFO] [stderr]   21:     0x5a4dc14df1c0 - <alloc::boxed::Box<F,A> as core::ops::function::FnOnce<Args>>::call_once::h7422ea31b1bdad78
[INFO] [stderr]                                at /rustc/df4ca44d3fbc9301ee17f30f4d474e6ae4b05252/library/alloc/src/boxed.rs:2454:9
[INFO] [stderr]   22:     0x5a4dc14d7170 - libtest_mimic::run_single::{{closure}}::h6691dd27ea1159f4
[INFO] [stderr]                                at /opt/rustwide/cargo-home/registry/src/index.crates.io-6f17d22bba15001f/libtest-mimic-0.7.3/src/lib.rs:551:43
[INFO] [stderr]   23:     0x5a4dc14f9bf0 - <core::panic::unwind_safe::AssertUnwindSafe<F> as core::ops::function::FnOnce<()>>::call_once::hbd9a6e77cc408138
[INFO] [stderr]                                at /rustc/df4ca44d3fbc9301ee17f30f4d474e6ae4b05252/library/core/src/panic/unwind_safe.rs:272:9
[INFO] [stderr]   24:     0x5a4dc1516af7 - std::panicking::try::do_call::hff5535c766afc119
[INFO] [stderr]                                at /rustc/df4ca44d3fbc9301ee17f30f4d474e6ae4b05252/library/std/src/panicking.rs:557:40
[INFO] [stderr]   25:     0x5a4dc14e266b - __rust_try
[INFO] [stderr]   26:     0x5a4dc14e0dcb - std::panicking::try::h3671361475a84e9b
[INFO] [stderr]                                at /rustc/df4ca44d3fbc9301ee17f30f4d474e6ae4b05252/library/std/src/panicking.rs:520:19
[INFO] [stderr]   27:     0x5a4dc14e0dcb - std::panic::catch_unwind::h5c89d54c093a03d1
[INFO] [stderr]                                at /rustc/df4ca44d3fbc9301ee17f30f4d474e6ae4b05252/library/std/src/panic.rs:358:14
[INFO] [stderr]   28:     0x5a4dc14d7121 - libtest_mimic::run_single::hb08b9613f9d45931
[INFO] [stderr]                                at /opt/rustwide/cargo-home/registry/src/index.crates.io-6f17d22bba15001f/libtest-mimic-0.7.3/src/lib.rs:551:5
[INFO] [stderr]   29:     0x5a4dc14d6956 - libtest_mimic::run::h3fd178f5932ab121
[INFO] [stderr]                                at /opt/rustwide/cargo-home/registry/src/index.crates.io-6f17d22bba15001f/libtest-mimic-0.7.3/src/lib.rs:493:17
[INFO] [stderr]   30:     0x5a4dc0f75d2d - dropped_window::main::h0251e651f05bf0d7
[INFO] [stderr]                                at /opt/rustwide/workdir/tests/dropped_window.rs:14:5
[INFO] [stderr]   31:     0x5a4dc0f620ab - core::ops::function::FnOnce::call_once::hba80af1917785d84
[INFO] [stderr]                                at /rustc/df4ca44d3fbc9301ee17f30f4d474e6ae4b05252/library/core/src/ops/function.rs:250:5
[INFO] [stderr]   32:     0x5a4dc0f61c4e - std::sys::backtrace::__rust_begin_short_backtrace::h033da8e24776e504
[INFO] [stderr]                                at /rustc/df4ca44d3fbc9301ee17f30f4d474e6ae4b05252/library/std/src/sys/backtrace.rs:154:18
[INFO] [stderr]   33:     0x5a4dc0f8f941 - std::rt::lang_start::{{closure}}::h1d8bb38e825cc654
[INFO] [stderr]                                at /rustc/df4ca44d3fbc9301ee17f30f4d474e6ae4b05252/library/std/src/rt.rs:195:18
[INFO] [stderr]   34:     0x5a4dc1679af7 - core::ops::function::impls::<impl core::ops::function::FnOnce<A> for &F>::call_once::hd87d66b906e0ccaf
[INFO] [stderr]                                at /rustc/df4ca44d3fbc9301ee17f30f4d474e6ae4b05252/library/core/src/ops/function.rs:284:13
[INFO] [stderr]   35:     0x5a4dc1679af7 - std::panicking::try::do_call::hae3703de71fc9e3a
[INFO] [stderr]                                at /rustc/df4ca44d3fbc9301ee17f30f4d474e6ae4b05252/library/std/src/panicking.rs:557:40
[INFO] [stderr]   36:     0x5a4dc1679af7 - std::panicking::try::h1178330e9a2b2645
[INFO] [stderr]                                at /rustc/df4ca44d3fbc9301ee17f30f4d474e6ae4b05252/library/std/src/panicking.rs:520:19
[INFO] [stderr]   37:     0x5a4dc1679af7 - std::panic::catch_unwind::h0acf49d2305d32ad
[INFO] [stderr]                                at /rustc/df4ca44d3fbc9301ee17f30f4d474e6ae4b05252/library/std/src/panic.rs:358:14
[INFO] [stderr]   38:     0x5a4dc1679af7 - std::rt::lang_start_internal::{{closure}}::h2d95182d798177be
[INFO] [stderr]                                at /rustc/df4ca44d3fbc9301ee17f30f4d474e6ae4b05252/library/std/src/rt.rs:174:48
[INFO] [stderr]   39:     0x5a4dc1679af7 - std::panicking::try::do_call::hb506f5bfe11fd30c
[INFO] [stderr]                                at /rustc/df4ca44d3fbc9301ee17f30f4d474e6ae4b05252/library/std/src/panicking.rs:557:40
[INFO] [stderr]   40:     0x5a4dc1679af7 - std::panicking::try::h54d825c46bd0fa95
[INFO] [stderr]                                at /rustc/df4ca44d3fbc9301ee17f30f4d474e6ae4b05252/library/std/src/panicking.rs:520:19
[INFO] [stderr]   41:     0x5a4dc1679af7 - std::panic::catch_unwind::hffbb0ad20c4e9fac
[INFO] [stderr]                                at /rustc/df4ca44d3fbc9301ee17f30f4d474e6ae4b05252/library/std/src/panic.rs:358:14
[INFO] [stderr]   42:     0x5a4dc1679af7 - std::rt::lang_start_internal::h52c291ef1962c925
[INFO] [stderr]                                at /rustc/df4ca44d3fbc9301ee17f30f4d474e6ae4b05252/library/std/src/rt.rs:174:20
[INFO] [stderr]   43:     0x5a4dc0f8f91a - std::rt::lang_start::hb119f3bdadd8efd9
[INFO] [stderr]                                at /rustc/df4ca44d3fbc9301ee17f30f4d474e6ae4b05252/library/std/src/rt.rs:194:17
[INFO] [stderr]   44:     0x5a4dc0f7622e - main
[INFO] [stderr]   45:     0x7549256a3d90 - <unknown>
[INFO] [stderr]   46:     0x7549256a3e40 - __libc_start_main
[INFO] [stderr]   47:     0x5a4dc0f40c55 - _start
[INFO] [stderr]   48:                0x0 - <unknown>
[INFO] [stdout] test should_not_send_events_for_dropped_windows ... FAILED
[INFO] [stdout] 
[INFO] [stdout] failures:
[INFO] [stdout] 
[INFO] [stdout] ---- should_not_send_events_for_dropped_windows ----
[INFO] [stdout] test panicked: called `Result::unwrap()` on an `Err` value: OsError(OsError { error: os error at /opt/rustwide/cargo-home/registry/src/index.crates.io-6f17d22bba15001f/winit-0.30.5/src/platform_impl/linux/mod.rs:760: neither WAYLAND_DISPLAY nor WAYLAND_SOCKET nor DISPLAY is set.
[INFO] [stdout] 
[INFO] [stdout] Stack backtrace:
[INFO] [stdout]    0: anyhow::error::<impl core::convert::From<E> for anyhow::Error>::from
[INFO] [stdout]              at /opt/rustwide/cargo-home/registry/src/index.crates.io-6f17d22bba15001f/anyhow-1.0.92/src/backtrace.rs:27:14
[INFO] [stdout]    1: <T as core::convert::Into<U>>::into
[INFO] [stdout]              at /rustc/df4ca44d3fbc9301ee17f30f4d474e6ae4b05252/library/core/src/convert/mod.rs:759:9
[INFO] [stdout]    2: anyhow::kind::Trait::new
[INFO] [stdout]              at /opt/rustwide/cargo-home/registry/src/index.crates.io-6f17d22bba15001f/anyhow-1.0.92/src/kind.rs:95:9
[INFO] [stdout]    3: wolf_engine_window::event::EventLoopBuilder::build
[INFO] [stdout]              at ./src/event.rs:56:60
[INFO] [stdout]    4: dropped_window::test
[INFO] [stdout]              at ./tests/dropped_window.rs:18:22
[INFO] [stdout]    5: core::ops::function::FnOnce::call_once
[INFO] [stdout]              at /rustc/df4ca44d3fbc9301ee17f30f4d474e6ae4b05252/library/core/src/ops/function.rs:250:5
[INFO] [stdout]    6: libtest_mimic::Trial::test::{{closure}}
[INFO] [stdout]              at /opt/rustwide/cargo-home/registry/src/index.crates.io-6f17d22bba15001f/libtest-mimic-0.7.3/src/lib.rs:112:54
[INFO] [stdout]    7: core::ops::function::FnOnce::call_once{{vtable.shim}}
[INFO] [stdout]              at /rustc/df4ca44d3fbc9301ee17f30f4d474e6ae4b05252/library/core/src/ops/function.rs:250:5
[INFO] [stdout]    8: <alloc::boxed::Box<F,A> as core::ops::function::FnOnce<Args>>::call_once
[INFO] [stdout]              at /rustc/df4ca44d3fbc9301ee17f30f4d474e6ae4b05252/library/alloc/src/boxed.rs:2454:9
[INFO] [stdout]    9: libtest_mimic::run_single::{{closure}}
[INFO] [stdout]              at /opt/rustwide/cargo-home/registry/src/index.crates.io-6f17d22bba15001f/libtest-mimic-0.7.3/src/lib.rs:551:43
[INFO] [stdout]   10: <core::panic::unwind_safe::AssertUnwindSafe<F> as core::ops::function::FnOnce<()>>::call_once
[INFO] [stdout]              at /rustc/df4ca44d3fbc9301ee17f30f4d474e6ae4b05252/library/core/src/panic/unwind_safe.rs:272:9
[INFO] [stdout]   11: std::panicking::try::do_call
[INFO] [stdout]              at /rustc/df4ca44d3fbc9301ee17f30f4d474e6ae4b05252/library/std/src/panicking.rs:557:40
[INFO] [stdout]   12: __rust_try
[INFO] [stdout]   13: std::panicking::try
[INFO] [stdout]              at /rustc/df4ca44d3fbc9301ee17f30f4d474e6ae4b05252/library/std/src/panicking.rs:520:19
[INFO] [stdout]   14: std::panic::catch_unwind
[INFO] [stdout]              at /rustc/df4ca44d3fbc9301ee17f30f4d474e6ae4b05252/library/std/src/panic.rs:358:14
[INFO] [stdout]   15: libtest_mimic::run_single
[INFO] [stdout]              at /opt/rustwide/cargo-home/registry/src/index.crates.io-6f17d22bba15001f/libtest-mimic-0.7.3/src/lib.rs:551:5
[INFO] [stdout]   16: libtest_mimic::run
[INFO] [stdout]              at /opt/rustwide/cargo-home/registry/src/index.crates.io-6f17d22bba15001f/libtest-mimic-0.7.3/src/lib.rs:493:17
[INFO] [stdout]   17: dropped_window::main
[INFO] [stdout]              at ./tests/dropped_window.rs:14:5
[INFO] [stdout]   18: core::ops::function::FnOnce::call_once
[INFO] [stdout]              at /rustc/df4ca44d3fbc9301ee17f30f4d474e6ae4b05252/library/core/src/ops/function.rs:250:5
[INFO] [stdout]   19: std::sys::backtrace::__rust_begin_short_backtrace
[INFO] [stdout]              at /rustc/df4ca44d3fbc9301ee17f30f4d474e6ae4b05252/library/std/src/sys/backtrace.rs:154:18
[INFO] [stdout]   20: std::rt::lang_start::{{closure}}
[INFO] [stdout]              at /rustc/df4ca44d3fbc9301ee17f30f4d474e6ae4b05252/library/std/src/rt.rs:195:18
[INFO] [stdout]   21: core::ops::function::impls::<impl core::ops::function::FnOnce<A> for &F>::call_once
[INFO] [stdout]              at /rustc/df4ca44d3fbc9301ee17f30f4d474e6ae4b05252/library/core/src/ops/function.rs:284:13
[INFO] [stdout]   22: std::panicking::try::do_call
[INFO] [stdout]              at /rustc/df4ca44d3fbc9301ee17f30f4d474e6ae4b05252/library/std/src/panicking.rs:557:40
[INFO] [stdout]   23: std::panicking::try
[INFO] [stdout]              at /rustc/df4ca44d3fbc9301ee17f30f4d474e6ae4b05252/library/std/src/panicking.rs:520:19
[INFO] [stdout]   24: std::panic::catch_unwind
[INFO] [stdout]              at /rustc/df4ca44d3fbc9301ee17f30f4d474e6ae4b05252/library/std/src/panic.rs:358:14
[INFO] [stdout]   25: std::rt::lang_start_internal::{{closure}}
[INFO] [stdout]              at /rustc/df4ca44d3fbc9301ee17f30f4d474e6ae4b05252/library/std/src/rt.rs:174:48
[INFO] [stdout]   26: std::panicking::try::do_call
[INFO] [stdout]              at /rustc/df4ca44d3fbc9301ee17f30f4d474e6ae4b05252/library/std/src/panicking.rs:557:40
[INFO] [stdout]   27: std::panicking::try
[INFO] [stdout]              at /rustc/df4ca44d3fbc9301ee17f30f4d474e6ae4b05252/library/std/src/panicking.rs:520:19
[INFO] [stdout]   28: std::panic::catch_unwind
[INFO] [stdout]              at /rustc/df4ca44d3fbc9301ee17f30f4d474e6ae4b05252/library/std/src/panic.rs:358:14
[INFO] [stdout]   29: std::rt::lang_start_internal
[INFO] [stdout]              at /rustc/df4ca44d3fbc9301ee17f30f4d474e6ae4b05252/library/std/src/rt.rs:174:20
[INFO] [stdout]   30: std::rt::lang_start
[INFO] [stdout]              at /rustc/df4ca44d3fbc9301ee17f30f4d474e6ae4b05252/library/std/src/rt.rs:194:17
[INFO] [stdout]   31: main
[INFO] [stdout]   32: <unknown>
[INFO] [stdout]   33: __libc_start_main
[INFO] [stdout]   34: _start })
[INFO] [stdout] 
[INFO] [stdout] 
[INFO] [stdout] failures:
[INFO] [stdout]     should_not_send_events_for_dropped_windows
[INFO] [stdout] 
[INFO] [stdout] test result: FAILED. 0 passed; 1 failed; 0 ignored; 0 measured; 0 filtered out; finished in 0.02s
[INFO] [stdout] 
[INFO] [stderr] error: test failed, to rerun pass `--test dropped_window`
[INFO] running `Command { std: "docker" "inspect" "7fdc5382762557a1ba5bb803f2c60e8db7d9d165efe6eb35aff246b114c23a7e", kill_on_drop: false }`
[INFO] running `Command { std: "docker" "rm" "-f" "7fdc5382762557a1ba5bb803f2c60e8db7d9d165efe6eb35aff246b114c23a7e", kill_on_drop: false }`
[INFO] [stdout] 7fdc5382762557a1ba5bb803f2c60e8db7d9d165efe6eb35aff246b114c23a7e
