[INFO] fetching crate wmproxy 0.2.7...
[INFO] testing wmproxy-0.2.7 against nightly-2024-10-28+rustflags=-Zrandomize-layout for randomize-layout
[INFO] extracting crate wmproxy 0.2.7 into /workspace/builds/worker-6-tc2/source
[INFO] validating manifest of crates.io crate wmproxy 0.2.7 on toolchain nightly-2024-10-28
[INFO] running `Command { std: CARGO_HOME="/workspace/cargo-home" RUSTUP_HOME="/workspace/rustup-home" "/workspace/cargo-home/bin/cargo" "+nightly-2024-10-28" "metadata" "--manifest-path" "Cargo.toml" "--no-deps", kill_on_drop: false }`
[INFO] started tweaking crates.io crate wmproxy 0.2.7
[INFO] finished tweaking crates.io crate wmproxy 0.2.7
[INFO] tweaked toml for crates.io crate wmproxy 0.2.7 written to /workspace/builds/worker-6-tc2/source/Cargo.toml
[INFO] crate crates.io crate wmproxy 0.2.7 already has a lockfile, it will not be regenerated
[INFO] running `Command { std: CARGO_HOME="/workspace/cargo-home" RUSTUP_HOME="/workspace/rustup-home" "/workspace/cargo-home/bin/cargo" "+nightly-2024-10-28" "fetch" "--manifest-path" "Cargo.toml", kill_on_drop: false }`
[INFO] running `Command { std: "docker" "create" "-v" "/var/lib/crater-agent-workspace/builds/worker-6-tc2/target:/opt/rustwide/target:rw,Z" "-v" "/var/lib/crater-agent-workspace/builds/worker-6-tc2/source:/opt/rustwide/workdir:ro,Z" "-v" "/var/lib/crater-agent-workspace/cargo-home:/opt/rustwide/cargo-home:ro,Z" "-v" "/var/lib/crater-agent-workspace/rustup-home:/opt/rustwide/rustup-home:ro,Z" "-e" "SOURCE_DIR=/opt/rustwide/workdir" "-e" "CARGO_TARGET_DIR=/opt/rustwide/target" "-e" "CARGO_HOME=/opt/rustwide/cargo-home" "-e" "RUSTUP_HOME=/opt/rustwide/rustup-home" "-w" "/opt/rustwide/workdir" "-m" "1610612736" "--user" "0:0" "--network" "none" "ghcr.io/rust-lang/crates-build-env/linux@sha256:4a844ea9eb2546a2d2c7022eacef16ef2e8229c7fbb2c7d4d55a9ceca922f72d" "/opt/rustwide/cargo-home/bin/cargo" "+nightly-2024-10-28" "metadata" "--no-deps" "--format-version=1", kill_on_drop: false }`
[INFO] [stdout] 50a93d7e7221a8f6cb59538d0b750580d84fbcc6145966b091ac9d3278fee2de
[INFO] running `Command { std: "docker" "start" "-a" "50a93d7e7221a8f6cb59538d0b750580d84fbcc6145966b091ac9d3278fee2de", kill_on_drop: false }`
[INFO] running `Command { std: "docker" "inspect" "50a93d7e7221a8f6cb59538d0b750580d84fbcc6145966b091ac9d3278fee2de", kill_on_drop: false }`
[INFO] running `Command { std: "docker" "rm" "-f" "50a93d7e7221a8f6cb59538d0b750580d84fbcc6145966b091ac9d3278fee2de", kill_on_drop: false }`
[INFO] [stdout] 50a93d7e7221a8f6cb59538d0b750580d84fbcc6145966b091ac9d3278fee2de
[INFO] running `Command { std: "docker" "create" "-v" "/var/lib/crater-agent-workspace/builds/worker-6-tc2/target:/opt/rustwide/target:rw,Z" "-v" "/var/lib/crater-agent-workspace/builds/worker-6-tc2/source:/opt/rustwide/workdir:ro,Z" "-v" "/var/lib/crater-agent-workspace/cargo-home:/opt/rustwide/cargo-home:ro,Z" "-v" "/var/lib/crater-agent-workspace/rustup-home:/opt/rustwide/rustup-home:ro,Z" "-e" "SOURCE_DIR=/opt/rustwide/workdir" "-e" "CARGO_TARGET_DIR=/opt/rustwide/target" "-e" "CARGO_INCREMENTAL=0" "-e" "RUST_BACKTRACE=full" "-e" "RUSTFLAGS=--cap-lints=forbid -Zrandomize-layout" "-e" "RUSTDOCFLAGS=--cap-lints=forbid" "-e" "CARGO_HOME=/opt/rustwide/cargo-home" "-e" "RUSTUP_HOME=/opt/rustwide/rustup-home" "-w" "/opt/rustwide/workdir" "-m" "1610612736" "--user" "0:0" "--network" "none" "ghcr.io/rust-lang/crates-build-env/linux@sha256:4a844ea9eb2546a2d2c7022eacef16ef2e8229c7fbb2c7d4d55a9ceca922f72d" "/opt/rustwide/cargo-home/bin/cargo" "+nightly-2024-10-28" "build" "--frozen" "--message-format=json", kill_on_drop: false }`
[INFO] [stdout] 0dcd43f8a0fd9da4e860d14d8d1e52c85310ac2e564236a80f1bcaf845286b7c
[INFO] running `Command { std: "docker" "start" "-a" "0dcd43f8a0fd9da4e860d14d8d1e52c85310ac2e564236a80f1bcaf845286b7c", kill_on_drop: false }`
[INFO] [stderr]    Compiling serde v1.0.195
[INFO] [stderr]    Compiling value-bag v1.6.0
[INFO] [stderr]    Compiling crossbeam-utils v0.8.19
[INFO] [stderr]    Compiling memchr v2.7.1
[INFO] [stderr]    Compiling smallvec v1.13.1
[INFO] [stderr]    Compiling proc-macro2 v1.0.78
[INFO] [stderr]    Compiling iana-time-zone v0.1.59
[INFO] [stderr]    Compiling num-traits v0.2.17
[INFO] [stderr]    Compiling num_cpus v1.16.0
[INFO] [stderr]    Compiling tracing v0.1.40
[INFO] [stderr]    Compiling bitflags v2.4.2
[INFO] [stderr]    Compiling rustls-pki-types v1.1.0
[INFO] [stderr]    Compiling rustix v0.38.30
[INFO] [stderr]    Compiling futures-channel v0.3.30
[INFO] [stderr]    Compiling futures-lite v2.2.0
[INFO] [stderr]    Compiling socket2 v0.5.5
[INFO] [stderr]    Compiling mio v0.8.10
[INFO] [stderr]    Compiling signal-hook-registry v1.4.1
[INFO] [stderr]    Compiling parking_lot_core v0.9.9
[INFO] [stderr]    Compiling linux-raw-sys v0.4.13
[INFO] [stderr]    Compiling strsim v0.10.0
[INFO] [stderr]    Compiling quote v1.0.35
[INFO] [stderr]    Compiling hashbrown v0.14.3
[INFO] [stderr]    Compiling async-task v4.7.0
[INFO] [stderr]    Compiling rustix v0.37.27
[INFO] [stderr]    Compiling syn v2.0.48
[INFO] [stderr]    Compiling concurrent-queue v2.4.0
[INFO] [stderr]    Compiling parking_lot v0.12.1
[INFO] [stderr]    Compiling syn v1.0.109
[INFO] [stderr]    Compiling aho-corasick v1.1.2
[INFO] [stderr]    Compiling rustls v0.22.2
[INFO] [stderr]    Compiling event-listener v4.0.3
[INFO] [stderr]    Compiling piper v0.2.1
[INFO] [stderr]    Compiling io-lifetimes v1.0.11
[INFO] [stderr]    Compiling rustls-webpki v0.102.1
[INFO] [stderr]    Compiling anyhow v1.0.79
[INFO] [stderr]    Compiling linked-hash-map v0.5.6
[INFO] [stderr]    Compiling destructure_traitobject v0.2.0
[INFO] [stderr]    Compiling winnow v0.5.34
[INFO] [stderr]    Compiling either v1.9.0
[INFO] [stderr]    Compiling chrono v0.4.33
[INFO] [stderr]    Compiling async-trait v0.1.77
[INFO] [stderr]    Compiling event-listener-strategy v0.4.0
[INFO] [stderr]    Compiling yaml-rust v0.4.5
[INFO] [stderr]    Compiling futures-lite v1.13.0
[INFO] [stderr]    Compiling indexmap v1.9.3
[INFO] [stderr]    Compiling async-lock v3.3.0
[INFO] [stderr]    Compiling indexmap v2.1.0
[INFO] [stderr]    Compiling async-channel v2.1.1
[INFO] [stderr]    Compiling unsafe-any-ors v1.0.0
[INFO] [stderr]    Compiling brotli-decompressor v2.5.1
[INFO] [stderr]    Compiling ordered-float v2.10.1
[INFO] [stderr]    Compiling async-executor v1.8.0
[INFO] [stderr]    Compiling blocking v1.5.1
[INFO] [stderr]    Compiling socket2 v0.4.10
[INFO] [stderr]    Compiling regex-automata v0.4.5
[INFO] [stderr]    Compiling cpufeatures v0.2.12
[INFO] [stderr]    Compiling anstream v0.6.11
[INFO] [stderr]    Compiling sha1 v0.10.6
[INFO] [stderr]    Compiling typemap-ors v1.0.0
[INFO] [stderr]    Compiling flate2 v1.0.28
[INFO] [stderr]    Compiling brotli v3.4.0
[INFO] [stderr]    Compiling async-channel v1.9.0
[INFO] [stderr]    Compiling pem v3.0.3
[INFO] [stderr]    Compiling bcder v0.7.4
[INFO] [stderr]    Compiling webpki-roots v0.26.0
[INFO] [stderr]    Compiling thread-id v4.2.1
[INFO] [stderr]    Compiling unicode-width v0.1.11
[INFO] [stderr]    Compiling rbtree v0.2.0
[INFO] [stderr]    Compiling arc-swap v1.6.0
[INFO] [stderr]    Compiling log-mdc v0.1.0
[INFO] [stderr]    Compiling signature v2.2.0
[INFO] [stderr]    Compiling console v0.15.8
[INFO] [stderr]    Compiling rustls-pemfile v2.0.0
[INFO] [stderr]    Compiling webpki v0.22.4
[INFO] [stderr]    Compiling commander v0.1.5
[INFO] [stderr]    Compiling darling_core v0.20.3
[INFO] [stderr]    Compiling serde_derive v1.0.195
[INFO] [stderr]    Compiling zeroize_derive v1.4.2
[INFO] [stderr]    Compiling tokio-macros v2.2.0
[INFO] [stderr]    Compiling futures-macro v0.3.30
[INFO] [stderr]    Compiling thiserror-impl v1.0.56
[INFO] [stderr]    Compiling bpaf_derive v0.5.7
[INFO] [stderr]    Compiling async-recursion v1.0.5
[INFO] [stderr]    Compiling regex v1.10.3
[INFO] [stderr]    Compiling tokio v1.35.1
[INFO] [stderr]    Compiling zeroize v1.7.0
[INFO] [stderr]    Compiling der v0.7.8
[INFO] [stderr]    Compiling thiserror v1.0.56
[INFO] [stderr]    Compiling bpaf v0.9.9
[INFO] [stderr]    Compiling futures-util v0.3.30
[INFO] [stderr]    Compiling derivative v2.2.0
[INFO] [stderr]    Compiling forever-rs v0.1.2
[INFO] [stderr]    Compiling darling_macro v0.20.3
[INFO] [stderr]    Compiling polling v3.3.2
[INFO] [stderr]    Compiling darling v0.20.3
[INFO] [stderr]    Compiling serde_with_macros v3.5.1
[INFO] [stderr]    Compiling async-io v2.3.0
[INFO] [stderr]    Compiling spki v0.7.3
[INFO] [stderr]    Compiling x509-certificate v0.23.1
[INFO] [stderr]    Compiling async-global-executor v2.4.1
[INFO] [stderr]    Compiling futures-executor v0.3.30
[INFO] [stderr]    Compiling futures v0.3.30
[INFO] [stderr]    Compiling tokio-stream v0.1.14
[INFO] [stderr]    Compiling tokio-util v0.7.10
[INFO] [stderr]    Compiling neli-proc-macros v0.1.3
[INFO] [stderr]    Compiling log v0.4.20
[INFO] [stderr]    Compiling toml_datetime v0.6.5
[INFO] [stderr]    Compiling serde_spanned v0.6.5
[INFO] [stderr]    Compiling serde-value v0.7.0
[INFO] [stderr]    Compiling serde_yaml v0.8.26
[INFO] [stderr]    Compiling serde_json v1.0.111
[INFO] [stderr]    Compiling serde_yaml v0.9.30
[INFO] [stderr]    Compiling serde_with v3.5.1
[INFO] [stderr]    Compiling toml_edit v0.21.0
[INFO] [stderr]    Compiling polling v2.8.0
[INFO] [stderr]    Compiling kv-log-macro v1.0.7
[INFO] [stderr]    Compiling webparse v0.2.7
[INFO] [stderr]    Compiling async-io v1.13.0
[INFO] [stderr]    Compiling env_filter v0.1.0
[INFO] [stderr]    Compiling env_logger v0.11.0
[INFO] [stderr]    Compiling neli v0.6.4
[INFO] [stderr]    Compiling async-std v1.12.0
[INFO] [stderr]    Compiling log4rs v1.2.0
[INFO] [stderr]    Compiling toml v0.8.8
[INFO] [stderr]    Compiling local-ip-address v0.6.1
[INFO] [stderr]    Compiling tokio-rustls v0.25.0
[INFO] [stderr]    Compiling wenmeng v0.2.7
[INFO] [stderr]    Compiling wmproxy v0.2.7 (/opt/rustwide/workdir)
[INFO] [stdout] warning: unused return value of `std::hash::Hasher::finish` that must be used
[INFO] [stdout]   --> src/reverse/location.rs:68:9
[INFO] [stdout]    |
[INFO] [stdout] 68 |         state.finish();
[INFO] [stdout]    |         ^^^^^^^^^^^^^^
[INFO] [stdout]    |
[INFO] [stdout]    = note: `#[warn(unused_must_use)]` on by default
[INFO] [stdout] help: use `let _ = ...` to ignore the resulting value
[INFO] [stdout]    |
[INFO] [stdout] 68 |         let _ = state.finish();
[INFO] [stdout]    |         +++++++
[INFO] [stdout] 
[INFO] [stdout] 
[INFO] [stderr]     Finished `dev` profile [unoptimized + debuginfo] target(s) in 36.81s
[INFO] running `Command { std: "docker" "inspect" "0dcd43f8a0fd9da4e860d14d8d1e52c85310ac2e564236a80f1bcaf845286b7c", kill_on_drop: false }`
[INFO] running `Command { std: "docker" "rm" "-f" "0dcd43f8a0fd9da4e860d14d8d1e52c85310ac2e564236a80f1bcaf845286b7c", kill_on_drop: false }`
[INFO] [stdout] 0dcd43f8a0fd9da4e860d14d8d1e52c85310ac2e564236a80f1bcaf845286b7c
[INFO] running `Command { std: "docker" "create" "-v" "/var/lib/crater-agent-workspace/builds/worker-6-tc2/target:/opt/rustwide/target:rw,Z" "-v" "/var/lib/crater-agent-workspace/builds/worker-6-tc2/source:/opt/rustwide/workdir:ro,Z" "-v" "/var/lib/crater-agent-workspace/cargo-home:/opt/rustwide/cargo-home:ro,Z" "-v" "/var/lib/crater-agent-workspace/rustup-home:/opt/rustwide/rustup-home:ro,Z" "-e" "SOURCE_DIR=/opt/rustwide/workdir" "-e" "CARGO_TARGET_DIR=/opt/rustwide/target" "-e" "CARGO_INCREMENTAL=0" "-e" "RUST_BACKTRACE=full" "-e" "RUSTFLAGS=--cap-lints=forbid -Zrandomize-layout" "-e" "RUSTDOCFLAGS=--cap-lints=forbid" "-e" "CARGO_HOME=/opt/rustwide/cargo-home" "-e" "RUSTUP_HOME=/opt/rustwide/rustup-home" "-w" "/opt/rustwide/workdir" "-m" "1610612736" "--user" "0:0" "--network" "none" "ghcr.io/rust-lang/crates-build-env/linux@sha256:4a844ea9eb2546a2d2c7022eacef16ef2e8229c7fbb2c7d4d55a9ceca922f72d" "/opt/rustwide/cargo-home/bin/cargo" "+nightly-2024-10-28" "test" "--frozen" "--no-run" "--message-format=json", kill_on_drop: false }`
[INFO] [stdout] 777ca6cfbca3f0d0378e2e2c338b232a3b9746346d51e04144cc313978370326
[INFO] running `Command { std: "docker" "start" "-a" "777ca6cfbca3f0d0378e2e2c338b232a3b9746346d51e04144cc313978370326", kill_on_drop: false }`
[INFO] [stderr]    Compiling wmproxy v0.2.7 (/opt/rustwide/workdir)
[INFO] [stdout] warning: unused return value of `std::hash::Hasher::finish` that must be used
[INFO] [stdout]   --> src/reverse/location.rs:68:9
[INFO] [stdout]    |
[INFO] [stdout] 68 |         state.finish();
[INFO] [stdout]    |         ^^^^^^^^^^^^^^
[INFO] [stdout]    |
[INFO] [stdout]    = note: `#[warn(unused_must_use)]` on by default
[INFO] [stdout] help: use `let _ = ...` to ignore the resulting value
[INFO] [stdout]    |
[INFO] [stdout] 68 |         let _ = state.finish();
[INFO] [stdout]    |         +++++++
[INFO] [stdout] 
[INFO] [stdout] 
[INFO] [stdout] warning: unused import: `async_std::net`
[INFO] [stdout]  --> examples/arg.rs:1:5
[INFO] [stdout]   |
[INFO] [stdout] 1 | use async_std::net;
[INFO] [stdout]   |     ^^^^^^^^^^^^^^
[INFO] [stdout]   |
[INFO] [stdout]   = note: `#[warn(unused_imports)]` on by default
[INFO] [stdout] 
[INFO] [stdout] 
[INFO] [stdout] warning: function `verbose` is never used
[INFO] [stdout]   --> examples/arg.rs:29:4
[INFO] [stdout]    |
[INFO] [stdout] 29 | fn verbose() -> impl Parser<usize> {
[INFO] [stdout]    |    ^^^^^^^
[INFO] [stdout]    |
[INFO] [stdout]    = note: `#[warn(dead_code)]` on by default
[INFO] [stdout] 
[INFO] [stdout] 
[INFO] [stdout] warning: function `positive` is never used
[INFO] [stdout]   --> examples/arg.rs:40:4
[INFO] [stdout]    |
[INFO] [stdout] 40 | fn positive(input: &u32) -> bool {
[INFO] [stdout]    |    ^^^^^^^^
[INFO] [stdout] 
[INFO] [stdout] 
[INFO] [stdout] warning: unused variable: `first`
[INFO] [stdout]    --> examples/proxy.rs:105:9
[INFO] [stdout]     |
[INFO] [stdout] 105 |     let first = &src[..7];
[INFO] [stdout]     |         ^^^^^ help: if this is intentional, prefix it with an underscore: `_first`
[INFO] [stdout]     |
[INFO] [stdout]     = note: `#[warn(unused_variables)]` on by default
[INFO] [stdout] 
[INFO] [stdout] 
[INFO] [stdout] warning: unused variable: `second`
[INFO] [stdout]    --> examples/proxy.rs:106:9
[INFO] [stdout]     |
[INFO] [stdout] 106 |     let second = &src[3..8];
[INFO] [stdout]     |         ^^^^^^ help: if this is intentional, prefix it with an underscore: `_second`
[INFO] [stdout] 
[INFO] [stdout] 
[INFO] [stdout] warning: unused variable: `end`
[INFO] [stdout]    --> examples/proxy.rs:107:9
[INFO] [stdout]     |
[INFO] [stdout] 107 |     let end = &src[8..];
[INFO] [stdout]     |         ^^^ help: if this is intentional, prefix it with an underscore: `_end`
[INFO] [stdout] 
[INFO] [stdout] 
[INFO] [stdout] warning: unused return value of `std::hash::Hasher::finish` that must be used
[INFO] [stdout]   --> src/reverse/location.rs:68:9
[INFO] [stdout]    |
[INFO] [stdout] 68 |         state.finish();
[INFO] [stdout]    |         ^^^^^^^^^^^^^^
[INFO] [stdout]    |
[INFO] [stdout]    = note: `#[warn(unused_must_use)]` on by default
[INFO] [stdout] help: use `let _ = ...` to ignore the resulting value
[INFO] [stdout]    |
[INFO] [stdout] 68 |         let _ = state.finish();
[INFO] [stdout]    |         +++++++
[INFO] [stdout] 
[INFO] [stdout] 
[INFO] [stderr]     Finished `test` profile [unoptimized + debuginfo] target(s) in 4.46s
[INFO] running `Command { std: "docker" "inspect" "777ca6cfbca3f0d0378e2e2c338b232a3b9746346d51e04144cc313978370326", kill_on_drop: false }`
[INFO] running `Command { std: "docker" "rm" "-f" "777ca6cfbca3f0d0378e2e2c338b232a3b9746346d51e04144cc313978370326", kill_on_drop: false }`
[INFO] [stdout] 777ca6cfbca3f0d0378e2e2c338b232a3b9746346d51e04144cc313978370326
[INFO] running `Command { std: "docker" "create" "-v" "/var/lib/crater-agent-workspace/builds/worker-6-tc2/target:/opt/rustwide/target:rw,Z" "-v" "/var/lib/crater-agent-workspace/builds/worker-6-tc2/source:/opt/rustwide/workdir:ro,Z" "-v" "/var/lib/crater-agent-workspace/cargo-home:/opt/rustwide/cargo-home:ro,Z" "-v" "/var/lib/crater-agent-workspace/rustup-home:/opt/rustwide/rustup-home:ro,Z" "-e" "SOURCE_DIR=/opt/rustwide/workdir" "-e" "CARGO_TARGET_DIR=/opt/rustwide/target" "-e" "CARGO_INCREMENTAL=0" "-e" "RUST_BACKTRACE=full" "-e" "RUSTFLAGS=--cap-lints=forbid -Zrandomize-layout" "-e" "RUSTDOCFLAGS=--cap-lints=forbid" "-e" "CARGO_HOME=/opt/rustwide/cargo-home" "-e" "RUSTUP_HOME=/opt/rustwide/rustup-home" "-w" "/opt/rustwide/workdir" "-m" "1610612736" "--user" "0:0" "--network" "none" "ghcr.io/rust-lang/crates-build-env/linux@sha256:4a844ea9eb2546a2d2c7022eacef16ef2e8229c7fbb2c7d4d55a9ceca922f72d" "/opt/rustwide/cargo-home/bin/cargo" "+nightly-2024-10-28" "test" "--frozen", kill_on_drop: false }`
[INFO] [stdout] 21ce975ab1b8d752af9b1f94b490c1002d42bdd7ddcf103e26f4ae47cd390c88
[INFO] running `Command { std: "docker" "start" "-a" "21ce975ab1b8d752af9b1f94b490c1002d42bdd7ddcf103e26f4ae47cd390c88", kill_on_drop: false }`
[INFO] [stderr] warning: unused return value of `std::hash::Hasher::finish` that must be used
[INFO] [stderr]   --> src/reverse/location.rs:68:9
[INFO] [stderr]    |
[INFO] [stderr] 68 |         state.finish();
[INFO] [stderr]    |         ^^^^^^^^^^^^^^
[INFO] [stderr]    |
[INFO] [stderr]    = note: `#[warn(unused_must_use)]` on by default
[INFO] [stderr] help: use `let _ = ...` to ignore the resulting value
[INFO] [stderr]    |
[INFO] [stderr] 68 |         let _ = state.finish();
[INFO] [stderr]    |         +++++++
[INFO] [stderr] 
[INFO] [stderr] warning: `wmproxy` (lib) generated 1 warning
[INFO] [stderr] warning: `wmproxy` (lib test) generated 1 warning (1 duplicate)
[INFO] [stderr] warning: unused variable: `first`
[INFO] [stderr]    --> examples/proxy.rs:105:9
[INFO] [stderr]     |
[INFO] [stderr] 105 |     let first = &src[..7];
[INFO] [stderr]     |         ^^^^^ help: if this is intentional, prefix it with an underscore: `_first`
[INFO] [stderr]     |
[INFO] [stderr]     = note: `#[warn(unused_variables)]` on by default
[INFO] [stderr] 
[INFO] [stderr] warning: unused variable: `second`
[INFO] [stderr]    --> examples/proxy.rs:106:9
[INFO] [stderr]     |
[INFO] [stderr] 106 |     let second = &src[3..8];
[INFO] [stderr]     |         ^^^^^^ help: if this is intentional, prefix it with an underscore: `_second`
[INFO] [stderr] 
[INFO] [stderr] warning: unused variable: `end`
[INFO] [stderr]    --> examples/proxy.rs:107:9
[INFO] [stderr]     |
[INFO] [stderr] 107 |     let end = &src[8..];
[INFO] [stderr]     |         ^^^ help: if this is intentional, prefix it with an underscore: `_end`
[INFO] [stderr] 
[INFO] [stderr] warning: unused import: `async_std::net`
[INFO] [stderr]  --> examples/arg.rs:1:5
[INFO] [stderr]   |
[INFO] [stderr] 1 | use async_std::net;
[INFO] [stderr]   |     ^^^^^^^^^^^^^^
[INFO] [stderr]   |
[INFO] [stderr]   = note: `#[warn(unused_imports)]` on by default
[INFO] [stderr] 
[INFO] [stderr] warning: function `verbose` is never used
[INFO] [stderr]   --> examples/arg.rs:29:4
[INFO] [stderr]    |
[INFO] [stderr] 29 | fn verbose() -> impl Parser<usize> {
[INFO] [stderr]    |    ^^^^^^^
[INFO] [stderr]    |
[INFO] [stderr]    = note: `#[warn(dead_code)]` on by default
[INFO] [stderr] 
[INFO] [stderr] warning: function `positive` is never used
[INFO] [stderr]   --> examples/arg.rs:40:4
[INFO] [stderr]    |
[INFO] [stderr] 40 | fn positive(input: &u32) -> bool {
[INFO] [stderr]    |    ^^^^^^^^
[INFO] [stderr] 
[INFO] [stderr] warning: `wmproxy` (example "proxy") generated 3 warnings
[INFO] [stderr] warning: `wmproxy` (example "arg") generated 3 warnings (run `cargo fix --example "arg"` to apply 1 suggestion)
[INFO] [stderr]     Finished `test` profile [unoptimized + debuginfo] target(s) in 0.15s
[INFO] [stderr]      Running unittests src/lib.rs (/opt/rustwide/target/debug/deps/wmproxy-ec306f3cf2203161)
[INFO] [stdout] 
[INFO] [stdout] running 24 tests
[INFO] [stdout] test config::duration::tests::test_display ... ok
[INFO] [stdout] test config::ip_sets::tests::do_test ... ok
[INFO] [stdout] test config::size::tests::test_display ... ok
[INFO] [stdout] test log::pattern::tests::custom_date_format ... ok
[INFO] [stdout] test log::pattern::tests::default_okay ... ok
[INFO] [stdout] test log::pattern::tests::escaped_chars ... ok
[INFO] [stdout] test log::pattern::tests::invalid_formatter ... ok
[INFO] [stdout] test log::pattern::tests::left_align ... ok
[INFO] [stdout] test log::pattern::tests::left_align_formatter ... ok
[INFO] [stdout] test log::pattern::tests::log ... ok
[INFO] [stdout] test log::pattern::tests::mdc_missing_default ... ok
[INFO] [stdout] test log::pattern::tests::process_id ... ok
[INFO] [stdout] test log::pattern::tests::quote_braces_with_backslash ... ok
[INFO] [stdout] test log::pattern::tests::timezones ... ok
[INFO] [stdout] test log::pattern::tests::unescaped_parens ... ok
[INFO] [stdout] test log::pattern::tests::right_align_formatter ... ok
[INFO] [stdout] test log::pattern::tests::unnamed_thread ... ok
[INFO] [stdout] test log::pattern::tests::named_thread ... ok
[INFO] [stdout] test log::pattern::tests::system_thread_id ... ok
[INFO] [stdout] test log::pattern::tests::right_align ... ok
[INFO] [stdout] test log::pattern::tests::unclosed_delimiter ... ok
[INFO] [stdout] test log::pattern::tests::thread_id_field ... ok
[INFO] [stdout] test config::header::tests::test_header ... ok
[INFO] [stdout] test helper::tests::do_test_reg ... ok
[INFO] [stdout] 
[INFO] [stdout] test result: ok. 24 passed; 0 failed; 0 ignored; 0 measured; 0 filtered out; finished in 0.02s
[INFO] [stdout] 
[INFO] [stderr]      Running unittests src/main.rs (/opt/rustwide/target/debug/deps/wmproxy-b752c7e6f3c7721a)
[INFO] [stdout] 
[INFO] [stdout] running 0 tests
[INFO] [stdout] 
[INFO] [stdout] test result: ok. 0 passed; 0 failed; 0 ignored; 0 measured; 0 filtered out; finished in 0.00s
[INFO] [stdout] 
[INFO] [stderr]      Running tests/mapping.rs (/opt/rustwide/target/debug/deps/mapping-7d70442957eb3ff2)
[INFO] [stdout] 
[INFO] [stdout] running 1 test
[INFO] [stdout] test tests::run_test ... FAILED
[INFO] [stdout] 
[INFO] [stdout] failures:
[INFO] [stdout] 
[INFO] [stdout] ---- tests::run_test stdout ----
[INFO] [stdout] Listening on: 127.0.0.1:44953
[INFO] [stdout] HTTP2:收到帧数据: Settings(Settings { flags: Flag(0x0), header_table_size: None, enable_push: None, max_concurrent_streams: None, initial_window_size: None, max_frame_size: None, max_header_list_size: None, enable_connect_protocol: None })
[INFO] [stdout] HTTP2:收到帧数据: Settings(Settings { flags: Flag(0x0), header_table_size: None, enable_push: None, max_concurrent_streams: Some(100), initial_window_size: Some(65535), max_frame_size: Some(16384), max_header_list_size: None, enable_connect_protocol: None })
[INFO] [stdout] HTTP2:收到帧数据: Headers(Headers { stream_id: StreamIdentifier(1), flags: Flag(END_STREAM | END_HEADERS) })
[INFO] [stdout] HTTP2:收到帧数据: Settings(Settings { flags: Flag(END_STREAM), header_table_size: None, enable_push: None, max_concurrent_streams: None, initial_window_size: None, max_frame_size: None, max_header_list_size: None, enable_connect_protocol: None })
[INFO] [stdout] HTTP2:收到帧数据: Settings(Settings { flags: Flag(END_STREAM), header_table_size: None, enable_push: None, max_concurrent_streams: None, initial_window_size: None, max_frame_size: None, max_header_list_size: None, enable_connect_protocol: None })
[INFO] [stdout] HTTP2:收到帧数据: Headers(Headers { stream_id: StreamIdentifier(1), flags: Flag(END_HEADERS) })
[INFO] [stdout] HTTP2:收到帧数据: Data(Data { stream_id: StreamIdentifier(1), data: Binary { ptr: 0x7ce050069b69, counter: RefCell { value: 1 }, cursor: 9, mark: 0, len: 13 }, flags: Flag(END_STREAM), pad_len: None })
[INFO] [stdout] thread 'tests::run_test' panicked at tests/mapping.rs:211:18:
[INFO] [stdout] called `Result::unwrap()` on an `Err` value: IoError(Custom { kind: InvalidData, error: InvalidCertificate(Expired) })
[INFO] [stdout] stack backtrace:
[INFO] [stdout]    0:     0x6231f72fbe1a - std::backtrace_rs::backtrace::libunwind::trace::h207520d6e9873551
[INFO] [stdout]                                at /rustc/df4ca44d3fbc9301ee17f30f4d474e6ae4b05252/library/std/src/../../backtrace/src/backtrace/libunwind.rs:116:5
[INFO] [stdout]    1:     0x6231f72fbe1a - std::backtrace_rs::backtrace::trace_unsynchronized::h2ed7433f370e3eca
[INFO] [stdout]                                at /rustc/df4ca44d3fbc9301ee17f30f4d474e6ae4b05252/library/std/src/../../backtrace/src/backtrace/mod.rs:66:5
[INFO] [stdout]    2:     0x6231f72fbe1a - std::sys::backtrace::_print_fmt::h916fac51166b18d7
[INFO] [stdout]                                at /rustc/df4ca44d3fbc9301ee17f30f4d474e6ae4b05252/library/std/src/sys/backtrace.rs:66:9
[INFO] [stdout]    3:     0x6231f72fbe1a - <std::sys::backtrace::BacktraceLock::print::DisplayBacktrace as core::fmt::Display>::fmt::ha0a4c9b8ce3802e6
[INFO] [stdout]                                at /rustc/df4ca44d3fbc9301ee17f30f4d474e6ae4b05252/library/std/src/sys/backtrace.rs:39:26
[INFO] [stdout]    4:     0x6231f7326a03 - core::fmt::rt::Argument::fmt::h4cfc8587d52b3eb5
[INFO] [stdout]                                at /rustc/df4ca44d3fbc9301ee17f30f4d474e6ae4b05252/library/core/src/fmt/rt.rs:177:76
[INFO] [stdout]    5:     0x6231f7326a03 - core::fmt::write::h522cc39e5b36ae9f
[INFO] [stdout]                                at /rustc/df4ca44d3fbc9301ee17f30f4d474e6ae4b05252/library/core/src/fmt/mod.rs:1190:21
[INFO] [stdout]    6:     0x6231f72f7d83 - std::io::Write::write_fmt::h7d3c26752da97734
[INFO] [stdout]                                at /rustc/df4ca44d3fbc9301ee17f30f4d474e6ae4b05252/library/std/src/io/mod.rs:1839:15
[INFO] [stdout]    7:     0x6231f72fbc62 - std::sys::backtrace::BacktraceLock::print::h4b9e00b29e9c0942
[INFO] [stdout]                                at /rustc/df4ca44d3fbc9301ee17f30f4d474e6ae4b05252/library/std/src/sys/backtrace.rs:42:9
[INFO] [stdout]    8:     0x6231f72fd2aa - std::panicking::default_hook::{{closure}}::hb59b88280d0324d9
[INFO] [stdout]                                at /rustc/df4ca44d3fbc9301ee17f30f4d474e6ae4b05252/library/std/src/panicking.rs:268:22
[INFO] [stdout]    9:     0x6231f72fd0b4 - std::panicking::default_hook::he1dd496665be4a29
[INFO] [stdout]                                at /rustc/df4ca44d3fbc9301ee17f30f4d474e6ae4b05252/library/std/src/panicking.rs:292:9
[INFO] [stdout]   10:     0x6231f6663829 - <alloc::boxed::Box<F,A> as core::ops::function::Fn<Args>>::call::h4ff71de18744e1dc
[INFO] [stdout]                                at /rustc/df4ca44d3fbc9301ee17f30f4d474e6ae4b05252/library/alloc/src/boxed.rs:2468:9
[INFO] [stdout]   11:     0x6231f6663829 - test::test_main::{{closure}}::hcf7c055ce117aa81
[INFO] [stdout]                                at /rustc/df4ca44d3fbc9301ee17f30f4d474e6ae4b05252/library/test/src/lib.rs:133:21
[INFO] [stdout]   12:     0x6231f72fd9a8 - <alloc::boxed::Box<F,A> as core::ops::function::Fn<Args>>::call::h1d66c6bbd60c9692
[INFO] [stdout]                                at /rustc/df4ca44d3fbc9301ee17f30f4d474e6ae4b05252/library/alloc/src/boxed.rs:2468:9
[INFO] [stdout]   13:     0x6231f72fd9a8 - std::panicking::rust_panic_with_hook::h2ff17fe8f26dfcf8
[INFO] [stdout]                                at /rustc/df4ca44d3fbc9301ee17f30f4d474e6ae4b05252/library/std/src/panicking.rs:809:13
[INFO] [stdout]   14:     0x6231f72fd76a - std::panicking::begin_panic_handler::{{closure}}::h4fad77951c07e101
[INFO] [stdout]                                at /rustc/df4ca44d3fbc9301ee17f30f4d474e6ae4b05252/library/std/src/panicking.rs:674:13
[INFO] [stdout]   15:     0x6231f72fc2f9 - std::sys::backtrace::__rust_end_short_backtrace::hb1a25b3da5d0ea08
[INFO] [stdout]                                at /rustc/df4ca44d3fbc9301ee17f30f4d474e6ae4b05252/library/std/src/sys/backtrace.rs:170:18
[INFO] [stdout]   16:     0x6231f72fd3fc - rust_begin_unwind
[INFO] [stdout]                                at /rustc/df4ca44d3fbc9301ee17f30f4d474e6ae4b05252/library/std/src/panicking.rs:665:5
[INFO] [stdout]   17:     0x6231f7324b70 - core::panicking::panic_fmt::ha9db07b529f9b256
[INFO] [stdout]                                at /rustc/df4ca44d3fbc9301ee17f30f4d474e6ae4b05252/library/core/src/panicking.rs:75:14
[INFO] [stdout]   18:     0x6231f7325056 - core::result::unwrap_failed::h5e8218e4d4338b8a
[INFO] [stdout]                                at /rustc/df4ca44d3fbc9301ee17f30f4d474e6ae4b05252/library/core/src/result.rs:1698:5
[INFO] [stdout]   19:     0x6231f65e0f0c - core::result::Result<T,E>::unwrap::hfdbe38e59d27806b
[INFO] [stdout]                                at /rustc/df4ca44d3fbc9301ee17f30f4d474e6ae4b05252/library/core/src/result.rs:1103:23
[INFO] [stdout]   20:     0x6231f65e0f0c - mapping::tests::run_test::{{closure}}::hbc14087dedb89128
[INFO] [stdout]                                at /opt/rustwide/workdir/tests/mapping.rs:206:26
[INFO] [stdout]   21:     0x6231f66022e2 - <core::pin::Pin<P> as core::future::future::Future>::poll::h64b539f4756c3d20
[INFO] [stdout]                                at /rustc/df4ca44d3fbc9301ee17f30f4d474e6ae4b05252/library/core/src/future/future.rs:123:9
[INFO] [stdout]   22:     0x6231f660231d - <core::pin::Pin<P> as core::future::future::Future>::poll::h7751c04affdc8319
[INFO] [stdout]                                at /rustc/df4ca44d3fbc9301ee17f30f4d474e6ae4b05252/library/core/src/future/future.rs:123:9
[INFO] [stdout]   23:     0x6231f65f2ccf - tokio::runtime::scheduler::current_thread::CoreGuard::block_on::{{closure}}::{{closure}}::{{closure}}::h1e53c4c87fe033d5
[INFO] [stdout]                                at /opt/rustwide/cargo-home/registry/src/index.crates.io-6f17d22bba15001f/tokio-1.35.1/src/runtime/scheduler/current_thread/mod.rs:665:57
[INFO] [stdout]   24:     0x6231f65f2c05 - tokio::runtime::coop::with_budget::h2e1bfec6c9f96f11
[INFO] [stdout]                                at /opt/rustwide/cargo-home/registry/src/index.crates.io-6f17d22bba15001f/tokio-1.35.1/src/runtime/coop.rs:107:5
[INFO] [stdout]   25:     0x6231f65f2c05 - tokio::runtime::coop::budget::h95908a4aba9b3405
[INFO] [stdout]                                at /opt/rustwide/cargo-home/registry/src/index.crates.io-6f17d22bba15001f/tokio-1.35.1/src/runtime/coop.rs:73:5
[INFO] [stdout]   26:     0x6231f65f2c05 - tokio::runtime::scheduler::current_thread::CoreGuard::block_on::{{closure}}::{{closure}}::h18d085e09a891f43
[INFO] [stdout]                                at /opt/rustwide/cargo-home/registry/src/index.crates.io-6f17d22bba15001f/tokio-1.35.1/src/runtime/scheduler/current_thread/mod.rs:665:25
[INFO] [stdout]   27:     0x6231f65f19b0 - tokio::runtime::scheduler::current_thread::Context::enter::hf6957185afcedd06
[INFO] [stdout]                                at /opt/rustwide/cargo-home/registry/src/index.crates.io-6f17d22bba15001f/tokio-1.35.1/src/runtime/scheduler/current_thread/mod.rs:410:19
[INFO] [stdout]   28:     0x6231f65f246e - tokio::runtime::scheduler::current_thread::CoreGuard::block_on::{{closure}}::h61352a2b8a856331
[INFO] [stdout]                                at /opt/rustwide/cargo-home/registry/src/index.crates.io-6f17d22bba15001f/tokio-1.35.1/src/runtime/scheduler/current_thread/mod.rs:664:36
[INFO] [stdout]   29:     0x6231f65f21e4 - tokio::runtime::scheduler::current_thread::CoreGuard::enter::{{closure}}::h83e0a519cc40d950
[INFO] [stdout]                                at /opt/rustwide/cargo-home/registry/src/index.crates.io-6f17d22bba15001f/tokio-1.35.1/src/runtime/scheduler/current_thread/mod.rs:743:68
[INFO] [stdout]   30:     0x6231f65f655b - tokio::runtime::context::scoped::Scoped<T>::set::h23c8afa0eb14e24d
[INFO] [stdout]                                at /opt/rustwide/cargo-home/registry/src/index.crates.io-6f17d22bba15001f/tokio-1.35.1/src/runtime/context/scoped.rs:40:9
[INFO] [stdout]   31:     0x6231f65f6399 - tokio::runtime::context::set_scheduler::{{closure}}::h4791a2062d9716ee
[INFO] [stdout]                                at /opt/rustwide/cargo-home/registry/src/index.crates.io-6f17d22bba15001f/tokio-1.35.1/src/runtime/context.rs:176:26
[INFO] [stdout]   32:     0x6231f65d7f4d - std::thread::local::LocalKey<T>::try_with::hafb14d8ae43e01b3
[INFO] [stdout]                                at /rustc/df4ca44d3fbc9301ee17f30f4d474e6ae4b05252/library/std/src/thread/local.rs:283:12
[INFO] [stdout]   33:     0x6231f65d711a - std::thread::local::LocalKey<T>::with::h6061096dc415c5c3
[INFO] [stdout]                                at /rustc/df4ca44d3fbc9301ee17f30f4d474e6ae4b05252/library/std/src/thread/local.rs:260:9
[INFO] [stdout]   34:     0x6231f65f634d - tokio::runtime::context::set_scheduler::h620dc655366b9284
[INFO] [stdout]                                at /opt/rustwide/cargo-home/registry/src/index.crates.io-6f17d22bba15001f/tokio-1.35.1/src/runtime/context.rs:176:9
[INFO] [stdout]   35:     0x6231f65f1f98 - tokio::runtime::scheduler::current_thread::CoreGuard::enter::hc717e508350b107f
[INFO] [stdout]                                at /opt/rustwide/cargo-home/registry/src/index.crates.io-6f17d22bba15001f/tokio-1.35.1/src/runtime/scheduler/current_thread/mod.rs:743:27
[INFO] [stdout]   36:     0x6231f65f2203 - tokio::runtime::scheduler::current_thread::CoreGuard::block_on::h26ff4a76f016d810
[INFO] [stdout]                                at /opt/rustwide/cargo-home/registry/src/index.crates.io-6f17d22bba15001f/tokio-1.35.1/src/runtime/scheduler/current_thread/mod.rs:652:19
[INFO] [stdout]   37:     0x6231f65ef80d - tokio::runtime::scheduler::current_thread::CurrentThread::block_on::{{closure}}::h9e5935d50be00237
[INFO] [stdout]                                at /opt/rustwide/cargo-home/registry/src/index.crates.io-6f17d22bba15001f/tokio-1.35.1/src/runtime/scheduler/current_thread/mod.rs:175:28
[INFO] [stdout]   38:     0x6231f65f7bf6 - tokio::runtime::context::runtime::enter_runtime::ha497033c45e8b79b
[INFO] [stdout]                                at /opt/rustwide/cargo-home/registry/src/index.crates.io-6f17d22bba15001f/tokio-1.35.1/src/runtime/context/runtime.rs:65:16
[INFO] [stdout]   39:     0x6231f65ef721 - tokio::runtime::scheduler::current_thread::CurrentThread::block_on::h62f14da13f916786
[INFO] [stdout]                                at /opt/rustwide/cargo-home/registry/src/index.crates.io-6f17d22bba15001f/tokio-1.35.1/src/runtime/scheduler/current_thread/mod.rs:167:9
[INFO] [stdout]   40:     0x6231f65fe202 - tokio::runtime::runtime::Runtime::block_on::he92fa4d27779f232
[INFO] [stdout]                                at /opt/rustwide/cargo-home/registry/src/index.crates.io-6f17d22bba15001f/tokio-1.35.1/src/runtime/runtime.rs:348:47
[INFO] [stdout]   41:     0x6231f65ddac3 - mapping::tests::run_test::h8789c73023b5928d
[INFO] [stdout]                                at /opt/rustwide/workdir/tests/mapping.rs:171:9
[INFO] [stdout]   42:     0x6231f65dd947 - mapping::tests::run_test::{{closure}}::hc81fded0cea30b46
[INFO] [stdout]                                at /opt/rustwide/workdir/tests/mapping.rs:118:24
[INFO] [stdout]   43:     0x6231f65e91a6 - core::ops::function::FnOnce::call_once::he87ddd509bec2244
[INFO] [stdout]                                at /rustc/df4ca44d3fbc9301ee17f30f4d474e6ae4b05252/library/core/src/ops/function.rs:250:5
[INFO] [stdout]   44:     0x6231f66680fb - core::ops::function::FnOnce::call_once::h22c3ba5715e93f05
[INFO] [stdout]                                at /rustc/df4ca44d3fbc9301ee17f30f4d474e6ae4b05252/library/core/src/ops/function.rs:250:5
[INFO] [stdout]   45:     0x6231f66680fb - test::__rust_begin_short_backtrace::h8e82d8113d0da17f
[INFO] [stdout]                                at /rustc/df4ca44d3fbc9301ee17f30f4d474e6ae4b05252/library/test/src/lib.rs:621:18
[INFO] [stdout]   46:     0x6231f6667a77 - test::run_test_in_process::{{closure}}::h33235f4f20b7b7c7
[INFO] [stdout]                                at /rustc/df4ca44d3fbc9301ee17f30f4d474e6ae4b05252/library/test/src/lib.rs:644:60
[INFO] [stdout]   47:     0x6231f6667a77 - <core::panic::unwind_safe::AssertUnwindSafe<F> as core::ops::function::FnOnce<()>>::call_once::hb5043206310c586f
[INFO] [stdout]                                at /rustc/df4ca44d3fbc9301ee17f30f4d474e6ae4b05252/library/core/src/panic/unwind_safe.rs:272:9
[INFO] [stdout]   48:     0x6231f6667a77 - std::panicking::try::do_call::h9ad4731a60ab23e2
[INFO] [stdout]                                at /rustc/df4ca44d3fbc9301ee17f30f4d474e6ae4b05252/library/std/src/panicking.rs:557:40
[INFO] [stdout]   49:     0x6231f6667a77 - std::panicking::try::h3824d23db772a716
[INFO] [stdout]                                at /rustc/df4ca44d3fbc9301ee17f30f4d474e6ae4b05252/library/std/src/panicking.rs:520:19
[INFO] [stdout]   50:     0x6231f6667a77 - std::panic::catch_unwind::h5afd514605fde46b
[INFO] [stdout]                                at /rustc/df4ca44d3fbc9301ee17f30f4d474e6ae4b05252/library/std/src/panic.rs:358:14
[INFO] [stdout]   51:     0x6231f6667a77 - test::run_test_in_process::h0d5cbfa7067d1720
[INFO] [stdout]                                at /rustc/df4ca44d3fbc9301ee17f30f4d474e6ae4b05252/library/test/src/lib.rs:644:27
[INFO] [stdout]   52:     0x6231f6667a77 - test::run_test::{{closure}}::h708eb8872708115d
[INFO] [stdout]                                at /rustc/df4ca44d3fbc9301ee17f30f4d474e6ae4b05252/library/test/src/lib.rs:565:43
[INFO] [stdout]   53:     0x6231f662b194 - test::run_test::{{closure}}::h392c51cee94713ab
[INFO] [stdout]                                at /rustc/df4ca44d3fbc9301ee17f30f4d474e6ae4b05252/library/test/src/lib.rs:595:41
[INFO] [stdout]   54:     0x6231f662b194 - std::sys::backtrace::__rust_begin_short_backtrace::h2f40290710935a8b
[INFO] [stdout]                                at /rustc/df4ca44d3fbc9301ee17f30f4d474e6ae4b05252/library/std/src/sys/backtrace.rs:154:18
[INFO] [stdout]   55:     0x6231f662e93e - std::thread::Builder::spawn_unchecked_::{{closure}}::{{closure}}::h3fd968d89053a903
[INFO] [stdout]                                at /rustc/df4ca44d3fbc9301ee17f30f4d474e6ae4b05252/library/std/src/thread/mod.rs:541:17
[INFO] [stdout]   56:     0x6231f662e93e - <core::panic::unwind_safe::AssertUnwindSafe<F> as core::ops::function::FnOnce<()>>::call_once::h743f637ba4229880
[INFO] [stdout]                                at /rustc/df4ca44d3fbc9301ee17f30f4d474e6ae4b05252/library/core/src/panic/unwind_safe.rs:272:9
[INFO] [stdout]   57:     0x6231f662e93e - std::panicking::try::do_call::h07440897322525a6
[INFO] [stdout]                                at /rustc/df4ca44d3fbc9301ee17f30f4d474e6ae4b05252/library/std/src/panicking.rs:557:40
[INFO] [stdout]   58:     0x6231f662e93e - std::panicking::try::he5a2e00188156637
[INFO] [stdout]                                at /rustc/df4ca44d3fbc9301ee17f30f4d474e6ae4b05252/library/std/src/panicking.rs:520:19
[INFO] [stdout]   59:     0x6231f662e93e - std::panic::catch_unwind::hbaf3cae49b3c6433
[INFO] [stdout]                                at /rustc/df4ca44d3fbc9301ee17f30f4d474e6ae4b05252/library/std/src/panic.rs:358:14
[INFO] [stdout]   60:     0x6231f662e93e - std::thread::Builder::spawn_unchecked_::{{closure}}::h8e141ea224820bce
[INFO] [stdout]                                at /rustc/df4ca44d3fbc9301ee17f30f4d474e6ae4b05252/library/std/src/thread/mod.rs:540:30
[INFO] [stdout]   61:     0x6231f662e93e - core::ops::function::FnOnce::call_once{{vtable.shim}}::h90d312fedd7b8ea8
[INFO] [stdout]                                at /rustc/df4ca44d3fbc9301ee17f30f4d474e6ae4b05252/library/core/src/ops/function.rs:250:5
[INFO] [stdout]   62:     0x6231f730234b - <alloc::boxed::Box<F,A> as core::ops::function::FnOnce<Args>>::call_once::h69aa08ddb6adb8b6
[INFO] [stdout]                                at /rustc/df4ca44d3fbc9301ee17f30f4d474e6ae4b05252/library/alloc/src/boxed.rs:2454:9
[INFO] [stdout]   63:     0x6231f730234b - <alloc::boxed::Box<F,A> as core::ops::function::FnOnce<Args>>::call_once::h5aa36efdb79c806f
[INFO] [stdout]                                at /rustc/df4ca44d3fbc9301ee17f30f4d474e6ae4b05252/library/alloc/src/boxed.rs:2454:9
[INFO] [stdout]   64:     0x6231f730234b - std::sys::pal::unix::thread::Thread::new::thread_start::h6cd80a1b4be5158d
[INFO] [stdout]                                at /rustc/df4ca44d3fbc9301ee17f30f4d474e6ae4b05252/library/std/src/sys/pal/unix/thread.rs:105:17
[INFO] [stdout]   65:     0x7ce056696ac3 - <unknown>
[INFO] [stdout]   66:     0x7ce056727a04 - clone
[INFO] [stdout]   67:                0x0 - <unknown>
[INFO] [stdout] 
[INFO] [stdout] 
[INFO] [stdout] failures:
[INFO] [stdout]     tests::run_test
[INFO] [stdout] 
[INFO] [stdout] test result: FAILED. 0 passed; 1 failed; 0 ignored; 0 measured; 0 filtered out; finished in 0.10s
[INFO] [stdout] 
[INFO] [stderr] error: test failed, to rerun pass `--test mapping`
[INFO] running `Command { std: "docker" "inspect" "21ce975ab1b8d752af9b1f94b490c1002d42bdd7ddcf103e26f4ae47cd390c88", kill_on_drop: false }`
[INFO] running `Command { std: "docker" "rm" "-f" "21ce975ab1b8d752af9b1f94b490c1002d42bdd7ddcf103e26f4ae47cd390c88", kill_on_drop: false }`
[INFO] [stdout] 21ce975ab1b8d752af9b1f94b490c1002d42bdd7ddcf103e26f4ae47cd390c88
