[INFO] fetching crate whitepool 1.0.0...
[INFO] testing whitepool-1.0.0 against nightly-2024-10-28 for randomize-layout
[INFO] extracting crate whitepool 1.0.0 into /workspace/builds/worker-1-tc1/source
[INFO] validating manifest of crates.io crate whitepool 1.0.0 on toolchain nightly-2024-10-28
[INFO] running `Command { std: CARGO_HOME="/workspace/cargo-home" RUSTUP_HOME="/workspace/rustup-home" "/workspace/cargo-home/bin/cargo" "+nightly-2024-10-28" "metadata" "--manifest-path" "Cargo.toml" "--no-deps", kill_on_drop: false }`
[INFO] started tweaking crates.io crate whitepool 1.0.0
[INFO] finished tweaking crates.io crate whitepool 1.0.0
[INFO] tweaked toml for crates.io crate whitepool 1.0.0 written to /workspace/builds/worker-1-tc1/source/Cargo.toml
[INFO] running `Command { std: CARGO_HOME="/workspace/cargo-home" RUSTUP_HOME="/workspace/rustup-home" "/workspace/cargo-home/bin/cargo" "+nightly-2024-10-28" "generate-lockfile" "--manifest-path" "Cargo.toml", kill_on_drop: false }`
[INFO] [stderr]     Updating crates.io index
[INFO] [stderr]      Locking 26 packages to latest compatible versions
[INFO] running `Command { std: CARGO_HOME="/workspace/cargo-home" RUSTUP_HOME="/workspace/rustup-home" "/workspace/cargo-home/bin/cargo" "+nightly-2024-10-28" "fetch" "--manifest-path" "Cargo.toml", kill_on_drop: false }`
[INFO] running `Command { std: "docker" "create" "-v" "/var/lib/crater-agent-workspace/builds/worker-1-tc1/target:/opt/rustwide/target:rw,Z" "-v" "/var/lib/crater-agent-workspace/builds/worker-1-tc1/source:/opt/rustwide/workdir:ro,Z" "-v" "/var/lib/crater-agent-workspace/cargo-home:/opt/rustwide/cargo-home:ro,Z" "-v" "/var/lib/crater-agent-workspace/rustup-home:/opt/rustwide/rustup-home:ro,Z" "-e" "SOURCE_DIR=/opt/rustwide/workdir" "-e" "CARGO_TARGET_DIR=/opt/rustwide/target" "-e" "CARGO_HOME=/opt/rustwide/cargo-home" "-e" "RUSTUP_HOME=/opt/rustwide/rustup-home" "-w" "/opt/rustwide/workdir" "-m" "1610612736" "--user" "0:0" "--network" "none" "ghcr.io/rust-lang/crates-build-env/linux@sha256:4a844ea9eb2546a2d2c7022eacef16ef2e8229c7fbb2c7d4d55a9ceca922f72d" "/opt/rustwide/cargo-home/bin/cargo" "+nightly-2024-10-28" "metadata" "--no-deps" "--format-version=1", kill_on_drop: false }`
[INFO] [stdout] ef1779ae116ab6b044f6a68fd91c0efdce9c18f30411a77c7cf3ca0fbd3ae753
[INFO] running `Command { std: "docker" "start" "-a" "ef1779ae116ab6b044f6a68fd91c0efdce9c18f30411a77c7cf3ca0fbd3ae753", kill_on_drop: false }`
[INFO] running `Command { std: "docker" "inspect" "ef1779ae116ab6b044f6a68fd91c0efdce9c18f30411a77c7cf3ca0fbd3ae753", kill_on_drop: false }`
[INFO] running `Command { std: "docker" "rm" "-f" "ef1779ae116ab6b044f6a68fd91c0efdce9c18f30411a77c7cf3ca0fbd3ae753", kill_on_drop: false }`
[INFO] [stdout] ef1779ae116ab6b044f6a68fd91c0efdce9c18f30411a77c7cf3ca0fbd3ae753
[INFO] running `Command { std: "docker" "create" "-v" "/var/lib/crater-agent-workspace/builds/worker-1-tc1/target:/opt/rustwide/target:rw,Z" "-v" "/var/lib/crater-agent-workspace/builds/worker-1-tc1/source:/opt/rustwide/workdir:ro,Z" "-v" "/var/lib/crater-agent-workspace/cargo-home:/opt/rustwide/cargo-home:ro,Z" "-v" "/var/lib/crater-agent-workspace/rustup-home:/opt/rustwide/rustup-home:ro,Z" "-e" "SOURCE_DIR=/opt/rustwide/workdir" "-e" "CARGO_TARGET_DIR=/opt/rustwide/target" "-e" "CARGO_INCREMENTAL=0" "-e" "RUST_BACKTRACE=full" "-e" "RUSTFLAGS=--cap-lints=forbid" "-e" "RUSTDOCFLAGS=--cap-lints=forbid" "-e" "CARGO_HOME=/opt/rustwide/cargo-home" "-e" "RUSTUP_HOME=/opt/rustwide/rustup-home" "-w" "/opt/rustwide/workdir" "-m" "1610612736" "--user" "0:0" "--network" "none" "ghcr.io/rust-lang/crates-build-env/linux@sha256:4a844ea9eb2546a2d2c7022eacef16ef2e8229c7fbb2c7d4d55a9ceca922f72d" "/opt/rustwide/cargo-home/bin/cargo" "+nightly-2024-10-28" "build" "--frozen" "--message-format=json", kill_on_drop: false }`
[INFO] [stdout] df6ecc67f2db39463377a49aa8bbd7adb8f0f58df0f3c77a59dd10326bcbbabc
[INFO] running `Command { std: "docker" "start" "-a" "df6ecc67f2db39463377a49aa8bbd7adb8f0f58df0f3c77a59dd10326bcbbabc", kill_on_drop: false }`
[INFO] [stderr]    Compiling proc-macro2 v1.0.89
[INFO] [stderr]    Compiling unicode-ident v1.0.13
[INFO] [stderr]    Compiling pin-project-lite v0.2.15
[INFO] [stderr]    Compiling quote v1.0.37
[INFO] [stderr]    Compiling syn v2.0.86
[INFO] [stderr]    Compiling tokio-macros v2.4.0
[INFO] [stderr]    Compiling tokio v1.41.0
[INFO] [stderr]    Compiling whitepool v1.0.0 (/opt/rustwide/workdir)
[INFO] [stderr]     Finished `dev` profile [unoptimized + debuginfo] target(s) in 9.86s
[INFO] running `Command { std: "docker" "inspect" "df6ecc67f2db39463377a49aa8bbd7adb8f0f58df0f3c77a59dd10326bcbbabc", kill_on_drop: false }`
[INFO] running `Command { std: "docker" "rm" "-f" "df6ecc67f2db39463377a49aa8bbd7adb8f0f58df0f3c77a59dd10326bcbbabc", kill_on_drop: false }`
[INFO] [stdout] df6ecc67f2db39463377a49aa8bbd7adb8f0f58df0f3c77a59dd10326bcbbabc
[INFO] running `Command { std: "docker" "create" "-v" "/var/lib/crater-agent-workspace/builds/worker-1-tc1/target:/opt/rustwide/target:rw,Z" "-v" "/var/lib/crater-agent-workspace/builds/worker-1-tc1/source:/opt/rustwide/workdir:ro,Z" "-v" "/var/lib/crater-agent-workspace/cargo-home:/opt/rustwide/cargo-home:ro,Z" "-v" "/var/lib/crater-agent-workspace/rustup-home:/opt/rustwide/rustup-home:ro,Z" "-e" "SOURCE_DIR=/opt/rustwide/workdir" "-e" "CARGO_TARGET_DIR=/opt/rustwide/target" "-e" "CARGO_INCREMENTAL=0" "-e" "RUST_BACKTRACE=full" "-e" "RUSTFLAGS=--cap-lints=forbid" "-e" "RUSTDOCFLAGS=--cap-lints=forbid" "-e" "CARGO_HOME=/opt/rustwide/cargo-home" "-e" "RUSTUP_HOME=/opt/rustwide/rustup-home" "-w" "/opt/rustwide/workdir" "-m" "1610612736" "--user" "0:0" "--network" "none" "ghcr.io/rust-lang/crates-build-env/linux@sha256:4a844ea9eb2546a2d2c7022eacef16ef2e8229c7fbb2c7d4d55a9ceca922f72d" "/opt/rustwide/cargo-home/bin/cargo" "+nightly-2024-10-28" "test" "--frozen" "--no-run" "--message-format=json", kill_on_drop: false }`
[INFO] [stdout] a5b9b87d5b84236e8c3da4e52ad8677d76f35b242880cffc6927b56865fb5de2
[INFO] running `Command { std: "docker" "start" "-a" "a5b9b87d5b84236e8c3da4e52ad8677d76f35b242880cffc6927b56865fb5de2", kill_on_drop: false }`
[INFO] [stderr]    Compiling whitepool v1.0.0 (/opt/rustwide/workdir)
[INFO] [stderr]     Finished `test` profile [unoptimized + debuginfo] target(s) in 0.43s
[INFO] running `Command { std: "docker" "inspect" "a5b9b87d5b84236e8c3da4e52ad8677d76f35b242880cffc6927b56865fb5de2", kill_on_drop: false }`
[INFO] running `Command { std: "docker" "rm" "-f" "a5b9b87d5b84236e8c3da4e52ad8677d76f35b242880cffc6927b56865fb5de2", kill_on_drop: false }`
[INFO] [stdout] a5b9b87d5b84236e8c3da4e52ad8677d76f35b242880cffc6927b56865fb5de2
[INFO] running `Command { std: "docker" "create" "-v" "/var/lib/crater-agent-workspace/builds/worker-1-tc1/target:/opt/rustwide/target:rw,Z" "-v" "/var/lib/crater-agent-workspace/builds/worker-1-tc1/source:/opt/rustwide/workdir:ro,Z" "-v" "/var/lib/crater-agent-workspace/cargo-home:/opt/rustwide/cargo-home:ro,Z" "-v" "/var/lib/crater-agent-workspace/rustup-home:/opt/rustwide/rustup-home:ro,Z" "-e" "SOURCE_DIR=/opt/rustwide/workdir" "-e" "CARGO_TARGET_DIR=/opt/rustwide/target" "-e" "CARGO_INCREMENTAL=0" "-e" "RUST_BACKTRACE=full" "-e" "RUSTFLAGS=--cap-lints=forbid" "-e" "RUSTDOCFLAGS=--cap-lints=forbid" "-e" "CARGO_HOME=/opt/rustwide/cargo-home" "-e" "RUSTUP_HOME=/opt/rustwide/rustup-home" "-w" "/opt/rustwide/workdir" "-m" "1610612736" "--user" "0:0" "--network" "none" "ghcr.io/rust-lang/crates-build-env/linux@sha256:4a844ea9eb2546a2d2c7022eacef16ef2e8229c7fbb2c7d4d55a9ceca922f72d" "/opt/rustwide/cargo-home/bin/cargo" "+nightly-2024-10-28" "test" "--frozen", kill_on_drop: false }`
[INFO] [stdout] 485ccefbc3cd932ef0f52504b704c90454fa4ce5a9e6d2ecee3789b7a43602bb
[INFO] running `Command { std: "docker" "start" "-a" "485ccefbc3cd932ef0f52504b704c90454fa4ce5a9e6d2ecee3789b7a43602bb", kill_on_drop: false }`
[INFO] [stderr]     Finished `test` profile [unoptimized + debuginfo] target(s) in 0.03s
[INFO] [stderr]      Running unittests src/lib.rs (/opt/rustwide/target/debug/deps/whitepool-245a3cadb9e37451)
[INFO] [stdout] 
[INFO] [stdout] running 0 tests
[INFO] [stdout] 
[INFO] [stdout] test result: ok. 0 passed; 0 failed; 0 ignored; 0 measured; 0 filtered out; finished in 0.00s
[INFO] [stdout] 
[INFO] [stderr]    Doc-tests whitepool
[INFO] [stdout] 
[INFO] [stdout] running 1 test
[INFO] [stdout] test src/pool.rs - pool::Resource (line 38) ... FAILED
[INFO] [stdout] 
[INFO] [stdout] failures:
[INFO] [stdout] 
[INFO] [stdout] ---- src/pool.rs - pool::Resource (line 38) stdout ----
[INFO] [stdout] error[E0433]: failed to resolve: use of undeclared type `Pool`
[INFO] [stdout]   --> src/pool.rs:48:20
[INFO] [stdout]    |
[INFO] [stdout] 11 |      let session = Pool::new(pool_size, 
[INFO] [stdout]    |                    ^^^^ use of undeclared type `Pool`
[INFO] [stdout]    |
[INFO] [stdout] help: a builtin type with a similar name exists
[INFO] [stdout]    |
[INFO] [stdout] 11 |      let session = bool::new(pool_size, 
[INFO] [stdout]    |                    ~~~~
[INFO] [stdout] help: consider importing this struct
[INFO] [stdout]    |
[INFO] [stdout] 3  + use whitepool::Pool;
[INFO] [stdout]    |
[INFO] [stdout] 
[INFO] [stdout] error[E0412]: cannot find type `Session` in this scope
[INFO] [stdout]   --> src/pool.rs:62:36
[INFO] [stdout]    |
[INFO] [stdout] 25 |  pub async fn printer(mut session: Session<Connection>) {
[INFO] [stdout]    |                                    ^^^^^^^ not found in this scope
[INFO] [stdout]    |
[INFO] [stdout] help: consider importing this struct
[INFO] [stdout]    |
[INFO] [stdout] 3  + use whitepool::Session;
[INFO] [stdout]    |
[INFO] [stdout] 
[INFO] [stdout] error: aborting due to 2 previous errors
[INFO] [stdout] 
[INFO] [stdout] Some errors have detailed explanations: E0412, E0433.
[INFO] [stdout] For more information about an error, try `rustc --explain E0412`.
[INFO] [stdout] Couldn't compile the test.
[INFO] [stdout] 
[INFO] [stdout] failures:
[INFO] [stdout]     src/pool.rs - pool::Resource (line 38)
[INFO] [stdout] 
[INFO] [stdout] test result: FAILED. 0 passed; 1 failed; 0 ignored; 0 measured; 0 filtered out; finished in 0.13s
[INFO] [stdout] 
[INFO] [stderr] error: doctest failed, to rerun pass `--doc`
[INFO] running `Command { std: "docker" "inspect" "485ccefbc3cd932ef0f52504b704c90454fa4ce5a9e6d2ecee3789b7a43602bb", kill_on_drop: false }`
[INFO] running `Command { std: "docker" "rm" "-f" "485ccefbc3cd932ef0f52504b704c90454fa4ce5a9e6d2ecee3789b7a43602bb", kill_on_drop: false }`
[INFO] [stdout] 485ccefbc3cd932ef0f52504b704c90454fa4ce5a9e6d2ecee3789b7a43602bb
