[INFO] fetching crate wgsl_bindgen 0.15.1...
[INFO] testing wgsl_bindgen-0.15.1 against nightly-2024-10-28+rustflags=-Zrandomize-layout for randomize-layout
[INFO] extracting crate wgsl_bindgen 0.15.1 into /workspace/builds/worker-4-tc2/source
[INFO] validating manifest of crates.io crate wgsl_bindgen 0.15.1 on toolchain nightly-2024-10-28
[INFO] running `Command { std: CARGO_HOME="/workspace/cargo-home" RUSTUP_HOME="/workspace/rustup-home" "/workspace/cargo-home/bin/cargo" "+nightly-2024-10-28" "metadata" "--manifest-path" "Cargo.toml" "--no-deps", kill_on_drop: false }`
[INFO] started tweaking crates.io crate wgsl_bindgen 0.15.1
[INFO] removed 0 missing tests
[INFO] finished tweaking crates.io crate wgsl_bindgen 0.15.1
[INFO] tweaked toml for crates.io crate wgsl_bindgen 0.15.1 written to /workspace/builds/worker-4-tc2/source/Cargo.toml
[INFO] running `Command { std: CARGO_HOME="/workspace/cargo-home" RUSTUP_HOME="/workspace/rustup-home" "/workspace/cargo-home/bin/cargo" "+nightly-2024-10-28" "generate-lockfile" "--manifest-path" "Cargo.toml", kill_on_drop: false }`
[INFO] [stderr]     Updating crates.io index
[INFO] [stderr]      Locking 156 packages to latest compatible versions
[INFO] [stderr]       Adding naga v22.1.0 (available: v23.0.0)
[INFO] [stderr]       Adding smol_str v0.2.2 (available: v0.3.2)
[INFO] [stderr]       Adding wgpu-types v22.0.0 (available: v23.0.0)
[INFO] running `Command { std: CARGO_HOME="/workspace/cargo-home" RUSTUP_HOME="/workspace/rustup-home" "/workspace/cargo-home/bin/cargo" "+nightly-2024-10-28" "fetch" "--manifest-path" "Cargo.toml", kill_on_drop: false }`
[INFO] running `Command { std: "docker" "create" "-v" "/var/lib/crater-agent-workspace/builds/worker-4-tc2/target:/opt/rustwide/target:rw,Z" "-v" "/var/lib/crater-agent-workspace/builds/worker-4-tc2/source:/opt/rustwide/workdir:ro,Z" "-v" "/var/lib/crater-agent-workspace/cargo-home:/opt/rustwide/cargo-home:ro,Z" "-v" "/var/lib/crater-agent-workspace/rustup-home:/opt/rustwide/rustup-home:ro,Z" "-e" "SOURCE_DIR=/opt/rustwide/workdir" "-e" "CARGO_TARGET_DIR=/opt/rustwide/target" "-e" "CARGO_HOME=/opt/rustwide/cargo-home" "-e" "RUSTUP_HOME=/opt/rustwide/rustup-home" "-w" "/opt/rustwide/workdir" "-m" "1610612736" "--user" "0:0" "--network" "none" "ghcr.io/rust-lang/crates-build-env/linux@sha256:4a844ea9eb2546a2d2c7022eacef16ef2e8229c7fbb2c7d4d55a9ceca922f72d" "/opt/rustwide/cargo-home/bin/cargo" "+nightly-2024-10-28" "metadata" "--no-deps" "--format-version=1", kill_on_drop: false }`
[INFO] [stdout] 2a3ccfed49426fc6448310cdb820fcfc7549f975cfae231f9ea3459fb651e586
[INFO] running `Command { std: "docker" "start" "-a" "2a3ccfed49426fc6448310cdb820fcfc7549f975cfae231f9ea3459fb651e586", kill_on_drop: false }`
[INFO] running `Command { std: "docker" "inspect" "2a3ccfed49426fc6448310cdb820fcfc7549f975cfae231f9ea3459fb651e586", kill_on_drop: false }`
[INFO] running `Command { std: "docker" "rm" "-f" "2a3ccfed49426fc6448310cdb820fcfc7549f975cfae231f9ea3459fb651e586", kill_on_drop: false }`
[INFO] [stdout] 2a3ccfed49426fc6448310cdb820fcfc7549f975cfae231f9ea3459fb651e586
[INFO] running `Command { std: "docker" "create" "-v" "/var/lib/crater-agent-workspace/builds/worker-4-tc2/target:/opt/rustwide/target:rw,Z" "-v" "/var/lib/crater-agent-workspace/builds/worker-4-tc2/source:/opt/rustwide/workdir:ro,Z" "-v" "/var/lib/crater-agent-workspace/cargo-home:/opt/rustwide/cargo-home:ro,Z" "-v" "/var/lib/crater-agent-workspace/rustup-home:/opt/rustwide/rustup-home:ro,Z" "-e" "SOURCE_DIR=/opt/rustwide/workdir" "-e" "CARGO_TARGET_DIR=/opt/rustwide/target" "-e" "CARGO_INCREMENTAL=0" "-e" "RUST_BACKTRACE=full" "-e" "RUSTFLAGS=--cap-lints=forbid -Zrandomize-layout" "-e" "RUSTDOCFLAGS=--cap-lints=forbid" "-e" "CARGO_HOME=/opt/rustwide/cargo-home" "-e" "RUSTUP_HOME=/opt/rustwide/rustup-home" "-w" "/opt/rustwide/workdir" "-m" "1610612736" "--user" "0:0" "--network" "none" "ghcr.io/rust-lang/crates-build-env/linux@sha256:4a844ea9eb2546a2d2c7022eacef16ef2e8229c7fbb2c7d4d55a9ceca922f72d" "/opt/rustwide/cargo-home/bin/cargo" "+nightly-2024-10-28" "build" "--frozen" "--message-format=json", kill_on_drop: false }`
[INFO] [stdout] 01261bf3d694e607d5c896f59a2c99d9e83575296b638e756822abeadeeee4d8
[INFO] running `Command { std: "docker" "start" "-a" "01261bf3d694e607d5c896f59a2c99d9e83575296b638e756822abeadeeee4d8", kill_on_drop: false }`
[INFO] [stderr]    Compiling proc-macro2 v1.0.89
[INFO] [stderr]    Compiling unicode-ident v1.0.13
[INFO] [stderr]    Compiling strsim v0.11.1
[INFO] [stderr]    Compiling ident_case v1.0.1
[INFO] [stderr]    Compiling unicode-xid v0.2.6
[INFO] [stderr]    Compiling unicode-width v0.1.14
[INFO] [stderr]    Compiling naga v22.1.0
[INFO] [stderr]    Compiling aho-corasick v1.1.3
[INFO] [stderr]    Compiling rustversion v1.0.18
[INFO] [stderr]    Compiling regex-syntax v0.8.5
[INFO] [stderr]    Compiling unicode-segmentation v1.12.0
[INFO] [stderr]    Compiling arrayvec v0.7.6
[INFO] [stderr]    Compiling bit-vec v0.7.0
[INFO] [stderr]    Compiling bitflags v2.6.0
[INFO] [stderr]    Compiling codespan-reporting v0.11.1
[INFO] [stderr]    Compiling convert_case v0.6.0
[INFO] [stderr]    Compiling quote v1.0.37
[INFO] [stderr]    Compiling bit-set v0.6.0
[INFO] [stderr]    Compiling tracing-core v0.1.32
[INFO] [stderr]    Compiling blake3 v1.5.4
[INFO] [stderr]    Compiling syn v2.0.86
[INFO] [stderr]    Compiling pp-rs v0.2.1
[INFO] [stderr]    Compiling pin-project-lite v0.2.15
[INFO] [stderr]    Compiling prettyplease v0.2.25
[INFO] [stderr]    Compiling hexf-parse v0.2.1
[INFO] [stderr]    Compiling rustc-hash v1.1.0
[INFO] [stderr]    Compiling bit-vec v0.6.3
[INFO] [stderr]    Compiling syn v1.0.109
[INFO] [stderr]    Compiling bit-set v0.5.3
[INFO] [stderr]    Compiling heck v0.5.0
[INFO] [stderr]    Compiling arrayref v0.3.9
[INFO] [stderr]    Compiling data-encoding v2.6.0
[INFO] [stderr]    Compiling constant_time_eq v0.3.1
[INFO] [stderr]    Compiling colored v2.1.0
[INFO] [stderr]    Compiling regex-automata v0.4.8
[INFO] [stderr]    Compiling wgpu-types v22.0.0
[INFO] [stderr]    Compiling smol_str v0.2.2
[INFO] [stderr]    Compiling pathdiff v0.2.2
[INFO] [stderr]    Compiling strum v0.26.3
[INFO] [stderr]    Compiling case v1.0.0
[INFO] [stderr]    Compiling derivative v2.2.0
[INFO] [stderr]    Compiling regex v1.11.1
[INFO] [stderr]    Compiling darling_core v0.20.10
[INFO] [stderr]    Compiling thiserror-impl v1.0.66
[INFO] [stderr]    Compiling tracing-attributes v0.1.27
[INFO] [stderr]    Compiling derive_more-impl v1.0.0
[INFO] [stderr]    Compiling enumflags2_derive v0.7.10
[INFO] [stderr]    Compiling miette-derive v7.2.0
[INFO] [stderr]    Compiling strum_macros v0.26.4
[INFO] [stderr]    Compiling enumflags2 v0.7.10
[INFO] [stderr]    Compiling thiserror v1.0.66
[INFO] [stderr]    Compiling darling_macro v0.20.10
[INFO] [stderr]    Compiling miette v7.2.0
[INFO] [stderr]    Compiling tracing v0.1.40
[INFO] [stderr]    Compiling darling v0.20.10
[INFO] [stderr]    Compiling derive_builder_core v0.20.2
[INFO] [stderr]    Compiling derive_builder_macro v0.20.2
[INFO] [stderr]    Compiling derive_builder v0.20.2
[INFO] [stderr]    Compiling derive_more v1.0.0
[INFO] [stderr]    Compiling naga_oil v0.15.0
[INFO] [stderr]    Compiling wgsl_bindgen v0.15.1 (/opt/rustwide/workdir)
[INFO] [stdout] warning: unexpected `cfg` condition value: `minify`
[INFO] [stdout]   --> src/naga_util/module_to_source.rs:10:9
[INFO] [stdout]    |
[INFO] [stdout] 10 |   #[cfg(feature = "minify")]
[INFO] [stdout]    |         ^^^^^^^^^^^^^^^^^^ help: remove the condition
[INFO] [stdout]    |
[INFO] [stdout]    = note: no expected values for `feature`
[INFO] [stdout]    = help: consider adding `minify` as a feature in `Cargo.toml`
[INFO] [stdout]    = note: see <https://doc.rust-lang.org/nightly/rustc/check-cfg/cargo-specifics.html> for more information about checking conditional configuration
[INFO] [stdout]    = note: `#[warn(unexpected_cfgs)]` on by default
[INFO] [stdout] 
[INFO] [stdout] 
[INFO] [stdout] warning: unexpected `cfg` condition value: `minify`
[INFO] [stdout]   --> src/naga_util/module_to_source.rs:31:9
[INFO] [stdout]    |
[INFO] [stdout] 31 |   #[cfg(feature = "minify")]
[INFO] [stdout]    |         ^^^^^^^^^^^^^^^^^^ help: remove the condition
[INFO] [stdout]    |
[INFO] [stdout]    = note: no expected values for `feature`
[INFO] [stdout]    = help: consider adding `minify` as a feature in `Cargo.toml`
[INFO] [stdout]    = note: see <https://doc.rust-lang.org/nightly/rustc/check-cfg/cargo-specifics.html> for more information about checking conditional configuration
[INFO] [stdout] 
[INFO] [stdout] 
[INFO] [stderr]     Finished `dev` profile [unoptimized + debuginfo] target(s) in 16.94s
[INFO] running `Command { std: "docker" "inspect" "01261bf3d694e607d5c896f59a2c99d9e83575296b638e756822abeadeeee4d8", kill_on_drop: false }`
[INFO] running `Command { std: "docker" "rm" "-f" "01261bf3d694e607d5c896f59a2c99d9e83575296b638e756822abeadeeee4d8", kill_on_drop: false }`
[INFO] [stdout] 01261bf3d694e607d5c896f59a2c99d9e83575296b638e756822abeadeeee4d8
[INFO] running `Command { std: "docker" "create" "-v" "/var/lib/crater-agent-workspace/builds/worker-4-tc2/target:/opt/rustwide/target:rw,Z" "-v" "/var/lib/crater-agent-workspace/builds/worker-4-tc2/source:/opt/rustwide/workdir:ro,Z" "-v" "/var/lib/crater-agent-workspace/cargo-home:/opt/rustwide/cargo-home:ro,Z" "-v" "/var/lib/crater-agent-workspace/rustup-home:/opt/rustwide/rustup-home:ro,Z" "-e" "SOURCE_DIR=/opt/rustwide/workdir" "-e" "CARGO_TARGET_DIR=/opt/rustwide/target" "-e" "CARGO_INCREMENTAL=0" "-e" "RUST_BACKTRACE=full" "-e" "RUSTFLAGS=--cap-lints=forbid -Zrandomize-layout" "-e" "RUSTDOCFLAGS=--cap-lints=forbid" "-e" "CARGO_HOME=/opt/rustwide/cargo-home" "-e" "RUSTUP_HOME=/opt/rustwide/rustup-home" "-w" "/opt/rustwide/workdir" "-m" "1610612736" "--user" "0:0" "--network" "none" "ghcr.io/rust-lang/crates-build-env/linux@sha256:4a844ea9eb2546a2d2c7022eacef16ef2e8229c7fbb2c7d4d55a9ceca922f72d" "/opt/rustwide/cargo-home/bin/cargo" "+nightly-2024-10-28" "test" "--frozen" "--no-run" "--message-format=json", kill_on_drop: false }`
[INFO] [stdout] 9e41d1911f6d9d3ab42b7f0766d6b46b6ea79d7a99c4690ae253a2d4a5f5842f
[INFO] running `Command { std: "docker" "start" "-a" "9e41d1911f6d9d3ab42b7f0766d6b46b6ea79d7a99c4690ae253a2d4a5f5842f", kill_on_drop: false }`
[INFO] [stderr]    Compiling onig_sys v69.8.1
[INFO] [stderr]    Compiling miniz_oxide v0.8.0
[INFO] [stderr]    Compiling libc v0.2.161
[INFO] [stderr]    Compiling darling_core v0.20.10
[INFO] [stderr]    Compiling rustix v0.38.38
[INFO] [stderr]    Compiling time v0.3.36
[INFO] [stderr]    Compiling object v0.36.5
[INFO] [stderr]    Compiling quick-xml v0.32.0
[INFO] [stderr]    Compiling aho-corasick v1.1.3
[INFO] [stderr]    Compiling linked-hash-map v0.5.6
[INFO] [stderr]    Compiling owo-colors v4.1.0
[INFO] [stderr]    Compiling base64 v0.22.1
[INFO] [stderr]    Compiling yaml-rust v0.4.5
[INFO] [stderr]    Compiling plist v1.7.0
[INFO] [stderr]    Compiling regex-automata v0.4.8
[INFO] [stderr]    Compiling serde_json v1.0.132
[INFO] [stderr]    Compiling walkdir v2.5.0
[INFO] [stderr]    Compiling darling_macro v0.20.10
[INFO] [stderr]    Compiling flate2 v1.0.34
[INFO] [stderr]    Compiling darling v0.20.10
[INFO] [stderr]    Compiling derive_builder_core v0.20.2
[INFO] [stderr]    Compiling serde_derive v1.0.214
[INFO] [stderr]    Compiling is_ci v1.2.0
[INFO] [stderr]    Compiling smawk v0.3.2
[INFO] [stderr]    Compiling unicode-linebreak v0.1.5
[INFO] [stderr]    Compiling supports-color v3.0.1
[INFO] [stderr]    Compiling naga v22.1.0
[INFO] [stderr]    Compiling textwrap v0.16.1
[INFO] [stderr]    Compiling regex v1.11.1
[INFO] [stderr]    Compiling backtrace v0.3.74
[INFO] [stderr]    Compiling derive_builder_macro v0.20.2
[INFO] [stderr]    Compiling terminal_size v0.3.0
[INFO] [stderr]    Compiling supports-hyperlinks v3.0.0
[INFO] [stderr]    Compiling supports-unicode v3.0.0
[INFO] [stderr]    Compiling derive_builder v0.20.2
[INFO] [stderr]    Compiling wgpu-types v22.0.0
[INFO] [stderr]    Compiling yansi v1.0.1
[INFO] [stderr]    Compiling onig v6.4.0
[INFO] [stderr]    Compiling backtrace-ext v0.2.1
[INFO] [stderr]    Compiling diff v0.1.13
[INFO] [stderr]    Compiling pretty_assertions v1.4.1
[INFO] [stderr]    Compiling indoc v2.0.5
[INFO] [stderr]    Compiling syntect v5.2.0
[INFO] [stderr]    Compiling miette v7.2.0
[INFO] [stderr]    Compiling naga_oil v0.15.0
[INFO] [stderr]    Compiling wgsl_bindgen v0.15.1 (/opt/rustwide/workdir)
[INFO] [stdout] warning: unexpected `cfg` condition value: `minify`
[INFO] [stdout]   --> src/naga_util/module_to_source.rs:10:9
[INFO] [stdout]    |
[INFO] [stdout] 10 |   #[cfg(feature = "minify")]
[INFO] [stdout]    |         ^^^^^^^^^^^^^^^^^^ help: remove the condition
[INFO] [stdout]    |
[INFO] [stdout]    = note: no expected values for `feature`
[INFO] [stdout]    = help: consider adding `minify` as a feature in `Cargo.toml`
[INFO] [stdout]    = note: see <https://doc.rust-lang.org/nightly/rustc/check-cfg/cargo-specifics.html> for more information about checking conditional configuration
[INFO] [stdout]    = note: `#[warn(unexpected_cfgs)]` on by default
[INFO] [stdout] 
[INFO] [stdout] 
[INFO] [stdout] warning: unexpected `cfg` condition value: `minify`
[INFO] [stdout]   --> src/naga_util/module_to_source.rs:31:9
[INFO] [stdout]    |
[INFO] [stdout] 31 |   #[cfg(feature = "minify")]
[INFO] [stdout]    |         ^^^^^^^^^^^^^^^^^^ help: remove the condition
[INFO] [stdout]    |
[INFO] [stdout]    = note: no expected values for `feature`
[INFO] [stdout]    = help: consider adding `minify` as a feature in `Cargo.toml`
[INFO] [stdout]    = note: see <https://doc.rust-lang.org/nightly/rustc/check-cfg/cargo-specifics.html> for more information about checking conditional configuration
[INFO] [stdout] 
[INFO] [stdout] 
[INFO] [stdout] warning: unexpected `cfg` condition value: `minify`
[INFO] [stdout]   --> src/naga_util/module_to_source.rs:10:9
[INFO] [stdout]    |
[INFO] [stdout] 10 |   #[cfg(feature = "minify")]
[INFO] [stdout]    |         ^^^^^^^^^^^^^^^^^^ help: remove the condition
[INFO] [stdout]    |
[INFO] [stdout]    = note: no expected values for `feature`
[INFO] [stdout]    = help: consider adding `minify` as a feature in `Cargo.toml`
[INFO] [stdout]    = note: see <https://doc.rust-lang.org/nightly/rustc/check-cfg/cargo-specifics.html> for more information about checking conditional configuration
[INFO] [stdout]    = note: `#[warn(unexpected_cfgs)]` on by default
[INFO] [stdout] 
[INFO] [stdout] 
[INFO] [stdout] warning: unexpected `cfg` condition value: `minify`
[INFO] [stdout]   --> src/naga_util/module_to_source.rs:31:9
[INFO] [stdout]    |
[INFO] [stdout] 31 |   #[cfg(feature = "minify")]
[INFO] [stdout]    |         ^^^^^^^^^^^^^^^^^^ help: remove the condition
[INFO] [stdout]    |
[INFO] [stdout]    = note: no expected values for `feature`
[INFO] [stdout]    = help: consider adding `minify` as a feature in `Cargo.toml`
[INFO] [stdout]    = note: see <https://doc.rust-lang.org/nightly/rustc/check-cfg/cargo-specifics.html> for more information about checking conditional configuration
[INFO] [stdout] 
[INFO] [stdout] 
[INFO] [stderr]     Finished `test` profile [unoptimized + debuginfo] target(s) in 16.57s
[INFO] running `Command { std: "docker" "inspect" "9e41d1911f6d9d3ab42b7f0766d6b46b6ea79d7a99c4690ae253a2d4a5f5842f", kill_on_drop: false }`
[INFO] running `Command { std: "docker" "rm" "-f" "9e41d1911f6d9d3ab42b7f0766d6b46b6ea79d7a99c4690ae253a2d4a5f5842f", kill_on_drop: false }`
[INFO] [stdout] 9e41d1911f6d9d3ab42b7f0766d6b46b6ea79d7a99c4690ae253a2d4a5f5842f
[INFO] running `Command { std: "docker" "create" "-v" "/var/lib/crater-agent-workspace/builds/worker-4-tc2/target:/opt/rustwide/target:rw,Z" "-v" "/var/lib/crater-agent-workspace/builds/worker-4-tc2/source:/opt/rustwide/workdir:ro,Z" "-v" "/var/lib/crater-agent-workspace/cargo-home:/opt/rustwide/cargo-home:ro,Z" "-v" "/var/lib/crater-agent-workspace/rustup-home:/opt/rustwide/rustup-home:ro,Z" "-e" "SOURCE_DIR=/opt/rustwide/workdir" "-e" "CARGO_TARGET_DIR=/opt/rustwide/target" "-e" "CARGO_INCREMENTAL=0" "-e" "RUST_BACKTRACE=full" "-e" "RUSTFLAGS=--cap-lints=forbid -Zrandomize-layout" "-e" "RUSTDOCFLAGS=--cap-lints=forbid" "-e" "CARGO_HOME=/opt/rustwide/cargo-home" "-e" "RUSTUP_HOME=/opt/rustwide/rustup-home" "-w" "/opt/rustwide/workdir" "-m" "1610612736" "--user" "0:0" "--network" "none" "ghcr.io/rust-lang/crates-build-env/linux@sha256:4a844ea9eb2546a2d2c7022eacef16ef2e8229c7fbb2c7d4d55a9ceca922f72d" "/opt/rustwide/cargo-home/bin/cargo" "+nightly-2024-10-28" "test" "--frozen", kill_on_drop: false }`
[INFO] [stdout] 37ea372a27162420b41c7f2f31e47bf9d7ffa2cae658ad40e1d5a7b23c2a5701
[INFO] running `Command { std: "docker" "start" "-a" "37ea372a27162420b41c7f2f31e47bf9d7ffa2cae658ad40e1d5a7b23c2a5701", kill_on_drop: false }`
[INFO] [stderr] warning: unexpected `cfg` condition value: `minify`
[INFO] [stderr]   --> src/naga_util/module_to_source.rs:10:9
[INFO] [stderr]    |
[INFO] [stderr] 10 |   #[cfg(feature = "minify")]
[INFO] [stderr]    |         ^^^^^^^^^^^^^^^^^^ help: remove the condition
[INFO] [stderr]    |
[INFO] [stderr]    = note: no expected values for `feature`
[INFO] [stderr]    = help: consider adding `minify` as a feature in `Cargo.toml`
[INFO] [stderr]    = note: see <https://doc.rust-lang.org/nightly/rustc/check-cfg/cargo-specifics.html> for more information about checking conditional configuration
[INFO] [stderr]    = note: `#[warn(unexpected_cfgs)]` on by default
[INFO] [stderr] 
[INFO] [stderr] warning: unexpected `cfg` condition value: `minify`
[INFO] [stderr]   --> src/naga_util/module_to_source.rs:31:9
[INFO] [stderr]    |
[INFO] [stderr] 31 |   #[cfg(feature = "minify")]
[INFO] [stderr]    |         ^^^^^^^^^^^^^^^^^^ help: remove the condition
[INFO] [stderr]    |
[INFO] [stderr]    = note: no expected values for `feature`
[INFO] [stderr]    = help: consider adding `minify` as a feature in `Cargo.toml`
[INFO] [stderr]    = note: see <https://doc.rust-lang.org/nightly/rustc/check-cfg/cargo-specifics.html> for more information about checking conditional configuration
[INFO] [stderr] 
[INFO] [stderr] warning: `wgsl_bindgen` (lib) generated 2 warnings
[INFO] [stderr] warning: `wgsl_bindgen` (lib test) generated 2 warnings (2 duplicates)
[INFO] [stderr]     Finished `test` profile [unoptimized + debuginfo] target(s) in 0.24s
[INFO] [stderr]      Running unittests src/lib.rs (/opt/rustwide/target/debug/deps/wgsl_bindgen-dbc39b2bd3942ffe)
[INFO] [stdout] 
[INFO] [stdout] running 74 tests
[INFO] [stdout] test bevy_util::module_path_resolver::tests::should_generate_single_import_path_when_module_prefix_match ... ok
[INFO] [stdout] test bevy_util::module_path_resolver::tests::should_generate_import_paths_with_correct_extensions ... ok
[INFO] [stdout] test bevy_util::module_path_resolver::tests::should_generate_single_import_path ... ok
[INFO] [stdout] test bevy_util::module_path_resolver::tests::should_return_valid_pbr_paths_back_to_current_dir ... ok
[INFO] [stdout] test bevy_util::module_path_resolver::tests::should_return_smallvec_when_import_module ... ok
[INFO] [stdout] test bevy_util::name_demangle::tests::test_make_valid_rust_import ... ok
[INFO] [stdout] test bevy_util::module_path_resolver::tests::should_return_valid_pbr_paths_from_repeated_part ... ok
[INFO] [stdout] test generate::bind_group::tests::bind_group_data_first_group_not_zero ... ok
[INFO] [stdout] test generate::bind_group::tests::bind_group_data_consecutive_bind_groups ... ok
[INFO] [stdout] test generate::bind_group::tests::bind_group_data_non_consecutive_bind_groups ... ok
[INFO] [stdout] test bevy_util::parse_imports::tests::test_parsing_imports_from_bevy_mesh_view_bindings ... ok
[INFO] [stdout] test bevy_util::source_file::tests::test_parsing_imports_from_bevy_mesh_view_bindings ... ok
[INFO] [stdout] test bevy_util::parse_imports::tests::test_parsing_from_contents ... ok
[INFO] [stdout] test generate::consts::tests::write_global_constants ... ok
[INFO] [stdout] test generate::consts::tests::write_pipeline_overrideable_constants ... ok
[INFO] [stdout] test generate::bind_group::tests::bind_groups_module_fragment ... ok
[INFO] [stdout] test generate::consts::tests::write_pipeline_overrideable_constants_empty ... ok
[INFO] [stdout] test generate::bind_group::tests::bind_groups_module_vertex ... ok
[INFO] [stdout] test generate::entry::test::write_entry_constants ... ok
[INFO] [stdout] test generate::entry::test::write_vertex_module_empty ... ok
[INFO] [stdout] test generate::entry::test::write_fragment_states_single_entry ... ok
[INFO] [stdout] test bevy_util::name_demangle::tests::test_demangle_mod_names ... ok
[INFO] [stdout] test generate::entry::test::write_fragment_states_multiple_entries ... ok
[INFO] [stdout] test generate::entry::test::write_vertex_module_single_input_float32 ... ok
[INFO] [stdout] test generate::entry::test::write_vertex_module_single_input_sint32 ... ok
[INFO] [stdout] test generate::entry::test::write_vertex_module_single_input_float64 ... ok
[INFO] [stdout] test generate::entry::test::write_vertex_module_single_input_uint32 ... ok
[INFO] [stdout] test generate::entry::test::write_vertex_states_no_entries ... ok
[INFO] [stdout] test generate::shader_module::tests::test_create_canonical_variable_name ... ok
[INFO] [stdout] test generate::entry::test::write_vertex_shader_entry_multiple_buffers ... ok
[INFO] [stdout] test generate::entry::test::write_vertex_shader_entry_no_buffers ... ok
[INFO] [stdout] test generate::shader_module::tests::write_compute_module_empty ... ok
[INFO] [stdout] test quote_gen::rust_module_builder::tests::test_include_relative_root_but_dont_generate_it ... ok
[INFO] [stdout] test quote_gen::rust_module_builder::tests::test_module_add_duplicates ... ok
[INFO] [stdout] test generate::entry::test::write_vertex_shader_multiple_entries ... ok
[INFO] [stdout] test quote_gen::rust_module_builder::tests::test_module_add_duplicates_different_contents ... ok
[INFO] [stdout] test quote_gen::rust_module_builder::tests::test_merge ... ok
[INFO] [stdout] test quote_gen::rust_module_builder::tests::test_module_generation_works ... ok
[INFO] [stdout] test quote_gen::tests::should_not_fully_qualify_non_mangled_string ... ok
[INFO] [stdout] test generate::bind_group::tests::bind_groups_module_compute ... ok
[INFO] [stdout] test quote_gen::rust_module_builder::tests::test_relative_root_feature ... ok
[INFO] [stdout] test generate::shader_module::tests::write_compute_module_multiple_entries ... ok
[INFO] [stdout] test structs::tests::test_struct_visibility ... ok
[INFO] [stdout] test structs::tests::write_all_structs_bytemuck_skip_input_layout_validation ... ok
[INFO] [stdout] test structs::tests::write_all_structs_encase ... ok
[INFO] [stdout] test generate::bind_group::tests::bind_groups_module_vertex_fragment ... ok
[INFO] [stdout] test quote_gen::tests::should_fully_qualify_mangled_string ... ok
[INFO] [stdout] test structs::tests::write_all_structs_serde_encase ... ok
[INFO] [stdout] test structs::tests::write_all_structs_skip_stage_outputs ... ok
[INFO] [stdout] test structs::tests::write_all_structs_glam ... ok
[INFO] [stdout] test structs::tests::write_atomic_types ... ok
[INFO] [stdout] test structs::tests::write_all_structs_bytemuck_input_layout_validation ... ok
[INFO] [stdout] test structs::tests::write_nonpower_of_2_mats_for_bytemuck_glam_option ... ok
[INFO] [stdout] test structs::tests::write_runtime_sized_array ... ok
[INFO] [stdout] test structs::tests::write_nonpower_of_2_mats_for_bytemuck_option ... ok
[INFO] [stdout] test structs::tests::write_nonpower_of_2_mats ... ok
[INFO] [stdout] test structs::tests::write_runtime_sized_array_bytemuck ... ok
[INFO] [stdout] test structs::tests::write_shorter_constructor ... ok
[INFO] [stdout] test test::create_shader_module_non_consecutive_bind_groups ... ok
[INFO] [stdout] test test::create_shader_module_repeated_bindings ... ok
[INFO] [stdout] test wgsl::tests::shader_stages_all ... ok
[INFO] [stdout] test wgsl::tests::shader_stages_compute ... ok
[INFO] [stdout] test structs::tests::write_all_structs_nalgebra ... ok
[INFO] [stdout] test wgsl::tests::shader_stages_fragment ... ok
[INFO] [stdout] test wgsl::tests::shader_stages_none ... ok
[INFO] [stdout] test wgsl::tests::shader_stages_vertex ... ok
[INFO] [stdout] test wgsl::tests::shader_stages_vertex_fragment ... ok
[INFO] [stdout] test wgsl::tests::vertex_input_structs_two_structs ... ok
[INFO] [stdout] test test::create_shader_module_embed_source ... ok
[INFO] [stdout] test structs::tests::write_all_structs_rust ... ok
[INFO] [stdout] test test::create_shader_module_consecutive_bind_groups ... ok
[INFO] [stdout] test bevy_util::module_path_resolver::tests::should_panic_when_import_module_is_empty - should panic ... ok
[INFO] [stdout] test bevy_util::module_path_resolver::tests::should_return_empty_smallvec_when_import_module_has_only_module_prefix - should panic ... ok
[INFO] [stdout] test structs::tests::write_runtime_sized_array_not_last_field - should panic ... ok
[INFO] [stdout] 
[INFO] [stdout] test result: ok. 74 passed; 0 failed; 0 ignored; 0 measured; 0 filtered out; finished in 0.06s
[INFO] [stdout] 
[INFO] [stderr]      Running tests/bindgen_tests.rs (/opt/rustwide/target/debug/deps/bindgen_tests-9b0846508673a17e)
[INFO] [stdout] 
[INFO] [stdout] running 5 tests
[INFO] [stdout] test test_path_import ... ignored, It doesn't like path symbols inside a nested type like array.
[INFO] [stdout] test test_struct_alignment_minimal ... FAILED
[INFO] [stdout] test test_struct_alignment_padding ... FAILED
[INFO] [stdout] test test_main_bindgen ... FAILED
[INFO] [stdout] test test_bevy_bindgen ... FAILED
[INFO] [stdout] 
[INFO] [stdout] failures:
[INFO] [stdout] 
[INFO] [stdout] ---- test_struct_alignment_minimal stdout ----
[INFO] [stdout] Error:   × Read-only file system (os error 30)
[INFO] [stdout] 
[INFO] [stdout] 
[INFO] [stdout] ---- test_struct_alignment_padding stdout ----
[INFO] [stdout] Error:   × Read-only file system (os error 30)
[INFO] [stdout] 
[INFO] [stdout] 
[INFO] [stdout] ---- test_main_bindgen stdout ----
[INFO] [stdout] Error:   × Read-only file system (os error 30)
[INFO] [stdout] 
[INFO] [stdout] 
[INFO] [stdout] ---- test_bevy_bindgen stdout ----
[INFO] [stdout] Error:   × Read-only file system (os error 30)
[INFO] [stdout] 
[INFO] [stdout] 
[INFO] [stdout] 
[INFO] [stdout] failures:
[INFO] [stdout]     test_bevy_bindgen
[INFO] [stdout]     test_main_bindgen
[INFO] [stdout]     test_struct_alignment_minimal
[INFO] [stdout]     test_struct_alignment_padding
[INFO] [stdout] 
[INFO] [stdout] test result: FAILED. 0 passed; 4 failed; 1 ignored; 0 measured; 0 filtered out; finished in 0.24s
[INFO] [stdout] 
[INFO] [stderr] error: test failed, to rerun pass `--test bindgen_tests`
[INFO] running `Command { std: "docker" "inspect" "37ea372a27162420b41c7f2f31e47bf9d7ffa2cae658ad40e1d5a7b23c2a5701", kill_on_drop: false }`
[INFO] running `Command { std: "docker" "rm" "-f" "37ea372a27162420b41c7f2f31e47bf9d7ffa2cae658ad40e1d5a7b23c2a5701", kill_on_drop: false }`
[INFO] [stdout] 37ea372a27162420b41c7f2f31e47bf9d7ffa2cae658ad40e1d5a7b23c2a5701
