[INFO] fetching crate webaves 0.1.0...
[INFO] testing webaves-0.1.0 against nightly-2024-10-28 for randomize-layout
[INFO] extracting crate webaves 0.1.0 into /workspace/builds/worker-1-tc1/source
[INFO] validating manifest of crates.io crate webaves 0.1.0 on toolchain nightly-2024-10-28
[INFO] running `Command { std: CARGO_HOME="/workspace/cargo-home" RUSTUP_HOME="/workspace/rustup-home" "/workspace/cargo-home/bin/cargo" "+nightly-2024-10-28" "metadata" "--manifest-path" "Cargo.toml" "--no-deps", kill_on_drop: false }`
[INFO] started tweaking crates.io crate webaves 0.1.0
[INFO] finished tweaking crates.io crate webaves 0.1.0
[INFO] tweaked toml for crates.io crate webaves 0.1.0 written to /workspace/builds/worker-1-tc1/source/Cargo.toml
[INFO] running `Command { std: CARGO_HOME="/workspace/cargo-home" RUSTUP_HOME="/workspace/rustup-home" "/workspace/cargo-home/bin/cargo" "+nightly-2024-10-28" "generate-lockfile" "--manifest-path" "Cargo.toml", kill_on_drop: false }`
[INFO] [stderr]     Updating crates.io index
[INFO] [stderr]      Locking 260 packages to latest compatible versions
[INFO] [stderr]       Adding brotli v3.5.0 (available: v7.0.0)
[INFO] [stderr]       Adding dirs v4.0.0 (available: v5.0.1)
[INFO] [stderr]       Adding env_logger v0.9.3 (available: v0.11.5)
[INFO] [stderr]       Adding nom v6.1.2 (available: v6.2.2)
[INFO] [stderr]       Adding tarpc v0.29.0 (available: v0.35.0)
[INFO] [stderr]       Adding tokio-serde v0.8.0 (available: v0.9.0)
[INFO] [stderr]       Adding tokio-util v0.6.10 (available: v0.7.12)
[INFO] [stderr]       Adding trust-dns-resolver v0.21.2 (available: v0.23.2)
[INFO] [stderr]       Adding zstd v0.11.2+zstd.1.5.2 (available: v0.13.2)
[INFO] running `Command { std: CARGO_HOME="/workspace/cargo-home" RUSTUP_HOME="/workspace/rustup-home" "/workspace/cargo-home/bin/cargo" "+nightly-2024-10-28" "fetch" "--manifest-path" "Cargo.toml", kill_on_drop: false }`
[INFO] [stderr]  Downloading crates ...
[INFO] [stderr]   Downloaded mx3 v1.0.1
[INFO] [stderr]   Downloaded rustyknife v0.2.11
[INFO] running `Command { std: "docker" "create" "-v" "/var/lib/crater-agent-workspace/builds/worker-1-tc1/target:/opt/rustwide/target:rw,Z" "-v" "/var/lib/crater-agent-workspace/builds/worker-1-tc1/source:/opt/rustwide/workdir:ro,Z" "-v" "/var/lib/crater-agent-workspace/cargo-home:/opt/rustwide/cargo-home:ro,Z" "-v" "/var/lib/crater-agent-workspace/rustup-home:/opt/rustwide/rustup-home:ro,Z" "-e" "SOURCE_DIR=/opt/rustwide/workdir" "-e" "CARGO_TARGET_DIR=/opt/rustwide/target" "-e" "CARGO_HOME=/opt/rustwide/cargo-home" "-e" "RUSTUP_HOME=/opt/rustwide/rustup-home" "-w" "/opt/rustwide/workdir" "-m" "1610612736" "--user" "0:0" "--network" "none" "ghcr.io/rust-lang/crates-build-env/linux@sha256:4a844ea9eb2546a2d2c7022eacef16ef2e8229c7fbb2c7d4d55a9ceca922f72d" "/opt/rustwide/cargo-home/bin/cargo" "+nightly-2024-10-28" "metadata" "--no-deps" "--format-version=1", kill_on_drop: false }`
[INFO] [stdout] c0f910062afec1d20d98d4af3496ba9e1ec864f8713507c2575dead07a127313
[INFO] running `Command { std: "docker" "start" "-a" "c0f910062afec1d20d98d4af3496ba9e1ec864f8713507c2575dead07a127313", kill_on_drop: false }`
[INFO] running `Command { std: "docker" "inspect" "c0f910062afec1d20d98d4af3496ba9e1ec864f8713507c2575dead07a127313", kill_on_drop: false }`
[INFO] running `Command { std: "docker" "rm" "-f" "c0f910062afec1d20d98d4af3496ba9e1ec864f8713507c2575dead07a127313", kill_on_drop: false }`
[INFO] [stdout] c0f910062afec1d20d98d4af3496ba9e1ec864f8713507c2575dead07a127313
[INFO] running `Command { std: "docker" "create" "-v" "/var/lib/crater-agent-workspace/builds/worker-1-tc1/target:/opt/rustwide/target:rw,Z" "-v" "/var/lib/crater-agent-workspace/builds/worker-1-tc1/source:/opt/rustwide/workdir:ro,Z" "-v" "/var/lib/crater-agent-workspace/cargo-home:/opt/rustwide/cargo-home:ro,Z" "-v" "/var/lib/crater-agent-workspace/rustup-home:/opt/rustwide/rustup-home:ro,Z" "-e" "SOURCE_DIR=/opt/rustwide/workdir" "-e" "CARGO_TARGET_DIR=/opt/rustwide/target" "-e" "CARGO_INCREMENTAL=0" "-e" "RUST_BACKTRACE=full" "-e" "RUSTFLAGS=--cap-lints=forbid" "-e" "RUSTDOCFLAGS=--cap-lints=forbid" "-e" "CARGO_HOME=/opt/rustwide/cargo-home" "-e" "RUSTUP_HOME=/opt/rustwide/rustup-home" "-w" "/opt/rustwide/workdir" "-m" "1610612736" "--user" "0:0" "--network" "none" "ghcr.io/rust-lang/crates-build-env/linux@sha256:4a844ea9eb2546a2d2c7022eacef16ef2e8229c7fbb2c7d4d55a9ceca922f72d" "/opt/rustwide/cargo-home/bin/cargo" "+nightly-2024-10-28" "build" "--frozen" "--message-format=json", kill_on_drop: false }`
[INFO] [stdout] ffeb096dec50dbdf3a45a2d34f2ced26c36a62518c35607c848d472229cf3f6a
[INFO] running `Command { std: "docker" "start" "-a" "ffeb096dec50dbdf3a45a2d34f2ced26c36a62518c35607c848d472229cf3f6a", kill_on_drop: false }`
[INFO] [stderr]    Compiling memchr v2.7.4
[INFO] [stderr]    Compiling futures-sink v0.3.31
[INFO] [stderr]    Compiling futures-core v0.3.31
[INFO] [stderr]    Compiling bytes v1.8.0
[INFO] [stderr]    Compiling log v0.4.22
[INFO] [stderr]    Compiling ring v0.17.8
[INFO] [stderr]    Compiling num-traits v0.2.19
[INFO] [stderr]    Compiling ring v0.16.20
[INFO] [stderr]    Compiling encoding_index_tests v0.1.4
[INFO] [stderr]    Compiling zerocopy v0.7.35
[INFO] [stderr]    Compiling serde v1.0.214
[INFO] [stderr]    Compiling unicode-normalization v0.1.24
[INFO] [stderr]    Compiling unicode-bidi v0.3.17
[INFO] [stderr]    Compiling crossbeam-utils v0.8.20
[INFO] [stderr]    Compiling pkg-config v0.3.31
[INFO] [stderr]    Compiling digest v0.10.7
[INFO] [stderr]    Compiling rustls v0.20.9
[INFO] [stderr]    Compiling radium v0.5.3
[INFO] [stderr]    Compiling futures-channel v0.3.31
[INFO] [stderr]    Compiling tracing v0.1.40
[INFO] [stderr]    Compiling lexical-core v0.7.6
[INFO] [stderr]    Compiling matches v0.1.10
[INFO] [stderr]    Compiling equivalent v1.0.1
[INFO] [stderr]    Compiling hashbrown v0.15.0
[INFO] [stderr]    Compiling nom v6.1.2
[INFO] [stderr]    Compiling wyz v0.2.0
[INFO] [stderr]    Compiling tokio v1.41.0
[INFO] [stderr]    Compiling http v0.2.12
[INFO] [stderr]    Compiling arrayvec v0.5.2
[INFO] [stderr]    Compiling futures-util v0.3.31
[INFO] [stderr]    Compiling crossbeam-channel v0.5.13
[INFO] [stderr]    Compiling zstd-sys v2.0.13+zstd.1.5.6
[INFO] [stderr]    Compiling idna v0.2.3
[INFO] [stderr]    Compiling ppv-lite86 v0.2.20
[INFO] [stderr]    Compiling idna v0.5.0
[INFO] [stderr]    Compiling alloc-no-stdlib v2.0.4
[INFO] [stderr]    Compiling indexmap v2.6.0
[INFO] [stderr]    Compiling heck v0.4.1
[INFO] [stderr]    Compiling funty v1.1.0
[INFO] [stderr]    Compiling zstd-safe v5.0.2+zstd.1.5.2
[INFO] [stderr]    Compiling num-integer v0.1.46
[INFO] [stderr]    Compiling match_cfg v0.1.0
[INFO] [stderr]    Compiling tap v1.0.1
[INFO] [stderr]    Compiling rand_chacha v0.3.1
[INFO] [stderr]    Compiling hostname v0.3.1
[INFO] [stderr]    Compiling enum-as-inner v0.4.0
[INFO] [stderr]    Compiling bitvec v0.19.6
[INFO] [stderr]    Compiling rand v0.8.5
[INFO] [stderr]    Compiling num-bigint v0.4.6
[INFO] [stderr]    Compiling alloc-stdlib v0.2.2
[INFO] [stderr]    Compiling aho-corasick v1.1.3
[INFO] [stderr]    Compiling tracing-subscriber v0.3.18
[INFO] [stderr]    Compiling rustls-pemfile v0.3.0
[INFO] [stderr]    Compiling encoding-index-singlebyte v1.20141219.5
[INFO] [stderr]    Compiling encoding-index-japanese v1.20141219.5
[INFO] [stderr]    Compiling encoding-index-simpchinese v1.20141219.5
[INFO] [stderr]    Compiling encoding-index-korean v1.20141219.5
[INFO] [stderr]    Compiling encoding-index-tradchinese v1.20141219.5
[INFO] [stderr]    Compiling ipnet v2.10.1
[INFO] [stderr]    Compiling linked-hash-map v0.5.6
[INFO] [stderr]    Compiling quick-error v1.2.3
[INFO] [stderr]    Compiling lru-cache v0.1.2
[INFO] [stderr]    Compiling miniz_oxide v0.8.0
[INFO] [stderr]    Compiling resolv-conf v0.7.0
[INFO] [stderr]    Compiling encoding v0.2.33
[INFO] [stderr]    Compiling regex-automata v0.4.8
[INFO] [stderr]    Compiling brotli-decompressor v2.5.1
[INFO] [stderr]    Compiling tarpc-plugins v0.12.0
[INFO] [stderr]    Compiling crc32fast v1.4.2
[INFO] [stderr]    Compiling keccak v0.1.5
[INFO] [stderr]    Compiling iana-time-zone v0.1.61
[INFO] [stderr]    Compiling minimal-lexical v0.2.1
[INFO] [stderr]    Compiling enum-ordinalize v3.1.15
[INFO] [stderr]    Compiling bincode v1.3.3
[INFO] [stderr]    Compiling url v2.5.2
[INFO] [stderr]    Compiling nom v7.1.3
[INFO] [stderr]    Compiling uuid v1.11.0
[INFO] [stderr]    Compiling chrono v0.4.38
[INFO] [stderr]    Compiling futures-executor v0.3.31
[INFO] [stderr]    Compiling brotli v3.5.0
[INFO] [stderr]    Compiling sha3 v0.10.8
[INFO] [stderr]    Compiling educe v0.4.23
[INFO] [stderr]    Compiling opentelemetry v0.17.0
[INFO] [stderr]    Compiling futures v0.3.31
[INFO] [stderr]    Compiling flate2 v1.0.34
[INFO] [stderr]    Compiling dirs v4.0.0
[INFO] [stderr]    Compiling sha1 v0.10.6
[INFO] [stderr]    Compiling sha2 v0.10.8
[INFO] [stderr]    Compiling blake2 v0.10.6
[INFO] [stderr]    Compiling md-5 v0.10.6
[INFO] [stderr]    Compiling mx3 v1.0.1
[INFO] [stderr]    Compiling fslock v0.2.1
[INFO] [stderr]    Compiling tokio-serde v0.8.0
[INFO] [stderr]    Compiling utf-8 v0.7.6
[INFO] [stderr]    Compiling whoami v1.5.2
[INFO] [stderr]    Compiling tracing-opentelemetry v0.17.4
[INFO] [stderr]    Compiling regex v1.11.1
[INFO] [stderr]    Compiling tokio-util v0.7.12
[INFO] [stderr]    Compiling tokio-util v0.6.10
[INFO] [stderr]    Compiling tarpc v0.29.0
[INFO] [stderr]    Compiling h2 v0.3.26
[INFO] [stderr]    Compiling rustyknife v0.2.11
[INFO] [stderr]    Compiling webpki v0.22.4
[INFO] [stderr]    Compiling sct v0.7.1
[INFO] [stderr]    Compiling webpki-roots v0.22.6
[INFO] [stderr]    Compiling zstd v0.11.2+zstd.1.5.2
[INFO] [stderr]    Compiling tokio-rustls v0.23.4
[INFO] [stderr]    Compiling trust-dns-proto v0.21.2
[INFO] [stderr]    Compiling trust-dns-resolver v0.21.2
[INFO] [stderr]    Compiling webaves v0.1.0 (/opt/rustwide/workdir)
[INFO] [stdout] warning: elided lifetime has a name
[INFO] [stdout]    --> src/header/pc.rs:107:66
[INFO] [stdout]     |
[INFO] [stdout] 107 | fn field_value_text<'a, E>(input: &'a [u8]) -> IResult<&'a [u8], FieldValueFragment, E>
[INFO] [stdout]     |                     -- lifetime `'a` declared here               ^^^^^^^^^^^^^^^^^^ this elided lifetime gets resolved as `'a`
[INFO] [stdout]     |
[INFO] [stdout]     = note: `#[warn(elided_named_lifetimes)]` on by default
[INFO] [stdout] 
[INFO] [stdout] 
[INFO] [stdout] warning: elided lifetime has a name
[INFO] [stdout]    --> src/http/pc.rs:103:62
[INFO] [stdout]     |
[INFO] [stdout] 103 | fn request_line<'a, E>(input: &'a [u8]) -> IResult<&'a [u8], RequestLine, E>
[INFO] [stdout]     |                 -- lifetime `'a` declared here               ^^^^^^^^^^^ this elided lifetime gets resolved as `'a`
[INFO] [stdout] 
[INFO] [stdout] 
[INFO] [stdout] warning: elided lifetime has a name
[INFO] [stdout]    --> src/http/pc.rs:120:61
[INFO] [stdout]     |
[INFO] [stdout] 120 | fn status_line<'a, E>(input: &'a [u8]) -> IResult<&'a [u8], StatusLine, E>
[INFO] [stdout]     |                -- lifetime `'a` declared here               ^^^^^^^^^^ this elided lifetime gets resolved as `'a`
[INFO] [stdout] 
[INFO] [stdout] 
[INFO] [stdout] warning: elided lifetime has a name
[INFO] [stdout]    --> src/http/pc.rs:181:68
[INFO] [stdout]     |
[INFO] [stdout] 181 | fn quoted_string_text<'a, E>(input: &'a [u8]) -> IResult<&'a [u8], QuotedStringBodyFragment, E>
[INFO] [stdout]     |                       -- lifetime `'a` declared here               ^^^^^^^^^^^^^^^^^^^^^^^^ this elided lifetime gets resolved as `'a`
[INFO] [stdout] 
[INFO] [stdout] 
[INFO] [stdout] warning: elided lifetime has a name
[INFO] [stdout]    --> src/http/pc.rs:236:59
[INFO] [stdout]     |
[INFO] [stdout] 236 | fn parameter<'a, E>(input: &'a [u8]) -> IResult<&'a [u8], ParameterPairRaw, E>
[INFO] [stdout]     |              -- lifetime `'a` declared here               ^^^^^^^^^^^^^^^^ this elided lifetime gets resolved as `'a`
[INFO] [stdout] 
[INFO] [stdout] 
[INFO] [stdout] warning: elided lifetime has a name
[INFO] [stdout]    --> src/http/pc.rs:256:64
[INFO] [stdout]     |
[INFO] [stdout] 256 | fn parameters<'a, E>(input: &'a [u8]) -> IResult<&'a [u8], Vec<ParameterPairRaw>, E>
[INFO] [stdout]     |               -- lifetime `'a` declared here                   ^^^^^^^^^^^^^^^^ this elided lifetime gets resolved as `'a`
[INFO] [stdout] 
[INFO] [stdout] 
[INFO] [stderr]     Finished `dev` profile [unoptimized + debuginfo] target(s) in 21.49s
[INFO] [stderr] warning: the following packages contain code that will be rejected by a future version of Rust: nom v6.1.2
[INFO] [stderr] note: to see what the problems were, use the option `--future-incompat-report`, or run `cargo report future-incompatibilities --id 2`
[INFO] running `Command { std: "docker" "inspect" "ffeb096dec50dbdf3a45a2d34f2ced26c36a62518c35607c848d472229cf3f6a", kill_on_drop: false }`
[INFO] running `Command { std: "docker" "rm" "-f" "ffeb096dec50dbdf3a45a2d34f2ced26c36a62518c35607c848d472229cf3f6a", kill_on_drop: false }`
[INFO] [stdout] ffeb096dec50dbdf3a45a2d34f2ced26c36a62518c35607c848d472229cf3f6a
[INFO] running `Command { std: "docker" "create" "-v" "/var/lib/crater-agent-workspace/builds/worker-1-tc1/target:/opt/rustwide/target:rw,Z" "-v" "/var/lib/crater-agent-workspace/builds/worker-1-tc1/source:/opt/rustwide/workdir:ro,Z" "-v" "/var/lib/crater-agent-workspace/cargo-home:/opt/rustwide/cargo-home:ro,Z" "-v" "/var/lib/crater-agent-workspace/rustup-home:/opt/rustwide/rustup-home:ro,Z" "-e" "SOURCE_DIR=/opt/rustwide/workdir" "-e" "CARGO_TARGET_DIR=/opt/rustwide/target" "-e" "CARGO_INCREMENTAL=0" "-e" "RUST_BACKTRACE=full" "-e" "RUSTFLAGS=--cap-lints=forbid" "-e" "RUSTDOCFLAGS=--cap-lints=forbid" "-e" "CARGO_HOME=/opt/rustwide/cargo-home" "-e" "RUSTUP_HOME=/opt/rustwide/rustup-home" "-w" "/opt/rustwide/workdir" "-m" "1610612736" "--user" "0:0" "--network" "none" "ghcr.io/rust-lang/crates-build-env/linux@sha256:4a844ea9eb2546a2d2c7022eacef16ef2e8229c7fbb2c7d4d55a9ceca922f72d" "/opt/rustwide/cargo-home/bin/cargo" "+nightly-2024-10-28" "test" "--frozen" "--no-run" "--message-format=json", kill_on_drop: false }`
[INFO] [stdout] 97017df7f79ef85c2e135119e6cdf77dec7f1dd6e9d1a3eaa6534171c4ab08e3
[INFO] running `Command { std: "docker" "start" "-a" "97017df7f79ef85c2e135119e6cdf77dec7f1dd6e9d1a3eaa6534171c4ab08e3", kill_on_drop: false }`
[INFO] [stderr]    Compiling tracing-subscriber v0.3.18
[INFO] [stderr]    Compiling rustls v0.20.9
[INFO] [stderr]    Compiling utf8parse v0.2.2
[INFO] [stderr]    Compiling h2 v0.3.26
[INFO] [stderr]    Compiling is_terminal_polyfill v1.70.1
[INFO] [stderr]    Compiling anstyle v1.0.10
[INFO] [stderr]    Compiling anstyle-query v1.1.2
[INFO] [stderr]    Compiling colorchoice v1.0.3
[INFO] [stderr]    Compiling tokio-util v0.6.10
[INFO] [stderr]    Compiling env_filter v0.1.2
[INFO] [stderr]    Compiling test-log-macros v0.2.16
[INFO] [stderr]    Compiling rand v0.4.6
[INFO] [stderr]    Compiling remove_dir_all v0.5.3
[INFO] [stderr]    Compiling env_logger v0.9.3
[INFO] [stderr]    Compiling anstyle-parse v0.2.6
[INFO] [stderr]    Compiling anstream v0.6.17
[INFO] [stderr]    Compiling env_logger v0.11.5
[INFO] [stderr]    Compiling tempdir v0.3.7
[INFO] [stderr]    Compiling tracing-opentelemetry v0.17.4
[INFO] [stderr]    Compiling test-log v0.2.16
[INFO] [stderr]    Compiling tarpc v0.29.0
[INFO] [stderr]    Compiling tokio-rustls v0.23.4
[INFO] [stderr]    Compiling trust-dns-proto v0.21.2
[INFO] [stderr]    Compiling trust-dns-resolver v0.21.2
[INFO] [stderr]    Compiling webaves v0.1.0 (/opt/rustwide/workdir)
[INFO] [stdout] warning: elided lifetime has a name
[INFO] [stdout]    --> src/header/pc.rs:107:66
[INFO] [stdout]     |
[INFO] [stdout] 107 | fn field_value_text<'a, E>(input: &'a [u8]) -> IResult<&'a [u8], FieldValueFragment, E>
[INFO] [stdout]     |                     -- lifetime `'a` declared here               ^^^^^^^^^^^^^^^^^^ this elided lifetime gets resolved as `'a`
[INFO] [stdout]     |
[INFO] [stdout]     = note: `#[warn(elided_named_lifetimes)]` on by default
[INFO] [stdout] 
[INFO] [stdout] 
[INFO] [stdout] warning: elided lifetime has a name
[INFO] [stdout]    --> src/http/pc.rs:103:62
[INFO] [stdout]     |
[INFO] [stdout] 103 | fn request_line<'a, E>(input: &'a [u8]) -> IResult<&'a [u8], RequestLine, E>
[INFO] [stdout]     |                 -- lifetime `'a` declared here               ^^^^^^^^^^^ this elided lifetime gets resolved as `'a`
[INFO] [stdout] 
[INFO] [stdout] 
[INFO] [stdout] warning: elided lifetime has a name
[INFO] [stdout]    --> src/http/pc.rs:120:61
[INFO] [stdout]     |
[INFO] [stdout] 120 | fn status_line<'a, E>(input: &'a [u8]) -> IResult<&'a [u8], StatusLine, E>
[INFO] [stdout]     |                -- lifetime `'a` declared here               ^^^^^^^^^^ this elided lifetime gets resolved as `'a`
[INFO] [stdout] 
[INFO] [stdout] 
[INFO] [stdout] warning: elided lifetime has a name
[INFO] [stdout]    --> src/http/pc.rs:181:68
[INFO] [stdout]     |
[INFO] [stdout] 181 | fn quoted_string_text<'a, E>(input: &'a [u8]) -> IResult<&'a [u8], QuotedStringBodyFragment, E>
[INFO] [stdout]     |                       -- lifetime `'a` declared here               ^^^^^^^^^^^^^^^^^^^^^^^^ this elided lifetime gets resolved as `'a`
[INFO] [stdout] 
[INFO] [stdout] 
[INFO] [stdout] warning: elided lifetime has a name
[INFO] [stdout]    --> src/http/pc.rs:236:59
[INFO] [stdout]     |
[INFO] [stdout] 236 | fn parameter<'a, E>(input: &'a [u8]) -> IResult<&'a [u8], ParameterPairRaw, E>
[INFO] [stdout]     |              -- lifetime `'a` declared here               ^^^^^^^^^^^^^^^^ this elided lifetime gets resolved as `'a`
[INFO] [stdout] 
[INFO] [stdout] 
[INFO] [stdout] warning: elided lifetime has a name
[INFO] [stdout]    --> src/http/pc.rs:256:64
[INFO] [stdout]     |
[INFO] [stdout] 256 | fn parameters<'a, E>(input: &'a [u8]) -> IResult<&'a [u8], Vec<ParameterPairRaw>, E>
[INFO] [stdout]     |               -- lifetime `'a` declared here                   ^^^^^^^^^^^^^^^^ this elided lifetime gets resolved as `'a`
[INFO] [stdout] 
[INFO] [stdout] 
[INFO] [stdout] warning: elided lifetime has a name
[INFO] [stdout]    --> src/header/pc.rs:107:66
[INFO] [stdout]     |
[INFO] [stdout] 107 | fn field_value_text<'a, E>(input: &'a [u8]) -> IResult<&'a [u8], FieldValueFragment, E>
[INFO] [stdout]     |                     -- lifetime `'a` declared here               ^^^^^^^^^^^^^^^^^^ this elided lifetime gets resolved as `'a`
[INFO] [stdout]     |
[INFO] [stdout]     = note: `#[warn(elided_named_lifetimes)]` on by default
[INFO] [stdout] 
[INFO] [stdout] 
[INFO] [stdout] warning: elided lifetime has a name
[INFO] [stdout]    --> src/http/pc.rs:103:62
[INFO] [stdout]     |
[INFO] [stdout] 103 | fn request_line<'a, E>(input: &'a [u8]) -> IResult<&'a [u8], RequestLine, E>
[INFO] [stdout]     |                 -- lifetime `'a` declared here               ^^^^^^^^^^^ this elided lifetime gets resolved as `'a`
[INFO] [stdout] 
[INFO] [stdout] 
[INFO] [stdout] warning: elided lifetime has a name
[INFO] [stdout]    --> src/http/pc.rs:120:61
[INFO] [stdout]     |
[INFO] [stdout] 120 | fn status_line<'a, E>(input: &'a [u8]) -> IResult<&'a [u8], StatusLine, E>
[INFO] [stdout]     |                -- lifetime `'a` declared here               ^^^^^^^^^^ this elided lifetime gets resolved as `'a`
[INFO] [stdout] 
[INFO] [stdout] 
[INFO] [stdout] warning: elided lifetime has a name
[INFO] [stdout]    --> src/http/pc.rs:181:68
[INFO] [stdout]     |
[INFO] [stdout] 181 | fn quoted_string_text<'a, E>(input: &'a [u8]) -> IResult<&'a [u8], QuotedStringBodyFragment, E>
[INFO] [stdout]     |                       -- lifetime `'a` declared here               ^^^^^^^^^^^^^^^^^^^^^^^^ this elided lifetime gets resolved as `'a`
[INFO] [stdout] 
[INFO] [stdout] 
[INFO] [stdout] warning: elided lifetime has a name
[INFO] [stdout]    --> src/http/pc.rs:236:59
[INFO] [stdout]     |
[INFO] [stdout] 236 | fn parameter<'a, E>(input: &'a [u8]) -> IResult<&'a [u8], ParameterPairRaw, E>
[INFO] [stdout]     |              -- lifetime `'a` declared here               ^^^^^^^^^^^^^^^^ this elided lifetime gets resolved as `'a`
[INFO] [stdout] 
[INFO] [stdout] 
[INFO] [stdout] warning: elided lifetime has a name
[INFO] [stdout]    --> src/http/pc.rs:256:64
[INFO] [stdout]     |
[INFO] [stdout] 256 | fn parameters<'a, E>(input: &'a [u8]) -> IResult<&'a [u8], Vec<ParameterPairRaw>, E>
[INFO] [stdout]     |               -- lifetime `'a` declared here                   ^^^^^^^^^^^^^^^^ this elided lifetime gets resolved as `'a`
[INFO] [stdout] 
[INFO] [stdout] 
[INFO] [stderr]     Finished `test` profile [unoptimized + debuginfo] target(s) in 12.69s
[INFO] [stderr] warning: the following packages contain code that will be rejected by a future version of Rust: nom v6.1.2
[INFO] [stderr] note: to see what the problems were, use the option `--future-incompat-report`, or run `cargo report future-incompatibilities --id 2`
[INFO] running `Command { std: "docker" "inspect" "97017df7f79ef85c2e135119e6cdf77dec7f1dd6e9d1a3eaa6534171c4ab08e3", kill_on_drop: false }`
[INFO] running `Command { std: "docker" "rm" "-f" "97017df7f79ef85c2e135119e6cdf77dec7f1dd6e9d1a3eaa6534171c4ab08e3", kill_on_drop: false }`
[INFO] [stdout] 97017df7f79ef85c2e135119e6cdf77dec7f1dd6e9d1a3eaa6534171c4ab08e3
[INFO] running `Command { std: "docker" "create" "-v" "/var/lib/crater-agent-workspace/builds/worker-1-tc1/target:/opt/rustwide/target:rw,Z" "-v" "/var/lib/crater-agent-workspace/builds/worker-1-tc1/source:/opt/rustwide/workdir:ro,Z" "-v" "/var/lib/crater-agent-workspace/cargo-home:/opt/rustwide/cargo-home:ro,Z" "-v" "/var/lib/crater-agent-workspace/rustup-home:/opt/rustwide/rustup-home:ro,Z" "-e" "SOURCE_DIR=/opt/rustwide/workdir" "-e" "CARGO_TARGET_DIR=/opt/rustwide/target" "-e" "CARGO_INCREMENTAL=0" "-e" "RUST_BACKTRACE=full" "-e" "RUSTFLAGS=--cap-lints=forbid" "-e" "RUSTDOCFLAGS=--cap-lints=forbid" "-e" "CARGO_HOME=/opt/rustwide/cargo-home" "-e" "RUSTUP_HOME=/opt/rustwide/rustup-home" "-w" "/opt/rustwide/workdir" "-m" "1610612736" "--user" "0:0" "--network" "none" "ghcr.io/rust-lang/crates-build-env/linux@sha256:4a844ea9eb2546a2d2c7022eacef16ef2e8229c7fbb2c7d4d55a9ceca922f72d" "/opt/rustwide/cargo-home/bin/cargo" "+nightly-2024-10-28" "test" "--frozen", kill_on_drop: false }`
[INFO] [stdout] b3b97aee20e8f4d175440aa80d6ed247fc69468b2194ccfe86affe04619be94e
[INFO] running `Command { std: "docker" "start" "-a" "b3b97aee20e8f4d175440aa80d6ed247fc69468b2194ccfe86affe04619be94e", kill_on_drop: false }`
[INFO] [stderr] warning: elided lifetime has a name
[INFO] [stderr]    --> src/header/pc.rs:107:66
[INFO] [stderr]     |
[INFO] [stderr] 107 | fn field_value_text<'a, E>(input: &'a [u8]) -> IResult<&'a [u8], FieldValueFragment, E>
[INFO] [stderr]     |                     -- lifetime `'a` declared here               ^^^^^^^^^^^^^^^^^^ this elided lifetime gets resolved as `'a`
[INFO] [stderr]     |
[INFO] [stderr]     = note: `#[warn(elided_named_lifetimes)]` on by default
[INFO] [stderr] 
[INFO] [stderr] warning: elided lifetime has a name
[INFO] [stderr]    --> src/http/pc.rs:103:62
[INFO] [stderr]     |
[INFO] [stderr] 103 | fn request_line<'a, E>(input: &'a [u8]) -> IResult<&'a [u8], RequestLine, E>
[INFO] [stderr]     |                 -- lifetime `'a` declared here               ^^^^^^^^^^^ this elided lifetime gets resolved as `'a`
[INFO] [stderr] 
[INFO] [stderr] warning: elided lifetime has a name
[INFO] [stderr]    --> src/http/pc.rs:120:61
[INFO] [stderr]     |
[INFO] [stderr] 120 | fn status_line<'a, E>(input: &'a [u8]) -> IResult<&'a [u8], StatusLine, E>
[INFO] [stderr]     |                -- lifetime `'a` declared here               ^^^^^^^^^^ this elided lifetime gets resolved as `'a`
[INFO] [stderr] 
[INFO] [stderr] warning: elided lifetime has a name
[INFO] [stderr]    --> src/http/pc.rs:181:68
[INFO] [stderr]     |
[INFO] [stderr] 181 | fn quoted_string_text<'a, E>(input: &'a [u8]) -> IResult<&'a [u8], QuotedStringBodyFragment, E>
[INFO] [stderr]     |                       -- lifetime `'a` declared here               ^^^^^^^^^^^^^^^^^^^^^^^^ this elided lifetime gets resolved as `'a`
[INFO] [stderr] 
[INFO] [stderr] warning: elided lifetime has a name
[INFO] [stderr]    --> src/http/pc.rs:236:59
[INFO] [stderr]     |
[INFO] [stderr] 236 | fn parameter<'a, E>(input: &'a [u8]) -> IResult<&'a [u8], ParameterPairRaw, E>
[INFO] [stderr]     |              -- lifetime `'a` declared here               ^^^^^^^^^^^^^^^^ this elided lifetime gets resolved as `'a`
[INFO] [stderr] 
[INFO] [stderr] warning: elided lifetime has a name
[INFO] [stderr]    --> src/http/pc.rs:256:64
[INFO] [stderr]     |
[INFO] [stderr] 256 | fn parameters<'a, E>(input: &'a [u8]) -> IResult<&'a [u8], Vec<ParameterPairRaw>, E>
[INFO] [stderr]     |               -- lifetime `'a` declared here                   ^^^^^^^^^^^^^^^^ this elided lifetime gets resolved as `'a`
[INFO] [stderr] 
[INFO] [stderr] warning: `webaves` (lib) generated 6 warnings
[INFO] [stderr] warning: `webaves` (lib test) generated 6 warnings (6 duplicates)
[INFO] [stderr]     Finished `test` profile [unoptimized + debuginfo] target(s) in 0.18s
[INFO] [stderr] warning: the following packages contain code that will be rejected by a future version of Rust: nom v6.1.2
[INFO] [stderr] note: to see what the problems were, use the option `--future-incompat-report`, or run `cargo report future-incompatibilities --id 2`
[INFO] [stderr]      Running unittests src/lib.rs (/opt/rustwide/target/debug/deps/webaves-608546d66c673f89)
[INFO] [stdout] 
[INFO] [stdout] running 68 tests
[INFO] [stdout] test dns::tests::test_resolver ... ignored, external resources
[INFO] [stdout] test dns::tests::test_random_domain ... ok
[INFO] [stdout] test crypto::tests::test_normalize_hash_name ... ok
[INFO] [stdout] test header::format::tests::test_format ... ok
[INFO] [stdout] test header::format::tests::test_format_invalid_key ... ok
[INFO] [stdout] test header::format::tests::test_format_invalid_value ... ok
[INFO] [stdout] test header::format::tests::test_format_lossless ... ok
[INFO] [stdout] test header::format::tests::test_format_raw ... ok
[INFO] [stdout] test header::parse::tests::test_parse_err ... ok
[INFO] [stdout] test header::parse::tests::test_parse_ok ... ok
[INFO] [stdout] test header::pc::tests::test_empty_value_header ... ok
[INFO] [stdout] test header::pc::tests::test_encoded_word_header ... ok
[INFO] [stdout] test header::pc::tests::test_false_quoted_string_header ... ok
[INFO] [stdout] test download::tests::test_remove_path_conflict ... ok
[INFO] [stdout] test header::pc::tests::test_folded_header ... ok
[INFO] [stdout] test header::pc::tests::test_simple_header ... ok
[INFO] [stdout] test header::pc::tests::test_quoted_string_header ... ok
[INFO] [stdout] test header::tests::test_display ... ok
[INFO] [stdout] test header::tests::test_header_get_convenience ... ok
[INFO] [stdout] test header::tests::test_header_iter ... ok
[INFO] [stdout] test header::tests::test_header_map_case_sensitivity ... ok
[INFO] [stdout] test header::tests::test_header_map_uniques ... ok
[INFO] [stdout] test header::tests::test_header_map_duplicates ... ok
[INFO] [stdout] test header::tests::test_reorder_front ... ok
[INFO] [stdout] test header::util::tests::test_read_until_boundary_crlf ... ok
[INFO] [stdout] test header::util::tests::test_read_until_boundary_eof ... ok
[INFO] [stdout] test http::chunked::tests::test_parse_chunk_metadata ... ok
[INFO] [stdout] test header::util::tests::test_read_until_boundary_limit ... ok
[INFO] [stdout] test header::util::tests::test_read_async_until_boundary_lf ... ok
[INFO] [stdout] test header::util::tests::test_read_async_until_boundary_limit ... ok
[INFO] [stdout] test header::util::tests::test_read_async_until_boundary_crlf ... ok
[INFO] [stdout] test http::pc::tests::test_parameter ... ok
[INFO] [stdout] test http::pc::tests::test_parse_chunk_line_exts ... ok
[INFO] [stdout] test header::util::tests::test_read_until_boundary_lf ... ok
[INFO] [stdout] test http::pc::tests::test_parse_chunk_line_simple ... ok
[INFO] [stdout] test http::pc::tests::test_media_type ... ok
[INFO] [stdout] test header::util::tests::test_read_async_until_boundary_eof ... ok
[INFO] [stdout] test http::pc::tests::test_parse_chunk_line_fallback ... ok
[INFO] [stdout] test http::pc::tests::test_quoted_string ... ok
[INFO] [stdout] test http::pc::tests::test_comma_list ... ok
[INFO] [stdout] test http::chunked::tests::test_decoder ... ok
[INFO] [stdout] test download::tests::test_sanitize_component ... ok
[INFO] [stdout] test http::request::tests::test_format_request ... ok
[INFO] [stdout] test io::tests_sync::test_combo_reader_bufread ... ok
[INFO] [stdout] test http::response::tests::test_parse_response ... ok
[INFO] [stdout] test http::response::tests::test_format_response ... ok
[INFO] [stdout] test http::chunked::tests::test_reader ... ok
[INFO] [stdout] test io::tests_async::test_read_limit_until_eof ... ok
[INFO] [stdout] test io::tests_async::test_read_limit_until ... ok
[INFO] [stdout] test io::tests_async::test_read_limit_until_limit ... ok
[INFO] [stdout] test io::tests_sync::test_combo_reader_peek ... ok
[INFO] [stdout] test io::tests_sync::test_combo_reader_read ... ok
[INFO] [stdout] test io::tests_sync::test_read_limit_until_eof ... ok
[INFO] [stdout] test http::request::tests::test_parse_request ... ok
[INFO] [stdout] test stringesc::tests::test_encode_ascii ... ok
[INFO] [stdout] test stringutil::tests::test_header_byte_ext ... ok
[INFO] [stdout] test io::tests_sync::test_read_limit_until ... ok
[INFO] [stdout] test stringutil::tests::text_trim_trailing_crlf ... ok
[INFO] [stdout] test stringesc::tests::test_decode ... ok
[INFO] [stdout] test io::tests_sync::test_read_limit_until_limit ... ok
[INFO] [stdout] test warc::header::tests::test_labelled_digest_invalid_parse ... ok
[INFO] [stdout] test uuid::tests::generate_uuidv7 ... ok
[INFO] [stdout] test stringesc::tests::test_decode_ascii ... ok
[INFO] [stdout] test warc::header::tests::test_labelled_digest_parse ... ok
[INFO] [stdout] test warc::header::tests::test_labelled_digest_to_string ... ok
[INFO] [stdout] test stringesc::tests::test_encode ... ok
[INFO] [stdout] test io::tests_sync::test_combo_reader_big_read ... ok
[INFO] [stdout] test download::tests::test_url_to_path ... FAILED
[INFO] [stdout] 
[INFO] [stdout] failures:
[INFO] [stdout] 
[INFO] [stdout] ---- download::tests::test_url_to_path stdout ----
[INFO] [stdout] thread 'download::tests::test_url_to_path' panicked at src/download.rs:176:55:
[INFO] [stdout] called `Result::unwrap()` on an `Err` value: InvalidDomainCharacter
[INFO] [stdout] stack backtrace:
[INFO] [stdout]    0:     0x5b01b42466aa - std::backtrace_rs::backtrace::libunwind::trace::h207520d6e9873551
[INFO] [stdout]                                at /rustc/df4ca44d3fbc9301ee17f30f4d474e6ae4b05252/library/std/src/../../backtrace/src/backtrace/libunwind.rs:116:5
[INFO] [stdout]    1:     0x5b01b42466aa - std::backtrace_rs::backtrace::trace_unsynchronized::h2ed7433f370e3eca
[INFO] [stdout]                                at /rustc/df4ca44d3fbc9301ee17f30f4d474e6ae4b05252/library/std/src/../../backtrace/src/backtrace/mod.rs:66:5
[INFO] [stdout]    2:     0x5b01b42466aa - std::sys::backtrace::_print_fmt::h916fac51166b18d7
[INFO] [stdout]                                at /rustc/df4ca44d3fbc9301ee17f30f4d474e6ae4b05252/library/std/src/sys/backtrace.rs:66:9
[INFO] [stdout]    3:     0x5b01b42466aa - <std::sys::backtrace::BacktraceLock::print::DisplayBacktrace as core::fmt::Display>::fmt::ha0a4c9b8ce3802e6
[INFO] [stdout]                                at /rustc/df4ca44d3fbc9301ee17f30f4d474e6ae4b05252/library/std/src/sys/backtrace.rs:39:26
[INFO] [stdout]    4:     0x5b01b4273323 - core::fmt::rt::Argument::fmt::h4cfc8587d52b3eb5
[INFO] [stdout]                                at /rustc/df4ca44d3fbc9301ee17f30f4d474e6ae4b05252/library/core/src/fmt/rt.rs:177:76
[INFO] [stdout]    5:     0x5b01b4273323 - core::fmt::write::h522cc39e5b36ae9f
[INFO] [stdout]                                at /rustc/df4ca44d3fbc9301ee17f30f4d474e6ae4b05252/library/core/src/fmt/mod.rs:1190:21
[INFO] [stdout]    6:     0x5b01b4242c93 - std::io::Write::write_fmt::h7d3c26752da97734
[INFO] [stdout]                                at /rustc/df4ca44d3fbc9301ee17f30f4d474e6ae4b05252/library/std/src/io/mod.rs:1839:15
[INFO] [stdout]    7:     0x5b01b42464f2 - std::sys::backtrace::BacktraceLock::print::h4b9e00b29e9c0942
[INFO] [stdout]                                at /rustc/df4ca44d3fbc9301ee17f30f4d474e6ae4b05252/library/std/src/sys/backtrace.rs:42:9
[INFO] [stdout]    8:     0x5b01b4247b3a - std::panicking::default_hook::{{closure}}::hb59b88280d0324d9
[INFO] [stdout]                                at /rustc/df4ca44d3fbc9301ee17f30f4d474e6ae4b05252/library/std/src/panicking.rs:268:22
[INFO] [stdout]    9:     0x5b01b4247944 - std::panicking::default_hook::he1dd496665be4a29
[INFO] [stdout]                                at /rustc/df4ca44d3fbc9301ee17f30f4d474e6ae4b05252/library/std/src/panicking.rs:292:9
[INFO] [stdout]   10:     0x5b01b38586d9 - <alloc::boxed::Box<F,A> as core::ops::function::Fn<Args>>::call::h4ff71de18744e1dc
[INFO] [stdout]                                at /rustc/df4ca44d3fbc9301ee17f30f4d474e6ae4b05252/library/alloc/src/boxed.rs:2468:9
[INFO] [stdout]   11:     0x5b01b38586d9 - test::test_main::{{closure}}::hcf7c055ce117aa81
[INFO] [stdout]                                at /rustc/df4ca44d3fbc9301ee17f30f4d474e6ae4b05252/library/test/src/lib.rs:133:21
[INFO] [stdout]   12:     0x5b01b4248238 - <alloc::boxed::Box<F,A> as core::ops::function::Fn<Args>>::call::h1d66c6bbd60c9692
[INFO] [stdout]                                at /rustc/df4ca44d3fbc9301ee17f30f4d474e6ae4b05252/library/alloc/src/boxed.rs:2468:9
[INFO] [stdout]   13:     0x5b01b4248238 - std::panicking::rust_panic_with_hook::h2ff17fe8f26dfcf8
[INFO] [stdout]                                at /rustc/df4ca44d3fbc9301ee17f30f4d474e6ae4b05252/library/std/src/panicking.rs:809:13
[INFO] [stdout]   14:     0x5b01b4247ffa - std::panicking::begin_panic_handler::{{closure}}::h4fad77951c07e101
[INFO] [stdout]                                at /rustc/df4ca44d3fbc9301ee17f30f4d474e6ae4b05252/library/std/src/panicking.rs:674:13
[INFO] [stdout]   15:     0x5b01b4246b89 - std::sys::backtrace::__rust_end_short_backtrace::hb1a25b3da5d0ea08
[INFO] [stdout]                                at /rustc/df4ca44d3fbc9301ee17f30f4d474e6ae4b05252/library/std/src/sys/backtrace.rs:170:18
[INFO] [stdout]   16:     0x5b01b4247c8c - rust_begin_unwind
[INFO] [stdout]                                at /rustc/df4ca44d3fbc9301ee17f30f4d474e6ae4b05252/library/std/src/panicking.rs:665:5
[INFO] [stdout]   17:     0x5b01b4270c60 - core::panicking::panic_fmt::ha9db07b529f9b256
[INFO] [stdout]                                at /rustc/df4ca44d3fbc9301ee17f30f4d474e6ae4b05252/library/core/src/panicking.rs:75:14
[INFO] [stdout]   18:     0x5b01b4271146 - core::result::unwrap_failed::h5e8218e4d4338b8a
[INFO] [stdout]                                at /rustc/df4ca44d3fbc9301ee17f30f4d474e6ae4b05252/library/core/src/result.rs:1698:5
[INFO] [stdout]   19:     0x5b01b37b6f7b - core::result::Result<T,E>::unwrap::h38e6edba639e0dc0
[INFO] [stdout]                                at /rustc/df4ca44d3fbc9301ee17f30f4d474e6ae4b05252/library/core/src/result.rs:1103:23
[INFO] [stdout]   20:     0x5b01b37b6f7b - webaves::download::tests::test_url_to_path::h4d845aeebb9ffb49
[INFO] [stdout]                                at /opt/rustwide/workdir/src/download.rs:176:19
[INFO] [stdout]   21:     0x5b01b37b6a67 - webaves::download::tests::test_url_to_path::{{closure}}::h3b63a89f20102786
[INFO] [stdout]                                at /opt/rustwide/workdir/src/download.rs:166:26
[INFO] [stdout]   22:     0x5b01b37624f6 - core::ops::function::FnOnce::call_once::hf3bc9de303731a72
[INFO] [stdout]                                at /rustc/df4ca44d3fbc9301ee17f30f4d474e6ae4b05252/library/core/src/ops/function.rs:250:5
[INFO] [stdout]   23:     0x5b01b385cfab - core::ops::function::FnOnce::call_once::h22c3ba5715e93f05
[INFO] [stdout]                                at /rustc/df4ca44d3fbc9301ee17f30f4d474e6ae4b05252/library/core/src/ops/function.rs:250:5
[INFO] [stdout]   24:     0x5b01b385cfab - test::__rust_begin_short_backtrace::h8e82d8113d0da17f
[INFO] [stdout]                                at /rustc/df4ca44d3fbc9301ee17f30f4d474e6ae4b05252/library/test/src/lib.rs:621:18
[INFO] [stdout]   25:     0x5b01b385c927 - test::run_test_in_process::{{closure}}::h33235f4f20b7b7c7
[INFO] [stdout]                                at /rustc/df4ca44d3fbc9301ee17f30f4d474e6ae4b05252/library/test/src/lib.rs:644:60
[INFO] [stdout]   26:     0x5b01b385c927 - <core::panic::unwind_safe::AssertUnwindSafe<F> as core::ops::function::FnOnce<()>>::call_once::hb5043206310c586f
[INFO] [stdout]                                at /rustc/df4ca44d3fbc9301ee17f30f4d474e6ae4b05252/library/core/src/panic/unwind_safe.rs:272:9
[INFO] [stdout]   27:     0x5b01b385c927 - std::panicking::try::do_call::h9ad4731a60ab23e2
[INFO] [stdout]                                at /rustc/df4ca44d3fbc9301ee17f30f4d474e6ae4b05252/library/std/src/panicking.rs:557:40
[INFO] [stdout]   28:     0x5b01b385c927 - std::panicking::try::h3824d23db772a716
[INFO] [stdout]                                at /rustc/df4ca44d3fbc9301ee17f30f4d474e6ae4b05252/library/std/src/panicking.rs:520:19
[INFO] [stdout]   29:     0x5b01b385c927 - std::panic::catch_unwind::h5afd514605fde46b
[INFO] [stdout]                                at /rustc/df4ca44d3fbc9301ee17f30f4d474e6ae4b05252/library/std/src/panic.rs:358:14
[INFO] [stdout]   30:     0x5b01b385c927 - test::run_test_in_process::h0d5cbfa7067d1720
[INFO] [stdout]                                at /rustc/df4ca44d3fbc9301ee17f30f4d474e6ae4b05252/library/test/src/lib.rs:644:27
[INFO] [stdout]   31:     0x5b01b385c927 - test::run_test::{{closure}}::h708eb8872708115d
[INFO] [stdout]                                at /rustc/df4ca44d3fbc9301ee17f30f4d474e6ae4b05252/library/test/src/lib.rs:565:43
[INFO] [stdout]   32:     0x5b01b3820044 - test::run_test::{{closure}}::h392c51cee94713ab
[INFO] [stdout]                                at /rustc/df4ca44d3fbc9301ee17f30f4d474e6ae4b05252/library/test/src/lib.rs:595:41
[INFO] [stdout]   33:     0x5b01b3820044 - std::sys::backtrace::__rust_begin_short_backtrace::h2f40290710935a8b
[INFO] [stdout]                                at /rustc/df4ca44d3fbc9301ee17f30f4d474e6ae4b05252/library/std/src/sys/backtrace.rs:154:18
[INFO] [stdout]   34:     0x5b01b38237ee - std::thread::Builder::spawn_unchecked_::{{closure}}::{{closure}}::h3fd968d89053a903
[INFO] [stdout]                                at /rustc/df4ca44d3fbc9301ee17f30f4d474e6ae4b05252/library/std/src/thread/mod.rs:541:17
[INFO] [stdout]   35:     0x5b01b38237ee - <core::panic::unwind_safe::AssertUnwindSafe<F> as core::ops::function::FnOnce<()>>::call_once::h743f637ba4229880
[INFO] [stdout]                                at /rustc/df4ca44d3fbc9301ee17f30f4d474e6ae4b05252/library/core/src/panic/unwind_safe.rs:272:9
[INFO] [stdout]   36:     0x5b01b38237ee - std::panicking::try::do_call::h07440897322525a6
[INFO] [stdout]                                at /rustc/df4ca44d3fbc9301ee17f30f4d474e6ae4b05252/library/std/src/panicking.rs:557:40
[INFO] [stdout]   37:     0x5b01b38237ee - std::panicking::try::he5a2e00188156637
[INFO] [stdout]                                at /rustc/df4ca44d3fbc9301ee17f30f4d474e6ae4b05252/library/std/src/panicking.rs:520:19
[INFO] [stdout]   38:     0x5b01b38237ee - std::panic::catch_unwind::hbaf3cae49b3c6433
[INFO] [stdout]                                at /rustc/df4ca44d3fbc9301ee17f30f4d474e6ae4b05252/library/std/src/panic.rs:358:14
[INFO] [stdout]   39:     0x5b01b38237ee - std::thread::Builder::spawn_unchecked_::{{closure}}::h8e141ea224820bce
[INFO] [stdout]                                at /rustc/df4ca44d3fbc9301ee17f30f4d474e6ae4b05252/library/std/src/thread/mod.rs:540:30
[INFO] [stdout]   40:     0x5b01b38237ee - core::ops::function::FnOnce::call_once{{vtable.shim}}::h90d312fedd7b8ea8
[INFO] [stdout]                                at /rustc/df4ca44d3fbc9301ee17f30f4d474e6ae4b05252/library/core/src/ops/function.rs:250:5
[INFO] [stdout]   41:     0x5b01b424ce2b - <alloc::boxed::Box<F,A> as core::ops::function::FnOnce<Args>>::call_once::h69aa08ddb6adb8b6
[INFO] [stdout]                                at /rustc/df4ca44d3fbc9301ee17f30f4d474e6ae4b05252/library/alloc/src/boxed.rs:2454:9
[INFO] [stdout]   42:     0x5b01b424ce2b - <alloc::boxed::Box<F,A> as core::ops::function::FnOnce<Args>>::call_once::h5aa36efdb79c806f
[INFO] [stdout]                                at /rustc/df4ca44d3fbc9301ee17f30f4d474e6ae4b05252/library/alloc/src/boxed.rs:2454:9
[INFO] [stdout]   43:     0x5b01b424ce2b - std::sys::pal::unix::thread::Thread::new::thread_start::h6cd80a1b4be5158d
[INFO] [stdout]                                at /rustc/df4ca44d3fbc9301ee17f30f4d474e6ae4b05252/library/std/src/sys/pal/unix/thread.rs:105:17
[INFO] [stdout]   44:     0x7674d0060ac3 - <unknown>
[INFO] [stdout]   45:     0x7674d00f1a04 - clone
[INFO] [stdout]   46:                0x0 - <unknown>
[INFO] [stdout] 
[INFO] [stdout] 
[INFO] [stdout] failures:
[INFO] [stdout]     download::tests::test_url_to_path
[INFO] [stdout] 
[INFO] [stdout] test result: FAILED. 66 passed; 1 failed; 1 ignored; 0 measured; 0 filtered out; finished in 0.06s
[INFO] [stdout] 
[INFO] [stderr] error: test failed, to rerun pass `--lib`
[INFO] running `Command { std: "docker" "inspect" "b3b97aee20e8f4d175440aa80d6ed247fc69468b2194ccfe86affe04619be94e", kill_on_drop: false }`
[INFO] running `Command { std: "docker" "rm" "-f" "b3b97aee20e8f4d175440aa80d6ed247fc69468b2194ccfe86affe04619be94e", kill_on_drop: false }`
[INFO] [stdout] b3b97aee20e8f4d175440aa80d6ed247fc69468b2194ccfe86affe04619be94e
