[INFO] fetching crate web-fs 0.2.1...
[INFO] testing web-fs-0.2.1 against nightly-2024-10-28 for randomize-layout
[INFO] extracting crate web-fs 0.2.1 into /workspace/builds/worker-6-tc1/source
[INFO] validating manifest of crates.io crate web-fs 0.2.1 on toolchain nightly-2024-10-28
[INFO] running `Command { std: CARGO_HOME="/workspace/cargo-home" RUSTUP_HOME="/workspace/rustup-home" "/workspace/cargo-home/bin/cargo" "+nightly-2024-10-28" "metadata" "--manifest-path" "Cargo.toml" "--no-deps", kill_on_drop: false }`
[INFO] started tweaking crates.io crate web-fs 0.2.1
[INFO] removed 0 missing tests
[INFO] finished tweaking crates.io crate web-fs 0.2.1
[INFO] tweaked toml for crates.io crate web-fs 0.2.1 written to /workspace/builds/worker-6-tc1/source/Cargo.toml
[INFO] running `Command { std: CARGO_HOME="/workspace/cargo-home" RUSTUP_HOME="/workspace/rustup-home" "/workspace/cargo-home/bin/cargo" "+nightly-2024-10-28" "generate-lockfile" "--manifest-path" "Cargo.toml", kill_on_drop: false }`
[INFO] [stderr]     Updating crates.io index
[INFO] [stderr]      Locking 42 packages to latest compatible versions
[INFO] running `Command { std: CARGO_HOME="/workspace/cargo-home" RUSTUP_HOME="/workspace/rustup-home" "/workspace/cargo-home/bin/cargo" "+nightly-2024-10-28" "fetch" "--manifest-path" "Cargo.toml", kill_on_drop: false }`
[INFO] running `Command { std: "docker" "create" "-v" "/var/lib/crater-agent-workspace/builds/worker-6-tc1/target:/opt/rustwide/target:rw,Z" "-v" "/var/lib/crater-agent-workspace/builds/worker-6-tc1/source:/opt/rustwide/workdir:ro,Z" "-v" "/var/lib/crater-agent-workspace/cargo-home:/opt/rustwide/cargo-home:ro,Z" "-v" "/var/lib/crater-agent-workspace/rustup-home:/opt/rustwide/rustup-home:ro,Z" "-e" "SOURCE_DIR=/opt/rustwide/workdir" "-e" "CARGO_TARGET_DIR=/opt/rustwide/target" "-e" "CARGO_HOME=/opt/rustwide/cargo-home" "-e" "RUSTUP_HOME=/opt/rustwide/rustup-home" "-w" "/opt/rustwide/workdir" "-m" "1610612736" "--user" "0:0" "--network" "none" "ghcr.io/rust-lang/crates-build-env/linux@sha256:4a844ea9eb2546a2d2c7022eacef16ef2e8229c7fbb2c7d4d55a9ceca922f72d" "/opt/rustwide/cargo-home/bin/cargo" "+nightly-2024-10-28" "metadata" "--no-deps" "--format-version=1", kill_on_drop: false }`
[INFO] [stdout] 8bccbd0778f8c5307edcbc227cd53b0b63251bd9dcf8a83e37ca03ab1e441702
[INFO] running `Command { std: "docker" "start" "-a" "8bccbd0778f8c5307edcbc227cd53b0b63251bd9dcf8a83e37ca03ab1e441702", kill_on_drop: false }`
[INFO] running `Command { std: "docker" "inspect" "8bccbd0778f8c5307edcbc227cd53b0b63251bd9dcf8a83e37ca03ab1e441702", kill_on_drop: false }`
[INFO] running `Command { std: "docker" "rm" "-f" "8bccbd0778f8c5307edcbc227cd53b0b63251bd9dcf8a83e37ca03ab1e441702", kill_on_drop: false }`
[INFO] [stdout] 8bccbd0778f8c5307edcbc227cd53b0b63251bd9dcf8a83e37ca03ab1e441702
[INFO] running `Command { std: "docker" "create" "-v" "/var/lib/crater-agent-workspace/builds/worker-6-tc1/target:/opt/rustwide/target:rw,Z" "-v" "/var/lib/crater-agent-workspace/builds/worker-6-tc1/source:/opt/rustwide/workdir:ro,Z" "-v" "/var/lib/crater-agent-workspace/cargo-home:/opt/rustwide/cargo-home:ro,Z" "-v" "/var/lib/crater-agent-workspace/rustup-home:/opt/rustwide/rustup-home:ro,Z" "-e" "SOURCE_DIR=/opt/rustwide/workdir" "-e" "CARGO_TARGET_DIR=/opt/rustwide/target" "-e" "CARGO_INCREMENTAL=0" "-e" "RUST_BACKTRACE=full" "-e" "RUSTFLAGS=--cap-lints=forbid" "-e" "RUSTDOCFLAGS=--cap-lints=forbid" "-e" "CARGO_HOME=/opt/rustwide/cargo-home" "-e" "RUSTUP_HOME=/opt/rustwide/rustup-home" "-w" "/opt/rustwide/workdir" "-m" "1610612736" "--user" "0:0" "--network" "none" "ghcr.io/rust-lang/crates-build-env/linux@sha256:4a844ea9eb2546a2d2c7022eacef16ef2e8229c7fbb2c7d4d55a9ceca922f72d" "/opt/rustwide/cargo-home/bin/cargo" "+nightly-2024-10-28" "build" "--frozen" "--message-format=json", kill_on_drop: false }`
[INFO] [stdout] 34ec72f65784630cef5761efc54ea2067f4c6bba578ab40487a76ba9e4aa2aae
[INFO] running `Command { std: "docker" "start" "-a" "34ec72f65784630cef5761efc54ea2067f4c6bba578ab40487a76ba9e4aa2aae", kill_on_drop: false }`
[INFO] [stderr]    Compiling wasm-bindgen-shared v0.2.95
[INFO] [stderr]    Compiling log v0.4.22
[INFO] [stderr]    Compiling bumpalo v3.16.0
[INFO] [stderr]    Compiling wasm-bindgen v0.2.95
[INFO] [stderr]    Compiling fastrand v2.1.1
[INFO] [stderr]    Compiling parking v2.2.1
[INFO] [stderr]    Compiling futures-io v0.3.31
[INFO] [stderr]    Compiling syn v2.0.86
[INFO] [stderr]    Compiling futures-lite v2.4.0
[INFO] [stderr]    Compiling wasm-bindgen-backend v0.2.95
[INFO] [stderr]    Compiling wasm-bindgen-macro-support v0.2.95
[INFO] [stderr]    Compiling wasm-bindgen-macro v0.2.95
[INFO] [stderr]    Compiling js-sys v0.3.72
[INFO] [stderr]    Compiling wasm-bindgen-futures v0.4.45
[INFO] [stderr]    Compiling web-sys v0.3.72
[INFO] [stderr]    Compiling web-fs v0.2.1 (/opt/rustwide/workdir)
[INFO] [stderr]     Finished `dev` profile [unoptimized + debuginfo] target(s) in 11.36s
[INFO] running `Command { std: "docker" "inspect" "34ec72f65784630cef5761efc54ea2067f4c6bba578ab40487a76ba9e4aa2aae", kill_on_drop: false }`
[INFO] running `Command { std: "docker" "rm" "-f" "34ec72f65784630cef5761efc54ea2067f4c6bba578ab40487a76ba9e4aa2aae", kill_on_drop: false }`
[INFO] [stdout] 34ec72f65784630cef5761efc54ea2067f4c6bba578ab40487a76ba9e4aa2aae
[INFO] running `Command { std: "docker" "create" "-v" "/var/lib/crater-agent-workspace/builds/worker-6-tc1/target:/opt/rustwide/target:rw,Z" "-v" "/var/lib/crater-agent-workspace/builds/worker-6-tc1/source:/opt/rustwide/workdir:ro,Z" "-v" "/var/lib/crater-agent-workspace/cargo-home:/opt/rustwide/cargo-home:ro,Z" "-v" "/var/lib/crater-agent-workspace/rustup-home:/opt/rustwide/rustup-home:ro,Z" "-e" "SOURCE_DIR=/opt/rustwide/workdir" "-e" "CARGO_TARGET_DIR=/opt/rustwide/target" "-e" "CARGO_INCREMENTAL=0" "-e" "RUST_BACKTRACE=full" "-e" "RUSTFLAGS=--cap-lints=forbid" "-e" "RUSTDOCFLAGS=--cap-lints=forbid" "-e" "CARGO_HOME=/opt/rustwide/cargo-home" "-e" "RUSTUP_HOME=/opt/rustwide/rustup-home" "-w" "/opt/rustwide/workdir" "-m" "1610612736" "--user" "0:0" "--network" "none" "ghcr.io/rust-lang/crates-build-env/linux@sha256:4a844ea9eb2546a2d2c7022eacef16ef2e8229c7fbb2c7d4d55a9ceca922f72d" "/opt/rustwide/cargo-home/bin/cargo" "+nightly-2024-10-28" "test" "--frozen" "--no-run" "--message-format=json", kill_on_drop: false }`
[INFO] [stdout] a1af504c8dc75697cfb8a72bfdb5c94ffc92c098c705d17c756a6e48fd6a31f3
[INFO] running `Command { std: "docker" "start" "-a" "a1af504c8dc75697cfb8a72bfdb5c94ffc92c098c705d17c756a6e48fd6a31f3", kill_on_drop: false }`
[INFO] [stderr]    Compiling scoped-tls v1.0.1
[INFO] [stderr]    Compiling wasm-bindgen-test-macro v0.3.45
[INFO] [stderr]    Compiling console_error_panic_hook v0.1.7
[INFO] [stderr]    Compiling wasm-bindgen-test v0.3.45
[INFO] [stderr]    Compiling web-fs v0.2.1 (/opt/rustwide/workdir)
[INFO] [stdout] warning: function `test` is never used
[INFO] [stdout]   --> tests/multi_file.rs:11:10
[INFO] [stdout]    |
[INFO] [stdout] 11 | async fn test() {
[INFO] [stdout]    |          ^^^^
[INFO] [stdout]    |
[INFO] [stdout]    = note: `#[warn(dead_code)]` on by default
[INFO] [stdout] 
[INFO] [stdout] 
[INFO] [stdout] warning: function `test` is never used
[INFO] [stdout]  --> tests/read_write.rs:8:10
[INFO] [stdout]   |
[INFO] [stdout] 8 | async fn test() {
[INFO] [stdout]   |          ^^^^
[INFO] [stdout]   |
[INFO] [stdout]   = note: `#[warn(dead_code)]` on by default
[INFO] [stdout] 
[INFO] [stdout] 
[INFO] [stderr]     Finished `test` profile [unoptimized + debuginfo] target(s) in 1.40s
[INFO] running `Command { std: "docker" "inspect" "a1af504c8dc75697cfb8a72bfdb5c94ffc92c098c705d17c756a6e48fd6a31f3", kill_on_drop: false }`
[INFO] running `Command { std: "docker" "rm" "-f" "a1af504c8dc75697cfb8a72bfdb5c94ffc92c098c705d17c756a6e48fd6a31f3", kill_on_drop: false }`
[INFO] [stdout] a1af504c8dc75697cfb8a72bfdb5c94ffc92c098c705d17c756a6e48fd6a31f3
[INFO] running `Command { std: "docker" "create" "-v" "/var/lib/crater-agent-workspace/builds/worker-6-tc1/target:/opt/rustwide/target:rw,Z" "-v" "/var/lib/crater-agent-workspace/builds/worker-6-tc1/source:/opt/rustwide/workdir:ro,Z" "-v" "/var/lib/crater-agent-workspace/cargo-home:/opt/rustwide/cargo-home:ro,Z" "-v" "/var/lib/crater-agent-workspace/rustup-home:/opt/rustwide/rustup-home:ro,Z" "-e" "SOURCE_DIR=/opt/rustwide/workdir" "-e" "CARGO_TARGET_DIR=/opt/rustwide/target" "-e" "CARGO_INCREMENTAL=0" "-e" "RUST_BACKTRACE=full" "-e" "RUSTFLAGS=--cap-lints=forbid" "-e" "RUSTDOCFLAGS=--cap-lints=forbid" "-e" "CARGO_HOME=/opt/rustwide/cargo-home" "-e" "RUSTUP_HOME=/opt/rustwide/rustup-home" "-w" "/opt/rustwide/workdir" "-m" "1610612736" "--user" "0:0" "--network" "none" "ghcr.io/rust-lang/crates-build-env/linux@sha256:4a844ea9eb2546a2d2c7022eacef16ef2e8229c7fbb2c7d4d55a9ceca922f72d" "/opt/rustwide/cargo-home/bin/cargo" "+nightly-2024-10-28" "test" "--frozen", kill_on_drop: false }`
[INFO] [stdout] 5141612920a72e6d06bac65aed7197204f4be6a477b0213d20cd9738619ffac8
[INFO] running `Command { std: "docker" "start" "-a" "5141612920a72e6d06bac65aed7197204f4be6a477b0213d20cd9738619ffac8", kill_on_drop: false }`
[INFO] [stderr] warning: function `test` is never used
[INFO] [stderr]   --> tests/multi_file.rs:11:10
[INFO] [stderr]    |
[INFO] [stderr] 11 | async fn test() {
[INFO] [stderr]    |          ^^^^
[INFO] [stderr]    |
[INFO] [stderr]    = note: `#[warn(dead_code)]` on by default
[INFO] [stderr] 
[INFO] [stderr] warning: function `test` is never used
[INFO] [stderr]  --> tests/read_write.rs:8:10
[INFO] [stderr]   |
[INFO] [stderr] 8 | async fn test() {
[INFO] [stderr]   |          ^^^^
[INFO] [stderr]   |
[INFO] [stderr]   = note: `#[warn(dead_code)]` on by default
[INFO] [stderr] 
[INFO] [stderr] warning: `web-fs` (test "multi_file") generated 1 warning
[INFO] [stderr] warning: `web-fs` (test "read_write") generated 1 warning
[INFO] [stderr]     Finished `test` profile [unoptimized + debuginfo] target(s) in 0.06s
[INFO] [stderr]      Running unittests src/lib.rs (/opt/rustwide/target/debug/deps/web_fs-14c1c457b8e2f90a)
[INFO] [stdout] 
[INFO] [stdout] running 0 tests
[INFO] [stdout] 
[INFO] [stdout] test result: ok. 0 passed; 0 failed; 0 ignored; 0 measured; 0 filtered out; finished in 0.00s
[INFO] [stdout] 
[INFO] [stderr]      Running tests/multi_file.rs (/opt/rustwide/target/debug/deps/multi_file-7aa5c1084250a0a4)
[INFO] [stdout] 
[INFO] [stdout] running 0 tests
[INFO] [stdout] 
[INFO] [stdout] test result: ok. 0 passed; 0 failed; 0 ignored; 0 measured; 0 filtered out; finished in 0.00s
[INFO] [stdout] 
[INFO] [stderr]      Running tests/read_write.rs (/opt/rustwide/target/debug/deps/read_write-033e335520de7ae9)
[INFO] [stdout] 
[INFO] [stdout] running 0 tests
[INFO] [stdout] 
[INFO] [stdout] test result: ok. 0 passed; 0 failed; 0 ignored; 0 measured; 0 filtered out; finished in 0.00s
[INFO] [stdout] 
[INFO] [stderr]    Doc-tests web_fs
[INFO] [stdout] 
[INFO] [stdout] running 2 tests
[INFO] [stdout] test src/../README.md - (line 20) ... FAILED
[INFO] [stdout] test src/../README.md - (line 60) ... FAILED
[INFO] [stdout] 
[INFO] [stdout] failures:
[INFO] [stdout] 
[INFO] [stdout] ---- src/../README.md - (line 20) stdout ----
[INFO] [stdout] error[E0432]: unresolved import `async_fs`
[INFO] [stdout]   --> src/../README.md:30:5
[INFO] [stdout]    |
[INFO] [stdout] 13 | use async_fs::{File, read_to_string, write, OpenOptions};
[INFO] [stdout]    |     ^^^^^^^^ use of undeclared crate or module `async_fs`
[INFO] [stdout] 
[INFO] [stdout] error[E0728]: `await` is only allowed inside `async` functions and blocks
[INFO] [stdout]   --> src/../README.md:34:42
[INFO] [stdout]    |
[INFO] [stdout] 5  | fn main() { #[allow(non_snake_case)] fn _doctest_main_src____README_md_20_0() {
[INFO] [stdout]    |                                      ---------------------------------------- this is not `async`
[INFO] [stdout] ...
[INFO] [stdout] 17 |     let mut file = File::create("testf").await.unwrap();
[INFO] [stdout]    |                                          ^^^^^ only allowed inside `async` functions and blocks
[INFO] [stdout] 
[INFO] [stdout] error[E0728]: `await` is only allowed inside `async` functions and blocks
[INFO] [stdout]   --> src/../README.md:35:41
[INFO] [stdout]    |
[INFO] [stdout] 5  | fn main() { #[allow(non_snake_case)] fn _doctest_main_src____README_md_20_0() {
[INFO] [stdout]    |                                      ---------------------------------------- this is not `async`
[INFO] [stdout] ...
[INFO] [stdout] 18 |     file.write_all("Hello,".as_bytes()).await.unwrap();
[INFO] [stdout]    |                                         ^^^^^ only allowed inside `async` functions and blocks
[INFO] [stdout] 
[INFO] [stdout] error[E0728]: `await` is only allowed inside `async` functions and blocks
[INFO] [stdout]   --> src/../README.md:39:40
[INFO] [stdout]    |
[INFO] [stdout] 5  | fn main() { #[allow(non_snake_case)] fn _doctest_main_src____README_md_20_0() {
[INFO] [stdout]    |                                      ---------------------------------------- this is not `async`
[INFO] [stdout] ...
[INFO] [stdout] 22 |     let mut file = File::open("testf").await.unwrap();
[INFO] [stdout]    |                                        ^^^^^ only allowed inside `async` functions and blocks
[INFO] [stdout] 
[INFO] [stdout] error[E0728]: `await` is only allowed inside `async` functions and blocks
[INFO] [stdout]   --> src/../README.md:41:35
[INFO] [stdout]    |
[INFO] [stdout] 5  | fn main() { #[allow(non_snake_case)] fn _doctest_main_src____README_md_20_0() {
[INFO] [stdout]    |                                      ---------------------------------------- this is not `async`
[INFO] [stdout] ...
[INFO] [stdout] 24 |     file.read_to_string(&mut buf).await.unwrap();
[INFO] [stdout]    |                                   ^^^^^ only allowed inside `async` functions and blocks
[INFO] [stdout] 
[INFO] [stdout] error[E0728]: `await` is only allowed inside `async` functions and blocks
[INFO] [stdout]   --> src/../README.md:46:78
[INFO] [stdout]    |
[INFO] [stdout] 5  | fn main() { #[allow(non_snake_case)] fn _doctest_main_src____README_md_20_0() {
[INFO] [stdout]    |                                      ---------------------------------------- this is not `async`
[INFO] [stdout] ...
[INFO] [stdout] 29 |     let mut file = OpenOptions::new().write(true).append(true).open("testf").await.unwrap();
[INFO] [stdout]    |                                                                              ^^^^^ only allowed inside `async` functions and blocks
[INFO] [stdout] 
[INFO] [stdout] error[E0728]: `await` is only allowed inside `async` functions and blocks
[INFO] [stdout]   --> src/../README.md:47:42
[INFO] [stdout]    |
[INFO] [stdout] 5  | fn main() { #[allow(non_snake_case)] fn _doctest_main_src____README_md_20_0() {
[INFO] [stdout]    |                                      ---------------------------------------- this is not `async`
[INFO] [stdout] ...
[INFO] [stdout] 30 |     file.write_all(" world!".as_bytes()).await.unwrap();
[INFO] [stdout]    |                                          ^^^^^ only allowed inside `async` functions and blocks
[INFO] [stdout] 
[INFO] [stdout] error[E0728]: `await` is only allowed inside `async` functions and blocks
[INFO] [stdout]   --> src/../README.md:50:39
[INFO] [stdout]    |
[INFO] [stdout] 5  | fn main() { #[allow(non_snake_case)] fn _doctest_main_src____README_md_20_0() {
[INFO] [stdout]    |                                      ---------------------------------------- this is not `async`
[INFO] [stdout] ...
[INFO] [stdout] 33 |     let buf = read_to_string("testf").await.unwrap();
[INFO] [stdout]    |                                       ^^^^^ only allowed inside `async` functions and blocks
[INFO] [stdout] 
[INFO] [stdout] error[E0728]: `await` is only allowed inside `async` functions and blocks
[INFO] [stdout]   --> src/../README.md:55:34
[INFO] [stdout]    |
[INFO] [stdout] 5  | fn main() { #[allow(non_snake_case)] fn _doctest_main_src____README_md_20_0() {
[INFO] [stdout]    |                                      ---------------------------------------- this is not `async`
[INFO] [stdout] ...
[INFO] [stdout] 38 |     write("testf", "Hello, FS!").await.unwrap();
[INFO] [stdout]    |                                  ^^^^^ only allowed inside `async` functions and blocks
[INFO] [stdout] 
[INFO] [stdout] error[E0728]: `await` is only allowed inside `async` functions and blocks
[INFO] [stdout]   --> src/../README.md:56:39
[INFO] [stdout]    |
[INFO] [stdout] 5  | fn main() { #[allow(non_snake_case)] fn _doctest_main_src____README_md_20_0() {
[INFO] [stdout]    |                                      ---------------------------------------- this is not `async`
[INFO] [stdout] ...
[INFO] [stdout] 39 |     let buf = read_to_string("testf").await.unwrap();
[INFO] [stdout]    |                                       ^^^^^ only allowed inside `async` functions and blocks
[INFO] [stdout] 
[INFO] [stdout] error: aborting due to 10 previous errors
[INFO] [stdout] 
[INFO] [stdout] Some errors have detailed explanations: E0432, E0728.
[INFO] [stdout] For more information about an error, try `rustc --explain E0432`.
[INFO] [stdout] Couldn't compile the test.
[INFO] [stdout] ---- src/../README.md - (line 60) stdout ----
[INFO] [stdout] error[E0432]: unresolved import `log`
[INFO] [stdout]  --> src/../README.md:64:5
[INFO] [stdout]   |
[INFO] [stdout] 7 | use log::info;
[INFO] [stdout]   |     ^^^ use of undeclared crate or module `log`
[INFO] [stdout] 
[INFO] [stdout] error[E0433]: failed to resolve: use of undeclared crate or module `log`
[INFO] [stdout]   --> src/../README.md:69:34
[INFO] [stdout]    |
[INFO] [stdout] 12 |     console_log::init_with_level(log::Level::Debug).unwrap();
[INFO] [stdout]    |                                  ^^^ use of undeclared crate or module `log`
[INFO] [stdout] 
[INFO] [stdout] error[E0433]: failed to resolve: use of undeclared crate or module `console_log`
[INFO] [stdout]   --> src/../README.md:69:5
[INFO] [stdout]    |
[INFO] [stdout] 12 |     console_log::init_with_level(log::Level::Debug).unwrap();
[INFO] [stdout]    |     ^^^^^^^^^^^ use of undeclared crate or module `console_log`
[INFO] [stdout] 
[INFO] [stdout] error[E0433]: failed to resolve: use of undeclared crate or module `console_error_panic_hook`
[INFO] [stdout]   --> src/../README.md:70:35
[INFO] [stdout]    |
[INFO] [stdout] 13 |     std::panic::set_hook(Box::new(console_error_panic_hook::hook));
[INFO] [stdout]    |                                   ^^^^^^^^^^^^^^^^^^^^^^^^ use of undeclared crate or module `console_error_panic_hook`
[INFO] [stdout] 
[INFO] [stdout] error: aborting due to 4 previous errors
[INFO] [stdout] 
[INFO] [stdout] Some errors have detailed explanations: E0432, E0433.
[INFO] [stdout] For more information about an error, try `rustc --explain E0432`.
[INFO] [stdout] Couldn't compile the test.
[INFO] [stdout] 
[INFO] [stdout] failures:
[INFO] [stdout]     src/../README.md - (line 20)
[INFO] [stdout]     src/../README.md - (line 60)
[INFO] [stdout] 
[INFO] [stdout] test result: FAILED. 0 passed; 2 failed; 0 ignored; 0 measured; 0 filtered out; finished in 0.11s
[INFO] [stdout] 
[INFO] [stderr] error: doctest failed, to rerun pass `--doc`
[INFO] running `Command { std: "docker" "inspect" "5141612920a72e6d06bac65aed7197204f4be6a477b0213d20cd9738619ffac8", kill_on_drop: false }`
[INFO] running `Command { std: "docker" "rm" "-f" "5141612920a72e6d06bac65aed7197204f4be6a477b0213d20cd9738619ffac8", kill_on_drop: false }`
[INFO] [stdout] 5141612920a72e6d06bac65aed7197204f4be6a477b0213d20cd9738619ffac8
