[INFO] fetching crate wca 0.22.0...
[INFO] testing wca-0.22.0 against nightly-2024-10-28 for randomize-layout
[INFO] extracting crate wca 0.22.0 into /workspace/builds/worker-6-tc1/source
[INFO] validating manifest of crates.io crate wca 0.22.0 on toolchain nightly-2024-10-28
[INFO] running `Command { std: CARGO_HOME="/workspace/cargo-home" RUSTUP_HOME="/workspace/rustup-home" "/workspace/cargo-home/bin/cargo" "+nightly-2024-10-28" "metadata" "--manifest-path" "Cargo.toml" "--no-deps", kill_on_drop: false }`
[INFO] started tweaking crates.io crate wca 0.22.0
[INFO] removed 0 missing examples
[INFO] removed 0 missing tests
[INFO] finished tweaking crates.io crate wca 0.22.0
[INFO] tweaked toml for crates.io crate wca 0.22.0 written to /workspace/builds/worker-6-tc1/source/Cargo.toml
[INFO] crate crates.io crate wca 0.22.0 already has a lockfile, it will not be regenerated
[INFO] running `Command { std: CARGO_HOME="/workspace/cargo-home" RUSTUP_HOME="/workspace/rustup-home" "/workspace/cargo-home/bin/cargo" "+nightly-2024-10-28" "fetch" "--manifest-path" "Cargo.toml", kill_on_drop: false }`
[INFO] [stderr]     Updating crates.io index
[INFO] [stderr]  Downloading crates ...
[INFO] [stderr]   Downloaded is_slice v0.10.0
[INFO] [stderr]   Downloaded test_tools v0.10.0
[INFO] [stderr]   Downloaded textdistance v1.0.2
[INFO] [stderr]   Downloaded trybuild v1.0.89
[INFO] [stderr]   Downloaded literally v0.1.3
[INFO] [stderr]   Downloaded implements v0.9.0
[INFO] [stderr]   Downloaded inspect_type v0.11.0
[INFO] [stderr]   Downloaded mem_tools v0.7.0
[INFO] [stderr]   Downloaded derive_tools_meta v0.27.0
[INFO] [stderr]   Downloaded mod_interface_meta v0.26.0
[INFO] [stderr]   Downloaded proper_path_tools v0.10.0
[INFO] [stderr]   Downloaded for_each v0.9.0
[INFO] [stderr]   Downloaded mod_interface v0.27.0
[INFO] [stderr]   Downloaded assert_fs v1.1.1
[INFO] [stderr]   Downloaded derive_tools v0.29.0
[INFO] [stderr]   Downloaded derive_more-impl v1.0.0-beta.6
[INFO] [stderr]   Downloaded derive_more v1.0.0-beta.6
[INFO] [stderr]   Downloaded macro_tools v0.40.0
[INFO] [stderr]   Downloaded mod_interface v0.24.0
[INFO] [stderr]   Downloaded former_meta v2.9.0
[INFO] [stderr]   Downloaded former v2.9.0
[INFO] [stderr]   Downloaded derive_tools v0.28.0
[INFO] [stderr]   Downloaded former_types v2.8.0
[INFO] [stderr]   Downloaded mod_interface_meta v0.24.0
[INFO] [stderr]   Downloaded process_tools v0.9.0
[INFO] [stderr]   Downloaded strs_tools v0.17.0
[INFO] [stderr]   Downloaded data_type v0.10.0
[INFO] [stderr]   Downloaded diagnostics_tools v0.9.0
[INFO] [stderr]   Downloaded impls_index v0.8.0
[INFO] [stderr]   Downloaded derive_tools_meta v0.28.0
[INFO] [stderr]   Downloaded mod_interface v0.26.0
[INFO] [stderr]   Downloaded meta_tools v0.11.0
[INFO] [stderr]   Downloaded error_tools v0.17.0
[INFO] [stderr]   Downloaded clone_dyn_types v0.23.0
[INFO] [stderr]   Downloaded iter_tools v0.21.0
[INFO] [stderr]   Downloaded impls_index_meta v0.8.0
[INFO] [stderr]   Downloaded mod_interface_meta v0.25.0
[INFO] [stderr]   Downloaded collection_tools v0.12.0
[INFO] [stderr]   Downloaded interval_adapter v0.24.0
[INFO] [stderr]   Downloaded shared_child v1.0.0
[INFO] [stderr]   Downloaded typing_tools v0.9.0
[INFO] [stderr]   Downloaded dissimilar v1.0.7
[INFO] running `Command { std: "docker" "create" "-v" "/var/lib/crater-agent-workspace/builds/worker-6-tc1/target:/opt/rustwide/target:rw,Z" "-v" "/var/lib/crater-agent-workspace/builds/worker-6-tc1/source:/opt/rustwide/workdir:ro,Z" "-v" "/var/lib/crater-agent-workspace/cargo-home:/opt/rustwide/cargo-home:ro,Z" "-v" "/var/lib/crater-agent-workspace/rustup-home:/opt/rustwide/rustup-home:ro,Z" "-e" "SOURCE_DIR=/opt/rustwide/workdir" "-e" "CARGO_TARGET_DIR=/opt/rustwide/target" "-e" "CARGO_HOME=/opt/rustwide/cargo-home" "-e" "RUSTUP_HOME=/opt/rustwide/rustup-home" "-w" "/opt/rustwide/workdir" "-m" "1610612736" "--user" "0:0" "--network" "none" "ghcr.io/rust-lang/crates-build-env/linux@sha256:4a844ea9eb2546a2d2c7022eacef16ef2e8229c7fbb2c7d4d55a9ceca922f72d" "/opt/rustwide/cargo-home/bin/cargo" "+nightly-2024-10-28" "metadata" "--no-deps" "--format-version=1", kill_on_drop: false }`
[INFO] [stdout] b0a5b1585f9e3c7dd61bf5b6528a6d368ed94971ebc9f6b7f9a5ed765ad1d912
[INFO] running `Command { std: "docker" "start" "-a" "b0a5b1585f9e3c7dd61bf5b6528a6d368ed94971ebc9f6b7f9a5ed765ad1d912", kill_on_drop: false }`
[INFO] running `Command { std: "docker" "inspect" "b0a5b1585f9e3c7dd61bf5b6528a6d368ed94971ebc9f6b7f9a5ed765ad1d912", kill_on_drop: false }`
[INFO] running `Command { std: "docker" "rm" "-f" "b0a5b1585f9e3c7dd61bf5b6528a6d368ed94971ebc9f6b7f9a5ed765ad1d912", kill_on_drop: false }`
[INFO] [stdout] b0a5b1585f9e3c7dd61bf5b6528a6d368ed94971ebc9f6b7f9a5ed765ad1d912
[INFO] running `Command { std: "docker" "create" "-v" "/var/lib/crater-agent-workspace/builds/worker-6-tc1/target:/opt/rustwide/target:rw,Z" "-v" "/var/lib/crater-agent-workspace/builds/worker-6-tc1/source:/opt/rustwide/workdir:ro,Z" "-v" "/var/lib/crater-agent-workspace/cargo-home:/opt/rustwide/cargo-home:ro,Z" "-v" "/var/lib/crater-agent-workspace/rustup-home:/opt/rustwide/rustup-home:ro,Z" "-e" "SOURCE_DIR=/opt/rustwide/workdir" "-e" "CARGO_TARGET_DIR=/opt/rustwide/target" "-e" "CARGO_INCREMENTAL=0" "-e" "RUST_BACKTRACE=full" "-e" "RUSTFLAGS=--cap-lints=forbid" "-e" "RUSTDOCFLAGS=--cap-lints=forbid" "-e" "CARGO_HOME=/opt/rustwide/cargo-home" "-e" "RUSTUP_HOME=/opt/rustwide/rustup-home" "-w" "/opt/rustwide/workdir" "-m" "1610612736" "--user" "0:0" "--network" "none" "ghcr.io/rust-lang/crates-build-env/linux@sha256:4a844ea9eb2546a2d2c7022eacef16ef2e8229c7fbb2c7d4d55a9ceca922f72d" "/opt/rustwide/cargo-home/bin/cargo" "+nightly-2024-10-28" "build" "--frozen" "--message-format=json", kill_on_drop: false }`
[INFO] [stdout] 718e3e00e1a496ba355fb113f6ca53481ec86de310d21fa7b9f12fce651f3672
[INFO] running `Command { std: "docker" "start" "-a" "718e3e00e1a496ba355fb113f6ca53481ec86de310d21fa7b9f12fce651f3672", kill_on_drop: false }`
[INFO] [stderr]    Compiling proc-macro2 v1.0.85
[INFO] [stderr]    Compiling unicode-ident v1.0.12
[INFO] [stderr]    Compiling unicode-xid v0.2.4
[INFO] [stderr]    Compiling either v1.6.1
[INFO] [stderr]    Compiling collection_tools v0.12.0
[INFO] [stderr]    Compiling clone_dyn_types v0.23.0
[INFO] [stderr]    Compiling unicode-segmentation v1.11.0
[INFO] [stderr]    Compiling static_assertions v1.1.0
[INFO] [stderr]    Compiling former_types v2.8.0
[INFO] [stderr]    Compiling interval_adapter v0.24.0
[INFO] [stderr]    Compiling lexical-util v0.8.5
[INFO] [stderr]    Compiling cfg_aliases v0.1.1
[INFO] [stderr]    Compiling thiserror v1.0.58
[INFO] [stderr]    Compiling anyhow v1.0.81
[INFO] [stderr]    Compiling derive_tools v0.29.0
[INFO] [stderr]    Compiling itertools v0.11.0
[INFO] [stderr]    Compiling hashbrown v0.14.3
[INFO] [stderr]    Compiling equivalent v1.0.1
[INFO] [stderr]    Compiling log v0.4.21
[INFO] [stderr]    Compiling convert_case v0.6.0
[INFO] [stderr]    Compiling lexical-parse-integer v0.8.6
[INFO] [stderr]    Compiling lexical-write-integer v0.8.5
[INFO] [stderr]    Compiling lexical-parse-float v0.8.5
[INFO] [stderr]    Compiling lexical-write-float v0.8.5
[INFO] [stderr]    Compiling quote v1.0.36
[INFO] [stderr]    Compiling indexmap v2.2.6
[INFO] [stderr]    Compiling syn v2.0.66
[INFO] [stderr]    Compiling const_format_proc_macros v0.2.32
[INFO] [stderr]    Compiling lexical-core v0.8.5
[INFO] [stderr]    Compiling lexical v6.1.1
[INFO] [stderr]    Compiling iter_tools v0.21.0
[INFO] [stderr]    Compiling const_format v0.2.32
[INFO] [stderr]    Compiling macro_tools v0.40.0
[INFO] [stderr]    Compiling derive_more-impl v1.0.0-beta.6
[INFO] [stderr]    Compiling derive_tools_meta v0.28.0
[INFO] [stderr]    Compiling thiserror-impl v1.0.58
[INFO] [stderr]    Compiling former_meta v2.9.0
[INFO] [stderr]    Compiling error_tools v0.17.0
[INFO] [stderr]    Compiling derive_more v1.0.0-beta.6
[INFO] [stderr]    Compiling mod_interface_meta v0.26.0
[INFO] [stderr]    Compiling former v2.9.0
[INFO] [stderr]    Compiling strs_tools v0.17.0
[INFO] [stderr]    Compiling mod_interface v0.27.0
[INFO] [stderr]    Compiling wca v0.22.0 (/opt/rustwide/workdir)
[INFO] [stdout] warning: lint `where_clauses_object_safety` has been removed: converted into hard error, see PR #125380 <https://github.com/rust-lang/rust/pull/125380> for more information
[INFO] [stdout]  --> src/lib.rs:7:12
[INFO] [stdout]   |
[INFO] [stdout] 7 | #![ allow( where_clauses_object_safety ) ] // https://github.com/chris-morgan/anymap/issues/31
[INFO] [stdout]   |            ^^^^^^^^^^^^^^^^^^^^^^^^^^^
[INFO] [stdout]   |
[INFO] [stdout]   = note: `#[warn(renamed_and_removed_lints)]` on by default
[INFO] [stdout] 
[INFO] [stdout] 
[INFO] [stdout] warning: elided lifetime has a name
[INFO] [stdout]    --> src/ca/verifier/verifier.rs:171:121
[INFO] [stdout]     |
[INFO] [stdout] 171 |     fn group_properties_and_their_aliases< 'a, Ks >( aliases : &'a HashMap< String, String >, used_keys :  Ks ) -> Vec< &String >
[INFO] [stdout]     |                                            -- lifetime `'a` declared here                                               ^ this elided lifetime gets resolved as `'a`
[INFO] [stdout]     |
[INFO] [stdout]     = note: `#[warn(elided_named_lifetimes)]` on by default
[INFO] [stdout] 
[INFO] [stdout] 
[INFO] [stdout] warning: missing documentation for an enum
[INFO] [stdout]   --> src/ca/help.rs:25:3
[INFO] [stdout]    |
[INFO] [stdout] 25 |   pub enum LevelOfDetail
[INFO] [stdout]    |   ^^^^^^^^^^^^^^^^^^^^^^
[INFO] [stdout]    |
[INFO] [stdout]    = note: requested on the command line with `-W missing-docs`
[INFO] [stdout] 
[INFO] [stdout] 
[INFO] [stdout] warning: missing documentation for a variant
[INFO] [stdout]   --> src/ca/help.rs:28:5
[INFO] [stdout]    |
[INFO] [stdout] 28 |     None,
[INFO] [stdout]    |     ^^^^
[INFO] [stdout] 
[INFO] [stdout] 
[INFO] [stdout] warning: missing documentation for a variant
[INFO] [stdout]   --> src/ca/help.rs:29:5
[INFO] [stdout]    |
[INFO] [stdout] 29 |     Simple,
[INFO] [stdout]    |     ^^^^^^
[INFO] [stdout] 
[INFO] [stdout] 
[INFO] [stdout] warning: missing documentation for a variant
[INFO] [stdout]   --> src/ca/help.rs:30:5
[INFO] [stdout]    |
[INFO] [stdout] 30 |     Detailed,
[INFO] [stdout]    |     ^^^^^^^^
[INFO] [stdout] 
[INFO] [stdout] 
[INFO] [stdout] warning: missing documentation for a function
[INFO] [stdout]   --> src/ca/help.rs:67:3
[INFO] [stdout]    |
[INFO] [stdout] 67 |   pub fn generate_help_content( dictionary : &Dictionary, o : HelpGeneratorOptions< '_ > ) -> String
[INFO] [stdout]    |   ^^^^^^^^^^^^^^^^^^^^^^^^^^^^^^^^^^^^^^^^^^^^^^^^^^^^^^^^^^^^^^^^^^^^^^^^^^^^^^^^^^^^^^^^^^^^^^^^^^
[INFO] [stdout] 
[INFO] [stdout] 
[INFO] [stdout] warning: missing documentation for a variant
[INFO] [stdout]   --> src/ca/formatter.rs:12:5
[INFO] [stdout]    |
[INFO] [stdout] 12 |     Markdown,
[INFO] [stdout]    |     ^^^^^^^^
[INFO] [stdout] 
[INFO] [stdout] 
[INFO] [stdout] warning: missing documentation for a variant
[INFO] [stdout]   --> src/ca/formatter.rs:13:5
[INFO] [stdout]    |
[INFO] [stdout] 13 |     Another,
[INFO] [stdout]    |     ^^^^^^^
[INFO] [stdout] 
[INFO] [stdout] 
[INFO] [stdout] warning: missing documentation for a function
[INFO] [stdout]   --> src/ca/formatter.rs:16:3
[INFO] [stdout]    |
[INFO] [stdout] 16 |   pub fn md_generator( grammar : &Dictionary, order: Order ) -> String
[INFO] [stdout]    |   ^^^^^^^^^^^^^^^^^^^^^^^^^^^^^^^^^^^^^^^^^^^^^^^^^^^^^^^^^^^^^^^^^^^^
[INFO] [stdout] 
[INFO] [stdout] 
[INFO] [stderr]     Finished `dev` profile [unoptimized + debuginfo] target(s) in 5.20s
[INFO] running `Command { std: "docker" "inspect" "718e3e00e1a496ba355fb113f6ca53481ec86de310d21fa7b9f12fce651f3672", kill_on_drop: false }`
[INFO] running `Command { std: "docker" "rm" "-f" "718e3e00e1a496ba355fb113f6ca53481ec86de310d21fa7b9f12fce651f3672", kill_on_drop: false }`
[INFO] [stdout] 718e3e00e1a496ba355fb113f6ca53481ec86de310d21fa7b9f12fce651f3672
[INFO] running `Command { std: "docker" "create" "-v" "/var/lib/crater-agent-workspace/builds/worker-6-tc1/target:/opt/rustwide/target:rw,Z" "-v" "/var/lib/crater-agent-workspace/builds/worker-6-tc1/source:/opt/rustwide/workdir:ro,Z" "-v" "/var/lib/crater-agent-workspace/cargo-home:/opt/rustwide/cargo-home:ro,Z" "-v" "/var/lib/crater-agent-workspace/rustup-home:/opt/rustwide/rustup-home:ro,Z" "-e" "SOURCE_DIR=/opt/rustwide/workdir" "-e" "CARGO_TARGET_DIR=/opt/rustwide/target" "-e" "CARGO_INCREMENTAL=0" "-e" "RUST_BACKTRACE=full" "-e" "RUSTFLAGS=--cap-lints=forbid" "-e" "RUSTDOCFLAGS=--cap-lints=forbid" "-e" "CARGO_HOME=/opt/rustwide/cargo-home" "-e" "RUSTUP_HOME=/opt/rustwide/rustup-home" "-w" "/opt/rustwide/workdir" "-m" "1610612736" "--user" "0:0" "--network" "none" "ghcr.io/rust-lang/crates-build-env/linux@sha256:4a844ea9eb2546a2d2c7022eacef16ef2e8229c7fbb2c7d4d55a9ceca922f72d" "/opt/rustwide/cargo-home/bin/cargo" "+nightly-2024-10-28" "test" "--frozen" "--no-run" "--message-format=json", kill_on_drop: false }`
[INFO] [stdout] 05419fe66cec4cdfad1347f7e54d58b59aef28eefb16302d7101013d3896e939
[INFO] running `Command { std: "docker" "start" "-a" "05419fe66cec4cdfad1347f7e54d58b59aef28eefb16302d7101013d3896e939", kill_on_drop: false }`
[INFO] [stderr]    Compiling either v1.6.1
[INFO] [stderr]    Compiling collection_tools v0.12.0
[INFO] [stderr]    Compiling interval_adapter v0.24.0
[INFO] [stderr]    Compiling libc v0.2.153
[INFO] [stderr]    Compiling memchr v2.7.1
[INFO] [stderr]    Compiling regex-syntax v0.8.4
[INFO] [stderr]    Compiling crossbeam-utils v0.8.19
[INFO] [stderr]    Compiling semver v1.0.22
[INFO] [stderr]    Compiling former_types v2.8.0
[INFO] [stderr]    Compiling itertools v0.11.0
[INFO] [stderr]    Compiling serde v1.0.197
[INFO] [stderr]    Compiling serde_derive v1.0.197
[INFO] [stderr]    Compiling derive_tools v0.28.0
[INFO] [stderr]    Compiling rustc_version v0.4.0
[INFO] [stderr]    Compiling aho-corasick v1.1.2
[INFO] [stderr]    Compiling crossbeam-epoch v0.9.18
[INFO] [stderr]    Compiling autocfg v1.1.0
[INFO] [stderr]    Compiling serde_json v1.0.114
[INFO] [stderr]    Compiling crossbeam-deque v0.8.5
[INFO] [stderr]    Compiling num-traits v0.2.18
[INFO] [stderr]    Compiling itoa v1.0.10
[INFO] [stderr]    Compiling once_cell v1.19.0
[INFO] [stderr]    Compiling iter_tools v0.21.0
[INFO] [stderr]    Compiling ryu v1.0.17
[INFO] [stderr]    Compiling anstyle v1.0.6
[INFO] [stderr]    Compiling macro_tools v0.40.0
[INFO] [stderr]    Compiling getrandom v0.2.12
[INFO] [stderr]    Compiling inspect_type v0.11.0
[INFO] [stderr]    Compiling bstr v1.9.1
[INFO] [stderr]    Compiling rayon-core v1.12.1
[INFO] [stderr]    Compiling bitflags v2.4.2
[INFO] [stderr]    Compiling regex-automata v0.4.6
[INFO] [stderr]    Compiling derive_tools_meta v0.28.0
[INFO] [stderr]    Compiling derive_tools_meta v0.27.0
[INFO] [stderr]    Compiling former_meta v2.9.0
[INFO] [stderr]    Compiling derive_tools v0.29.0
[INFO] [stderr]    Compiling paste v1.0.14
[INFO] [stderr]    Compiling mod_interface_meta v0.24.0
[INFO] [stderr]    Compiling rustix v0.38.31
[INFO] [stderr]    Compiling mod_interface_meta v0.25.0
[INFO] [stderr]    Compiling impls_index_meta v0.8.0
[INFO] [stderr]    Compiling mod_interface v0.24.0
[INFO] [stderr]    Compiling rand_core v0.6.4
[INFO] [stderr]    Compiling error_tools v0.17.0
[INFO] [stderr]    Compiling os_pipe v1.1.5
[INFO] [stderr]    Compiling shared_child v1.0.0
[INFO] [stderr]    Compiling half v2.4.0
[INFO] [stderr]    Compiling linux-raw-sys v0.4.13
[INFO] [stderr]    Compiling plotters-backend v0.3.5
[INFO] [stderr]    Compiling ciborium-io v0.2.2
[INFO] [stderr]    Compiling predicates-core v1.0.6
[INFO] [stderr]    Compiling yansi v0.5.1
[INFO] [stderr]    Compiling rustversion v1.0.14
[INFO] [stderr]    Compiling regex v1.10.5
[INFO] [stderr]    Compiling globset v0.4.14
[INFO] [stderr]    Compiling trybuild v1.0.89
[INFO] [stderr]    Compiling former v2.9.0
[INFO] [stderr]    Compiling ppv-lite86 v0.2.17
[INFO] [stderr]    Compiling clap_lex v0.7.0
[INFO] [stderr]    Compiling doc-comment v0.3.3
[INFO] [stderr]    Compiling clap_builder v4.5.2
[INFO] [stderr]    Compiling pretty_assertions v1.4.0
[INFO] [stderr]    Compiling rand_chacha v0.3.1
[INFO] [stderr]    Compiling ignore v0.4.22
[INFO] [stderr]    Compiling proper_path_tools v0.10.0
[INFO] [stderr]    Compiling ciborium-ll v0.2.2
[INFO] [stderr]    Compiling plotters-svg v0.3.5
[INFO] [stderr]    Compiling duct v0.13.7
[INFO] [stderr]    Compiling impls_index v0.8.0
[INFO] [stderr]    Compiling mod_interface v0.26.0
[INFO] [stderr]    Compiling mod_interface_meta v0.26.0
[INFO] [stderr]    Compiling test_tools v0.10.0
[INFO] [stderr]    Compiling itertools v0.10.5
[INFO] [stderr]    Compiling dissimilar v1.0.7
[INFO] [stderr]    Compiling literally v0.1.3
[INFO] [stderr]    Compiling for_each v0.9.0
[INFO] [stderr]    Compiling termtree v0.4.1
[INFO] [stderr]    Compiling glob v0.3.1
[INFO] [stderr]    Compiling is_slice v0.10.0
[INFO] [stderr]    Compiling implements v0.9.0
[INFO] [stderr]    Compiling cast v0.3.0
[INFO] [stderr]    Compiling basic-toml v0.1.9
[INFO] [stderr]    Compiling termcolor v1.4.1
[INFO] [stderr]    Compiling difflib v0.4.0
[INFO] [stderr]    Compiling fastrand v2.0.1
[INFO] [stderr]    Compiling predicates v3.1.0
[INFO] [stderr]    Compiling criterion-plot v0.5.0
[INFO] [stderr]    Compiling tempfile v3.10.1
[INFO] [stderr]    Compiling typing_tools v0.9.0
[INFO] [stderr]    Compiling ciborium v0.2.2
[INFO] [stderr]    Compiling tinytemplate v1.2.1
[INFO] [stderr]    Compiling predicates-tree v1.0.9
[INFO] [stderr]    Compiling mod_interface v0.27.0
[INFO] [stderr]    Compiling meta_tools v0.11.0
[INFO] [stderr]    Compiling clap v4.5.2
[INFO] [stderr]    Compiling rayon v1.9.0
[INFO] [stderr]    Compiling process_tools v0.9.0
[INFO] [stderr]    Compiling strs_tools v0.17.0
[INFO] [stderr]    Compiling plotters v0.3.5
[INFO] [stderr]    Compiling globwalk v0.9.1
[INFO] [stderr]    Compiling rand v0.8.5
[INFO] [stderr]    Compiling diagnostics_tools v0.9.0
[INFO] [stderr]    Compiling is-terminal v0.4.12
[INFO] [stderr]    Compiling data_type v0.10.0
[INFO] [stderr]    Compiling anes v0.1.6
[INFO] [stderr]    Compiling oorandom v11.1.3
[INFO] [stderr]    Compiling mem_tools v0.7.0
[INFO] [stderr]    Compiling assert_fs v1.1.1
[INFO] [stderr]    Compiling wca v0.22.0 (/opt/rustwide/workdir)
[INFO] [stdout] warning: lint `where_clauses_object_safety` has been removed: converted into hard error, see PR #125380 <https://github.com/rust-lang/rust/pull/125380> for more information
[INFO] [stdout]  --> src/lib.rs:7:12
[INFO] [stdout]   |
[INFO] [stdout] 7 | #![ allow( where_clauses_object_safety ) ] // https://github.com/chris-morgan/anymap/issues/31
[INFO] [stdout]   |            ^^^^^^^^^^^^^^^^^^^^^^^^^^^
[INFO] [stdout]   |
[INFO] [stdout]   = note: `#[warn(renamed_and_removed_lints)]` on by default
[INFO] [stdout] 
[INFO] [stdout] 
[INFO] [stdout] warning: elided lifetime has a name
[INFO] [stdout]    --> src/ca/verifier/verifier.rs:171:121
[INFO] [stdout]     |
[INFO] [stdout] 171 |     fn group_properties_and_their_aliases< 'a, Ks >( aliases : &'a HashMap< String, String >, used_keys :  Ks ) -> Vec< &String >
[INFO] [stdout]     |                                            -- lifetime `'a` declared here                                               ^ this elided lifetime gets resolved as `'a`
[INFO] [stdout]     |
[INFO] [stdout]     = note: `#[warn(elided_named_lifetimes)]` on by default
[INFO] [stdout] 
[INFO] [stdout] 
[INFO] [stdout] warning: missing documentation for an enum
[INFO] [stdout]   --> src/ca/help.rs:25:3
[INFO] [stdout]    |
[INFO] [stdout] 25 |   pub enum LevelOfDetail
[INFO] [stdout]    |   ^^^^^^^^^^^^^^^^^^^^^^
[INFO] [stdout]    |
[INFO] [stdout]    = note: requested on the command line with `-W missing-docs`
[INFO] [stdout] 
[INFO] [stdout] 
[INFO] [stdout] warning: missing documentation for a variant
[INFO] [stdout]   --> src/ca/help.rs:28:5
[INFO] [stdout]    |
[INFO] [stdout] 28 |     None,
[INFO] [stdout]    |     ^^^^
[INFO] [stdout] 
[INFO] [stdout] 
[INFO] [stdout] warning: missing documentation for a variant
[INFO] [stdout]   --> src/ca/help.rs:29:5
[INFO] [stdout]    |
[INFO] [stdout] 29 |     Simple,
[INFO] [stdout]    |     ^^^^^^
[INFO] [stdout] 
[INFO] [stdout] 
[INFO] [stdout] warning: missing documentation for a variant
[INFO] [stdout]   --> src/ca/help.rs:30:5
[INFO] [stdout]    |
[INFO] [stdout] 30 |     Detailed,
[INFO] [stdout]    |     ^^^^^^^^
[INFO] [stdout] 
[INFO] [stdout] 
[INFO] [stdout] warning: missing documentation for a function
[INFO] [stdout]   --> src/ca/help.rs:67:3
[INFO] [stdout]    |
[INFO] [stdout] 67 |   pub fn generate_help_content( dictionary : &Dictionary, o : HelpGeneratorOptions< '_ > ) -> String
[INFO] [stdout]    |   ^^^^^^^^^^^^^^^^^^^^^^^^^^^^^^^^^^^^^^^^^^^^^^^^^^^^^^^^^^^^^^^^^^^^^^^^^^^^^^^^^^^^^^^^^^^^^^^^^^
[INFO] [stdout] 
[INFO] [stdout] 
[INFO] [stdout] warning: missing documentation for a variant
[INFO] [stdout]   --> src/ca/formatter.rs:12:5
[INFO] [stdout]    |
[INFO] [stdout] 12 |     Markdown,
[INFO] [stdout]    |     ^^^^^^^^
[INFO] [stdout] 
[INFO] [stdout] 
[INFO] [stdout] warning: missing documentation for a variant
[INFO] [stdout]   --> src/ca/formatter.rs:13:5
[INFO] [stdout]    |
[INFO] [stdout] 13 |     Another,
[INFO] [stdout]    |     ^^^^^^^
[INFO] [stdout] 
[INFO] [stdout] 
[INFO] [stdout] warning: missing documentation for a function
[INFO] [stdout]   --> src/ca/formatter.rs:16:3
[INFO] [stdout]    |
[INFO] [stdout] 16 |   pub fn md_generator( grammar : &Dictionary, order: Order ) -> String
[INFO] [stdout]    |   ^^^^^^^^^^^^^^^^^^^^^^^^^^^^^^^^^^^^^^^^^^^^^^^^^^^^^^^^^^^^^^^^^^^^
[INFO] [stdout] 
[INFO] [stdout] 
[INFO] [stderr]    Compiling criterion v0.5.1
[INFO] [stdout] warning: lint `where_clauses_object_safety` has been removed: converted into hard error, see PR #125380 <https://github.com/rust-lang/rust/pull/125380> for more information
[INFO] [stdout]  --> src/lib.rs:7:12
[INFO] [stdout]   |
[INFO] [stdout] 7 | #![ allow( where_clauses_object_safety ) ] // https://github.com/chris-morgan/anymap/issues/31
[INFO] [stdout]   |            ^^^^^^^^^^^^^^^^^^^^^^^^^^^
[INFO] [stdout]   |
[INFO] [stdout]   = note: `#[warn(renamed_and_removed_lints)]` on by default
[INFO] [stdout] 
[INFO] [stdout] 
[INFO] [stdout] warning: elided lifetime has a name
[INFO] [stdout]    --> src/ca/verifier/verifier.rs:171:121
[INFO] [stdout]     |
[INFO] [stdout] 171 |     fn group_properties_and_their_aliases< 'a, Ks >( aliases : &'a HashMap< String, String >, used_keys :  Ks ) -> Vec< &String >
[INFO] [stdout]     |                                            -- lifetime `'a` declared here                                               ^ this elided lifetime gets resolved as `'a`
[INFO] [stdout]     |
[INFO] [stdout]     = note: `#[warn(elided_named_lifetimes)]` on by default
[INFO] [stdout] 
[INFO] [stdout] 
[INFO] [stdout] warning: missing documentation for the crate
[INFO] [stdout]   --> tests/smoke_test.rs:3:1
[INFO] [stdout]    |
[INFO] [stdout] 3  | / #[ test ]
[INFO] [stdout] 4  | | fn local_smoke_test()
[INFO] [stdout] 5  | | {
[INFO] [stdout] 6  | |   ::test_tools::smoke_test_for_local_run();
[INFO] [stdout] ...  |
[INFO] [stdout] 13 | |   ::test_tools::smoke_test_for_published_run();
[INFO] [stdout] 14 | | }
[INFO] [stdout]    | |_^
[INFO] [stdout]    |
[INFO] [stdout]    = note: requested on the command line with `-W missing-docs`
[INFO] [stdout] 
[INFO] [stdout] 
[INFO] [stdout] warning: unexpected `cfg` condition value: `no_std`
[INFO] [stdout]  --> tests/inc/mod.rs:9:14
[INFO] [stdout]   |
[INFO] [stdout] 9 | #[ cfg( not( feature = "no_std" ) ) ]
[INFO] [stdout]   |              ^^^^^^^^^^^^^^^^^^
[INFO] [stdout]   |
[INFO] [stdout]   = note: expected values for `feature` are: `default`, `enabled`, `full`, and `on_unknown_suggest`
[INFO] [stdout]   = help: consider adding `no_std` as a feature in `Cargo.toml`
[INFO] [stdout]   = note: see <https://doc.rust-lang.org/nightly/rustc/check-cfg/cargo-specifics.html> for more information about checking conditional configuration
[INFO] [stdout]   = note: `#[warn(unexpected_cfgs)]` on by default
[INFO] [stdout] 
[INFO] [stdout] 
[INFO] [stdout] warning: unexpected `cfg` condition value: `no_std`
[INFO] [stdout]   --> tests/inc/mod.rs:11:14
[INFO] [stdout]    |
[INFO] [stdout] 11 | #[ cfg( not( feature = "no_std" ) ) ]
[INFO] [stdout]    |              ^^^^^^^^^^^^^^^^^^
[INFO] [stdout]    |
[INFO] [stdout]    = note: expected values for `feature` are: `default`, `enabled`, `full`, and `on_unknown_suggest`
[INFO] [stdout]    = help: consider adding `no_std` as a feature in `Cargo.toml`
[INFO] [stdout]    = note: see <https://doc.rust-lang.org/nightly/rustc/check-cfg/cargo-specifics.html> for more information about checking conditional configuration
[INFO] [stdout] 
[INFO] [stdout] 
[INFO] [stdout] warning: unexpected `cfg` condition value: `no_std`
[INFO] [stdout]   --> tests/inc/mod.rs:13:14
[INFO] [stdout]    |
[INFO] [stdout] 13 | #[ cfg( not( feature = "no_std" ) ) ]
[INFO] [stdout]    |              ^^^^^^^^^^^^^^^^^^
[INFO] [stdout]    |
[INFO] [stdout]    = note: expected values for `feature` are: `default`, `enabled`, `full`, and `on_unknown_suggest`
[INFO] [stdout]    = help: consider adding `no_std` as a feature in `Cargo.toml`
[INFO] [stdout]    = note: see <https://doc.rust-lang.org/nightly/rustc/check-cfg/cargo-specifics.html> for more information about checking conditional configuration
[INFO] [stdout] 
[INFO] [stdout] 
[INFO] [stdout] warning: unexpected `cfg` condition value: `no_std`
[INFO] [stdout]   --> tests/inc/mod.rs:15:14
[INFO] [stdout]    |
[INFO] [stdout] 15 | #[ cfg( not( feature = "no_std" ) ) ]
[INFO] [stdout]    |              ^^^^^^^^^^^^^^^^^^
[INFO] [stdout]    |
[INFO] [stdout]    = note: expected values for `feature` are: `default`, `enabled`, `full`, and `on_unknown_suggest`
[INFO] [stdout]    = help: consider adding `no_std` as a feature in `Cargo.toml`
[INFO] [stdout]    = note: see <https://doc.rust-lang.org/nightly/rustc/check-cfg/cargo-specifics.html> for more information about checking conditional configuration
[INFO] [stdout] 
[INFO] [stdout] 
[INFO] [stdout] warning: missing documentation for the crate
[INFO] [stdout]   --> tests/wca_tests.rs:5:1
[INFO] [stdout]    |
[INFO] [stdout] 5  | / #[ allow( unused_imports ) ]
[INFO] [stdout] 6  | | use wca as the_module;
[INFO] [stdout] 7  | | #[ allow( unused_imports ) ]
[INFO] [stdout] 8  | | use test_tools::exposed::*;
[INFO] [stdout] ...  |
[INFO] [stdout] 11 | |
[INFO] [stdout] 12 | | mod inc;
[INFO] [stdout]    | |________^
[INFO] [stdout]    |
[INFO] [stdout]    = note: requested on the command line with `-W missing-docs`
[INFO] [stdout] 
[INFO] [stdout] 
[INFO] [stdout] warning: missing documentation for an enum
[INFO] [stdout]   --> src/ca/help.rs:25:3
[INFO] [stdout]    |
[INFO] [stdout] 25 |   pub enum LevelOfDetail
[INFO] [stdout]    |   ^^^^^^^^^^^^^^^^^^^^^^
[INFO] [stdout]    |
[INFO] [stdout]    = note: requested on the command line with `-W missing-docs`
[INFO] [stdout] 
[INFO] [stdout] 
[INFO] [stdout] warning: missing documentation for a variant
[INFO] [stdout]   --> src/ca/help.rs:28:5
[INFO] [stdout]    |
[INFO] [stdout] 28 |     None,
[INFO] [stdout]    |     ^^^^
[INFO] [stdout] 
[INFO] [stdout] 
[INFO] [stdout] warning: missing documentation for a variant
[INFO] [stdout]   --> src/ca/help.rs:29:5
[INFO] [stdout]    |
[INFO] [stdout] 29 |     Simple,
[INFO] [stdout]    |     ^^^^^^
[INFO] [stdout] 
[INFO] [stdout] 
[INFO] [stdout] warning: missing documentation for a variant
[INFO] [stdout]   --> src/ca/help.rs:30:5
[INFO] [stdout]    |
[INFO] [stdout] 30 |     Detailed,
[INFO] [stdout]    |     ^^^^^^^^
[INFO] [stdout] 
[INFO] [stdout] 
[INFO] [stdout] warning: missing documentation for a function
[INFO] [stdout]   --> src/ca/help.rs:67:3
[INFO] [stdout]    |
[INFO] [stdout] 67 |   pub fn generate_help_content( dictionary : &Dictionary, o : HelpGeneratorOptions< '_ > ) -> String
[INFO] [stdout]    |   ^^^^^^^^^^^^^^^^^^^^^^^^^^^^^^^^^^^^^^^^^^^^^^^^^^^^^^^^^^^^^^^^^^^^^^^^^^^^^^^^^^^^^^^^^^^^^^^^^^
[INFO] [stdout] 
[INFO] [stdout] 
[INFO] [stdout] warning: missing documentation for a variant
[INFO] [stdout]   --> src/ca/formatter.rs:12:5
[INFO] [stdout]    |
[INFO] [stdout] 12 |     Markdown,
[INFO] [stdout]    |     ^^^^^^^^
[INFO] [stdout] 
[INFO] [stdout] 
[INFO] [stdout] warning: missing documentation for a variant
[INFO] [stdout]   --> src/ca/formatter.rs:13:5
[INFO] [stdout]    |
[INFO] [stdout] 13 |     Another,
[INFO] [stdout]    |     ^^^^^^^
[INFO] [stdout] 
[INFO] [stdout] 
[INFO] [stdout] warning: missing documentation for a function
[INFO] [stdout]   --> src/ca/formatter.rs:16:3
[INFO] [stdout]    |
[INFO] [stdout] 16 |   pub fn md_generator( grammar : &Dictionary, order: Order ) -> String
[INFO] [stdout]    |   ^^^^^^^^^^^^^^^^^^^^^^^^^^^^^^^^^^^^^^^^^^^^^^^^^^^^^^^^^^^^^^^^^^^^
[INFO] [stdout] 
[INFO] [stdout] 
[INFO] [stderr]     Finished `test` profile [unoptimized + debuginfo] target(s) in 26.75s
[INFO] running `Command { std: "docker" "inspect" "05419fe66cec4cdfad1347f7e54d58b59aef28eefb16302d7101013d3896e939", kill_on_drop: false }`
[INFO] running `Command { std: "docker" "rm" "-f" "05419fe66cec4cdfad1347f7e54d58b59aef28eefb16302d7101013d3896e939", kill_on_drop: false }`
[INFO] [stdout] 05419fe66cec4cdfad1347f7e54d58b59aef28eefb16302d7101013d3896e939
[INFO] running `Command { std: "docker" "create" "-v" "/var/lib/crater-agent-workspace/builds/worker-6-tc1/target:/opt/rustwide/target:rw,Z" "-v" "/var/lib/crater-agent-workspace/builds/worker-6-tc1/source:/opt/rustwide/workdir:ro,Z" "-v" "/var/lib/crater-agent-workspace/cargo-home:/opt/rustwide/cargo-home:ro,Z" "-v" "/var/lib/crater-agent-workspace/rustup-home:/opt/rustwide/rustup-home:ro,Z" "-e" "SOURCE_DIR=/opt/rustwide/workdir" "-e" "CARGO_TARGET_DIR=/opt/rustwide/target" "-e" "CARGO_INCREMENTAL=0" "-e" "RUST_BACKTRACE=full" "-e" "RUSTFLAGS=--cap-lints=forbid" "-e" "RUSTDOCFLAGS=--cap-lints=forbid" "-e" "CARGO_HOME=/opt/rustwide/cargo-home" "-e" "RUSTUP_HOME=/opt/rustwide/rustup-home" "-w" "/opt/rustwide/workdir" "-m" "1610612736" "--user" "0:0" "--network" "none" "ghcr.io/rust-lang/crates-build-env/linux@sha256:4a844ea9eb2546a2d2c7022eacef16ef2e8229c7fbb2c7d4d55a9ceca922f72d" "/opt/rustwide/cargo-home/bin/cargo" "+nightly-2024-10-28" "test" "--frozen", kill_on_drop: false }`
[INFO] [stdout] b8fbf585d4dd5250a8fc761823c1ff85204f0fbd4bf4d425a86dd7b302032d3f
[INFO] running `Command { std: "docker" "start" "-a" "b8fbf585d4dd5250a8fc761823c1ff85204f0fbd4bf4d425a86dd7b302032d3f", kill_on_drop: false }`
[INFO] [stderr] warning: lint `where_clauses_object_safety` has been removed: converted into hard error, see PR #125380 <https://github.com/rust-lang/rust/pull/125380> for more information
[INFO] [stderr]  --> src/lib.rs:7:12
[INFO] [stderr]   |
[INFO] [stderr] 7 | #![ allow( where_clauses_object_safety ) ] // https://github.com/chris-morgan/anymap/issues/31
[INFO] [stderr]   |            ^^^^^^^^^^^^^^^^^^^^^^^^^^^
[INFO] [stderr]   |
[INFO] [stderr]   = note: `#[warn(renamed_and_removed_lints)]` on by default
[INFO] [stderr] 
[INFO] [stderr] warning: elided lifetime has a name
[INFO] [stderr]    --> src/ca/verifier/verifier.rs:171:121
[INFO] [stderr]     |
[INFO] [stderr] 171 |     fn group_properties_and_their_aliases< 'a, Ks >( aliases : &'a HashMap< String, String >, used_keys :  Ks ) -> Vec< &String >
[INFO] [stderr]     |                                            -- lifetime `'a` declared here                                               ^ this elided lifetime gets resolved as `'a`
[INFO] [stderr]     |
[INFO] [stderr]     = note: `#[warn(elided_named_lifetimes)]` on by default
[INFO] [stderr] 
[INFO] [stderr] warning: missing documentation for an enum
[INFO] [stderr]   --> src/ca/help.rs:25:3
[INFO] [stderr]    |
[INFO] [stderr] 25 |   pub enum LevelOfDetail
[INFO] [stderr]    |   ^^^^^^^^^^^^^^^^^^^^^^
[INFO] [stderr]    |
[INFO] [stderr]    = note: requested on the command line with `-W missing-docs`
[INFO] [stderr] 
[INFO] [stderr] warning: missing documentation for a variant
[INFO] [stderr]   --> src/ca/help.rs:28:5
[INFO] [stderr]    |
[INFO] [stderr] 28 |     None,
[INFO] [stderr]    |     ^^^^
[INFO] [stderr] 
[INFO] [stderr] warning: missing documentation for a variant
[INFO] [stderr]   --> src/ca/help.rs:29:5
[INFO] [stderr]    |
[INFO] [stderr] 29 |     Simple,
[INFO] [stderr]    |     ^^^^^^
[INFO] [stderr] 
[INFO] [stderr] warning: missing documentation for a variant
[INFO] [stderr]   --> src/ca/help.rs:30:5
[INFO] [stderr]    |
[INFO] [stderr] 30 |     Detailed,
[INFO] [stderr]    |     ^^^^^^^^
[INFO] [stderr] 
[INFO] [stderr] warning: missing documentation for a function
[INFO] [stderr]   --> src/ca/help.rs:67:3
[INFO] [stderr]    |
[INFO] [stderr] 67 |   pub fn generate_help_content( dictionary : &Dictionary, o : HelpGeneratorOptions< '_ > ) -> String
[INFO] [stderr]    |   ^^^^^^^^^^^^^^^^^^^^^^^^^^^^^^^^^^^^^^^^^^^^^^^^^^^^^^^^^^^^^^^^^^^^^^^^^^^^^^^^^^^^^^^^^^^^^^^^^^
[INFO] [stderr] 
[INFO] [stderr] warning: missing documentation for a variant
[INFO] [stderr]   --> src/ca/formatter.rs:12:5
[INFO] [stderr]    |
[INFO] [stderr] 12 |     Markdown,
[INFO] [stderr]    |     ^^^^^^^^
[INFO] [stderr] 
[INFO] [stderr] warning: missing documentation for a variant
[INFO] [stderr]   --> src/ca/formatter.rs:13:5
[INFO] [stderr]    |
[INFO] [stderr] 13 |     Another,
[INFO] [stderr]    |     ^^^^^^^
[INFO] [stderr] 
[INFO] [stderr] warning: missing documentation for a function
[INFO] [stderr]   --> src/ca/formatter.rs:16:3
[INFO] [stderr]    |
[INFO] [stderr] 16 |   pub fn md_generator( grammar : &Dictionary, order: Order ) -> String
[INFO] [stderr]    |   ^^^^^^^^^^^^^^^^^^^^^^^^^^^^^^^^^^^^^^^^^^^^^^^^^^^^^^^^^^^^^^^^^^^^
[INFO] [stderr] 
[INFO] [stderr] warning: `wca` (lib) generated 10 warnings
[INFO] [stderr] warning: missing documentation for the crate
[INFO] [stderr]   --> tests/smoke_test.rs:3:1
[INFO] [stderr]    |
[INFO] [stderr] 3  | / #[ test ]
[INFO] [stderr] 4  | | fn local_smoke_test()
[INFO] [stderr] 5  | | {
[INFO] [stderr] 6  | |   ::test_tools::smoke_test_for_local_run();
[INFO] [stderr] ...  |
[INFO] [stderr] 13 | |   ::test_tools::smoke_test_for_published_run();
[INFO] [stderr] 14 | | }
[INFO] [stderr]    | |_^
[INFO] [stderr]    |
[INFO] [stderr]    = note: requested on the command line with `-W missing-docs`
[INFO] [stderr] 
[INFO] [stderr] warning: unexpected `cfg` condition value: `no_std`
[INFO] [stderr]  --> tests/inc/mod.rs:9:14
[INFO] [stderr]   |
[INFO] [stderr] 9 | #[ cfg( not( feature = "no_std" ) ) ]
[INFO] [stderr]   |              ^^^^^^^^^^^^^^^^^^
[INFO] [stderr]   |
[INFO] [stderr]   = note: expected values for `feature` are: `default`, `enabled`, `full`, and `on_unknown_suggest`
[INFO] [stderr]   = help: consider adding `no_std` as a feature in `Cargo.toml`
[INFO] [stderr]   = note: see <https://doc.rust-lang.org/nightly/rustc/check-cfg/cargo-specifics.html> for more information about checking conditional configuration
[INFO] [stderr]   = note: `#[warn(unexpected_cfgs)]` on by default
[INFO] [stderr] 
[INFO] [stderr] warning: unexpected `cfg` condition value: `no_std`
[INFO] [stderr]   --> tests/inc/mod.rs:11:14
[INFO] [stderr]    |
[INFO] [stderr] 11 | #[ cfg( not( feature = "no_std" ) ) ]
[INFO] [stderr]    |              ^^^^^^^^^^^^^^^^^^
[INFO] [stderr]    |
[INFO] [stderr]    = note: expected values for `feature` are: `default`, `enabled`, `full`, and `on_unknown_suggest`
[INFO] [stderr]    = help: consider adding `no_std` as a feature in `Cargo.toml`
[INFO] [stderr]    = note: see <https://doc.rust-lang.org/nightly/rustc/check-cfg/cargo-specifics.html> for more information about checking conditional configuration
[INFO] [stderr] 
[INFO] [stderr] warning: unexpected `cfg` condition value: `no_std`
[INFO] [stderr]   --> tests/inc/mod.rs:13:14
[INFO] [stderr]    |
[INFO] [stderr] 13 | #[ cfg( not( feature = "no_std" ) ) ]
[INFO] [stderr]    |              ^^^^^^^^^^^^^^^^^^
[INFO] [stderr]    |
[INFO] [stderr]    = note: expected values for `feature` are: `default`, `enabled`, `full`, and `on_unknown_suggest`
[INFO] [stderr]    = help: consider adding `no_std` as a feature in `Cargo.toml`
[INFO] [stderr]    = note: see <https://doc.rust-lang.org/nightly/rustc/check-cfg/cargo-specifics.html> for more information about checking conditional configuration
[INFO] [stderr] 
[INFO] [stderr] warning: unexpected `cfg` condition value: `no_std`
[INFO] [stderr]   --> tests/inc/mod.rs:15:14
[INFO] [stderr]    |
[INFO] [stderr] 15 | #[ cfg( not( feature = "no_std" ) ) ]
[INFO] [stderr]    |              ^^^^^^^^^^^^^^^^^^
[INFO] [stderr]    |
[INFO] [stderr]    = note: expected values for `feature` are: `default`, `enabled`, `full`, and `on_unknown_suggest`
[INFO] [stderr]    = help: consider adding `no_std` as a feature in `Cargo.toml`
[INFO] [stderr]    = note: see <https://doc.rust-lang.org/nightly/rustc/check-cfg/cargo-specifics.html> for more information about checking conditional configuration
[INFO] [stderr] 
[INFO] [stderr] warning: missing documentation for the crate
[INFO] [stderr]   --> tests/wca_tests.rs:5:1
[INFO] [stderr]    |
[INFO] [stderr] 5  | / #[ allow( unused_imports ) ]
[INFO] [stderr] 6  | | use wca as the_module;
[INFO] [stderr] 7  | | #[ allow( unused_imports ) ]
[INFO] [stderr] 8  | | use test_tools::exposed::*;
[INFO] [stderr] ...  |
[INFO] [stderr] 11 | |
[INFO] [stderr] 12 | | mod inc;
[INFO] [stderr]    | |________^
[INFO] [stderr]    |
[INFO] [stderr]    = note: requested on the command line with `-W missing-docs`
[INFO] [stderr] 
[INFO] [stderr] warning: `wca` (lib test) generated 10 warnings (10 duplicates)
[INFO] [stderr] warning: `wca` (test "smoke_test") generated 1 warning
[INFO] [stderr] warning: `wca` (test "wca_tests") generated 5 warnings
[INFO] [stderr]     Finished `test` profile [unoptimized + debuginfo] target(s) in 0.17s
[INFO] [stderr]      Running unittests src/lib.rs (/opt/rustwide/target/debug/deps/wca-a3de7817749711b0)
[INFO] [stdout] 
[INFO] [stdout] running 0 tests
[INFO] [stdout] 
[INFO] [stderr]      Running tests/smoke_test.rs (/opt/rustwide/target/debug/deps/smoke_test-715ef5d66fed00b6)
[INFO] [stdout] test result: ok. 0 passed; 0 failed; 0 ignored; 0 measured; 0 filtered out; finished in 0.00s
[INFO] [stdout] 
[INFO] [stdout] 
[INFO] [stdout] running 2 tests
[INFO] [stdout] test local_smoke_test ... ok
[INFO] [stdout] test published_smoke_test ... ok
[INFO] [stdout] 
[INFO] [stdout] test result: ok. 2 passed; 0 failed; 0 ignored; 0 measured; 0 filtered out; finished in 0.00s
[INFO] [stdout] 
[INFO] [stderr]      Running tests/wca_tests.rs (/opt/rustwide/target/debug/deps/wca_tests-8d2bc51e1c6ac181)
[INFO] [stdout] 
[INFO] [stdout] running 46 tests
[INFO] [stdout] test inc::commands_aggregator::basic::error_types ... ok
[INFO] [stdout] test inc::commands_aggregator::basic::dot_command ... ok
[INFO] [stdout] test inc::commands_aggregator::basic::no_prop_subject_with_colon ... ok
[INFO] [stdout] test inc::commands_aggregator::basic::optional_prop_subject_with_colon ... ok
[INFO] [stdout] test inc::commands_aggregator::basic::subject_with_spaces ... ok
[INFO] [stdout] test inc::commands_aggregator::basic::path_subject_with_colon ... ok
[INFO] [stdout] test inc::commands_aggregator::basic::simple ... ok
[INFO] [stdout] test inc::commands_aggregator::basic::with_only_general_help ... ok
[INFO] [stdout] test inc::commands_aggregator::callback::changes_state_of_local_variable_on_perform ... ok
[INFO] [stdout] test inc::executor::command::basic ... ok
[INFO] [stdout] test inc::executor::command::with_context ... ok
[INFO] [stdout] test inc::executor::command::with_property ... ok
[INFO] [stdout] test inc::commands_aggregator::basic::string_subject_with_colon ... ok
[INFO] [stdout] test inc::executor::program::basic ... ok
[INFO] [stdout] test inc::grammar::from_command::command_validation ... ok
[INFO] [stdout] test inc::executor::command::with_subject ... ok
[INFO] [stdout] test inc::grammar::from_command::alias_property ... ok
[INFO] [stdout] test inc::executor::command::without_routine - should panic ... ok
[INFO] [stdout] test inc::grammar::from_command::property_with_list ... ok
[INFO] [stdout] test inc::grammar::from_command::subject_is_optional_basic ... ok
[INFO] [stdout] test inc::grammar::from_command::subject_type_check ... ok
[INFO] [stdout] test inc::grammar::from_command::subject_with_list ... ok
[INFO] [stdout] test inc::grammar::from_command::subjects ... ok
[INFO] [stdout] test inc::grammar::from_program::basic ... ok
[INFO] [stdout] test inc::grammar::types::boolean ... ok
[INFO] [stdout] test inc::grammar::from_command::preferred_non_optional_first_order ... ok
[INFO] [stdout] test inc::executor::program::with_context ... ok
[INFO] [stdout] test inc::grammar::from_command::properties ... ok
[INFO] [stdout] test inc::grammar::from_command::property_type_check ... ok
[INFO] [stdout] test inc::grammar::types::number ... ok
[INFO] [stdout] test inc::grammar::types::path ... ok
[INFO] [stdout] test inc::grammar::types::string ... ok
[INFO] [stdout] test inc::grammar::types::values_list ... ok
[INFO] [stdout] test inc::parser::command::basic ... ok
[INFO] [stdout] test inc::parser::command::list_in_property ... ok
[INFO] [stdout] test inc::parser::command::dot_command ... ok
[INFO] [stdout] test inc::parser::command::not_only_alphanumeric_symbols ... ok
[INFO] [stdout] test inc::parser::command::path_in_property ... ok
[INFO] [stdout] test inc::parser::command::path_in_subject ... ok
[INFO] [stdout] test inc::parser::command::string_value ... ok
[INFO] [stdout] test inc::parser::command::with_spaces_in_value ... ok
[INFO] [stdout] test inc::grammar::types::values_list_display ... ok
[INFO] [stdout] test inc::parser::program::basic ... ok
[INFO] [stdout] test inc::commands_aggregator::help::help_command_with_lexicography_order ... FAILED
[INFO] [stdout] test inc::commands_aggregator::help::help_command_with_nature_order ... FAILED
[INFO] [stdout] test inc::commands_aggregator::help::help_command_with_optional_params ... FAILED
[INFO] [stdout] 
[INFO] [stdout] failures:
[INFO] [stdout] 
[INFO] [stdout] ---- inc::commands_aggregator::help::help_command_with_lexicography_order stdout ----
[INFO] [stdout] thread 'inc::commands_aggregator::help::help_command_with_lexicography_order' panicked at tests/inc/commands_aggregator/help.rs:183:3:
[INFO] [stdout] assertion `left == right` failed
[INFO] [stdout]   left: "Help command\n\n.a  - a\n.b  - b\n.c  - c\n"
[INFO] [stdout]  right: ""
[INFO] [stdout] stack backtrace:
[INFO] [stdout]    0:     0x5f557f01f44a - std::backtrace_rs::backtrace::libunwind::trace::h207520d6e9873551
[INFO] [stdout]                                at /rustc/df4ca44d3fbc9301ee17f30f4d474e6ae4b05252/library/std/src/../../backtrace/src/backtrace/libunwind.rs:116:5
[INFO] [stdout]    1:     0x5f557f01f44a - std::backtrace_rs::backtrace::trace_unsynchronized::h2ed7433f370e3eca
[INFO] [stdout]                                at /rustc/df4ca44d3fbc9301ee17f30f4d474e6ae4b05252/library/std/src/../../backtrace/src/backtrace/mod.rs:66:5
[INFO] [stdout]    2:     0x5f557f01f44a - std::sys::backtrace::_print_fmt::h916fac51166b18d7
[INFO] [stdout]                                at /rustc/df4ca44d3fbc9301ee17f30f4d474e6ae4b05252/library/std/src/sys/backtrace.rs:66:9
[INFO] [stdout]    3:     0x5f557f01f44a - <std::sys::backtrace::BacktraceLock::print::DisplayBacktrace as core::fmt::Display>::fmt::ha0a4c9b8ce3802e6
[INFO] [stdout]                                at /rustc/df4ca44d3fbc9301ee17f30f4d474e6ae4b05252/library/std/src/sys/backtrace.rs:39:26
[INFO] [stdout]    4:     0x5f557f047e13 - core::fmt::rt::Argument::fmt::h4cfc8587d52b3eb5
[INFO] [stdout]                                at /rustc/df4ca44d3fbc9301ee17f30f4d474e6ae4b05252/library/core/src/fmt/rt.rs:177:76
[INFO] [stdout]    5:     0x5f557f047e13 - core::fmt::write::h522cc39e5b36ae9f
[INFO] [stdout]                                at /rustc/df4ca44d3fbc9301ee17f30f4d474e6ae4b05252/library/core/src/fmt/mod.rs:1190:21
[INFO] [stdout]    6:     0x5f557f01b8e3 - std::io::Write::write_fmt::h7d3c26752da97734
[INFO] [stdout]                                at /rustc/df4ca44d3fbc9301ee17f30f4d474e6ae4b05252/library/std/src/io/mod.rs:1839:15
[INFO] [stdout]    7:     0x5f557f01f292 - std::sys::backtrace::BacktraceLock::print::h4b9e00b29e9c0942
[INFO] [stdout]                                at /rustc/df4ca44d3fbc9301ee17f30f4d474e6ae4b05252/library/std/src/sys/backtrace.rs:42:9
[INFO] [stdout]    8:     0x5f557f0208da - std::panicking::default_hook::{{closure}}::hb59b88280d0324d9
[INFO] [stdout]                                at /rustc/df4ca44d3fbc9301ee17f30f4d474e6ae4b05252/library/std/src/panicking.rs:268:22
[INFO] [stdout]    9:     0x5f557f0206e4 - std::panicking::default_hook::he1dd496665be4a29
[INFO] [stdout]                                at /rustc/df4ca44d3fbc9301ee17f30f4d474e6ae4b05252/library/std/src/panicking.rs:292:9
[INFO] [stdout]   10:     0x5f557ef45bd9 - <alloc::boxed::Box<F,A> as core::ops::function::Fn<Args>>::call::h4ff71de18744e1dc
[INFO] [stdout]                                at /rustc/df4ca44d3fbc9301ee17f30f4d474e6ae4b05252/library/alloc/src/boxed.rs:2468:9
[INFO] [stdout]   11:     0x5f557ef45bd9 - test::test_main::{{closure}}::hcf7c055ce117aa81
[INFO] [stdout]                                at /rustc/df4ca44d3fbc9301ee17f30f4d474e6ae4b05252/library/test/src/lib.rs:133:21
[INFO] [stdout]   12:     0x5f557f020fd8 - <alloc::boxed::Box<F,A> as core::ops::function::Fn<Args>>::call::h1d66c6bbd60c9692
[INFO] [stdout]                                at /rustc/df4ca44d3fbc9301ee17f30f4d474e6ae4b05252/library/alloc/src/boxed.rs:2468:9
[INFO] [stdout]   13:     0x5f557f020fd8 - std::panicking::rust_panic_with_hook::h2ff17fe8f26dfcf8
[INFO] [stdout]                                at /rustc/df4ca44d3fbc9301ee17f30f4d474e6ae4b05252/library/std/src/panicking.rs:809:13
[INFO] [stdout]   14:     0x5f557f020d9a - std::panicking::begin_panic_handler::{{closure}}::h4fad77951c07e101
[INFO] [stdout]                                at /rustc/df4ca44d3fbc9301ee17f30f4d474e6ae4b05252/library/std/src/panicking.rs:674:13
[INFO] [stdout]   15:     0x5f557f01f929 - std::sys::backtrace::__rust_end_short_backtrace::hb1a25b3da5d0ea08
[INFO] [stdout]                                at /rustc/df4ca44d3fbc9301ee17f30f4d474e6ae4b05252/library/std/src/sys/backtrace.rs:170:18
[INFO] [stdout]   16:     0x5f557f020a2c - rust_begin_unwind
[INFO] [stdout]                                at /rustc/df4ca44d3fbc9301ee17f30f4d474e6ae4b05252/library/std/src/panicking.rs:665:5
[INFO] [stdout]   17:     0x5f557f046200 - core::panicking::panic_fmt::ha9db07b529f9b256
[INFO] [stdout]                                at /rustc/df4ca44d3fbc9301ee17f30f4d474e6ae4b05252/library/core/src/panicking.rs:75:14
[INFO] [stdout]   18:     0x5f557f0465cb - core::panicking::assert_failed_inner::h04f38944d74a80a8
[INFO] [stdout]   19:     0x5f557eea4f1e - core::panicking::assert_failed::h07000f81249bd724
[INFO] [stdout]                                at /rustc/df4ca44d3fbc9301ee17f30f4d474e6ae4b05252/library/core/src/panicking.rs:377:5
[INFO] [stdout]   20:     0x5f557eea4191 - wca_tests::inc::commands_aggregator::help::help_command_with_lexicography_order::h4cdf2a3c49c82db9
[INFO] [stdout]                                at /opt/rustwide/workdir/tests/inc/commands_aggregator/help.rs:183:3
[INFO] [stdout]   21:     0x5f557eea3627 - wca_tests::inc::commands_aggregator::help::help_command_with_lexicography_order::{{closure}}::h147775913463ddcc
[INFO] [stdout]                                at /opt/rustwide/workdir/tests/inc/commands_aggregator/help.rs:133:42
[INFO] [stdout]   22:     0x5f557eeaba56 - core::ops::function::FnOnce::call_once::h9febce3db4705da4
[INFO] [stdout]                                at /rustc/df4ca44d3fbc9301ee17f30f4d474e6ae4b05252/library/core/src/ops/function.rs:250:5
[INFO] [stdout]   23:     0x5f557ef4a4ab - core::ops::function::FnOnce::call_once::h22c3ba5715e93f05
[INFO] [stdout]                                at /rustc/df4ca44d3fbc9301ee17f30f4d474e6ae4b05252/library/core/src/ops/function.rs:250:5
[INFO] [stdout]   24:     0x5f557ef4a4ab - test::__rust_begin_short_backtrace::h8e82d8113d0da17f
[INFO] [stdout]                                at /rustc/df4ca44d3fbc9301ee17f30f4d474e6ae4b05252/library/test/src/lib.rs:621:18
[INFO] [stdout]   25:     0x5f557ef49e27 - test::run_test_in_process::{{closure}}::h33235f4f20b7b7c7
[INFO] [stdout]                                at /rustc/df4ca44d3fbc9301ee17f30f4d474e6ae4b05252/library/test/src/lib.rs:644:60
[INFO] [stdout]   26:     0x5f557ef49e27 - <core::panic::unwind_safe::AssertUnwindSafe<F> as core::ops::function::FnOnce<()>>::call_once::hb5043206310c586f
[INFO] [stdout]                                at /rustc/df4ca44d3fbc9301ee17f30f4d474e6ae4b05252/library/core/src/panic/unwind_safe.rs:272:9
[INFO] [stdout]   27:     0x5f557ef49e27 - std::panicking::try::do_call::h9ad4731a60ab23e2
[INFO] [stdout]                                at /rustc/df4ca44d3fbc9301ee17f30f4d474e6ae4b05252/library/std/src/panicking.rs:557:40
[INFO] [stdout]   28:     0x5f557ef49e27 - std::panicking::try::h3824d23db772a716
[INFO] [stdout]                                at /rustc/df4ca44d3fbc9301ee17f30f4d474e6ae4b05252/library/std/src/panicking.rs:520:19
[INFO] [stdout]   29:     0x5f557ef49e27 - std::panic::catch_unwind::h5afd514605fde46b
[INFO] [stdout]                                at /rustc/df4ca44d3fbc9301ee17f30f4d474e6ae4b05252/library/std/src/panic.rs:358:14
[INFO] [stdout]   30:     0x5f557ef49e27 - test::run_test_in_process::h0d5cbfa7067d1720
[INFO] [stdout]                                at /rustc/df4ca44d3fbc9301ee17f30f4d474e6ae4b05252/library/test/src/lib.rs:644:27
[INFO] [stdout]   31:     0x5f557ef49e27 - test::run_test::{{closure}}::h708eb8872708115d
[INFO] [stdout]                                at /rustc/df4ca44d3fbc9301ee17f30f4d474e6ae4b05252/library/test/src/lib.rs:565:43
[INFO] [stdout]   32:     0x5f557ef0d544 - test::run_test::{{closure}}::h392c51cee94713ab
[INFO] [stdout]                                at /rustc/df4ca44d3fbc9301ee17f30f4d474e6ae4b05252/library/test/src/lib.rs:595:41
[INFO] [stdout]   33:     0x5f557ef0d544 - std::sys::backtrace::__rust_begin_short_backtrace::h2f40290710935a8b
[INFO] [stdout]                                at /rustc/df4ca44d3fbc9301ee17f30f4d474e6ae4b05252/library/std/src/sys/backtrace.rs:154:18
[INFO] [stdout]   34:     0x5f557ef10cee - std::thread::Builder::spawn_unchecked_::{{closure}}::{{closure}}::h3fd968d89053a903
[INFO] [stdout]                                at /rustc/df4ca44d3fbc9301ee17f30f4d474e6ae4b05252/library/std/src/thread/mod.rs:541:17
[INFO] [stdout]   35:     0x5f557ef10cee - <core::panic::unwind_safe::AssertUnwindSafe<F> as core::ops::function::FnOnce<()>>::call_once::h743f637ba4229880
[INFO] [stdout]                                at /rustc/df4ca44d3fbc9301ee17f30f4d474e6ae4b05252/library/core/src/panic/unwind_safe.rs:272:9
[INFO] [stdout]   36:     0x5f557ef10cee - std::panicking::try::do_call::h07440897322525a6
[INFO] [stdout]                                at /rustc/df4ca44d3fbc9301ee17f30f4d474e6ae4b05252/library/std/src/panicking.rs:557:40
[INFO] [stdout]   37:     0x5f557ef10cee - std::panicking::try::he5a2e00188156637
[INFO] [stdout]                                at /rustc/df4ca44d3fbc9301ee17f30f4d474e6ae4b05252/library/std/src/panicking.rs:520:19
[INFO] [stdout]   38:     0x5f557ef10cee - std::panic::catch_unwind::hbaf3cae49b3c6433
[INFO] [stdout]                                at /rustc/df4ca44d3fbc9301ee17f30f4d474e6ae4b05252/library/std/src/panic.rs:358:14
[INFO] [stdout]   39:     0x5f557ef10cee - std::thread::Builder::spawn_unchecked_::{{closure}}::h8e141ea224820bce
[INFO] [stdout]                                at /rustc/df4ca44d3fbc9301ee17f30f4d474e6ae4b05252/library/std/src/thread/mod.rs:540:30
[INFO] [stdout]   40:     0x5f557ef10cee - core::ops::function::FnOnce::call_once{{vtable.shim}}::h90d312fedd7b8ea8
[INFO] [stdout]                                at /rustc/df4ca44d3fbc9301ee17f30f4d474e6ae4b05252/library/core/src/ops/function.rs:250:5
[INFO] [stdout]   41:     0x5f557f02593b - <alloc::boxed::Box<F,A> as core::ops::function::FnOnce<Args>>::call_once::h69aa08ddb6adb8b6
[INFO] [stdout]                                at /rustc/df4ca44d3fbc9301ee17f30f4d474e6ae4b05252/library/alloc/src/boxed.rs:2454:9
[INFO] [stdout]   42:     0x5f557f02593b - <alloc::boxed::Box<F,A> as core::ops::function::FnOnce<Args>>::call_once::h5aa36efdb79c806f
[INFO] [stdout]                                at /rustc/df4ca44d3fbc9301ee17f30f4d474e6ae4b05252/library/alloc/src/boxed.rs:2454:9
[INFO] [stdout]   43:     0x5f557f02593b - std::sys::pal::unix::thread::Thread::new::thread_start::h6cd80a1b4be5158d
[INFO] [stdout]                                at /rustc/df4ca44d3fbc9301ee17f30f4d474e6ae4b05252/library/std/src/sys/pal/unix/thread.rs:105:17
[INFO] [stdout]   44:     0x763eecc33ac3 - <unknown>
[INFO] [stdout]   45:     0x763eeccc4a04 - clone
[INFO] [stdout]   46:                0x0 - <unknown>
[INFO] [stdout] 
[INFO] [stdout] ---- inc::commands_aggregator::help::help_command_with_nature_order stdout ----
[INFO] [stdout] thread 'inc::commands_aggregator::help::help_command_with_nature_order' panicked at tests/inc/commands_aggregator/help.rs:115:3:
[INFO] [stdout] assertion `left == right` failed
[INFO] [stdout]   left: "Help command\n\n.c  - c\n.b  - b\n.a  - a\n"
[INFO] [stdout]  right: ""
[INFO] [stdout] stack backtrace:
[INFO] [stdout]    0:     0x5f557f01f44a - std::backtrace_rs::backtrace::libunwind::trace::h207520d6e9873551
[INFO] [stdout]                                at /rustc/df4ca44d3fbc9301ee17f30f4d474e6ae4b05252/library/std/src/../../backtrace/src/backtrace/libunwind.rs:116:5
[INFO] [stdout]    1:     0x5f557f01f44a - std::backtrace_rs::backtrace::trace_unsynchronized::h2ed7433f370e3eca
[INFO] [stdout]                                at /rustc/df4ca44d3fbc9301ee17f30f4d474e6ae4b05252/library/std/src/../../backtrace/src/backtrace/mod.rs:66:5
[INFO] [stdout]    2:     0x5f557f01f44a - std::sys::backtrace::_print_fmt::h916fac51166b18d7
[INFO] [stdout]                                at /rustc/df4ca44d3fbc9301ee17f30f4d474e6ae4b05252/library/std/src/sys/backtrace.rs:66:9
[INFO] [stdout]    3:     0x5f557f01f44a - <std::sys::backtrace::BacktraceLock::print::DisplayBacktrace as core::fmt::Display>::fmt::ha0a4c9b8ce3802e6
[INFO] [stdout]                                at /rustc/df4ca44d3fbc9301ee17f30f4d474e6ae4b05252/library/std/src/sys/backtrace.rs:39:26
[INFO] [stdout]    4:     0x5f557f047e13 - core::fmt::rt::Argument::fmt::h4cfc8587d52b3eb5
[INFO] [stdout]                                at /rustc/df4ca44d3fbc9301ee17f30f4d474e6ae4b05252/library/core/src/fmt/rt.rs:177:76
[INFO] [stdout]    5:     0x5f557f047e13 - core::fmt::write::h522cc39e5b36ae9f
[INFO] [stdout]                                at /rustc/df4ca44d3fbc9301ee17f30f4d474e6ae4b05252/library/core/src/fmt/mod.rs:1190:21
[INFO] [stdout]    6:     0x5f557f01b8e3 - std::io::Write::write_fmt::h7d3c26752da97734
[INFO] [stdout]                                at /rustc/df4ca44d3fbc9301ee17f30f4d474e6ae4b05252/library/std/src/io/mod.rs:1839:15
[INFO] [stdout]    7:     0x5f557f01f292 - std::sys::backtrace::BacktraceLock::print::h4b9e00b29e9c0942
[INFO] [stdout]                                at /rustc/df4ca44d3fbc9301ee17f30f4d474e6ae4b05252/library/std/src/sys/backtrace.rs:42:9
[INFO] [stdout]    8:     0x5f557f0208da - std::panicking::default_hook::{{closure}}::hb59b88280d0324d9
[INFO] [stdout]                                at /rustc/df4ca44d3fbc9301ee17f30f4d474e6ae4b05252/library/std/src/panicking.rs:268:22
[INFO] [stdout]    9:     0x5f557f0206e4 - std::panicking::default_hook::he1dd496665be4a29
[INFO] [stdout]                                at /rustc/df4ca44d3fbc9301ee17f30f4d474e6ae4b05252/library/std/src/panicking.rs:292:9
[INFO] [stdout]   10:     0x5f557ef45bd9 - <alloc::boxed::Box<F,A> as core::ops::function::Fn<Args>>::call::h4ff71de18744e1dc
[INFO] [stdout]                                at /rustc/df4ca44d3fbc9301ee17f30f4d474e6ae4b05252/library/alloc/src/boxed.rs:2468:9
[INFO] [stdout]   11:     0x5f557ef45bd9 - test::test_main::{{closure}}::hcf7c055ce117aa81
[INFO] [stdout]                                at /rustc/df4ca44d3fbc9301ee17f30f4d474e6ae4b05252/library/test/src/lib.rs:133:21
[INFO] [stdout]   12:     0x5f557f020fd8 - <alloc::boxed::Box<F,A> as core::ops::function::Fn<Args>>::call::h1d66c6bbd60c9692
[INFO] [stdout]                                at /rustc/df4ca44d3fbc9301ee17f30f4d474e6ae4b05252/library/alloc/src/boxed.rs:2468:9
[INFO] [stdout]   13:     0x5f557f020fd8 - std::panicking::rust_panic_with_hook::h2ff17fe8f26dfcf8
[INFO] [stdout]                                at /rustc/df4ca44d3fbc9301ee17f30f4d474e6ae4b05252/library/std/src/panicking.rs:809:13
[INFO] [stdout]   14:     0x5f557f020d9a - std::panicking::begin_panic_handler::{{closure}}::h4fad77951c07e101
[INFO] [stdout]                                at /rustc/df4ca44d3fbc9301ee17f30f4d474e6ae4b05252/library/std/src/panicking.rs:674:13
[INFO] [stdout]   15:     0x5f557f01f929 - std::sys::backtrace::__rust_end_short_backtrace::hb1a25b3da5d0ea08
[INFO] [stdout]                                at /rustc/df4ca44d3fbc9301ee17f30f4d474e6ae4b05252/library/std/src/sys/backtrace.rs:170:18
[INFO] [stdout]   16:     0x5f557f020a2c - rust_begin_unwind
[INFO] [stdout]                                at /rustc/df4ca44d3fbc9301ee17f30f4d474e6ae4b05252/library/std/src/panicking.rs:665:5
[INFO] [stdout]   17:     0x5f557f046200 - core::panicking::panic_fmt::ha9db07b529f9b256
[INFO] [stdout]                                at /rustc/df4ca44d3fbc9301ee17f30f4d474e6ae4b05252/library/core/src/panicking.rs:75:14
[INFO] [stdout]   18:     0x5f557f0465cb - core::panicking::assert_failed_inner::h04f38944d74a80a8
[INFO] [stdout]   19:     0x5f557eea4f1e - core::panicking::assert_failed::h07000f81249bd724
[INFO] [stdout]                                at /rustc/df4ca44d3fbc9301ee17f30f4d474e6ae4b05252/library/core/src/panicking.rs:377:5
[INFO] [stdout]   20:     0x5f557eea33a1 - wca_tests::inc::commands_aggregator::help::help_command_with_nature_order::h2cda804380235ed4
[INFO] [stdout]                                at /opt/rustwide/workdir/tests/inc/commands_aggregator/help.rs:115:3
[INFO] [stdout]   21:     0x5f557eea2837 - wca_tests::inc::commands_aggregator::help::help_command_with_nature_order::{{closure}}::h394dc9c0e4294529
[INFO] [stdout]                                at /opt/rustwide/workdir/tests/inc/commands_aggregator/help.rs:64:36
[INFO] [stdout]   22:     0x5f557eeac286 - core::ops::function::FnOnce::call_once::he73b2c67915c182d
[INFO] [stdout]                                at /rustc/df4ca44d3fbc9301ee17f30f4d474e6ae4b05252/library/core/src/ops/function.rs:250:5
[INFO] [stdout]   23:     0x5f557ef4a4ab - core::ops::function::FnOnce::call_once::h22c3ba5715e93f05
[INFO] [stdout]                                at /rustc/df4ca44d3fbc9301ee17f30f4d474e6ae4b05252/library/core/src/ops/function.rs:250:5
[INFO] [stdout]   24:     0x5f557ef4a4ab - test::__rust_begin_short_backtrace::h8e82d8113d0da17f
[INFO] [stdout]                                at /rustc/df4ca44d3fbc9301ee17f30f4d474e6ae4b05252/library/test/src/lib.rs:621:18
[INFO] [stdout]   25:     0x5f557ef49e27 - test::run_test_in_process::{{closure}}::h33235f4f20b7b7c7
[INFO] [stdout]                                at /rustc/df4ca44d3fbc9301ee17f30f4d474e6ae4b05252/library/test/src/lib.rs:644:60
[INFO] [stdout]   26:     0x5f557ef49e27 - <core::panic::unwind_safe::AssertUnwindSafe<F> as core::ops::function::FnOnce<()>>::call_once::hb5043206310c586f
[INFO] [stdout]                                at /rustc/df4ca44d3fbc9301ee17f30f4d474e6ae4b05252/library/core/src/panic/unwind_safe.rs:272:9
[INFO] [stdout]   27:     0x5f557ef49e27 - std::panicking::try::do_call::h9ad4731a60ab23e2
[INFO] [stdout]                                at /rustc/df4ca44d3fbc9301ee17f30f4d474e6ae4b05252/library/std/src/panicking.rs:557:40
[INFO] [stdout]   28:     0x5f557ef49e27 - std::panicking::try::h3824d23db772a716
[INFO] [stdout]                                at /rustc/df4ca44d3fbc9301ee17f30f4d474e6ae4b05252/library/std/src/panicking.rs:520:19
[INFO] [stdout]   29:     0x5f557ef49e27 - std::panic::catch_unwind::h5afd514605fde46b
[INFO] [stdout]                                at /rustc/df4ca44d3fbc9301ee17f30f4d474e6ae4b05252/library/std/src/panic.rs:358:14
[INFO] [stdout]   30:     0x5f557ef49e27 - test::run_test_in_process::h0d5cbfa7067d1720
[INFO] [stdout]                                at /rustc/df4ca44d3fbc9301ee17f30f4d474e6ae4b05252/library/test/src/lib.rs:644:27
[INFO] [stdout]   31:     0x5f557ef49e27 - test::run_test::{{closure}}::h708eb8872708115d
[INFO] [stdout]                                at /rustc/df4ca44d3fbc9301ee17f30f4d474e6ae4b05252/library/test/src/lib.rs:565:43
[INFO] [stdout]   32:     0x5f557ef0d544 - test::run_test::{{closure}}::h392c51cee94713ab
[INFO] [stdout]                                at /rustc/df4ca44d3fbc9301ee17f30f4d474e6ae4b05252/library/test/src/lib.rs:595:41
[INFO] [stdout]   33:     0x5f557ef0d544 - std::sys::backtrace::__rust_begin_short_backtrace::h2f40290710935a8b
[INFO] [stdout]                                at /rustc/df4ca44d3fbc9301ee17f30f4d474e6ae4b05252/library/std/src/sys/backtrace.rs:154:18
[INFO] [stdout]   34:     0x5f557ef10cee - std::thread::Builder::spawn_unchecked_::{{closure}}::{{closure}}::h3fd968d89053a903
[INFO] [stdout]                                at /rustc/df4ca44d3fbc9301ee17f30f4d474e6ae4b05252/library/std/src/thread/mod.rs:541:17
[INFO] [stdout]   35:     0x5f557ef10cee - <core::panic::unwind_safe::AssertUnwindSafe<F> as core::ops::function::FnOnce<()>>::call_once::h743f637ba4229880
[INFO] [stdout]                                at /rustc/df4ca44d3fbc9301ee17f30f4d474e6ae4b05252/library/core/src/panic/unwind_safe.rs:272:9
[INFO] [stdout]   36:     0x5f557ef10cee - std::panicking::try::do_call::h07440897322525a6
[INFO] [stdout]                                at /rustc/df4ca44d3fbc9301ee17f30f4d474e6ae4b05252/library/std/src/panicking.rs:557:40
[INFO] [stdout]   37:     0x5f557ef10cee - std::panicking::try::he5a2e00188156637
[INFO] [stdout]                                at /rustc/df4ca44d3fbc9301ee17f30f4d474e6ae4b05252/library/std/src/panicking.rs:520:19
[INFO] [stdout]   38:     0x5f557ef10cee - std::panic::catch_unwind::hbaf3cae49b3c6433
[INFO] [stdout]                                at /rustc/df4ca44d3fbc9301ee17f30f4d474e6ae4b05252/library/std/src/panic.rs:358:14
[INFO] [stdout]   39:     0x5f557ef10cee - std::thread::Builder::spawn_unchecked_::{{closure}}::h8e141ea224820bce
[INFO] [stdout]                                at /rustc/df4ca44d3fbc9301ee17f30f4d474e6ae4b05252/library/std/src/thread/mod.rs:540:30
[INFO] [stdout]   40:     0x5f557ef10cee - core::ops::function::FnOnce::call_once{{vtable.shim}}::h90d312fedd7b8ea8
[INFO] [stdout]                                at /rustc/df4ca44d3fbc9301ee17f30f4d474e6ae4b05252/library/core/src/ops/function.rs:250:5
[INFO] [stdout]   41:     0x5f557f02593b - <alloc::boxed::Box<F,A> as core::ops::function::FnOnce<Args>>::call_once::h69aa08ddb6adb8b6
[INFO] [stdout]                                at /rustc/df4ca44d3fbc9301ee17f30f4d474e6ae4b05252/library/alloc/src/boxed.rs:2454:9
[INFO] [stdout]   42:     0x5f557f02593b - <alloc::boxed::Box<F,A> as core::ops::function::FnOnce<Args>>::call_once::h5aa36efdb79c806f
[INFO] [stdout]                                at /rustc/df4ca44d3fbc9301ee17f30f4d474e6ae4b05252/library/alloc/src/boxed.rs:2454:9
[INFO] [stdout]   43:     0x5f557f02593b - std::sys::pal::unix::thread::Thread::new::thread_start::h6cd80a1b4be5158d
[INFO] [stdout]                                at /rustc/df4ca44d3fbc9301ee17f30f4d474e6ae4b05252/library/std/src/sys/pal/unix/thread.rs:105:17
[INFO] [stdout]   44:     0x763eecc33ac3 - <unknown>
[INFO] [stdout]   45:     0x763eeccc4a04 - clone
[INFO] [stdout]   46:                0x0 - <unknown>
[INFO] [stdout] 
[INFO] [stdout] ---- inc::commands_aggregator::help::help_command_with_optional_params stdout ----
[INFO] [stdout] thread 'inc::commands_aggregator::help::help_command_with_optional_params' panicked at tests/inc/commands_aggregator/help.rs:56:3:
[INFO] [stdout] assertion `left == right` failed
[INFO] [stdout]   left: "Help command\n\n.echo < subjects > < properties > - prints all subjects and properties\n\nSubjects:\n\t- Subject [?String]\nProperties:\n\tproperty - simple property [?String]\n"
[INFO] [stdout]  right: ""
[INFO] [stdout] stack backtrace:
[INFO] [stdout]    0:     0x5f557f01f44a - std::backtrace_rs::backtrace::libunwind::trace::h207520d6e9873551
[INFO] [stdout]                                at /rustc/df4ca44d3fbc9301ee17f30f4d474e6ae4b05252/library/std/src/../../backtrace/src/backtrace/libunwind.rs:116:5
[INFO] [stdout]    1:     0x5f557f01f44a - std::backtrace_rs::backtrace::trace_unsynchronized::h2ed7433f370e3eca
[INFO] [stdout]                                at /rustc/df4ca44d3fbc9301ee17f30f4d474e6ae4b05252/library/std/src/../../backtrace/src/backtrace/mod.rs:66:5
[INFO] [stdout]    2:     0x5f557f01f44a - std::sys::backtrace::_print_fmt::h916fac51166b18d7
[INFO] [stdout]                                at /rustc/df4ca44d3fbc9301ee17f30f4d474e6ae4b05252/library/std/src/sys/backtrace.rs:66:9
[INFO] [stdout]    3:     0x5f557f01f44a - <std::sys::backtrace::BacktraceLock::print::DisplayBacktrace as core::fmt::Display>::fmt::ha0a4c9b8ce3802e6
[INFO] [stdout]                                at /rustc/df4ca44d3fbc9301ee17f30f4d474e6ae4b05252/library/std/src/sys/backtrace.rs:39:26
[INFO] [stdout]    4:     0x5f557f047e13 - core::fmt::rt::Argument::fmt::h4cfc8587d52b3eb5
[INFO] [stdout]                                at /rustc/df4ca44d3fbc9301ee17f30f4d474e6ae4b05252/library/core/src/fmt/rt.rs:177:76
[INFO] [stdout]    5:     0x5f557f047e13 - core::fmt::write::h522cc39e5b36ae9f
[INFO] [stdout]                                at /rustc/df4ca44d3fbc9301ee17f30f4d474e6ae4b05252/library/core/src/fmt/mod.rs:1190:21
[INFO] [stdout]    6:     0x5f557f01b8e3 - std::io::Write::write_fmt::h7d3c26752da97734
[INFO] [stdout]                                at /rustc/df4ca44d3fbc9301ee17f30f4d474e6ae4b05252/library/std/src/io/mod.rs:1839:15
[INFO] [stdout]    7:     0x5f557f01f292 - std::sys::backtrace::BacktraceLock::print::h4b9e00b29e9c0942
[INFO] [stdout]                                at /rustc/df4ca44d3fbc9301ee17f30f4d474e6ae4b05252/library/std/src/sys/backtrace.rs:42:9
[INFO] [stdout]    8:     0x5f557f0208da - std::panicking::default_hook::{{closure}}::hb59b88280d0324d9
[INFO] [stdout]                                at /rustc/df4ca44d3fbc9301ee17f30f4d474e6ae4b05252/library/std/src/panicking.rs:268:22
[INFO] [stdout]    9:     0x5f557f0206e4 - std::panicking::default_hook::he1dd496665be4a29
[INFO] [stdout]                                at /rustc/df4ca44d3fbc9301ee17f30f4d474e6ae4b05252/library/std/src/panicking.rs:292:9
[INFO] [stdout]   10:     0x5f557ef45bd9 - <alloc::boxed::Box<F,A> as core::ops::function::Fn<Args>>::call::h4ff71de18744e1dc
[INFO] [stdout]                                at /rustc/df4ca44d3fbc9301ee17f30f4d474e6ae4b05252/library/alloc/src/boxed.rs:2468:9
[INFO] [stdout]   11:     0x5f557ef45bd9 - test::test_main::{{closure}}::hcf7c055ce117aa81
[INFO] [stdout]                                at /rustc/df4ca44d3fbc9301ee17f30f4d474e6ae4b05252/library/test/src/lib.rs:133:21
[INFO] [stdout]   12:     0x5f557f020fd8 - <alloc::boxed::Box<F,A> as core::ops::function::Fn<Args>>::call::h1d66c6bbd60c9692
[INFO] [stdout]                                at /rustc/df4ca44d3fbc9301ee17f30f4d474e6ae4b05252/library/alloc/src/boxed.rs:2468:9
[INFO] [stdout]   13:     0x5f557f020fd8 - std::panicking::rust_panic_with_hook::h2ff17fe8f26dfcf8
[INFO] [stdout]                                at /rustc/df4ca44d3fbc9301ee17f30f4d474e6ae4b05252/library/std/src/panicking.rs:809:13
[INFO] [stdout]   14:     0x5f557f020d9a - std::panicking::begin_panic_handler::{{closure}}::h4fad77951c07e101
[INFO] [stdout]                                at /rustc/df4ca44d3fbc9301ee17f30f4d474e6ae4b05252/library/std/src/panicking.rs:674:13
[INFO] [stdout]   15:     0x5f557f01f929 - std::sys::backtrace::__rust_end_short_backtrace::hb1a25b3da5d0ea08
[INFO] [stdout]                                at /rustc/df4ca44d3fbc9301ee17f30f4d474e6ae4b05252/library/std/src/sys/backtrace.rs:170:18
[INFO] [stdout]   16:     0x5f557f020a2c - rust_begin_unwind
[INFO] [stdout]                                at /rustc/df4ca44d3fbc9301ee17f30f4d474e6ae4b05252/library/std/src/panicking.rs:665:5
[INFO] [stdout]   17:     0x5f557f046200 - core::panicking::panic_fmt::ha9db07b529f9b256
[INFO] [stdout]                                at /rustc/df4ca44d3fbc9301ee17f30f4d474e6ae4b05252/library/core/src/panicking.rs:75:14
[INFO] [stdout]   18:     0x5f557f0465cb - core::panicking::assert_failed_inner::h04f38944d74a80a8
[INFO] [stdout]   19:     0x5f557eea4f1e - core::panicking::assert_failed::h07000f81249bd724
[INFO] [stdout]                                at /rustc/df4ca44d3fbc9301ee17f30f4d474e6ae4b05252/library/core/src/panicking.rs:377:5
[INFO] [stdout]   20:     0x5f557eea27b4 - wca_tests::inc::commands_aggregator::help::help_command_with_optional_params::he82b745797838b53
[INFO] [stdout]                                at /opt/rustwide/workdir/tests/inc/commands_aggregator/help.rs:56:3
[INFO] [stdout]   21:     0x5f557eea1c47 - wca_tests::inc::commands_aggregator::help::help_command_with_optional_params::{{closure}}::hd5511d6a109a6979
[INFO] [stdout]                                at /opt/rustwide/workdir/tests/inc/commands_aggregator/help.rs:22:39
[INFO] [stdout]   22:     0x5f557eeab116 - core::ops::function::FnOnce::call_once::h42481b04a7a83881
[INFO] [stdout]                                at /rustc/df4ca44d3fbc9301ee17f30f4d474e6ae4b05252/library/core/src/ops/function.rs:250:5
[INFO] [stdout]   23:     0x5f557ef4a4ab - core::ops::function::FnOnce::call_once::h22c3ba5715e93f05
[INFO] [stdout]                                at /rustc/df4ca44d3fbc9301ee17f30f4d474e6ae4b05252/library/core/src/ops/function.rs:250:5
[INFO] [stdout]   24:     0x5f557ef4a4ab - test::__rust_begin_short_backtrace::h8e82d8113d0da17f
[INFO] [stdout]                                at /rustc/df4ca44d3fbc9301ee17f30f4d474e6ae4b05252/library/test/src/lib.rs:621:18
[INFO] [stdout]   25:     0x5f557ef49e27 - test::run_test_in_process::{{closure}}::h33235f4f20b7b7c7
[INFO] [stdout]                                at /rustc/df4ca44d3fbc9301ee17f30f4d474e6ae4b05252/library/test/src/lib.rs:644:60
[INFO] [stdout]   26:     0x5f557ef49e27 - <core::panic::unwind_safe::AssertUnwindSafe<F> as core::ops::function::FnOnce<()>>::call_once::hb5043206310c586f
[INFO] [stdout]                                at /rustc/df4ca44d3fbc9301ee17f30f4d474e6ae4b05252/library/core/src/panic/unwind_safe.rs:272:9
[INFO] [stdout]   27:     0x5f557ef49e27 - std::panicking::try::do_call::h9ad4731a60ab23e2
[INFO] [stdout]                                at /rustc/df4ca44d3fbc9301ee17f30f4d474e6ae4b05252/library/std/src/panicking.rs:557:40
[INFO] [stdout]   28:     0x5f557ef49e27 - std::panicking::try::h3824d23db772a716
[INFO] [stdout]                                at /rustc/df4ca44d3fbc9301ee17f30f4d474e6ae4b05252/library/std/src/panicking.rs:520:19
[INFO] [stdout]   29:     0x5f557ef49e27 - std::panic::catch_unwind::h5afd514605fde46b
[INFO] [stdout]                                at /rustc/df4ca44d3fbc9301ee17f30f4d474e6ae4b05252/library/std/src/panic.rs:358:14
[INFO] [stdout]   30:     0x5f557ef49e27 - test::run_test_in_process::h0d5cbfa7067d1720
[INFO] [stdout]                                at /rustc/df4ca44d3fbc9301ee17f30f4d474e6ae4b05252/library/test/src/lib.rs:644:27
[INFO] [stdout]   31:     0x5f557ef49e27 - test::run_test::{{closure}}::h708eb8872708115d
[INFO] [stdout]                                at /rustc/df4ca44d3fbc9301ee17f30f4d474e6ae4b05252/library/test/src/lib.rs:565:43
[INFO] [stdout]   32:     0x5f557ef0d544 - test::run_test::{{closure}}::h392c51cee94713ab
[INFO] [stdout]                                at /rustc/df4ca44d3fbc9301ee17f30f4d474e6ae4b05252/library/test/src/lib.rs:595:41
[INFO] [stdout]   33:     0x5f557ef0d544 - std::sys::backtrace::__rust_begin_short_backtrace::h2f40290710935a8b
[INFO] [stdout]                                at /rustc/df4ca44d3fbc9301ee17f30f4d474e6ae4b05252/library/std/src/sys/backtrace.rs:154:18
[INFO] [stdout]   34:     0x5f557ef10cee - std::thread::Builder::spawn_unchecked_::{{closure}}::{{closure}}::h3fd968d89053a903
[INFO] [stdout]                                at /rustc/df4ca44d3fbc9301ee17f30f4d474e6ae4b05252/library/std/src/thread/mod.rs:541:17
[INFO] [stdout]   35:     0x5f557ef10cee - <core::panic::unwind_safe::AssertUnwindSafe<F> as core::ops::function::FnOnce<()>>::call_once::h743f637ba4229880
[INFO] [stdout]                                at /rustc/df4ca44d3fbc9301ee17f30f4d474e6ae4b05252/library/core/src/panic/unwind_safe.rs:272:9
[INFO] [stdout]   36:     0x5f557ef10cee - std::panicking::try::do_call::h07440897322525a6
[INFO] [stdout]                                at /rustc/df4ca44d3fbc9301ee17f30f4d474e6ae4b05252/library/std/src/panicking.rs:557:40
[INFO] [stdout]   37:     0x5f557ef10cee - std::panicking::try::he5a2e00188156637
[INFO] [stdout]                                at /rustc/df4ca44d3fbc9301ee17f30f4d474e6ae4b05252/library/std/src/panicking.rs:520:19
[INFO] [stdout]   38:     0x5f557ef10cee - std::panic::catch_unwind::hbaf3cae49b3c6433
[INFO] [stdout]                                at /rustc/df4ca44d3fbc9301ee17f30f4d474e6ae4b05252/library/std/src/panic.rs:358:14
[INFO] [stdout]   39:     0x5f557ef10cee - std::thread::Builder::spawn_unchecked_::{{closure}}::h8e141ea224820bce
[INFO] [stdout]                                at /rustc/df4ca44d3fbc9301ee17f30f4d474e6ae4b05252/library/std/src/thread/mod.rs:540:30
[INFO] [stdout]   40:     0x5f557ef10cee - core::ops::function::FnOnce::call_once{{vtable.shim}}::h90d312fedd7b8ea8
[INFO] [stdout]                                at /rustc/df4ca44d3fbc9301ee17f30f4d474e6ae4b05252/library/core/src/ops/function.rs:250:5
[INFO] [stdout]   41:     0x5f557f02593b - <alloc::boxed::Box<F,A> as core::ops::function::FnOnce<Args>>::call_once::h69aa08ddb6adb8b6
[INFO] [stdout]                                at /rustc/df4ca44d3fbc9301ee17f30f4d474e6ae4b05252/library/alloc/src/boxed.rs:2454:9
[INFO] [stdout]   42:     0x5f557f02593b - <alloc::boxed::Box<F,A> as core::ops::function::FnOnce<Args>>::call_once::h5aa36efdb79c806f
[INFO] [stdout]                                at /rustc/df4ca44d3fbc9301ee17f30f4d474e6ae4b05252/library/alloc/src/boxed.rs:2454:9
[INFO] [stdout]   43:     0x5f557f02593b - std::sys::pal::unix::thread::Thread::new::thread_start::h6cd80a1b4be5158d
[INFO] [stdout]                                at /rustc/df4ca44d3fbc9301ee17f30f4d474e6ae4b05252/library/std/src/sys/pal/unix/thread.rs:105:17
[INFO] [stdout]   44:     0x763eecc33ac3 - <unknown>
[INFO] [stdout]   45:     0x763eeccc4a04 - clone
[INFO] [stdout]   46:                0x0 - <unknown>
[INFO] [stdout] 
[INFO] [stdout] 
[INFO] [stdout] failures:
[INFO] [stdout]     inc::commands_aggregator::help::help_command_with_lexicography_order
[INFO] [stdout]     inc::commands_aggregator::help::help_command_with_nature_order
[INFO] [stdout]     inc::commands_aggregator::help::help_command_with_optional_params
[INFO] [stdout] 
[INFO] [stdout] test result: FAILED. 43 passed; 3 failed; 0 ignored; 0 measured; 0 filtered out; finished in 11.47s
[INFO] [stdout] 
[INFO] [stderr] error: test failed, to rerun pass `--test wca_tests`
[INFO] running `Command { std: "docker" "inspect" "b8fbf585d4dd5250a8fc761823c1ff85204f0fbd4bf4d425a86dd7b302032d3f", kill_on_drop: false }`
[INFO] running `Command { std: "docker" "rm" "-f" "b8fbf585d4dd5250a8fc761823c1ff85204f0fbd4bf4d425a86dd7b302032d3f", kill_on_drop: false }`
[INFO] [stdout] b8fbf585d4dd5250a8fc761823c1ff85204f0fbd4bf4d425a86dd7b302032d3f
