[INFO] fetching crate wasper 0.1.3...
[INFO] testing wasper-0.1.3 against nightly-2024-10-28+rustflags=-Zrandomize-layout for randomize-layout
[INFO] extracting crate wasper 0.1.3 into /workspace/builds/worker-7-tc2/source
[INFO] validating manifest of crates.io crate wasper 0.1.3 on toolchain nightly-2024-10-28
[INFO] running `Command { std: CARGO_HOME="/workspace/cargo-home" RUSTUP_HOME="/workspace/rustup-home" "/workspace/cargo-home/bin/cargo" "+nightly-2024-10-28" "metadata" "--manifest-path" "Cargo.toml" "--no-deps", kill_on_drop: false }`
[INFO] started tweaking crates.io crate wasper 0.1.3
[INFO] finished tweaking crates.io crate wasper 0.1.3
[INFO] tweaked toml for crates.io crate wasper 0.1.3 written to /workspace/builds/worker-7-tc2/source/Cargo.toml
[INFO] crate crates.io crate wasper 0.1.3 already has a lockfile, it will not be regenerated
[INFO] running `Command { std: CARGO_HOME="/workspace/cargo-home" RUSTUP_HOME="/workspace/rustup-home" "/workspace/cargo-home/bin/cargo" "+nightly-2024-10-28" "fetch" "--manifest-path" "Cargo.toml", kill_on_drop: false }`
[INFO] [stderr]     Blocking waiting for file lock on package cache
[INFO] running `Command { std: "docker" "create" "-v" "/var/lib/crater-agent-workspace/builds/worker-7-tc2/target:/opt/rustwide/target:rw,Z" "-v" "/var/lib/crater-agent-workspace/builds/worker-7-tc2/source:/opt/rustwide/workdir:ro,Z" "-v" "/var/lib/crater-agent-workspace/cargo-home:/opt/rustwide/cargo-home:ro,Z" "-v" "/var/lib/crater-agent-workspace/rustup-home:/opt/rustwide/rustup-home:ro,Z" "-e" "SOURCE_DIR=/opt/rustwide/workdir" "-e" "CARGO_TARGET_DIR=/opt/rustwide/target" "-e" "CARGO_HOME=/opt/rustwide/cargo-home" "-e" "RUSTUP_HOME=/opt/rustwide/rustup-home" "-w" "/opt/rustwide/workdir" "-m" "1610612736" "--user" "0:0" "--network" "none" "ghcr.io/rust-lang/crates-build-env/linux@sha256:4a844ea9eb2546a2d2c7022eacef16ef2e8229c7fbb2c7d4d55a9ceca922f72d" "/opt/rustwide/cargo-home/bin/cargo" "+nightly-2024-10-28" "metadata" "--no-deps" "--format-version=1", kill_on_drop: false }`
[INFO] [stdout] 6d86f473a6fad920f6dc15c50679f100287f59dd2e6be86da8a2fcf8c8c007fb
[INFO] running `Command { std: "docker" "start" "-a" "6d86f473a6fad920f6dc15c50679f100287f59dd2e6be86da8a2fcf8c8c007fb", kill_on_drop: false }`
[INFO] running `Command { std: "docker" "inspect" "6d86f473a6fad920f6dc15c50679f100287f59dd2e6be86da8a2fcf8c8c007fb", kill_on_drop: false }`
[INFO] running `Command { std: "docker" "rm" "-f" "6d86f473a6fad920f6dc15c50679f100287f59dd2e6be86da8a2fcf8c8c007fb", kill_on_drop: false }`
[INFO] [stdout] 6d86f473a6fad920f6dc15c50679f100287f59dd2e6be86da8a2fcf8c8c007fb
[INFO] running `Command { std: "docker" "create" "-v" "/var/lib/crater-agent-workspace/builds/worker-7-tc2/target:/opt/rustwide/target:rw,Z" "-v" "/var/lib/crater-agent-workspace/builds/worker-7-tc2/source:/opt/rustwide/workdir:ro,Z" "-v" "/var/lib/crater-agent-workspace/cargo-home:/opt/rustwide/cargo-home:ro,Z" "-v" "/var/lib/crater-agent-workspace/rustup-home:/opt/rustwide/rustup-home:ro,Z" "-e" "SOURCE_DIR=/opt/rustwide/workdir" "-e" "CARGO_TARGET_DIR=/opt/rustwide/target" "-e" "CARGO_INCREMENTAL=0" "-e" "RUST_BACKTRACE=full" "-e" "RUSTFLAGS=--cap-lints=forbid -Zrandomize-layout" "-e" "RUSTDOCFLAGS=--cap-lints=forbid" "-e" "CARGO_HOME=/opt/rustwide/cargo-home" "-e" "RUSTUP_HOME=/opt/rustwide/rustup-home" "-w" "/opt/rustwide/workdir" "-m" "1610612736" "--user" "0:0" "--network" "none" "ghcr.io/rust-lang/crates-build-env/linux@sha256:4a844ea9eb2546a2d2c7022eacef16ef2e8229c7fbb2c7d4d55a9ceca922f72d" "/opt/rustwide/cargo-home/bin/cargo" "+nightly-2024-10-28" "build" "--frozen" "--message-format=json", kill_on_drop: false }`
[INFO] [stdout] dc8f1944f92b2a1aa562cd25f293dd06ce17137ffee3c70808fc65d0b98f9e70
[INFO] running `Command { std: "docker" "start" "-a" "dc8f1944f92b2a1aa562cd25f293dd06ce17137ffee3c70808fc65d0b98f9e70", kill_on_drop: false }`
[INFO] [stderr]    Compiling libm v0.2.7
[INFO] [stderr]    Compiling autocfg v1.1.0
[INFO] [stderr]    Compiling opt_vec v0.1.2
[INFO] [stderr]    Compiling num-traits v0.2.16
[INFO] [stderr]    Compiling wasper v0.1.3 (/opt/rustwide/workdir)
[INFO] [stdout] warning: associated items `is_nan`, `min`, `max`, `to_bits`, `from_bits`, and `to_arithmetic_nan` are never used
[INFO] [stdout]    --> src/exec/value.rs:181:8
[INFO] [stdout]     |
[INFO] [stdout] 178 | pub(crate) trait Float: Clone + Copy + PartialEq + PartialOrd {
[INFO] [stdout]     |                  ----- associated items in this trait
[INFO] [stdout] ...
[INFO] [stdout] 181 |     fn is_nan(self) -> bool;
[INFO] [stdout]     |        ^^^^^^
[INFO] [stdout] 182 |     fn min(self, other: Self) -> Self;
[INFO] [stdout]     |        ^^^
[INFO] [stdout] 183 |     fn max(self, other: Self) -> Self;
[INFO] [stdout]     |        ^^^
[INFO] [stdout] 184 |     fn to_bits(self) -> Self::UInt;
[INFO] [stdout]     |        ^^^^^^^
[INFO] [stdout] 185 |     fn from_bits(_: Self::UInt) -> Self;
[INFO] [stdout]     |        ^^^^^^^^^
[INFO] [stdout] 186 |     fn to_arithmetic_nan(self) -> Self {
[INFO] [stdout]     |        ^^^^^^^^^^^^^^^^^
[INFO] [stdout]     |
[INFO] [stdout]     = note: `#[warn(dead_code)]` on by default
[INFO] [stdout] 
[INFO] [stdout] 
[INFO] [stderr]     Finished `dev` profile [unoptimized + debuginfo] target(s) in 3.80s
[INFO] running `Command { std: "docker" "inspect" "dc8f1944f92b2a1aa562cd25f293dd06ce17137ffee3c70808fc65d0b98f9e70", kill_on_drop: false }`
[INFO] running `Command { std: "docker" "rm" "-f" "dc8f1944f92b2a1aa562cd25f293dd06ce17137ffee3c70808fc65d0b98f9e70", kill_on_drop: false }`
[INFO] [stdout] dc8f1944f92b2a1aa562cd25f293dd06ce17137ffee3c70808fc65d0b98f9e70
[INFO] running `Command { std: "docker" "create" "-v" "/var/lib/crater-agent-workspace/builds/worker-7-tc2/target:/opt/rustwide/target:rw,Z" "-v" "/var/lib/crater-agent-workspace/builds/worker-7-tc2/source:/opt/rustwide/workdir:ro,Z" "-v" "/var/lib/crater-agent-workspace/cargo-home:/opt/rustwide/cargo-home:ro,Z" "-v" "/var/lib/crater-agent-workspace/rustup-home:/opt/rustwide/rustup-home:ro,Z" "-e" "SOURCE_DIR=/opt/rustwide/workdir" "-e" "CARGO_TARGET_DIR=/opt/rustwide/target" "-e" "CARGO_INCREMENTAL=0" "-e" "RUST_BACKTRACE=full" "-e" "RUSTFLAGS=--cap-lints=forbid -Zrandomize-layout" "-e" "RUSTDOCFLAGS=--cap-lints=forbid" "-e" "CARGO_HOME=/opt/rustwide/cargo-home" "-e" "RUSTUP_HOME=/opt/rustwide/rustup-home" "-w" "/opt/rustwide/workdir" "-m" "1610612736" "--user" "0:0" "--network" "none" "ghcr.io/rust-lang/crates-build-env/linux@sha256:4a844ea9eb2546a2d2c7022eacef16ef2e8229c7fbb2c7d4d55a9ceca922f72d" "/opt/rustwide/cargo-home/bin/cargo" "+nightly-2024-10-28" "test" "--frozen" "--no-run" "--message-format=json", kill_on_drop: false }`
[INFO] [stdout] 050eb399171d60a1f28ee44594e45f5fe00ab19c37141c7f76933e9ed6ce011e
[INFO] running `Command { std: "docker" "start" "-a" "050eb399171d60a1f28ee44594e45f5fe00ab19c37141c7f76933e9ed6ce011e", kill_on_drop: false }`
[INFO] [stderr]    Compiling memchr v2.5.0
[INFO] [stderr]    Compiling libc v0.2.147
[INFO] [stderr]    Compiling regex-syntax v0.7.4
[INFO] [stderr]    Compiling serde v1.0.181
[INFO] [stderr]    Compiling wasm-encoder v0.31.1
[INFO] [stderr]    Compiling serde_json v1.0.104
[INFO] [stderr]    Compiling unicode-width v0.1.10
[INFO] [stderr]    Compiling itoa v1.0.9
[INFO] [stderr]    Compiling log v0.4.19
[INFO] [stderr]    Compiling ryu v1.0.15
[INFO] [stderr]    Compiling termcolor v1.2.0
[INFO] [stderr]    Compiling glob v0.3.1
[INFO] [stdout] warning: associated items `is_nan`, `min`, `max`, `to_bits`, `from_bits`, and `to_arithmetic_nan` are never used
[INFO] [stdout]    --> src/exec/value.rs:181:8
[INFO] [stdout]     |
[INFO] [stdout] 178 | pub(crate) trait Float: Clone + Copy + PartialEq + PartialOrd {
[INFO] [stdout]     |                  ----- associated items in this trait
[INFO] [stdout] ...
[INFO] [stdout] 181 |     fn is_nan(self) -> bool;
[INFO] [stdout]     |        ^^^^^^
[INFO] [stdout] 182 |     fn min(self, other: Self) -> Self;
[INFO] [stdout]     |        ^^^
[INFO] [stdout] 183 |     fn max(self, other: Self) -> Self;
[INFO] [stdout]     |        ^^^
[INFO] [stdout] 184 |     fn to_bits(self) -> Self::UInt;
[INFO] [stdout]     |        ^^^^^^^
[INFO] [stdout] 185 |     fn from_bits(_: Self::UInt) -> Self;
[INFO] [stdout]     |        ^^^^^^^^^
[INFO] [stdout] 186 |     fn to_arithmetic_nan(self) -> Self {
[INFO] [stdout]     |        ^^^^^^^^^^^^^^^^^
[INFO] [stdout]     |
[INFO] [stdout]     = note: `#[warn(dead_code)]` on by default
[INFO] [stdout] 
[INFO] [stdout] 
[INFO] [stderr]    Compiling aho-corasick v1.0.2
[INFO] [stderr]    Compiling wast v62.0.1
[INFO] [stderr]    Compiling atty v0.2.14
[INFO] [stderr]    Compiling regex-automata v0.3.4
[INFO] [stderr]    Compiling regex v1.9.1
[INFO] [stderr]    Compiling env_logger v0.9.3
[INFO] [stderr]    Compiling wat v1.0.69
[INFO] [stderr]    Compiling wasper v0.1.3 (/opt/rustwide/workdir)
[INFO] [stdout] warning: associated items `is_nan`, `min`, `max`, `to_bits`, `from_bits`, and `to_arithmetic_nan` are never used
[INFO] [stdout]    --> src/exec/value.rs:181:8
[INFO] [stdout]     |
[INFO] [stdout] 178 | pub(crate) trait Float: Clone + Copy + PartialEq + PartialOrd {
[INFO] [stdout]     |                  ----- associated items in this trait
[INFO] [stdout] ...
[INFO] [stdout] 181 |     fn is_nan(self) -> bool;
[INFO] [stdout]     |        ^^^^^^
[INFO] [stdout] 182 |     fn min(self, other: Self) -> Self;
[INFO] [stdout]     |        ^^^
[INFO] [stdout] 183 |     fn max(self, other: Self) -> Self;
[INFO] [stdout]     |        ^^^
[INFO] [stdout] 184 |     fn to_bits(self) -> Self::UInt;
[INFO] [stdout]     |        ^^^^^^^
[INFO] [stdout] 185 |     fn from_bits(_: Self::UInt) -> Self;
[INFO] [stdout]     |        ^^^^^^^^^
[INFO] [stdout] 186 |     fn to_arithmetic_nan(self) -> Self {
[INFO] [stdout]     |        ^^^^^^^^^^^^^^^^^
[INFO] [stdout]     |
[INFO] [stdout]     = note: `#[warn(dead_code)]` on by default
[INFO] [stdout] 
[INFO] [stdout] 
[INFO] [stderr]     Finished `test` profile [unoptimized + debuginfo] target(s) in 19.66s
[INFO] running `Command { std: "docker" "inspect" "050eb399171d60a1f28ee44594e45f5fe00ab19c37141c7f76933e9ed6ce011e", kill_on_drop: false }`
[INFO] running `Command { std: "docker" "rm" "-f" "050eb399171d60a1f28ee44594e45f5fe00ab19c37141c7f76933e9ed6ce011e", kill_on_drop: false }`
[INFO] [stdout] 050eb399171d60a1f28ee44594e45f5fe00ab19c37141c7f76933e9ed6ce011e
[INFO] running `Command { std: "docker" "create" "-v" "/var/lib/crater-agent-workspace/builds/worker-7-tc2/target:/opt/rustwide/target:rw,Z" "-v" "/var/lib/crater-agent-workspace/builds/worker-7-tc2/source:/opt/rustwide/workdir:ro,Z" "-v" "/var/lib/crater-agent-workspace/cargo-home:/opt/rustwide/cargo-home:ro,Z" "-v" "/var/lib/crater-agent-workspace/rustup-home:/opt/rustwide/rustup-home:ro,Z" "-e" "SOURCE_DIR=/opt/rustwide/workdir" "-e" "CARGO_TARGET_DIR=/opt/rustwide/target" "-e" "CARGO_INCREMENTAL=0" "-e" "RUST_BACKTRACE=full" "-e" "RUSTFLAGS=--cap-lints=forbid -Zrandomize-layout" "-e" "RUSTDOCFLAGS=--cap-lints=forbid" "-e" "CARGO_HOME=/opt/rustwide/cargo-home" "-e" "RUSTUP_HOME=/opt/rustwide/rustup-home" "-w" "/opt/rustwide/workdir" "-m" "1610612736" "--user" "0:0" "--network" "none" "ghcr.io/rust-lang/crates-build-env/linux@sha256:4a844ea9eb2546a2d2c7022eacef16ef2e8229c7fbb2c7d4d55a9ceca922f72d" "/opt/rustwide/cargo-home/bin/cargo" "+nightly-2024-10-28" "test" "--frozen", kill_on_drop: false }`
[INFO] [stdout] ba3183eb60db76de6b3a0c337f744875071642de997d305878feee585be576b2
[INFO] running `Command { std: "docker" "start" "-a" "ba3183eb60db76de6b3a0c337f744875071642de997d305878feee585be576b2", kill_on_drop: false }`
[INFO] [stderr] warning: associated items `is_nan`, `min`, `max`, `to_bits`, `from_bits`, and `to_arithmetic_nan` are never used
[INFO] [stderr]    --> src/exec/value.rs:181:8
[INFO] [stderr]     |
[INFO] [stderr] 178 | pub(crate) trait Float: Clone + Copy + PartialEq + PartialOrd {
[INFO] [stderr]     |                  ----- associated items in this trait
[INFO] [stderr] ...
[INFO] [stderr] 181 |     fn is_nan(self) -> bool;
[INFO] [stderr]     |        ^^^^^^
[INFO] [stderr] 182 |     fn min(self, other: Self) -> Self;
[INFO] [stderr]     |        ^^^
[INFO] [stderr] 183 |     fn max(self, other: Self) -> Self;
[INFO] [stderr]     |        ^^^
[INFO] [stderr] 184 |     fn to_bits(self) -> Self::UInt;
[INFO] [stderr]     |        ^^^^^^^
[INFO] [stderr] 185 |     fn from_bits(_: Self::UInt) -> Self;
[INFO] [stderr]     |        ^^^^^^^^^
[INFO] [stderr] 186 |     fn to_arithmetic_nan(self) -> Self {
[INFO] [stderr]     |        ^^^^^^^^^^^^^^^^^
[INFO] [stderr]     |
[INFO] [stderr]     = note: `#[warn(dead_code)]` on by default
[INFO] [stderr] 
[INFO] [stderr] warning: `wasper` (lib) generated 1 warning
[INFO] [stderr] warning: `wasper` (lib test) generated 1 warning (1 duplicate)
[INFO] [stderr]     Finished `test` profile [unoptimized + debuginfo] target(s) in 0.13s
[INFO] [stderr]      Running unittests src/lib.rs (/opt/rustwide/target/debug/deps/wasper-b6c6cc56c3211ec4)
[INFO] [stdout] 
[INFO] [stdout] running 39 tests
[INFO] [stdout] test exec::instr::tests::extend ... ok
[INFO] [stdout] test exec::instr::tests::reinterpret ... ok
[INFO] [stdout] test exec::stack::tests::stack_frame ... ok
[INFO] [stdout] test exec::stack::tests::stack_label ... ok
[INFO] [stdout] test loader::leb128::tests::i64_value_ok ... ok
[INFO] [stdout] test loader::leb128::tests::i32_value_ok ... ok
[INFO] [stdout] test loader::instructions::tests::branch ... ok
[INFO] [stdout] test loader::leb128::tests::u64_value_ok ... ok
[INFO] [stdout] test exec::runtime::tests::store ... ok
[INFO] [stdout] test loader::leb128::tests::other_bytes_follow ... ok
[INFO] [stdout] test loader::leb128::tests::unexpected_eof ... ok
[INFO] [stdout] test loader::leb128::tests::overflow_error ... ok
[INFO] [stdout] test loader::module::tests::do_not_anything ... ok
[INFO] [stdout] test loader::module::tests::branch ... ok
[INFO] [stdout] test loader::leb128::tests::u32_value_ok ... ok
[INFO] [stdout] test loader::module::tests::version ... ok
[INFO] [stdout] test loader::module::tests::magic ... ok
[INFO] [stdout] test loader::module::tests::integer_ok ... ok
[INFO] [stdout] test loader::parser::tests::test_name ... ok
[INFO] [stdout] test loader::module::tests::module ... ok
[INFO] [stdout] test loader::parser::tests::test_or ... ok
[INFO] [stdout] test loader::parser::tests::test_take_while ... ok
[INFO] [stdout] test loader::parser::tests::test_peek ... ok
[INFO] [stdout] test loader::sections::tests::test_code_section ... ok
[INFO] [stdout] test loader::sections::tests::test_data_section ... ok
[INFO] [stdout] test loader::parser::tests::test_target ... ok
[INFO] [stdout] test loader::sections::tests::test_global_section ... ok
[INFO] [stdout] test loader::sections::tests::test_start_section ... ok
[INFO] [stdout] test loader::sections::tests::test_element_section ... ok
[INFO] [stdout] test loader::sections::tests::test_table_section ... ok
[INFO] [stdout] test loader::sections::tests::test_memory_section ... ok
[INFO] [stdout] test loader::sections::tests::test_export_section ... ok
[INFO] [stdout] test loader::sections::tests::test_import_section ... ok
[INFO] [stdout] test loader::sections::tests::test_function_section ... ok
[INFO] [stdout] test loader::values::tests::test_f32_err ... ok
[INFO] [stdout] test loader::sections::tests::test_type_section ... ok
[INFO] [stdout] test loader::values::tests::test_f64_err ... ok
[INFO] [stdout] test loader::values::tests::test_f32_ok ... ok
[INFO] [stdout] test loader::values::tests::test_f64_ok ... ok
[INFO] [stdout] 
[INFO] [stdout] test result: ok. 39 passed; 0 failed; 0 ignored; 0 measured; 0 filtered out; finished in 0.07s
[INFO] [stdout] 
[INFO] [stderr]      Running unittests src/main.rs (/opt/rustwide/target/debug/deps/wasper-8b7a515f9173f179)
[INFO] [stdout] 
[INFO] [stdout] running 0 tests
[INFO] [stdout] 
[INFO] [stdout] test result: ok. 0 passed; 0 failed; 0 ignored; 0 measured; 0 filtered out; finished in 0.00s
[INFO] [stdout] 
[INFO] [stderr]      Running tests/spec.rs (/opt/rustwide/target/debug/deps/spec-240c23009d6828e5)
[INFO] [stdout] 
[INFO] [stdout] running 1 test
[INFO] [stdout] test main ... FAILED
[INFO] [stdout] 
[INFO] [stdout] failures:
[INFO] [stdout] 
[INFO] [stdout] ---- main stdout ----
[INFO] [stdout] thread 'main' panicked at tests/spec.rs:233:42:
[INFO] [stdout] called `Result::unwrap()` on an `Err` value: Os { code: 2, kind: NotFound, message: "No such file or directory" }
[INFO] [stdout] stack backtrace:
[INFO] [stdout]    0:     0x6330025cb9fa - std::backtrace_rs::backtrace::libunwind::trace::h207520d6e9873551
[INFO] [stdout]                                at /rustc/df4ca44d3fbc9301ee17f30f4d474e6ae4b05252/library/std/src/../../backtrace/src/backtrace/libunwind.rs:116:5
[INFO] [stdout]    1:     0x6330025cb9fa - std::backtrace_rs::backtrace::trace_unsynchronized::h2ed7433f370e3eca
[INFO] [stdout]                                at /rustc/df4ca44d3fbc9301ee17f30f4d474e6ae4b05252/library/std/src/../../backtrace/src/backtrace/mod.rs:66:5
[INFO] [stdout]    2:     0x6330025cb9fa - std::sys::backtrace::_print_fmt::h916fac51166b18d7
[INFO] [stdout]                                at /rustc/df4ca44d3fbc9301ee17f30f4d474e6ae4b05252/library/std/src/sys/backtrace.rs:66:9
[INFO] [stdout]    3:     0x6330025cb9fa - <std::sys::backtrace::BacktraceLock::print::DisplayBacktrace as core::fmt::Display>::fmt::ha0a4c9b8ce3802e6
[INFO] [stdout]                                at /rustc/df4ca44d3fbc9301ee17f30f4d474e6ae4b05252/library/std/src/sys/backtrace.rs:39:26
[INFO] [stdout]    4:     0x6330025f4113 - core::fmt::rt::Argument::fmt::h4cfc8587d52b3eb5
[INFO] [stdout]                                at /rustc/df4ca44d3fbc9301ee17f30f4d474e6ae4b05252/library/core/src/fmt/rt.rs:177:76
[INFO] [stdout]    5:     0x6330025f4113 - core::fmt::write::h522cc39e5b36ae9f
[INFO] [stdout]                                at /rustc/df4ca44d3fbc9301ee17f30f4d474e6ae4b05252/library/core/src/fmt/mod.rs:1190:21
[INFO] [stdout]    6:     0x6330025c8233 - std::io::Write::write_fmt::h7d3c26752da97734
[INFO] [stdout]                                at /rustc/df4ca44d3fbc9301ee17f30f4d474e6ae4b05252/library/std/src/io/mod.rs:1839:15
[INFO] [stdout]    7:     0x6330025cb842 - std::sys::backtrace::BacktraceLock::print::h4b9e00b29e9c0942
[INFO] [stdout]                                at /rustc/df4ca44d3fbc9301ee17f30f4d474e6ae4b05252/library/std/src/sys/backtrace.rs:42:9
[INFO] [stdout]    8:     0x6330025cce8a - std::panicking::default_hook::{{closure}}::hb59b88280d0324d9
[INFO] [stdout]                                at /rustc/df4ca44d3fbc9301ee17f30f4d474e6ae4b05252/library/std/src/panicking.rs:268:22
[INFO] [stdout]    9:     0x6330025ccc94 - std::panicking::default_hook::he1dd496665be4a29
[INFO] [stdout]                                at /rustc/df4ca44d3fbc9301ee17f30f4d474e6ae4b05252/library/std/src/panicking.rs:292:9
[INFO] [stdout]   10:     0x6330024f5689 - <alloc::boxed::Box<F,A> as core::ops::function::Fn<Args>>::call::h4ff71de18744e1dc
[INFO] [stdout]                                at /rustc/df4ca44d3fbc9301ee17f30f4d474e6ae4b05252/library/alloc/src/boxed.rs:2468:9
[INFO] [stdout]   11:     0x6330024f5689 - test::test_main::{{closure}}::hcf7c055ce117aa81
[INFO] [stdout]                                at /rustc/df4ca44d3fbc9301ee17f30f4d474e6ae4b05252/library/test/src/lib.rs:133:21
[INFO] [stdout]   12:     0x6330025cd588 - <alloc::boxed::Box<F,A> as core::ops::function::Fn<Args>>::call::h1d66c6bbd60c9692
[INFO] [stdout]                                at /rustc/df4ca44d3fbc9301ee17f30f4d474e6ae4b05252/library/alloc/src/boxed.rs:2468:9
[INFO] [stdout]   13:     0x6330025cd588 - std::panicking::rust_panic_with_hook::h2ff17fe8f26dfcf8
[INFO] [stdout]                                at /rustc/df4ca44d3fbc9301ee17f30f4d474e6ae4b05252/library/std/src/panicking.rs:809:13
[INFO] [stdout]   14:     0x6330025cd34a - std::panicking::begin_panic_handler::{{closure}}::h4fad77951c07e101
[INFO] [stdout]                                at /rustc/df4ca44d3fbc9301ee17f30f4d474e6ae4b05252/library/std/src/panicking.rs:674:13
[INFO] [stdout]   15:     0x6330025cbed9 - std::sys::backtrace::__rust_end_short_backtrace::hb1a25b3da5d0ea08
[INFO] [stdout]                                at /rustc/df4ca44d3fbc9301ee17f30f4d474e6ae4b05252/library/std/src/sys/backtrace.rs:170:18
[INFO] [stdout]   16:     0x6330025ccfdc - rust_begin_unwind
[INFO] [stdout]                                at /rustc/df4ca44d3fbc9301ee17f30f4d474e6ae4b05252/library/std/src/panicking.rs:665:5
[INFO] [stdout]   17:     0x6330025f1ab0 - core::panicking::panic_fmt::ha9db07b529f9b256
[INFO] [stdout]                                at /rustc/df4ca44d3fbc9301ee17f30f4d474e6ae4b05252/library/core/src/panicking.rs:75:14
[INFO] [stdout]   18:     0x6330025f1f96 - core::result::unwrap_failed::h5e8218e4d4338b8a
[INFO] [stdout]                                at /rustc/df4ca44d3fbc9301ee17f30f4d474e6ae4b05252/library/core/src/result.rs:1698:5
[INFO] [stdout]   19:     0x633002278d48 - core::result::Result<T,E>::unwrap::hd51edcca5773b689
[INFO] [stdout]                                at /rustc/df4ca44d3fbc9301ee17f30f4d474e6ae4b05252/library/core/src/result.rs:1103:23
[INFO] [stdout]   20:     0x633002278d48 - spec::run_tests::hca9b27bc8fdc6354
[INFO] [stdout]                                at /opt/rustwide/workdir/tests/spec.rs:233:19
[INFO] [stdout]   21:     0x63300227a75f - spec::main::h15a6439c967bc14e
[INFO] [stdout]                                at /opt/rustwide/workdir/tests/spec.rs:31:5
[INFO] [stdout]   22:     0x63300227a6d7 - spec::main::{{closure}}::hb9ddf275dc75f12b
[INFO] [stdout]                                at /opt/rustwide/workdir/tests/spec.rs:26:10
[INFO] [stdout]   23:     0x633002267e66 - core::ops::function::FnOnce::call_once::h90512fbccc4cf5d0
[INFO] [stdout]                                at /rustc/df4ca44d3fbc9301ee17f30f4d474e6ae4b05252/library/core/src/ops/function.rs:250:5
[INFO] [stdout]   24:     0x6330024f9f5b - core::ops::function::FnOnce::call_once::h22c3ba5715e93f05
[INFO] [stdout]                                at /rustc/df4ca44d3fbc9301ee17f30f4d474e6ae4b05252/library/core/src/ops/function.rs:250:5
[INFO] [stdout]   25:     0x6330024f9f5b - test::__rust_begin_short_backtrace::h8e82d8113d0da17f
[INFO] [stdout]                                at /rustc/df4ca44d3fbc9301ee17f30f4d474e6ae4b05252/library/test/src/lib.rs:621:18
[INFO] [stdout]   26:     0x6330024f98d7 - test::run_test_in_process::{{closure}}::h33235f4f20b7b7c7
[INFO] [stdout]                                at /rustc/df4ca44d3fbc9301ee17f30f4d474e6ae4b05252/library/test/src/lib.rs:644:60
[INFO] [stdout]   27:     0x6330024f98d7 - <core::panic::unwind_safe::AssertUnwindSafe<F> as core::ops::function::FnOnce<()>>::call_once::hb5043206310c586f
[INFO] [stdout]                                at /rustc/df4ca44d3fbc9301ee17f30f4d474e6ae4b05252/library/core/src/panic/unwind_safe.rs:272:9
[INFO] [stdout]   28:     0x6330024f98d7 - std::panicking::try::do_call::h9ad4731a60ab23e2
[INFO] [stdout]                                at /rustc/df4ca44d3fbc9301ee17f30f4d474e6ae4b05252/library/std/src/panicking.rs:557:40
[INFO] [stdout]   29:     0x6330024f98d7 - std::panicking::try::h3824d23db772a716
[INFO] [stdout]                                at /rustc/df4ca44d3fbc9301ee17f30f4d474e6ae4b05252/library/std/src/panicking.rs:520:19
[INFO] [stdout]   30:     0x6330024f98d7 - std::panic::catch_unwind::h5afd514605fde46b
[INFO] [stdout]                                at /rustc/df4ca44d3fbc9301ee17f30f4d474e6ae4b05252/library/std/src/panic.rs:358:14
[INFO] [stdout]   31:     0x6330024f98d7 - test::run_test_in_process::h0d5cbfa7067d1720
[INFO] [stdout]                                at /rustc/df4ca44d3fbc9301ee17f30f4d474e6ae4b05252/library/test/src/lib.rs:644:27
[INFO] [stdout]   32:     0x6330024f98d7 - test::run_test::{{closure}}::h708eb8872708115d
[INFO] [stdout]                                at /rustc/df4ca44d3fbc9301ee17f30f4d474e6ae4b05252/library/test/src/lib.rs:565:43
[INFO] [stdout]   33:     0x6330024bcff4 - test::run_test::{{closure}}::h392c51cee94713ab
[INFO] [stdout]                                at /rustc/df4ca44d3fbc9301ee17f30f4d474e6ae4b05252/library/test/src/lib.rs:595:41
[INFO] [stdout]   34:     0x6330024bcff4 - std::sys::backtrace::__rust_begin_short_backtrace::h2f40290710935a8b
[INFO] [stdout]                                at /rustc/df4ca44d3fbc9301ee17f30f4d474e6ae4b05252/library/std/src/sys/backtrace.rs:154:18
[INFO] [stdout]   35:     0x6330024c079e - std::thread::Builder::spawn_unchecked_::{{closure}}::{{closure}}::h3fd968d89053a903
[INFO] [stdout]                                at /rustc/df4ca44d3fbc9301ee17f30f4d474e6ae4b05252/library/std/src/thread/mod.rs:541:17
[INFO] [stdout]   36:     0x6330024c079e - <core::panic::unwind_safe::AssertUnwindSafe<F> as core::ops::function::FnOnce<()>>::call_once::h743f637ba4229880
[INFO] [stdout]                                at /rustc/df4ca44d3fbc9301ee17f30f4d474e6ae4b05252/library/core/src/panic/unwind_safe.rs:272:9
[INFO] [stdout]   37:     0x6330024c079e - std::panicking::try::do_call::h07440897322525a6
[INFO] [stdout]                                at /rustc/df4ca44d3fbc9301ee17f30f4d474e6ae4b05252/library/std/src/panicking.rs:557:40
[INFO] [stdout]   38:     0x6330024c079e - std::panicking::try::he5a2e00188156637
[INFO] [stdout]                                at /rustc/df4ca44d3fbc9301ee17f30f4d474e6ae4b05252/library/std/src/panicking.rs:520:19
[INFO] [stdout]   39:     0x6330024c079e - std::panic::catch_unwind::hbaf3cae49b3c6433
[INFO] [stdout]                                at /rustc/df4ca44d3fbc9301ee17f30f4d474e6ae4b05252/library/std/src/panic.rs:358:14
[INFO] [stdout]   40:     0x6330024c079e - std::thread::Builder::spawn_unchecked_::{{closure}}::h8e141ea224820bce
[INFO] [stdout]                                at /rustc/df4ca44d3fbc9301ee17f30f4d474e6ae4b05252/library/std/src/thread/mod.rs:540:30
[INFO] [stdout]   41:     0x6330024c079e - core::ops::function::FnOnce::call_once{{vtable.shim}}::h90d312fedd7b8ea8
[INFO] [stdout]                                at /rustc/df4ca44d3fbc9301ee17f30f4d474e6ae4b05252/library/core/src/ops/function.rs:250:5
[INFO] [stdout]   42:     0x6330025d1a3b - <alloc::boxed::Box<F,A> as core::ops::function::FnOnce<Args>>::call_once::h69aa08ddb6adb8b6
[INFO] [stdout]                                at /rustc/df4ca44d3fbc9301ee17f30f4d474e6ae4b05252/library/alloc/src/boxed.rs:2454:9
[INFO] [stdout]   43:     0x6330025d1a3b - <alloc::boxed::Box<F,A> as core::ops::function::FnOnce<Args>>::call_once::h5aa36efdb79c806f
[INFO] [stdout]                                at /rustc/df4ca44d3fbc9301ee17f30f4d474e6ae4b05252/library/alloc/src/boxed.rs:2454:9
[INFO] [stdout]   44:     0x6330025d1a3b - std::sys::pal::unix::thread::Thread::new::thread_start::h6cd80a1b4be5158d
[INFO] [stdout]                                at /rustc/df4ca44d3fbc9301ee17f30f4d474e6ae4b05252/library/std/src/sys/pal/unix/thread.rs:105:17
[INFO] [stdout]   45:     0x73d71583bac3 - <unknown>
[INFO] [stdout]   46:     0x73d7158cca04 - clone
[INFO] [stdout]   47:                0x0 - <unknown>
[INFO] [stdout] 
[INFO] [stdout] 
[INFO] [stdout] failures:
[INFO] [stdout]     main
[INFO] [stdout] 
[INFO] [stdout] test result: FAILED. 0 passed; 1 failed; 0 ignored; 0 measured; 0 filtered out; finished in 0.03s
[INFO] [stdout] 
[INFO] [stderr] error: test failed, to rerun pass `--test spec`
[INFO] running `Command { std: "docker" "inspect" "ba3183eb60db76de6b3a0c337f744875071642de997d305878feee585be576b2", kill_on_drop: false }`
[INFO] running `Command { std: "docker" "rm" "-f" "ba3183eb60db76de6b3a0c337f744875071642de997d305878feee585be576b2", kill_on_drop: false }`
[INFO] [stdout] ba3183eb60db76de6b3a0c337f744875071642de997d305878feee585be576b2
