[INFO] fetching crate wasmcloud-nats-kvcache 0.5.1...
[INFO] testing wasmcloud-nats-kvcache-0.5.1 against nightly-2024-10-28+rustflags=-Zrandomize-layout for randomize-layout
[INFO] extracting crate wasmcloud-nats-kvcache 0.5.1 into /workspace/builds/worker-3-tc2/source
[INFO] validating manifest of crates.io crate wasmcloud-nats-kvcache 0.5.1 on toolchain nightly-2024-10-28
[INFO] running `Command { std: CARGO_HOME="/workspace/cargo-home" RUSTUP_HOME="/workspace/rustup-home" "/workspace/cargo-home/bin/cargo" "+nightly-2024-10-28" "metadata" "--manifest-path" "Cargo.toml" "--no-deps", kill_on_drop: false }`
[INFO] started tweaking crates.io crate wasmcloud-nats-kvcache 0.5.1
[INFO] finished tweaking crates.io crate wasmcloud-nats-kvcache 0.5.1
[INFO] tweaked toml for crates.io crate wasmcloud-nats-kvcache 0.5.1 written to /workspace/builds/worker-3-tc2/source/Cargo.toml
[INFO] running `Command { std: CARGO_HOME="/workspace/cargo-home" RUSTUP_HOME="/workspace/rustup-home" "/workspace/cargo-home/bin/cargo" "+nightly-2024-10-28" "generate-lockfile" "--manifest-path" "Cargo.toml", kill_on_drop: false }`
[INFO] [stderr]     Updating crates.io index
[INFO] [stderr]      Locking 140 packages to latest compatible versions
[INFO] [stderr]       Adding env_logger v0.8.4 (available: v0.11.5)
[INFO] [stderr]       Adding nats v0.9.18 (available: v0.25.0)
[INFO] [stderr]       Adding uuid v0.8.2 (available: v1.11.0)
[INFO] [stderr]       Adding wascap v0.6.1 (available: v0.15.1)
[INFO] [stderr]       Adding zeroize v1.3.0 (available: v1.8.1)
[INFO] running `Command { std: CARGO_HOME="/workspace/cargo-home" RUSTUP_HOME="/workspace/rustup-home" "/workspace/cargo-home/bin/cargo" "+nightly-2024-10-28" "fetch" "--manifest-path" "Cargo.toml", kill_on_drop: false }`
[INFO] running `Command { std: "docker" "create" "-v" "/var/lib/crater-agent-workspace/builds/worker-3-tc2/target:/opt/rustwide/target:rw,Z" "-v" "/var/lib/crater-agent-workspace/builds/worker-3-tc2/source:/opt/rustwide/workdir:ro,Z" "-v" "/var/lib/crater-agent-workspace/cargo-home:/opt/rustwide/cargo-home:ro,Z" "-v" "/var/lib/crater-agent-workspace/rustup-home:/opt/rustwide/rustup-home:ro,Z" "-e" "SOURCE_DIR=/opt/rustwide/workdir" "-e" "CARGO_TARGET_DIR=/opt/rustwide/target" "-e" "CARGO_HOME=/opt/rustwide/cargo-home" "-e" "RUSTUP_HOME=/opt/rustwide/rustup-home" "-w" "/opt/rustwide/workdir" "-m" "1610612736" "--user" "0:0" "--network" "none" "ghcr.io/rust-lang/crates-build-env/linux@sha256:4a844ea9eb2546a2d2c7022eacef16ef2e8229c7fbb2c7d4d55a9ceca922f72d" "/opt/rustwide/cargo-home/bin/cargo" "+nightly-2024-10-28" "metadata" "--no-deps" "--format-version=1", kill_on_drop: false }`
[INFO] [stdout] 108d2a76e6a74ab1597df7a280b7c8428c27f277fb27326088149994bad9e3ce
[INFO] running `Command { std: "docker" "start" "-a" "108d2a76e6a74ab1597df7a280b7c8428c27f277fb27326088149994bad9e3ce", kill_on_drop: false }`
[INFO] running `Command { std: "docker" "inspect" "108d2a76e6a74ab1597df7a280b7c8428c27f277fb27326088149994bad9e3ce", kill_on_drop: false }`
[INFO] running `Command { std: "docker" "rm" "-f" "108d2a76e6a74ab1597df7a280b7c8428c27f277fb27326088149994bad9e3ce", kill_on_drop: false }`
[INFO] [stdout] 108d2a76e6a74ab1597df7a280b7c8428c27f277fb27326088149994bad9e3ce
[INFO] running `Command { std: "docker" "create" "-v" "/var/lib/crater-agent-workspace/builds/worker-3-tc2/target:/opt/rustwide/target:rw,Z" "-v" "/var/lib/crater-agent-workspace/builds/worker-3-tc2/source:/opt/rustwide/workdir:ro,Z" "-v" "/var/lib/crater-agent-workspace/cargo-home:/opt/rustwide/cargo-home:ro,Z" "-v" "/var/lib/crater-agent-workspace/rustup-home:/opt/rustwide/rustup-home:ro,Z" "-e" "SOURCE_DIR=/opt/rustwide/workdir" "-e" "CARGO_TARGET_DIR=/opt/rustwide/target" "-e" "CARGO_INCREMENTAL=0" "-e" "RUST_BACKTRACE=full" "-e" "RUSTFLAGS=--cap-lints=forbid -Zrandomize-layout" "-e" "RUSTDOCFLAGS=--cap-lints=forbid" "-e" "CARGO_HOME=/opt/rustwide/cargo-home" "-e" "RUSTUP_HOME=/opt/rustwide/rustup-home" "-w" "/opt/rustwide/workdir" "-m" "1610612736" "--user" "0:0" "--network" "none" "ghcr.io/rust-lang/crates-build-env/linux@sha256:4a844ea9eb2546a2d2c7022eacef16ef2e8229c7fbb2c7d4d55a9ceca922f72d" "/opt/rustwide/cargo-home/bin/cargo" "+nightly-2024-10-28" "build" "--frozen" "--message-format=json", kill_on_drop: false }`
[INFO] [stdout] 6660737ed757a69ea898935ee99070a48f375e305f275a69d625d1e254dd137b
[INFO] running `Command { std: "docker" "start" "-a" "6660737ed757a69ea898935ee99070a48f375e305f275a69d625d1e254dd137b", kill_on_drop: false }`
[INFO] [stderr]    Compiling syn v2.0.86
[INFO] [stderr]    Compiling byteorder v1.5.0
[INFO] [stderr]    Compiling num-traits v0.2.19
[INFO] [stderr]    Compiling generic-array v0.14.7
[INFO] [stderr]    Compiling getrandom v0.1.16
[INFO] [stderr]    Compiling signature v1.6.4
[INFO] [stderr]    Compiling ring v0.16.20
[INFO] [stderr]    Compiling spin v0.5.2
[INFO] [stderr]    Compiling untrusted v0.7.1
[INFO] [stderr]    Compiling subtle v2.6.1
[INFO] [stderr]    Compiling ed25519 v1.5.3
[INFO] [stderr]    Compiling rand_core v0.5.1
[INFO] [stderr]    Compiling regex-syntax v0.8.5
[INFO] [stderr]    Compiling base64 v0.13.1
[INFO] [stderr]    Compiling data-encoding v2.6.0
[INFO] [stderr]    Compiling crossbeam-utils v0.8.20
[INFO] [stderr]    Compiling parking_lot_core v0.8.6
[INFO] [stderr]    Compiling digest v0.9.0
[INFO] [stderr]    Compiling block-buffer v0.9.0
[INFO] [stderr]    Compiling unicode-xid v0.1.0
[INFO] [stderr]    Compiling instant v0.1.13
[INFO] [stderr]    Compiling sha2 v0.9.9
[INFO] [stderr]    Compiling proc-macro2 v0.2.3
[INFO] [stderr]    Compiling smallvec v1.13.2
[INFO] [stderr]    Compiling rmp v0.8.14
[INFO] [stderr]    Compiling quote v0.4.2
[INFO] [stderr]    Compiling atty v0.2.14
[INFO] [stderr]    Compiling openssl-probe v0.1.5
[INFO] [stderr]    Compiling termcolor v1.4.1
[INFO] [stderr]    Compiling humantime v2.1.0
[INFO] [stderr]    Compiling syn v0.12.15
[INFO] [stderr]    Compiling parking_lot v0.11.2
[INFO] [stderr]    Compiling base64-url v1.4.13
[INFO] [stderr]    Compiling crossbeam-channel v0.5.13
[INFO] [stderr]    Compiling fastrand v1.9.0
[INFO] [stderr]    Compiling regex-automata v0.4.8
[INFO] [stderr]    Compiling json v0.12.4
[INFO] [stderr]    Compiling parity-wasm v0.42.2
[INFO] [stderr]    Compiling uuid v0.8.2
[INFO] [stderr]    Compiling eventsourcing-derive v0.1.3
[INFO] [stderr]    Compiling webpki v0.21.4
[INFO] [stderr]    Compiling sct v0.6.1
[INFO] [stderr]    Compiling regex v1.11.1
[INFO] [stderr]    Compiling serde_derive v1.0.214
[INFO] [stderr]    Compiling zerocopy-derive v0.7.35
[INFO] [stderr]    Compiling zeroize_derive v1.4.2
[INFO] [stderr]    Compiling zeroize v1.3.0
[INFO] [stderr]    Compiling subtle-encoding v0.5.1
[INFO] [stderr]    Compiling curve25519-dalek v3.2.1
[INFO] [stderr]    Compiling signatory v0.21.0
[INFO] [stderr]    Compiling zerocopy v0.7.35
[INFO] [stderr]    Compiling ppv-lite86 v0.2.20
[INFO] [stderr]    Compiling rand_chacha v0.2.2
[INFO] [stderr]    Compiling rand_chacha v0.3.1
[INFO] [stderr]    Compiling rand v0.7.3
[INFO] [stderr]    Compiling rand v0.8.5
[INFO] [stderr]    Compiling serde v1.0.214
[INFO] [stderr]    Compiling nuid v0.2.2
[INFO] [stderr]    Compiling nuid v0.3.2
[INFO] [stderr]    Compiling log v0.4.22
[INFO] [stderr]    Compiling ed25519-dalek v1.0.1
[INFO] [stderr]    Compiling serde_json v1.0.132
[INFO] [stderr]    Compiling rmp-serde v0.15.5
[INFO] [stderr]    Compiling chrono v0.4.38
[INFO] [stderr]    Compiling serde_bytes v0.11.15
[INFO] [stderr]    Compiling rustls v0.19.1
[INFO] [stderr]    Compiling env_logger v0.8.4
[INFO] [stderr]    Compiling nkeys v0.0.11
[INFO] [stderr]    Compiling nkeys v0.1.0
[INFO] [stderr]    Compiling wasmcloud-provider-core v0.1.1
[INFO] [stderr]    Compiling wasmcloud-actor-keyvalue v0.2.2
[INFO] [stderr]    Compiling wasmcloud-actor-core v0.2.3
[INFO] [stderr]    Compiling chrono-humanize v0.2.3
[INFO] [stderr]    Compiling eventsourcing v0.1.5
[INFO] [stderr]    Compiling wascap v0.6.1
[INFO] [stderr]    Compiling rustls-native-certs v0.5.0
[INFO] [stderr]    Compiling nats v0.9.18
[INFO] [stderr]    Compiling wasmcloud-nats-kvcache v0.5.1 (/opt/rustwide/workdir)
[INFO] [stdout] warning: unused attribute `doc`
[INFO] [stdout]   --> src/lib.rs:68:1
[INFO] [stdout]    |
[INFO] [stdout] 68 | #[doc(hidden)]
[INFO] [stdout]    | ^^^^^^^^^^^^^^
[INFO] [stdout]    |
[INFO] [stdout] note: the built-in attribute `doc` will be ignored, since it's applied to the macro invocation `capability_provider`
[INFO] [stdout]   --> src/lib.rs:70:1
[INFO] [stdout]    |
[INFO] [stdout] 70 | capability_provider!(NatsReplicatedKVProvider, NatsReplicatedKVProvider::new);
[INFO] [stdout]    | ^^^^^^^^^^^^^^^^^^^
[INFO] [stdout]    = note: `#[warn(unused_attributes)]` on by default
[INFO] [stdout] 
[INFO] [stdout] 
[INFO] [stdout] warning: macro `Serialize` is private
[INFO] [stdout]    --> src/lib.rs:567:24
[INFO] [stdout]     |
[INFO] [stdout] 567 | #[derive(Debug, Clone, Serialize, Deserialize)]
[INFO] [stdout]     |                        ^^^^^^^^^
[INFO] [stdout]     |
[INFO] [stdout]     = warning: this was previously accepted by the compiler but is being phased out; it will become a hard error in a future release!
[INFO] [stdout]     = note: for more information, see issue #120192 <https://github.com/rust-lang/rust/issues/120192>
[INFO] [stdout]     = note: `#[warn(private_macro_use)]` on by default
[INFO] [stdout] 
[INFO] [stdout] 
[INFO] [stdout] warning: macro `Deserialize` is private
[INFO] [stdout]    --> src/lib.rs:567:35
[INFO] [stdout]     |
[INFO] [stdout] 567 | #[derive(Debug, Clone, Serialize, Deserialize)]
[INFO] [stdout]     |                                   ^^^^^^^^^^^
[INFO] [stdout]     |
[INFO] [stdout]     = warning: this was previously accepted by the compiler but is being phased out; it will become a hard error in a future release!
[INFO] [stdout]     = note: for more information, see issue #120192 <https://github.com/rust-lang/rust/issues/120192>
[INFO] [stdout] 
[INFO] [stdout] 
[INFO] [stdout] warning: macro `Serialize` is private
[INFO] [stdout]    --> src/lib.rs:572:24
[INFO] [stdout]     |
[INFO] [stdout] 572 | #[derive(Debug, Clone, Serialize, Deserialize, PartialEq)]
[INFO] [stdout]     |                        ^^^^^^^^^
[INFO] [stdout]     |
[INFO] [stdout]     = warning: this was previously accepted by the compiler but is being phased out; it will become a hard error in a future release!
[INFO] [stdout]     = note: for more information, see issue #120192 <https://github.com/rust-lang/rust/issues/120192>
[INFO] [stdout] 
[INFO] [stdout] 
[INFO] [stdout] warning: macro `Deserialize` is private
[INFO] [stdout]    --> src/lib.rs:572:35
[INFO] [stdout]     |
[INFO] [stdout] 572 | #[derive(Debug, Clone, Serialize, Deserialize, PartialEq)]
[INFO] [stdout]     |                                   ^^^^^^^^^^^
[INFO] [stdout]     |
[INFO] [stdout]     = warning: this was previously accepted by the compiler but is being phased out; it will become a hard error in a future release!
[INFO] [stdout]     = note: for more information, see issue #120192 <https://github.com/rust-lang/rust/issues/120192>
[INFO] [stdout] 
[INFO] [stdout] 
[INFO] [stderr]     Finished `dev` profile [unoptimized + debuginfo] target(s) in 55.25s
[INFO] [stderr] warning: the following packages contain code that will be rejected by a future version of Rust: syn v0.12.15
[INFO] [stderr] note: to see what the problems were, use the option `--future-incompat-report`, or run `cargo report future-incompatibilities --id 2`
[INFO] running `Command { std: "docker" "inspect" "6660737ed757a69ea898935ee99070a48f375e305f275a69d625d1e254dd137b", kill_on_drop: false }`
[INFO] running `Command { std: "docker" "rm" "-f" "6660737ed757a69ea898935ee99070a48f375e305f275a69d625d1e254dd137b", kill_on_drop: false }`
[INFO] [stdout] 6660737ed757a69ea898935ee99070a48f375e305f275a69d625d1e254dd137b
[INFO] running `Command { std: "docker" "create" "-v" "/var/lib/crater-agent-workspace/builds/worker-3-tc2/target:/opt/rustwide/target:rw,Z" "-v" "/var/lib/crater-agent-workspace/builds/worker-3-tc2/source:/opt/rustwide/workdir:ro,Z" "-v" "/var/lib/crater-agent-workspace/cargo-home:/opt/rustwide/cargo-home:ro,Z" "-v" "/var/lib/crater-agent-workspace/rustup-home:/opt/rustwide/rustup-home:ro,Z" "-e" "SOURCE_DIR=/opt/rustwide/workdir" "-e" "CARGO_TARGET_DIR=/opt/rustwide/target" "-e" "CARGO_INCREMENTAL=0" "-e" "RUST_BACKTRACE=full" "-e" "RUSTFLAGS=--cap-lints=forbid -Zrandomize-layout" "-e" "RUSTDOCFLAGS=--cap-lints=forbid" "-e" "CARGO_HOME=/opt/rustwide/cargo-home" "-e" "RUSTUP_HOME=/opt/rustwide/rustup-home" "-w" "/opt/rustwide/workdir" "-m" "1610612736" "--user" "0:0" "--network" "none" "ghcr.io/rust-lang/crates-build-env/linux@sha256:4a844ea9eb2546a2d2c7022eacef16ef2e8229c7fbb2c7d4d55a9ceca922f72d" "/opt/rustwide/cargo-home/bin/cargo" "+nightly-2024-10-28" "test" "--frozen" "--no-run" "--message-format=json", kill_on_drop: false }`
[INFO] [stdout] 94e56617d2033b050bfc49e782c89f5041a40fb98558a03432e99f893a69c470
[INFO] running `Command { std: "docker" "start" "-a" "94e56617d2033b050bfc49e782c89f5041a40fb98558a03432e99f893a69c470", kill_on_drop: false }`
[INFO] [stderr]    Compiling wasmcloud-nats-kvcache v0.5.1 (/opt/rustwide/workdir)
[INFO] [stdout] warning: unused attribute `doc`
[INFO] [stdout]   --> src/lib.rs:68:1
[INFO] [stdout]    |
[INFO] [stdout] 68 | #[doc(hidden)]
[INFO] [stdout]    | ^^^^^^^^^^^^^^
[INFO] [stdout]    |
[INFO] [stdout] note: the built-in attribute `doc` will be ignored, since it's applied to the macro invocation `capability_provider`
[INFO] [stdout]   --> src/lib.rs:70:1
[INFO] [stdout]    |
[INFO] [stdout] 70 | capability_provider!(NatsReplicatedKVProvider, NatsReplicatedKVProvider::new);
[INFO] [stdout]    | ^^^^^^^^^^^^^^^^^^^
[INFO] [stdout]    = note: `#[warn(unused_attributes)]` on by default
[INFO] [stdout] 
[INFO] [stdout] 
[INFO] [stdout] warning: macro `Serialize` is private
[INFO] [stdout]    --> src/lib.rs:567:24
[INFO] [stdout]     |
[INFO] [stdout] 567 | #[derive(Debug, Clone, Serialize, Deserialize)]
[INFO] [stdout]     |                        ^^^^^^^^^
[INFO] [stdout]     |
[INFO] [stdout]     = warning: this was previously accepted by the compiler but is being phased out; it will become a hard error in a future release!
[INFO] [stdout]     = note: for more information, see issue #120192 <https://github.com/rust-lang/rust/issues/120192>
[INFO] [stdout]     = note: `#[warn(private_macro_use)]` on by default
[INFO] [stdout] 
[INFO] [stdout] 
[INFO] [stdout] warning: macro `Deserialize` is private
[INFO] [stdout]    --> src/lib.rs:567:35
[INFO] [stdout]     |
[INFO] [stdout] 567 | #[derive(Debug, Clone, Serialize, Deserialize)]
[INFO] [stdout]     |                                   ^^^^^^^^^^^
[INFO] [stdout]     |
[INFO] [stdout]     = warning: this was previously accepted by the compiler but is being phased out; it will become a hard error in a future release!
[INFO] [stdout]     = note: for more information, see issue #120192 <https://github.com/rust-lang/rust/issues/120192>
[INFO] [stdout] 
[INFO] [stdout] 
[INFO] [stdout] warning: macro `Serialize` is private
[INFO] [stdout]    --> src/lib.rs:572:24
[INFO] [stdout]     |
[INFO] [stdout] 572 | #[derive(Debug, Clone, Serialize, Deserialize, PartialEq)]
[INFO] [stdout]     |                        ^^^^^^^^^
[INFO] [stdout]     |
[INFO] [stdout]     = warning: this was previously accepted by the compiler but is being phased out; it will become a hard error in a future release!
[INFO] [stdout]     = note: for more information, see issue #120192 <https://github.com/rust-lang/rust/issues/120192>
[INFO] [stdout] 
[INFO] [stdout] 
[INFO] [stdout] warning: macro `Deserialize` is private
[INFO] [stdout]    --> src/lib.rs:572:35
[INFO] [stdout]     |
[INFO] [stdout] 572 | #[derive(Debug, Clone, Serialize, Deserialize, PartialEq)]
[INFO] [stdout]     |                                   ^^^^^^^^^^^
[INFO] [stdout]     |
[INFO] [stdout]     = warning: this was previously accepted by the compiler but is being phased out; it will become a hard error in a future release!
[INFO] [stdout]     = note: for more information, see issue #120192 <https://github.com/rust-lang/rust/issues/120192>
[INFO] [stdout] 
[INFO] [stdout] 
[INFO] [stdout] warning: unused attribute `doc`
[INFO] [stdout]   --> src/lib.rs:68:1
[INFO] [stdout]    |
[INFO] [stdout] 68 | #[doc(hidden)]
[INFO] [stdout]    | ^^^^^^^^^^^^^^
[INFO] [stdout]    |
[INFO] [stdout] note: the built-in attribute `doc` will be ignored, since it's applied to the macro invocation `capability_provider`
[INFO] [stdout]   --> src/lib.rs:70:1
[INFO] [stdout]    |
[INFO] [stdout] 70 | capability_provider!(NatsReplicatedKVProvider, NatsReplicatedKVProvider::new);
[INFO] [stdout]    | ^^^^^^^^^^^^^^^^^^^
[INFO] [stdout]    = note: `#[warn(unused_attributes)]` on by default
[INFO] [stdout] 
[INFO] [stdout] 
[INFO] [stdout] warning: macro `Serialize` is private
[INFO] [stdout]    --> src/lib.rs:567:24
[INFO] [stdout]     |
[INFO] [stdout] 567 | #[derive(Debug, Clone, Serialize, Deserialize)]
[INFO] [stdout]     |                        ^^^^^^^^^
[INFO] [stdout]     |
[INFO] [stdout]     = warning: this was previously accepted by the compiler but is being phased out; it will become a hard error in a future release!
[INFO] [stdout]     = note: for more information, see issue #120192 <https://github.com/rust-lang/rust/issues/120192>
[INFO] [stdout]     = note: `#[warn(private_macro_use)]` on by default
[INFO] [stdout] 
[INFO] [stdout] 
[INFO] [stdout] warning: macro `Deserialize` is private
[INFO] [stdout]    --> src/lib.rs:567:35
[INFO] [stdout]     |
[INFO] [stdout] 567 | #[derive(Debug, Clone, Serialize, Deserialize)]
[INFO] [stdout]     |                                   ^^^^^^^^^^^
[INFO] [stdout]     |
[INFO] [stdout]     = warning: this was previously accepted by the compiler but is being phased out; it will become a hard error in a future release!
[INFO] [stdout]     = note: for more information, see issue #120192 <https://github.com/rust-lang/rust/issues/120192>
[INFO] [stdout] 
[INFO] [stdout] 
[INFO] [stdout] warning: macro `Serialize` is private
[INFO] [stdout]    --> src/lib.rs:572:24
[INFO] [stdout]     |
[INFO] [stdout] 572 | #[derive(Debug, Clone, Serialize, Deserialize, PartialEq)]
[INFO] [stdout]     |                        ^^^^^^^^^
[INFO] [stdout]     |
[INFO] [stdout]     = warning: this was previously accepted by the compiler but is being phased out; it will become a hard error in a future release!
[INFO] [stdout]     = note: for more information, see issue #120192 <https://github.com/rust-lang/rust/issues/120192>
[INFO] [stdout] 
[INFO] [stdout] 
[INFO] [stdout] warning: macro `Deserialize` is private
[INFO] [stdout]    --> src/lib.rs:572:35
[INFO] [stdout]     |
[INFO] [stdout] 572 | #[derive(Debug, Clone, Serialize, Deserialize, PartialEq)]
[INFO] [stdout]     |                                   ^^^^^^^^^^^
[INFO] [stdout]     |
[INFO] [stdout]     = warning: this was previously accepted by the compiler but is being phased out; it will become a hard error in a future release!
[INFO] [stdout]     = note: for more information, see issue #120192 <https://github.com/rust-lang/rust/issues/120192>
[INFO] [stdout] 
[INFO] [stdout] 
[INFO] [stderr]     Finished `test` profile [unoptimized + debuginfo] target(s) in 4.27s
[INFO] [stderr] warning: the following packages contain code that will be rejected by a future version of Rust: syn v0.12.15
[INFO] [stderr] note: to see what the problems were, use the option `--future-incompat-report`, or run `cargo report future-incompatibilities --id 2`
[INFO] running `Command { std: "docker" "inspect" "94e56617d2033b050bfc49e782c89f5041a40fb98558a03432e99f893a69c470", kill_on_drop: false }`
[INFO] running `Command { std: "docker" "rm" "-f" "94e56617d2033b050bfc49e782c89f5041a40fb98558a03432e99f893a69c470", kill_on_drop: false }`
[INFO] [stdout] 94e56617d2033b050bfc49e782c89f5041a40fb98558a03432e99f893a69c470
[INFO] running `Command { std: "docker" "create" "-v" "/var/lib/crater-agent-workspace/builds/worker-3-tc2/target:/opt/rustwide/target:rw,Z" "-v" "/var/lib/crater-agent-workspace/builds/worker-3-tc2/source:/opt/rustwide/workdir:ro,Z" "-v" "/var/lib/crater-agent-workspace/cargo-home:/opt/rustwide/cargo-home:ro,Z" "-v" "/var/lib/crater-agent-workspace/rustup-home:/opt/rustwide/rustup-home:ro,Z" "-e" "SOURCE_DIR=/opt/rustwide/workdir" "-e" "CARGO_TARGET_DIR=/opt/rustwide/target" "-e" "CARGO_INCREMENTAL=0" "-e" "RUST_BACKTRACE=full" "-e" "RUSTFLAGS=--cap-lints=forbid -Zrandomize-layout" "-e" "RUSTDOCFLAGS=--cap-lints=forbid" "-e" "CARGO_HOME=/opt/rustwide/cargo-home" "-e" "RUSTUP_HOME=/opt/rustwide/rustup-home" "-w" "/opt/rustwide/workdir" "-m" "1610612736" "--user" "0:0" "--network" "none" "ghcr.io/rust-lang/crates-build-env/linux@sha256:4a844ea9eb2546a2d2c7022eacef16ef2e8229c7fbb2c7d4d55a9ceca922f72d" "/opt/rustwide/cargo-home/bin/cargo" "+nightly-2024-10-28" "test" "--frozen", kill_on_drop: false }`
[INFO] [stdout] c0b27506e696455de7caa523f54cb24d2e1fcb352ba7f8d2a11802f9f0afd2fa
[INFO] running `Command { std: "docker" "start" "-a" "c0b27506e696455de7caa523f54cb24d2e1fcb352ba7f8d2a11802f9f0afd2fa", kill_on_drop: false }`
[INFO] [stderr] warning: unused attribute `doc`
[INFO] [stderr]   --> src/lib.rs:68:1
[INFO] [stderr]    |
[INFO] [stderr] 68 | #[doc(hidden)]
[INFO] [stderr]    | ^^^^^^^^^^^^^^
[INFO] [stderr]    |
[INFO] [stderr] note: the built-in attribute `doc` will be ignored, since it's applied to the macro invocation `capability_provider`
[INFO] [stderr]   --> src/lib.rs:70:1
[INFO] [stderr]    |
[INFO] [stderr] 70 | capability_provider!(NatsReplicatedKVProvider, NatsReplicatedKVProvider::new);
[INFO] [stderr]    | ^^^^^^^^^^^^^^^^^^^
[INFO] [stderr]    = note: `#[warn(unused_attributes)]` on by default
[INFO] [stderr] 
[INFO] [stderr] warning: macro `Serialize` is private
[INFO] [stderr]    --> src/lib.rs:567:24
[INFO] [stderr]     |
[INFO] [stderr] 567 | #[derive(Debug, Clone, Serialize, Deserialize)]
[INFO] [stderr]     |                        ^^^^^^^^^
[INFO] [stderr]     |
[INFO] [stderr]     = warning: this was previously accepted by the compiler but is being phased out; it will become a hard error in a future release!
[INFO] [stderr]     = note: for more information, see issue #120192 <https://github.com/rust-lang/rust/issues/120192>
[INFO] [stderr]     = note: `#[warn(private_macro_use)]` on by default
[INFO] [stderr] 
[INFO] [stderr] warning: macro `Deserialize` is private
[INFO] [stderr]    --> src/lib.rs:567:35
[INFO] [stderr]     |
[INFO] [stderr] 567 | #[derive(Debug, Clone, Serialize, Deserialize)]
[INFO] [stderr]     |                                   ^^^^^^^^^^^
[INFO] [stderr]     |
[INFO] [stderr]     = warning: this was previously accepted by the compiler but is being phased out; it will become a hard error in a future release!
[INFO] [stderr]     = note: for more information, see issue #120192 <https://github.com/rust-lang/rust/issues/120192>
[INFO] [stderr] 
[INFO] [stderr] warning: macro `Serialize` is private
[INFO] [stderr]    --> src/lib.rs:572:24
[INFO] [stderr]     |
[INFO] [stderr] 572 | #[derive(Debug, Clone, Serialize, Deserialize, PartialEq)]
[INFO] [stderr]     |                        ^^^^^^^^^
[INFO] [stderr]     |
[INFO] [stderr]     = warning: this was previously accepted by the compiler but is being phased out; it will become a hard error in a future release!
[INFO] [stderr]     = note: for more information, see issue #120192 <https://github.com/rust-lang/rust/issues/120192>
[INFO] [stderr] 
[INFO] [stderr] warning: macro `Deserialize` is private
[INFO] [stderr]    --> src/lib.rs:572:35
[INFO] [stderr]     |
[INFO] [stderr] 572 | #[derive(Debug, Clone, Serialize, Deserialize, PartialEq)]
[INFO] [stderr]     |                                   ^^^^^^^^^^^
[INFO] [stderr]     |
[INFO] [stderr]     = warning: this was previously accepted by the compiler but is being phased out; it will become a hard error in a future release!
[INFO] [stderr]     = note: for more information, see issue #120192 <https://github.com/rust-lang/rust/issues/120192>
[INFO] [stderr] 
[INFO] [stderr] warning: `wasmcloud-nats-kvcache` (lib) generated 5 warnings
[INFO] [stderr] warning: `wasmcloud-nats-kvcache` (lib test) generated 5 warnings (5 duplicates)
[INFO] [stderr]     Finished `test` profile [unoptimized + debuginfo] target(s) in 0.11s
[INFO] [stderr] warning: the following packages contain code that will be rejected by a future version of Rust: syn v0.12.15
[INFO] [stderr] note: to see what the problems were, use the option `--future-incompat-report`, or run `cargo report future-incompatibilities --id 2`
[INFO] [stdout] 
[INFO] [stderr]      Running unittests src/lib.rs (/opt/rustwide/target/debug/deps/wasmcloud_nats_kvcache-09704f586f23cf90)
[INFO] [stdout] running 7 tests
[INFO] [stdout] test kvcache::test::test_exists_and_del ... ok
[INFO] [stdout] test kvcache::test::test_incr ... ok
[INFO] [stdout] test kvcache::test::test_list ... ok
[INFO] [stdout] test kvcache::test::test_intersect ... ok
[INFO] [stdout] test kvcache::test::test_union ... ok
[INFO] [stdout] test test::watermark_diffing ... ok
[INFO] [stdout] test kvcache::test::test_get_set ... ok
[INFO] [stdout] 
[INFO] [stdout] test result: ok. 7 passed; 0 failed; 0 ignored; 0 measured; 0 filtered out; finished in 0.01s
[INFO] [stdout] 
[INFO] [stderr]      Running tests/integration.rs (/opt/rustwide/target/debug/deps/integration-35b996c23e2af6f9)
[INFO] [stdout] 
[INFO] [stdout] running 1 test
[INFO] [stderr] [2024-11-01T17:23:25Z ERROR wasmcloud_nats_kvcache] Failed to configure KV cache for test: NATS connection failure:Connection refused (os error 111)
[INFO] [stderr] [2024-11-01T17:23:25Z ERROR wasmcloud_nats_kvcache] Failed to configure KV cache for test: NATS connection failure:Connection refused (os error 111)
[INFO] [stdout] test steadystate_and_replay ... FAILED
[INFO] [stdout] 
[INFO] [stdout] failures:
[INFO] [stdout] 
[INFO] [stdout] ---- steadystate_and_replay stdout ----
[INFO] [stdout] thread 'steadystate_and_replay' panicked at tests/integration.rs:28:5:
[INFO] [stdout] assertion failed: r.is_ok()
[INFO] [stdout] stack backtrace:
[INFO] [stdout]    0:     0x572a599b4dfa - std::backtrace_rs::backtrace::libunwind::trace::h207520d6e9873551
[INFO] [stdout]                                at /rustc/df4ca44d3fbc9301ee17f30f4d474e6ae4b05252/library/std/src/../../backtrace/src/backtrace/libunwind.rs:116:5
[INFO] [stdout]    1:     0x572a599b4dfa - std::backtrace_rs::backtrace::trace_unsynchronized::h2ed7433f370e3eca
[INFO] [stdout]                                at /rustc/df4ca44d3fbc9301ee17f30f4d474e6ae4b05252/library/std/src/../../backtrace/src/backtrace/mod.rs:66:5
[INFO] [stdout]    2:     0x572a599b4dfa - std::sys::backtrace::_print_fmt::h916fac51166b18d7
[INFO] [stdout]                                at /rustc/df4ca44d3fbc9301ee17f30f4d474e6ae4b05252/library/std/src/sys/backtrace.rs:66:9
[INFO] [stdout]    3:     0x572a599b4dfa - <std::sys::backtrace::BacktraceLock::print::DisplayBacktrace as core::fmt::Display>::fmt::ha0a4c9b8ce3802e6
[INFO] [stdout]                                at /rustc/df4ca44d3fbc9301ee17f30f4d474e6ae4b05252/library/std/src/sys/backtrace.rs:39:26
[INFO] [stdout]    4:     0x572a599dcfd3 - core::fmt::rt::Argument::fmt::h4cfc8587d52b3eb5
[INFO] [stdout]                                at /rustc/df4ca44d3fbc9301ee17f30f4d474e6ae4b05252/library/core/src/fmt/rt.rs:177:76
[INFO] [stdout]    5:     0x572a599dcfd3 - core::fmt::write::h522cc39e5b36ae9f
[INFO] [stdout]                                at /rustc/df4ca44d3fbc9301ee17f30f4d474e6ae4b05252/library/core/src/fmt/mod.rs:1190:21
[INFO] [stdout]    6:     0x572a599b0f43 - std::io::Write::write_fmt::h7d3c26752da97734
[INFO] [stdout]                                at /rustc/df4ca44d3fbc9301ee17f30f4d474e6ae4b05252/library/std/src/io/mod.rs:1839:15
[INFO] [stdout]    7:     0x572a599b4c42 - std::sys::backtrace::BacktraceLock::print::h4b9e00b29e9c0942
[INFO] [stdout]                                at /rustc/df4ca44d3fbc9301ee17f30f4d474e6ae4b05252/library/std/src/sys/backtrace.rs:42:9
[INFO] [stdout]    8:     0x572a599b628a - std::panicking::default_hook::{{closure}}::hb59b88280d0324d9
[INFO] [stdout]                                at /rustc/df4ca44d3fbc9301ee17f30f4d474e6ae4b05252/library/std/src/panicking.rs:268:22
[INFO] [stdout]    9:     0x572a599b6094 - std::panicking::default_hook::he1dd496665be4a29
[INFO] [stdout]                                at /rustc/df4ca44d3fbc9301ee17f30f4d474e6ae4b05252/library/std/src/panicking.rs:292:9
[INFO] [stdout]   10:     0x572a5930c619 - <alloc::boxed::Box<F,A> as core::ops::function::Fn<Args>>::call::h4ff71de18744e1dc
[INFO] [stdout]                                at /rustc/df4ca44d3fbc9301ee17f30f4d474e6ae4b05252/library/alloc/src/boxed.rs:2468:9
[INFO] [stdout]   11:     0x572a5930c619 - test::test_main::{{closure}}::hcf7c055ce117aa81
[INFO] [stdout]                                at /rustc/df4ca44d3fbc9301ee17f30f4d474e6ae4b05252/library/test/src/lib.rs:133:21
[INFO] [stdout]   12:     0x572a599b6988 - <alloc::boxed::Box<F,A> as core::ops::function::Fn<Args>>::call::h1d66c6bbd60c9692
[INFO] [stdout]                                at /rustc/df4ca44d3fbc9301ee17f30f4d474e6ae4b05252/library/alloc/src/boxed.rs:2468:9
[INFO] [stdout]   13:     0x572a599b6988 - std::panicking::rust_panic_with_hook::h2ff17fe8f26dfcf8
[INFO] [stdout]                                at /rustc/df4ca44d3fbc9301ee17f30f4d474e6ae4b05252/library/std/src/panicking.rs:809:13
[INFO] [stdout]   14:     0x572a599b6716 - std::panicking::begin_panic_handler::{{closure}}::h4fad77951c07e101
[INFO] [stdout]                                at /rustc/df4ca44d3fbc9301ee17f30f4d474e6ae4b05252/library/std/src/panicking.rs:667:13
[INFO] [stdout]   15:     0x572a599b52d9 - std::sys::backtrace::__rust_end_short_backtrace::hb1a25b3da5d0ea08
[INFO] [stdout]                                at /rustc/df4ca44d3fbc9301ee17f30f4d474e6ae4b05252/library/std/src/sys/backtrace.rs:170:18
[INFO] [stdout]   16:     0x572a599b63dc - rust_begin_unwind
[INFO] [stdout]                                at /rustc/df4ca44d3fbc9301ee17f30f4d474e6ae4b05252/library/std/src/panicking.rs:665:5
[INFO] [stdout]   17:     0x572a599db600 - core::panicking::panic_fmt::ha9db07b529f9b256
[INFO] [stdout]                                at /rustc/df4ca44d3fbc9301ee17f30f4d474e6ae4b05252/library/core/src/panicking.rs:75:14
[INFO] [stdout]   18:     0x572a599db68c - core::panicking::panic::h993086813d94accc
[INFO] [stdout]                                at /rustc/df4ca44d3fbc9301ee17f30f4d474e6ae4b05252/library/core/src/panicking.rs:152:5
[INFO] [stdout]   19:     0x572a592cfa65 - integration::steadystate_and_replay::h1adbdc028a3940c8
[INFO] [stdout]                                at /opt/rustwide/workdir/tests/integration.rs:28:5
[INFO] [stdout]   20:     0x572a592cf527 - integration::steadystate_and_replay::{{closure}}::hd2595bfbb5aba44c
[INFO] [stdout]                                at /opt/rustwide/workdir/tests/integration.rs:14:28
[INFO] [stdout]   21:     0x572a592cb936 - core::ops::function::FnOnce::call_once::h5c07000beca60888
[INFO] [stdout]                                at /rustc/df4ca44d3fbc9301ee17f30f4d474e6ae4b05252/library/core/src/ops/function.rs:250:5
[INFO] [stdout]   22:     0x572a59310eeb - core::ops::function::FnOnce::call_once::h22c3ba5715e93f05
[INFO] [stdout]                                at /rustc/df4ca44d3fbc9301ee17f30f4d474e6ae4b05252/library/core/src/ops/function.rs:250:5
[INFO] [stdout]   23:     0x572a59310eeb - test::__rust_begin_short_backtrace::h8e82d8113d0da17f
[INFO] [stdout]                                at /rustc/df4ca44d3fbc9301ee17f30f4d474e6ae4b05252/library/test/src/lib.rs:621:18
[INFO] [stdout]   24:     0x572a59310867 - test::run_test_in_process::{{closure}}::h33235f4f20b7b7c7
[INFO] [stdout]                                at /rustc/df4ca44d3fbc9301ee17f30f4d474e6ae4b05252/library/test/src/lib.rs:644:60
[INFO] [stdout]   25:     0x572a59310867 - <core::panic::unwind_safe::AssertUnwindSafe<F> as core::ops::function::FnOnce<()>>::call_once::hb5043206310c586f
[INFO] [stdout]                                at /rustc/df4ca44d3fbc9301ee17f30f4d474e6ae4b05252/library/core/src/panic/unwind_safe.rs:272:9
[INFO] [stdout]   26:     0x572a59310867 - std::panicking::try::do_call::h9ad4731a60ab23e2
[INFO] [stdout]                                at /rustc/df4ca44d3fbc9301ee17f30f4d474e6ae4b05252/library/std/src/panicking.rs:557:40
[INFO] [stdout]   27:     0x572a59310867 - std::panicking::try::h3824d23db772a716
[INFO] [stdout]                                at /rustc/df4ca44d3fbc9301ee17f30f4d474e6ae4b05252/library/std/src/panicking.rs:520:19
[INFO] [stdout]   28:     0x572a59310867 - std::panic::catch_unwind::h5afd514605fde46b
[INFO] [stdout]                                at /rustc/df4ca44d3fbc9301ee17f30f4d474e6ae4b05252/library/std/src/panic.rs:358:14
[INFO] [stdout]   29:     0x572a59310867 - test::run_test_in_process::h0d5cbfa7067d1720
[INFO] [stdout]                                at /rustc/df4ca44d3fbc9301ee17f30f4d474e6ae4b05252/library/test/src/lib.rs:644:27
[INFO] [stdout]   30:     0x572a59310867 - test::run_test::{{closure}}::h708eb8872708115d
[INFO] [stdout]                                at /rustc/df4ca44d3fbc9301ee17f30f4d474e6ae4b05252/library/test/src/lib.rs:565:43
[INFO] [stdout]   31:     0x572a592d3f84 - test::run_test::{{closure}}::h392c51cee94713ab
[INFO] [stdout]                                at /rustc/df4ca44d3fbc9301ee17f30f4d474e6ae4b05252/library/test/src/lib.rs:595:41
[INFO] [stdout]   32:     0x572a592d3f84 - std::sys::backtrace::__rust_begin_short_backtrace::h2f40290710935a8b
[INFO] [stdout]                                at /rustc/df4ca44d3fbc9301ee17f30f4d474e6ae4b05252/library/std/src/sys/backtrace.rs:154:18
[INFO] [stdout]   33:     0x572a592d772e - std::thread::Builder::spawn_unchecked_::{{closure}}::{{closure}}::h3fd968d89053a903
[INFO] [stdout]                                at /rustc/df4ca44d3fbc9301ee17f30f4d474e6ae4b05252/library/std/src/thread/mod.rs:541:17
[INFO] [stdout]   34:     0x572a592d772e - <core::panic::unwind_safe::AssertUnwindSafe<F> as core::ops::function::FnOnce<()>>::call_once::h743f637ba4229880
[INFO] [stdout]                                at /rustc/df4ca44d3fbc9301ee17f30f4d474e6ae4b05252/library/core/src/panic/unwind_safe.rs:272:9
[INFO] [stdout]   35:     0x572a592d772e - std::panicking::try::do_call::h07440897322525a6
[INFO] [stdout]                                at /rustc/df4ca44d3fbc9301ee17f30f4d474e6ae4b05252/library/std/src/panicking.rs:557:40
[INFO] [stdout]   36:     0x572a592d772e - std::panicking::try::he5a2e00188156637
[INFO] [stdout]                                at /rustc/df4ca44d3fbc9301ee17f30f4d474e6ae4b05252/library/std/src/panicking.rs:520:19
[INFO] [stdout]   37:     0x572a592d772e - std::panic::catch_unwind::hbaf3cae49b3c6433
[INFO] [stdout]                                at /rustc/df4ca44d3fbc9301ee17f30f4d474e6ae4b05252/library/std/src/panic.rs:358:14
[INFO] [stdout]   38:     0x572a592d772e - std::thread::Builder::spawn_unchecked_::{{closure}}::h8e141ea224820bce
[INFO] [stdout]                                at /rustc/df4ca44d3fbc9301ee17f30f4d474e6ae4b05252/library/std/src/thread/mod.rs:540:30
[INFO] [stdout]   39:     0x572a592d772e - core::ops::function::FnOnce::call_once{{vtable.shim}}::h90d312fedd7b8ea8
[INFO] [stdout]                                at /rustc/df4ca44d3fbc9301ee17f30f4d474e6ae4b05252/library/core/src/ops/function.rs:250:5
[INFO] [stdout]   40:     0x572a599ba7db - <alloc::boxed::Box<F,A> as core::ops::function::FnOnce<Args>>::call_once::h69aa08ddb6adb8b6
[INFO] [stdout]                                at /rustc/df4ca44d3fbc9301ee17f30f4d474e6ae4b05252/library/alloc/src/boxed.rs:2454:9
[INFO] [stdout]   41:     0x572a599ba7db - <alloc::boxed::Box<F,A> as core::ops::function::FnOnce<Args>>::call_once::h5aa36efdb79c806f
[INFO] [stdout]                                at /rustc/df4ca44d3fbc9301ee17f30f4d474e6ae4b05252/library/alloc/src/boxed.rs:2454:9
[INFO] [stdout]   42:     0x572a599ba7db - std::sys::pal::unix::thread::Thread::new::thread_start::h6cd80a1b4be5158d
[INFO] [stdout]                                at /rustc/df4ca44d3fbc9301ee17f30f4d474e6ae4b05252/library/std/src/sys/pal/unix/thread.rs:105:17
[INFO] [stdout]   43:     0x754245ba6ac3 - <unknown>
[INFO] [stdout]   44:     0x754245c37a04 - clone
[INFO] [stdout]   45:                0x0 - <unknown>
[INFO] [stdout] 
[INFO] [stdout] 
[INFO] [stdout] failures:
[INFO] [stdout]     steadystate_and_replay
[INFO] [stdout] 
[INFO] [stdout] test result: FAILED. 0 passed; 1 failed; 0 ignored; 0 measured; 0 filtered out; finished in 0.40s
[INFO] [stdout] 
[INFO] [stderr] error: test failed, to rerun pass `--test integration`
[INFO] running `Command { std: "docker" "inspect" "c0b27506e696455de7caa523f54cb24d2e1fcb352ba7f8d2a11802f9f0afd2fa", kill_on_drop: false }`
[INFO] running `Command { std: "docker" "rm" "-f" "c0b27506e696455de7caa523f54cb24d2e1fcb352ba7f8d2a11802f9f0afd2fa", kill_on_drop: false }`
[INFO] [stdout] c0b27506e696455de7caa523f54cb24d2e1fcb352ba7f8d2a11802f9f0afd2fa
