[INFO] fetching crate wasmcloud-actor-keyvalue 0.2.2...
[INFO] testing wasmcloud-actor-keyvalue-0.2.2 against nightly-2024-10-28+rustflags=-Zrandomize-layout for randomize-layout
[INFO] extracting crate wasmcloud-actor-keyvalue 0.2.2 into /workspace/builds/worker-3-tc2/source
[INFO] validating manifest of crates.io crate wasmcloud-actor-keyvalue 0.2.2 on toolchain nightly-2024-10-28
[INFO] running `Command { std: CARGO_HOME="/workspace/cargo-home" RUSTUP_HOME="/workspace/rustup-home" "/workspace/cargo-home/bin/cargo" "+nightly-2024-10-28" "metadata" "--manifest-path" "Cargo.toml" "--no-deps", kill_on_drop: false }`
[INFO] started tweaking crates.io crate wasmcloud-actor-keyvalue 0.2.2
[INFO] finished tweaking crates.io crate wasmcloud-actor-keyvalue 0.2.2
[INFO] tweaked toml for crates.io crate wasmcloud-actor-keyvalue 0.2.2 written to /workspace/builds/worker-3-tc2/source/Cargo.toml
[INFO] running `Command { std: CARGO_HOME="/workspace/cargo-home" RUSTUP_HOME="/workspace/rustup-home" "/workspace/cargo-home/bin/cargo" "+nightly-2024-10-28" "generate-lockfile" "--manifest-path" "Cargo.toml", kill_on_drop: false }`
[INFO] [stderr]     Updating crates.io index
[INFO] [stderr]      Locking 20 packages to latest compatible versions
[INFO] [stderr]       Adding rmp-serde v0.15.5 (available: v1.3.0)
[INFO] [stderr]       Adding wapc-guest v0.4.0 (available: v1.1.0)
[INFO] running `Command { std: CARGO_HOME="/workspace/cargo-home" RUSTUP_HOME="/workspace/rustup-home" "/workspace/cargo-home/bin/cargo" "+nightly-2024-10-28" "fetch" "--manifest-path" "Cargo.toml", kill_on_drop: false }`
[INFO] running `Command { std: "docker" "create" "-v" "/var/lib/crater-agent-workspace/builds/worker-3-tc2/target:/opt/rustwide/target:rw,Z" "-v" "/var/lib/crater-agent-workspace/builds/worker-3-tc2/source:/opt/rustwide/workdir:ro,Z" "-v" "/var/lib/crater-agent-workspace/cargo-home:/opt/rustwide/cargo-home:ro,Z" "-v" "/var/lib/crater-agent-workspace/rustup-home:/opt/rustwide/rustup-home:ro,Z" "-e" "SOURCE_DIR=/opt/rustwide/workdir" "-e" "CARGO_TARGET_DIR=/opt/rustwide/target" "-e" "CARGO_HOME=/opt/rustwide/cargo-home" "-e" "RUSTUP_HOME=/opt/rustwide/rustup-home" "-w" "/opt/rustwide/workdir" "-m" "1610612736" "--user" "0:0" "--network" "none" "ghcr.io/rust-lang/crates-build-env/linux@sha256:4a844ea9eb2546a2d2c7022eacef16ef2e8229c7fbb2c7d4d55a9ceca922f72d" "/opt/rustwide/cargo-home/bin/cargo" "+nightly-2024-10-28" "metadata" "--no-deps" "--format-version=1", kill_on_drop: false }`
[INFO] [stdout] 23bd1e2329dc139ea4177b176c17d1ad9cc92292b829dd7ff485d9b67edccce2
[INFO] running `Command { std: "docker" "start" "-a" "23bd1e2329dc139ea4177b176c17d1ad9cc92292b829dd7ff485d9b67edccce2", kill_on_drop: false }`
[INFO] running `Command { std: "docker" "inspect" "23bd1e2329dc139ea4177b176c17d1ad9cc92292b829dd7ff485d9b67edccce2", kill_on_drop: false }`
[INFO] running `Command { std: "docker" "rm" "-f" "23bd1e2329dc139ea4177b176c17d1ad9cc92292b829dd7ff485d9b67edccce2", kill_on_drop: false }`
[INFO] [stdout] 23bd1e2329dc139ea4177b176c17d1ad9cc92292b829dd7ff485d9b67edccce2
[INFO] running `Command { std: "docker" "create" "-v" "/var/lib/crater-agent-workspace/builds/worker-3-tc2/target:/opt/rustwide/target:rw,Z" "-v" "/var/lib/crater-agent-workspace/builds/worker-3-tc2/source:/opt/rustwide/workdir:ro,Z" "-v" "/var/lib/crater-agent-workspace/cargo-home:/opt/rustwide/cargo-home:ro,Z" "-v" "/var/lib/crater-agent-workspace/rustup-home:/opt/rustwide/rustup-home:ro,Z" "-e" "SOURCE_DIR=/opt/rustwide/workdir" "-e" "CARGO_TARGET_DIR=/opt/rustwide/target" "-e" "CARGO_INCREMENTAL=0" "-e" "RUST_BACKTRACE=full" "-e" "RUSTFLAGS=--cap-lints=forbid -Zrandomize-layout" "-e" "RUSTDOCFLAGS=--cap-lints=forbid" "-e" "CARGO_HOME=/opt/rustwide/cargo-home" "-e" "RUSTUP_HOME=/opt/rustwide/rustup-home" "-w" "/opt/rustwide/workdir" "-m" "1610612736" "--user" "0:0" "--network" "none" "ghcr.io/rust-lang/crates-build-env/linux@sha256:4a844ea9eb2546a2d2c7022eacef16ef2e8229c7fbb2c7d4d55a9ceca922f72d" "/opt/rustwide/cargo-home/bin/cargo" "+nightly-2024-10-28" "build" "--frozen" "--message-format=json", kill_on_drop: false }`
[INFO] [stdout] 1d959398bafdf08cfce5c35c1df81b29846a34018fd283739cc7b8b672c70499
[INFO] running `Command { std: "docker" "start" "-a" "1d959398bafdf08cfce5c35c1df81b29846a34018fd283739cc7b8b672c70499", kill_on_drop: false }`
[INFO] [stderr]    Compiling proc-macro2 v1.0.89
[INFO] [stderr]    Compiling serde v1.0.214
[INFO] [stderr]    Compiling autocfg v1.4.0
[INFO] [stderr]    Compiling paste v1.0.15
[INFO] [stderr]    Compiling serde_json v1.0.132
[INFO] [stderr]    Compiling lazy_static v1.5.0
[INFO] [stderr]    Compiling num-traits v0.2.19
[INFO] [stderr]    Compiling quote v1.0.37
[INFO] [stderr]    Compiling syn v2.0.86
[INFO] [stderr]    Compiling rmp v0.8.14
[INFO] [stderr]    Compiling serde_derive v1.0.214
[INFO] [stderr]    Compiling rmp-serde v0.15.5
[INFO] [stderr]    Compiling serde_bytes v0.11.15
[INFO] [stderr]    Compiling log v0.4.22
[INFO] [stderr]    Compiling wasmcloud-actor-keyvalue v0.2.2 (/opt/rustwide/workdir)
[INFO] [stderr]     Finished `dev` profile [unoptimized + debuginfo] target(s) in 9.46s
[INFO] running `Command { std: "docker" "inspect" "1d959398bafdf08cfce5c35c1df81b29846a34018fd283739cc7b8b672c70499", kill_on_drop: false }`
[INFO] running `Command { std: "docker" "rm" "-f" "1d959398bafdf08cfce5c35c1df81b29846a34018fd283739cc7b8b672c70499", kill_on_drop: false }`
[INFO] [stdout] 1d959398bafdf08cfce5c35c1df81b29846a34018fd283739cc7b8b672c70499
[INFO] running `Command { std: "docker" "create" "-v" "/var/lib/crater-agent-workspace/builds/worker-3-tc2/target:/opt/rustwide/target:rw,Z" "-v" "/var/lib/crater-agent-workspace/builds/worker-3-tc2/source:/opt/rustwide/workdir:ro,Z" "-v" "/var/lib/crater-agent-workspace/cargo-home:/opt/rustwide/cargo-home:ro,Z" "-v" "/var/lib/crater-agent-workspace/rustup-home:/opt/rustwide/rustup-home:ro,Z" "-e" "SOURCE_DIR=/opt/rustwide/workdir" "-e" "CARGO_TARGET_DIR=/opt/rustwide/target" "-e" "CARGO_INCREMENTAL=0" "-e" "RUST_BACKTRACE=full" "-e" "RUSTFLAGS=--cap-lints=forbid -Zrandomize-layout" "-e" "RUSTDOCFLAGS=--cap-lints=forbid" "-e" "CARGO_HOME=/opt/rustwide/cargo-home" "-e" "RUSTUP_HOME=/opt/rustwide/rustup-home" "-w" "/opt/rustwide/workdir" "-m" "1610612736" "--user" "0:0" "--network" "none" "ghcr.io/rust-lang/crates-build-env/linux@sha256:4a844ea9eb2546a2d2c7022eacef16ef2e8229c7fbb2c7d4d55a9ceca922f72d" "/opt/rustwide/cargo-home/bin/cargo" "+nightly-2024-10-28" "test" "--frozen" "--no-run" "--message-format=json", kill_on_drop: false }`
[INFO] [stdout] db542955f7637d191a69f1df1431abf1ca593aa80b30ae2fa8e2723840e954e6
[INFO] running `Command { std: "docker" "start" "-a" "db542955f7637d191a69f1df1431abf1ca593aa80b30ae2fa8e2723840e954e6", kill_on_drop: false }`
[INFO] [stderr]    Compiling wasmcloud-actor-keyvalue v0.2.2 (/opt/rustwide/workdir)
[INFO] [stderr]     Finished `test` profile [unoptimized + debuginfo] target(s) in 0.51s
[INFO] running `Command { std: "docker" "inspect" "db542955f7637d191a69f1df1431abf1ca593aa80b30ae2fa8e2723840e954e6", kill_on_drop: false }`
[INFO] running `Command { std: "docker" "rm" "-f" "db542955f7637d191a69f1df1431abf1ca593aa80b30ae2fa8e2723840e954e6", kill_on_drop: false }`
[INFO] [stdout] db542955f7637d191a69f1df1431abf1ca593aa80b30ae2fa8e2723840e954e6
[INFO] running `Command { std: "docker" "create" "-v" "/var/lib/crater-agent-workspace/builds/worker-3-tc2/target:/opt/rustwide/target:rw,Z" "-v" "/var/lib/crater-agent-workspace/builds/worker-3-tc2/source:/opt/rustwide/workdir:ro,Z" "-v" "/var/lib/crater-agent-workspace/cargo-home:/opt/rustwide/cargo-home:ro,Z" "-v" "/var/lib/crater-agent-workspace/rustup-home:/opt/rustwide/rustup-home:ro,Z" "-e" "SOURCE_DIR=/opt/rustwide/workdir" "-e" "CARGO_TARGET_DIR=/opt/rustwide/target" "-e" "CARGO_INCREMENTAL=0" "-e" "RUST_BACKTRACE=full" "-e" "RUSTFLAGS=--cap-lints=forbid -Zrandomize-layout" "-e" "RUSTDOCFLAGS=--cap-lints=forbid" "-e" "CARGO_HOME=/opt/rustwide/cargo-home" "-e" "RUSTUP_HOME=/opt/rustwide/rustup-home" "-w" "/opt/rustwide/workdir" "-m" "1610612736" "--user" "0:0" "--network" "none" "ghcr.io/rust-lang/crates-build-env/linux@sha256:4a844ea9eb2546a2d2c7022eacef16ef2e8229c7fbb2c7d4d55a9ceca922f72d" "/opt/rustwide/cargo-home/bin/cargo" "+nightly-2024-10-28" "test" "--frozen", kill_on_drop: false }`
[INFO] [stdout] 398886c5d8f1d254bf06373304b6ebfdf693f1de20b2b3f9ebc4032d7bcb5397
[INFO] running `Command { std: "docker" "start" "-a" "398886c5d8f1d254bf06373304b6ebfdf693f1de20b2b3f9ebc4032d7bcb5397", kill_on_drop: false }`
[INFO] [stderr]     Finished `test` profile [unoptimized + debuginfo] target(s) in 0.03s
[INFO] [stderr]      Running unittests src/lib.rs (/opt/rustwide/target/debug/deps/wasmcloud_actor_keyvalue-173b17cc1e4457a5)
[INFO] [stdout] 
[INFO] [stdout] running 0 tests
[INFO] [stdout] 
[INFO] [stdout] test result: ok. 0 passed; 0 failed; 0 ignored; 0 measured; 0 filtered out; finished in 0.00s
[INFO] [stdout] 
[INFO] [stderr]    Doc-tests wasmcloud_actor_keyvalue
[INFO] [stdout] 
[INFO] [stdout] running 1 test
[INFO] [stdout] test src/lib.rs - (line 11) ... FAILED
[INFO] [stdout] 
[INFO] [stdout] failures:
[INFO] [stdout] 
[INFO] [stdout] ---- src/lib.rs - (line 11) stdout ----
[INFO] [stdout] error[E0432]: unresolved import `wapc_guest`
[INFO] [stdout]  --> src/lib.rs:13:5
[INFO] [stdout]   |
[INFO] [stdout] 4 | use wapc_guest::HandlerResult;
[INFO] [stdout]   |     ^^^^^^^^^^ use of undeclared crate or module `wapc_guest`
[INFO] [stdout] 
[INFO] [stdout] error[E0425]: cannot find function `default` in crate `kv`
[INFO] [stdout]  --> src/lib.rs:16:15
[INFO] [stdout]   |
[INFO] [stdout] 7 |   let _ = kv::default().add("test".to_string(), 1)?;    
[INFO] [stdout]   |               ^^^^^^^ not found in `kv`
[INFO] [stdout] 
[INFO] [stdout] error: aborting due to 2 previous errors
[INFO] [stdout] 
[INFO] [stdout] Some errors have detailed explanations: E0425, E0432.
[INFO] [stdout] For more information about an error, try `rustc --explain E0425`.
[INFO] [stdout] Couldn't compile the test.
[INFO] [stdout] 
[INFO] [stdout] failures:
[INFO] [stdout]     src/lib.rs - (line 11)
[INFO] [stdout] 
[INFO] [stdout] test result: FAILED. 0 passed; 1 failed; 0 ignored; 0 measured; 0 filtered out; finished in 0.08s
[INFO] [stdout] 
[INFO] [stderr] error: doctest failed, to rerun pass `--doc`
[INFO] running `Command { std: "docker" "inspect" "398886c5d8f1d254bf06373304b6ebfdf693f1de20b2b3f9ebc4032d7bcb5397", kill_on_drop: false }`
[INFO] running `Command { std: "docker" "rm" "-f" "398886c5d8f1d254bf06373304b6ebfdf693f1de20b2b3f9ebc4032d7bcb5397", kill_on_drop: false }`
[INFO] [stdout] 398886c5d8f1d254bf06373304b6ebfdf693f1de20b2b3f9ebc4032d7bcb5397
