[INFO] fetching crate wasm_client_anchor 0.6.1...
[INFO] testing wasm_client_anchor-0.6.1 against nightly-2024-10-28 for randomize-layout
[INFO] extracting crate wasm_client_anchor 0.6.1 into /workspace/builds/worker-3-tc1/source
[INFO] validating manifest of crates.io crate wasm_client_anchor 0.6.1 on toolchain nightly-2024-10-28
[INFO] running `Command { std: CARGO_HOME="/workspace/cargo-home" RUSTUP_HOME="/workspace/rustup-home" "/workspace/cargo-home/bin/cargo" "+nightly-2024-10-28" "metadata" "--manifest-path" "Cargo.toml" "--no-deps", kill_on_drop: false }`
[INFO] started tweaking crates.io crate wasm_client_anchor 0.6.1
[INFO] finished tweaking crates.io crate wasm_client_anchor 0.6.1
[INFO] tweaked toml for crates.io crate wasm_client_anchor 0.6.1 written to /workspace/builds/worker-3-tc1/source/Cargo.toml
[INFO] running `Command { std: CARGO_HOME="/workspace/cargo-home" RUSTUP_HOME="/workspace/rustup-home" "/workspace/cargo-home/bin/cargo" "+nightly-2024-10-28" "generate-lockfile" "--manifest-path" "Cargo.toml", kill_on_drop: false }`
[INFO] [stderr]     Updating crates.io index
[INFO] [stderr]      Locking 426 packages to latest compatible versions
[INFO] [stderr]       Adding blake3 v1.5.1 (available: v1.5.4)
[INFO] [stderr]       Adding reqwest v0.12.4 (available: v0.12.9)
[INFO] [stderr]       Adding solana-program v1.18.26 (available: v2.1.0)
[INFO] [stderr]       Adding solana-sdk v1.18.26 (available: v2.1.0)
[INFO] [stderr]       Adding subtle v2.4.1 (available: v2.6.1)
[INFO] [stderr]       Adding zeroize v1.3.0 (available: v1.8.1)
[INFO] running `Command { std: CARGO_HOME="/workspace/cargo-home" RUSTUP_HOME="/workspace/rustup-home" "/workspace/cargo-home/bin/cargo" "+nightly-2024-10-28" "fetch" "--manifest-path" "Cargo.toml", kill_on_drop: false }`
[INFO] [stderr]     Blocking waiting for file lock on package cache
[INFO] [stderr]  Downloading crates ...
[INFO] [stderr]   Downloaded spl-pod v0.2.5
[INFO] [stderr]   Downloaded spl-token-group-interface v0.2.5
[INFO] [stderr]   Downloaded spl-program-error v0.4.4
[INFO] [stderr]   Downloaded spl-discriminator v0.2.5
[INFO] [stderr]   Downloaded spl-token-metadata-interface v0.3.5
[INFO] [stderr]   Downloaded anchor-lang-idl v0.1.1
[INFO] [stderr]   Downloaded anchor-attribute-account v0.30.1
[INFO] [stderr]   Downloaded anchor-attribute-error v0.30.1
[INFO] [stderr]   Downloaded anchor-attribute-access-control v0.30.1
[INFO] [stderr]   Downloaded anchor-attribute-constant v0.30.1
[INFO] [stderr]   Downloaded spl-type-length-value v0.4.6
[INFO] [stderr]   Downloaded wallet_standard v0.4.0
[INFO] [stderr]   Downloaded wasm_client_solana v0.6.0
[INFO] [stderr]   Downloaded anchor-lang-idl-spec v0.1.0
[INFO] [stderr]   Downloaded anchor-attribute-program v0.30.1
[INFO] [stderr]   Downloaded anchor-syn v0.30.1
[INFO] [stderr]   Downloaded spl-transfer-hook-interface v0.6.5
[INFO] [stderr]   Downloaded anchor-lang v0.30.1
[INFO] [stderr]   Downloaded spl-token-2022 v3.0.4
[INFO] [stderr]   Downloaded fork_stream v0.1.0
[INFO] [stderr]   Downloaded reqwest-websocket v0.4.3
[INFO] [stderr]   Downloaded spl-token v4.0.3
[INFO] [stderr]   Downloaded spl-tlv-account-resolution v0.6.5
[INFO] [stderr]   Downloaded anchor-derive-serde v0.30.1
[INFO] [stderr]   Downloaded serde_tuple_macros v1.0.0
[INFO] [stderr]   Downloaded serde_tuple v1.0.0
[INFO] [stderr]   Downloaded spl-memo v4.0.4
[INFO] [stderr]   Downloaded anchor-derive-accounts v0.30.1
[INFO] [stderr]   Downloaded anchor-derive-space v0.30.1
[INFO] [stderr]   Downloaded anchor-attribute-event v0.30.1
[INFO] [stderr]   Downloaded spl-associated-token-account v3.0.4
[INFO] running `Command { std: "docker" "create" "-v" "/var/lib/crater-agent-workspace/builds/worker-3-tc1/target:/opt/rustwide/target:rw,Z" "-v" "/var/lib/crater-agent-workspace/builds/worker-3-tc1/source:/opt/rustwide/workdir:ro,Z" "-v" "/var/lib/crater-agent-workspace/cargo-home:/opt/rustwide/cargo-home:ro,Z" "-v" "/var/lib/crater-agent-workspace/rustup-home:/opt/rustwide/rustup-home:ro,Z" "-e" "SOURCE_DIR=/opt/rustwide/workdir" "-e" "CARGO_TARGET_DIR=/opt/rustwide/target" "-e" "CARGO_HOME=/opt/rustwide/cargo-home" "-e" "RUSTUP_HOME=/opt/rustwide/rustup-home" "-w" "/opt/rustwide/workdir" "-m" "1610612736" "--user" "0:0" "--network" "none" "ghcr.io/rust-lang/crates-build-env/linux@sha256:4a844ea9eb2546a2d2c7022eacef16ef2e8229c7fbb2c7d4d55a9ceca922f72d" "/opt/rustwide/cargo-home/bin/cargo" "+nightly-2024-10-28" "metadata" "--no-deps" "--format-version=1", kill_on_drop: false }`
[INFO] [stdout] a310d79817f7b03d16fdba4bf7684160b5c81ef6942882b1d85ac7271b35d491
[INFO] running `Command { std: "docker" "start" "-a" "a310d79817f7b03d16fdba4bf7684160b5c81ef6942882b1d85ac7271b35d491", kill_on_drop: false }`
[INFO] running `Command { std: "docker" "inspect" "a310d79817f7b03d16fdba4bf7684160b5c81ef6942882b1d85ac7271b35d491", kill_on_drop: false }`
[INFO] running `Command { std: "docker" "rm" "-f" "a310d79817f7b03d16fdba4bf7684160b5c81ef6942882b1d85ac7271b35d491", kill_on_drop: false }`
[INFO] [stdout] a310d79817f7b03d16fdba4bf7684160b5c81ef6942882b1d85ac7271b35d491
[INFO] running `Command { std: "docker" "create" "-v" "/var/lib/crater-agent-workspace/builds/worker-3-tc1/target:/opt/rustwide/target:rw,Z" "-v" "/var/lib/crater-agent-workspace/builds/worker-3-tc1/source:/opt/rustwide/workdir:ro,Z" "-v" "/var/lib/crater-agent-workspace/cargo-home:/opt/rustwide/cargo-home:ro,Z" "-v" "/var/lib/crater-agent-workspace/rustup-home:/opt/rustwide/rustup-home:ro,Z" "-e" "SOURCE_DIR=/opt/rustwide/workdir" "-e" "CARGO_TARGET_DIR=/opt/rustwide/target" "-e" "CARGO_INCREMENTAL=0" "-e" "RUST_BACKTRACE=full" "-e" "RUSTFLAGS=--cap-lints=forbid" "-e" "RUSTDOCFLAGS=--cap-lints=forbid" "-e" "CARGO_HOME=/opt/rustwide/cargo-home" "-e" "RUSTUP_HOME=/opt/rustwide/rustup-home" "-w" "/opt/rustwide/workdir" "-m" "1610612736" "--user" "0:0" "--network" "none" "ghcr.io/rust-lang/crates-build-env/linux@sha256:4a844ea9eb2546a2d2c7022eacef16ef2e8229c7fbb2c7d4d55a9ceca922f72d" "/opt/rustwide/cargo-home/bin/cargo" "+nightly-2024-10-28" "build" "--frozen" "--message-format=json", kill_on_drop: false }`
[INFO] [stdout] 1d3e5bcbc2ad8b9bdc4805f6666c660ef337bbc887780f27bc053921e01876e1
[INFO] running `Command { std: "docker" "start" "-a" "1d3e5bcbc2ad8b9bdc4805f6666c660ef337bbc887780f27bc053921e01876e1", kill_on_drop: false }`
[INFO] [stderr]    Compiling proc-macro2 v1.0.89
[INFO] [stderr]    Compiling version_check v0.9.5
[INFO] [stderr]    Compiling typenum v1.17.0
[INFO] [stderr]    Compiling serde v1.0.214
[INFO] [stderr]    Compiling libc v0.2.161
[INFO] [stderr]    Compiling syn v1.0.109
[INFO] [stderr]    Compiling subtle v2.4.1
[INFO] [stderr]    Compiling cpufeatures v0.2.14
[INFO] [stderr]    Compiling byteorder v1.5.0
[INFO] [stderr]    Compiling thiserror v1.0.66
[INFO] [stderr]    Compiling semver v1.0.23
[INFO] [stderr]    Compiling anyhow v1.0.92
[INFO] [stderr]    Compiling num-traits v0.2.19
[INFO] [stderr]    Compiling generic-array v0.14.7
[INFO] [stderr]    Compiling getrandom v0.1.16
[INFO] [stderr]    Compiling log v0.4.22
[INFO] [stderr]    Compiling rustc_version v0.4.1
[INFO] [stderr]    Compiling quote v1.0.37
[INFO] [stderr]    Compiling syn v2.0.86
[INFO] [stderr]    Compiling either v1.13.0
[INFO] [stderr]    Compiling opaque-debug v0.3.1
[INFO] [stderr]    Compiling crunchy v0.2.2
[INFO] [stderr]    Compiling ahash v0.8.11
[INFO] [stderr]    Compiling num-integer v0.1.46
[INFO] [stderr]    Compiling hashbrown v0.15.0
[INFO] [stderr]    Compiling crypto-common v0.1.6
[INFO] [stderr]    Compiling getrandom v0.2.15
[INFO] [stderr]    Compiling block-buffer v0.10.4
[INFO] [stderr]    Compiling rand_core v0.6.4
[INFO] [stderr]    Compiling rand_core v0.5.1
[INFO] [stderr]    Compiling equivalent v1.0.1
[INFO] [stderr]    Compiling digest v0.10.7
[INFO] [stderr]    Compiling block-padding v0.2.1
[INFO] [stderr]    Compiling indexmap v2.6.0
[INFO] [stderr]    Compiling jobserver v0.1.32
[INFO] [stderr]    Compiling num-bigint v0.4.6
[INFO] [stderr]    Compiling digest v0.9.0
[INFO] [stderr]    Compiling sha2 v0.10.8
[INFO] [stderr]    Compiling proc-macro-error-attr v1.0.4
[INFO] [stderr]    Compiling toml_datetime v0.6.8
[INFO] [stderr]    Compiling winnow v0.6.20
[INFO] [stderr]    Compiling cc v1.1.31
[INFO] [stderr]    Compiling libsecp256k1-core v0.2.2
[INFO] [stderr]    Compiling itertools v0.10.5
[INFO] [stderr]    Compiling proc-macro-error v1.0.4
[INFO] [stderr]    Compiling ahash v0.7.8
[INFO] [stderr]    Compiling feature-probe v0.1.1
[INFO] [stderr]    Compiling bv v0.11.1
[INFO] [stderr]    Compiling libsecp256k1-gen-genmult v0.2.1
[INFO] [stderr]    Compiling libsecp256k1-gen-ecmult v0.2.1
[INFO] [stderr]    Compiling bitmaps v2.1.0
[INFO] [stderr]    Compiling solana-frozen-abi-macro v1.18.26
[INFO] [stderr]    Compiling im v15.1.0
[INFO] [stderr]    Compiling keccak v0.1.5
[INFO] [stderr]    Compiling rustversion v1.0.18
[INFO] [stderr]    Compiling cfg_aliases v0.2.1
[INFO] [stderr]    Compiling blake3 v1.5.1
[INFO] [stderr]    Compiling borsh v1.5.1
[INFO] [stderr]    Compiling sized-chunks v0.6.5
[INFO] [stderr]    Compiling libsecp256k1 v0.6.0
[INFO] [stderr]    Compiling toml_edit v0.22.22
[INFO] [stderr]    Compiling rayon v1.10.0
[INFO] [stderr]    Compiling rand_xoshiro v0.6.0
[INFO] [stderr]    Compiling solana-frozen-abi v1.18.26
[INFO] [stderr]    Compiling memoffset v0.9.1
[INFO] [stderr]    Compiling bs58 v0.4.0
[INFO] [stderr]    Compiling arrayref v0.3.9
[INFO] [stderr]    Compiling hashbrown v0.11.2
[INFO] [stderr]    Compiling borsh-derive-internal v0.10.4
[INFO] [stderr]    Compiling wasm-bindgen-backend v0.2.95
[INFO] [stderr]    Compiling borsh-schema-derive-internal v0.10.4
[INFO] [stderr]    Compiling borsh-schema-derive-internal v0.9.3
[INFO] [stderr]    Compiling borsh-derive-internal v0.9.3
[INFO] [stderr]    Compiling unicode-normalization v0.1.24
[INFO] [stderr]    Compiling solana-program v1.18.26
[INFO] [stderr]    Compiling memmap2 v0.5.10
[INFO] [stderr]    Compiling constant_time_eq v0.3.1
[INFO] [stderr]    Compiling strsim v0.11.1
[INFO] [stderr]    Compiling arrayvec v0.7.6
[INFO] [stderr]    Compiling ident_case v1.0.1
[INFO] [stderr]    Compiling rustc-hash v1.1.0
[INFO] [stderr]    Compiling proc-macro-crate v3.2.0
[INFO] [stderr]    Compiling base64 v0.12.3
[INFO] [stderr]    Compiling darling_core v0.20.10
[INFO] [stderr]    Compiling base64 v0.21.7
[INFO] [stderr]    Compiling wasm-bindgen-macro-support v0.2.95
[INFO] [stderr]    Compiling aho-corasick v1.1.3
[INFO] [stderr]    Compiling regex-syntax v0.8.5
[INFO] [stderr]    Compiling serde_derive v1.0.214
[INFO] [stderr]    Compiling zerocopy-derive v0.7.35
[INFO] [stderr]    Compiling thiserror-impl v1.0.66
[INFO] [stderr]    Compiling zeroize_derive v1.4.2
[INFO] [stderr]    Compiling wasm-bindgen-macro v0.2.95
[INFO] [stderr]    Compiling wasm-bindgen v0.2.95
[INFO] [stderr]    Compiling zerocopy v0.7.35
[INFO] [stderr]    Compiling zeroize v1.3.0
[INFO] [stderr]    Compiling ark-serialize-derive v0.4.2
[INFO] [stderr]    Compiling derivative v2.2.0
[INFO] [stderr]    Compiling ark-ff-asm v0.4.2
[INFO] [stderr]    Compiling ppv-lite86 v0.2.20
[INFO] [stderr]    Compiling ark-ff-macros v0.4.2
[INFO] [stderr]    Compiling rand_chacha v0.3.1
[INFO] [stderr]    Compiling hashbrown v0.13.2
[INFO] [stderr]    Compiling rand_chacha v0.2.2
[INFO] [stderr]    Compiling rand v0.8.5
[INFO] [stderr]    Compiling rand v0.7.3
[INFO] [stderr]    Compiling syn_derive v0.1.8
[INFO] [stderr]    Compiling ark-std v0.4.0
[INFO] [stderr]    Compiling borsh-derive v1.5.1
[INFO] [stderr]    Compiling bytemuck_derive v1.8.0
[INFO] [stderr]    Compiling solana-sdk-macro v1.18.26
[INFO] [stderr]    Compiling num-derive v0.4.2
[INFO] [stderr]    Compiling darling_macro v0.20.10
[INFO] [stderr]    Compiling regex-automata v0.4.8
[INFO] [stderr]    Compiling darling v0.20.10
[INFO] [stderr]    Compiling signature v1.6.4
[INFO] [stderr]    Compiling ed25519 v1.5.3
[INFO] [stderr]    Compiling num_enum_derive v0.7.3
[INFO] [stderr]    Compiling bytemuck v1.19.0
[INFO] [stderr]    Compiling atty v0.2.14
[INFO] [stderr]    Compiling humantime v2.1.0
[INFO] [stderr]    Compiling termcolor v1.4.1
[INFO] [stderr]    Compiling serde_with_macros v2.3.3
[INFO] [stderr]    Compiling solana-sdk v1.18.26
[INFO] [stderr]    Compiling derivation-path v0.2.0
[INFO] [stderr]    Compiling qstring v0.7.2
[INFO] [stderr]    Compiling num_enum v0.7.3
[INFO] [stderr]    Compiling qualifier_attr v0.2.2
[INFO] [stderr]    Compiling uriparse v0.6.4
[INFO] [stderr]    Compiling chrono v0.4.38
[INFO] [stderr]    Compiling assert_matches v1.5.0
[INFO] [stderr]    Compiling siphasher v0.3.11
[INFO] [stderr]    Compiling unicode-segmentation v1.12.0
[INFO] [stderr]    Compiling memchr v2.7.4
[INFO] [stderr]    Compiling toml v0.5.11
[INFO] [stderr]    Compiling regex v1.11.1
[INFO] [stderr]    Compiling serde_json v1.0.132
[INFO] [stderr]    Compiling serde_bytes v0.11.15
[INFO] [stderr]    Compiling bitflags v2.6.0
[INFO] [stderr]    Compiling bincode v1.3.3
[INFO] [stderr]    Compiling block-buffer v0.9.0
[INFO] [stderr]    Compiling crypto-mac v0.8.0
[INFO] [stderr]    Compiling sha2 v0.9.9
[INFO] [stderr]    Compiling ark-serialize v0.4.2
[INFO] [stderr]    Compiling proc-macro-crate v0.1.5
[INFO] [stderr]    Compiling ark-ff v0.4.2
[INFO] [stderr]    Compiling hmac v0.8.1
[INFO] [stderr]    Compiling curve25519-dalek v3.2.1
[INFO] [stderr]    Compiling borsh-derive v0.10.4
[INFO] [stderr]    Compiling borsh-derive v0.9.3
[INFO] [stderr]    Compiling hmac-drbg v0.3.0
[INFO] [stderr]    Compiling pbkdf2 v0.4.0
[INFO] [stderr]    Compiling tiny-bip39 v0.8.2
[INFO] [stderr]    Compiling borsh v0.10.4
[INFO] [stderr]    Compiling borsh v0.9.3
[INFO] [stderr]    Compiling sha3 v0.10.8
[INFO] [stderr]    Compiling ed25519-dalek v1.0.1
[INFO] [stderr]    Compiling hmac v0.12.1
[INFO] [stderr]    Compiling env_logger v0.9.3
[INFO] [stderr]    Compiling ed25519-dalek-bip32 v0.2.0
[INFO] [stderr]    Compiling pbkdf2 v0.11.0
[INFO] [stderr]    Compiling cipher v0.3.0
[INFO] [stderr]    Compiling serde_with v2.3.3
[INFO] [stderr]    Compiling universal-hash v0.4.1
[INFO] [stderr]    Compiling solana-logger v1.18.26
[INFO] [stderr]    Compiling aes v0.7.5
[INFO] [stderr]    Compiling ctr v0.8.0
[INFO] [stderr]    Compiling polyval v0.5.3
[INFO] [stderr]    Compiling aead v0.4.3
[INFO] [stderr]    Compiling heck v0.3.3
[INFO] [stderr]    Compiling bs58 v0.5.1
[INFO] [stderr]    Compiling aes-gcm-siv v0.10.3
[INFO] [stderr]    Compiling sha3 v0.9.1
[INFO] [stderr]    Compiling spl-discriminator-syn v0.2.0
[INFO] [stderr]    Compiling merlin v3.0.0
[INFO] [stderr]    Compiling spl-program-error-derive v0.4.1
[INFO] [stderr]    Compiling futures-core v0.3.31
[INFO] [stderr]    Compiling futures-sink v0.3.31
[INFO] [stderr]    Compiling spl-discriminator-derive v0.2.0
[INFO] [stderr]    Compiling futures-channel v0.3.31
[INFO] [stderr]    Compiling js-sys v0.3.72
[INFO] [stderr]    Compiling futures-macro v0.3.31
[INFO] [stderr]    Compiling pin-project-internal v1.1.7
[INFO] [stderr]    Compiling unicode-xid v0.2.6
[INFO] [stderr]    Compiling anchor-lang-idl-spec v0.1.0
[INFO] [stderr]    Compiling derive_more-impl v1.0.0
[INFO] [stderr]    Compiling anchor-syn v0.30.1
[INFO] [stderr]    Compiling futures-util v0.3.31
[INFO] [stderr]    Compiling typed-builder-macro v0.20.0
[INFO] [stderr]    Compiling pin-project v1.1.7
[INFO] [stderr]    Compiling solana-version v1.18.26
[INFO] [stderr]    Compiling bytes v1.8.0
[INFO] [stderr]    Compiling solana-security-txt v1.1.1
[INFO] [stderr]    Compiling http v1.1.0
[INFO] [stderr]    Compiling typed-builder v0.20.0
[INFO] [stderr]    Compiling anchor-lang-idl v0.1.1
[INFO] [stderr]    Compiling serde_with_macros v3.11.0
[INFO] [stderr]    Compiling web-sys v0.3.72
[INFO] [stderr]    Compiling derive_more v1.0.0
[INFO] [stderr]    Compiling wasm-bindgen-futures v0.4.45
[INFO] [stderr]    Compiling serde_tuple_macros v1.0.0
[INFO] [stderr]    Compiling async-trait v0.1.83
[INFO] [stderr]    Compiling serde_tuple v1.0.0
[INFO] [stderr]    Compiling futures-executor v0.3.31
[INFO] [stderr]    Compiling serde_with v3.11.0
[INFO] [stderr]    Compiling futures v0.3.31
[INFO] [stderr]    Compiling fork_stream v0.1.0
[INFO] [stderr]    Compiling serde-wasm-bindgen v0.6.5
[INFO] [stderr]    Compiling send_wrapper v0.6.0
[INFO] [stderr]    Compiling anchor-derive-space v0.30.1
[INFO] [stderr]    Compiling heck v0.5.0
[INFO] [stderr]    Compiling futures-timer v3.0.3
[INFO] [stderr]    Compiling anchor-attribute-account v0.30.1
[INFO] [stderr]    Compiling anchor-attribute-event v0.30.1
[INFO] [stderr]    Compiling anchor-attribute-error v0.30.1
[INFO] [stderr]    Compiling anchor-attribute-constant v0.30.1
[INFO] [stderr]    Compiling anchor-attribute-program v0.30.1
[INFO] [stderr]    Compiling anchor-derive-accounts v0.30.1
[INFO] [stderr]    Compiling anchor-attribute-access-control v0.30.1
[INFO] [stderr]    Compiling anchor-derive-serde v0.30.1
[INFO] [stderr]    Compiling ark-poly v0.4.2
[INFO] [stderr]    Compiling ark-ec v0.4.2
[INFO] [stderr]    Compiling ark-bn254 v0.4.0
[INFO] [stderr]    Compiling light-poseidon v0.2.0
[INFO] [stderr]    Compiling gloo-utils v0.2.0
[INFO] [stderr]    Compiling gloo-net v0.6.0
[INFO] [stderr]    Compiling spl-program-error v0.4.4
[INFO] [stderr]    Compiling spl-discriminator v0.2.5
[INFO] [stderr]    Compiling spl-memo v4.0.4
[INFO] [stderr]    Compiling spl-token v4.0.3
[INFO] [stderr]    Compiling anchor-lang v0.30.1
[INFO] [stderr]    Compiling solana-zk-token-sdk v1.18.26
[INFO] [stderr]    Compiling wallet_standard v0.4.0
[INFO] [stderr]    Compiling spl-pod v0.2.5
[INFO] [stderr]    Compiling spl-type-length-value v0.4.6
[INFO] [stderr]    Compiling spl-token-group-interface v0.2.5
[INFO] [stderr]    Compiling spl-tlv-account-resolution v0.6.5
[INFO] [stderr]    Compiling spl-token-metadata-interface v0.3.5
[INFO] [stderr]    Compiling spl-transfer-hook-interface v0.6.5
[INFO] [stderr]    Compiling spl-token-2022 v3.0.4
[INFO] [stderr]    Compiling spl-associated-token-account v3.0.4
[INFO] [stderr]    Compiling wasm_client_solana v0.6.0
[INFO] [stderr]    Compiling wasm_client_anchor v0.6.1 (/opt/rustwide/workdir)
[INFO] [stdout] warning: the `expr` fragment specifier will accept more expressions in the 2024 edition
[INFO] [stdout]    --> src/macros.rs:329:7
[INFO] [stdout]     |
[INFO] [stdout] 329 |     ($id:expr, $program_client_name:ident) => {
[INFO] [stdout]     |          ^^^^
[INFO] [stdout]     |
[INFO] [stdout]     = warning: this changes meaning in Rust 2024
[INFO] [stdout]     = note: for more information, see Migration Guide <https://doc.rust-lang.org/nightly/edition-guide/rust-2024/macro-fragment-specifiers.html>
[INFO] [stdout]     = note: `-W edition-2024-expr-fragment-specifier` implied by `-W rust-2024-compatibility`
[INFO] [stdout]     = help: to override `-W rust-2024-compatibility` add `#[allow(edition_2024_expr_fragment_specifier)]`
[INFO] [stdout] help: to keep the existing behavior, use the `expr_2021` fragment specifier
[INFO] [stdout]     |
[INFO] [stdout] 329 |     ($id:expr_2021, $program_client_name:ident) => {
[INFO] [stdout]     |          ~~~~~~~~~
[INFO] [stdout] 
[INFO] [stdout] 
[INFO] [stdout] warning: these values and local bindings have significant drop implementation that will have a different drop order from that of Edition 2021
[INFO] [stdout]   --> src/events.rs:99:15
[INFO] [stdout]    |
[INFO] [stdout] 92 |         let Some(value) = iterator.next() else {
[INFO] [stdout]    |                  ----- these values have significant drop implementation and will observe changes in drop order under Edition 2024
[INFO] [stdout] ...
[INFO] [stdout] 99 |         Poll::Ready(Some((context, value)))
[INFO] [stdout]    |                     ^^^^^^^^^^^^^^^^^^^^^^
[INFO] [stdout]    |
[INFO] [stdout]    = warning: this changes meaning in Rust 2024
[INFO] [stdout]    = note: for more information, see issue #123739 <https://github.com/rust-lang/rust/issues/123739>
[INFO] [stdout]    = note: `-W tail-expr-drop-order` implied by `-W rust-2024-compatibility`
[INFO] [stdout]    = help: to override `-W rust-2024-compatibility` add `#[allow(tail_expr_drop_order)]`
[INFO] [stdout] 
[INFO] [stdout] 
[INFO] [stderr]     Finished `dev` profile [unoptimized + debuginfo] target(s) in 3m 16s
[INFO] running `Command { std: "docker" "inspect" "1d3e5bcbc2ad8b9bdc4805f6666c660ef337bbc887780f27bc053921e01876e1", kill_on_drop: false }`
[INFO] running `Command { std: "docker" "rm" "-f" "1d3e5bcbc2ad8b9bdc4805f6666c660ef337bbc887780f27bc053921e01876e1", kill_on_drop: false }`
[INFO] [stdout] 1d3e5bcbc2ad8b9bdc4805f6666c660ef337bbc887780f27bc053921e01876e1
[INFO] running `Command { std: "docker" "create" "-v" "/var/lib/crater-agent-workspace/builds/worker-3-tc1/target:/opt/rustwide/target:rw,Z" "-v" "/var/lib/crater-agent-workspace/builds/worker-3-tc1/source:/opt/rustwide/workdir:ro,Z" "-v" "/var/lib/crater-agent-workspace/cargo-home:/opt/rustwide/cargo-home:ro,Z" "-v" "/var/lib/crater-agent-workspace/rustup-home:/opt/rustwide/rustup-home:ro,Z" "-e" "SOURCE_DIR=/opt/rustwide/workdir" "-e" "CARGO_TARGET_DIR=/opt/rustwide/target" "-e" "CARGO_INCREMENTAL=0" "-e" "RUST_BACKTRACE=full" "-e" "RUSTFLAGS=--cap-lints=forbid" "-e" "RUSTDOCFLAGS=--cap-lints=forbid" "-e" "CARGO_HOME=/opt/rustwide/cargo-home" "-e" "RUSTUP_HOME=/opt/rustwide/rustup-home" "-w" "/opt/rustwide/workdir" "-m" "1610612736" "--user" "0:0" "--network" "none" "ghcr.io/rust-lang/crates-build-env/linux@sha256:4a844ea9eb2546a2d2c7022eacef16ef2e8229c7fbb2c7d4d55a9ceca922f72d" "/opt/rustwide/cargo-home/bin/cargo" "+nightly-2024-10-28" "test" "--frozen" "--no-run" "--message-format=json", kill_on_drop: false }`
[INFO] [stdout] a040190cb9b9e1dc9506358039d403f6bc298c0a07b0a008ba72ca8aafde9cf3
[INFO] running `Command { std: "docker" "start" "-a" "a040190cb9b9e1dc9506358039d403f6bc298c0a07b0a008ba72ca8aafde9cf3", kill_on_drop: false }`
[INFO] [stderr]    Compiling serde_json v1.0.132
[INFO] [stderr]    Compiling ucd-trie v0.1.7
[INFO] [stderr]    Compiling tracing-core v0.1.32
[INFO] [stderr]    Compiling anstyle-parse v0.2.6
[INFO] [stderr]    Compiling assert2-macros v0.3.15
[INFO] [stderr]    Compiling anstyle-query v1.1.2
[INFO] [stderr]    Compiling anstyle v1.0.10
[INFO] [stderr]    Compiling colorchoice v1.0.3
[INFO] [stderr]    Compiling is_terminal_polyfill v1.70.1
[INFO] [stderr]    Compiling pest v2.7.14
[INFO] [stderr]    Compiling env_filter v0.1.2
[INFO] [stderr]    Compiling thread_local v1.1.8
[INFO] [stderr]    Compiling anstream v0.6.17
[INFO] [stderr]    Compiling console v0.15.8
[INFO] [stderr]    Compiling test-log-macros v0.2.16
[INFO] [stderr]    Compiling tracing-log v0.2.0
[INFO] [stderr]    Compiling tracing v0.1.40
[INFO] [stderr]    Compiling env_logger v0.11.5
[INFO] [stderr]    Compiling is-terminal v0.4.13
[INFO] [stderr]    Compiling similar v2.6.0
[INFO] [stderr]    Compiling linked-hash-map v0.5.6
[INFO] [stderr]    Compiling tracing-subscriber v0.3.18
[INFO] [stderr]    Compiling diff v0.1.13
[INFO] [stderr]    Compiling yansi v1.0.1
[INFO] [stderr]    Compiling tokio v1.41.0
[INFO] [stderr]    Compiling anchor-syn v0.30.1
[INFO] [stderr]    Compiling anchor-lang-idl v0.1.1
[INFO] [stderr]    Compiling assert2 v0.3.15
[INFO] [stderr]    Compiling pest_meta v2.7.14
[INFO] [stderr]    Compiling test-log v0.2.16
[INFO] [stderr]    Compiling pest_generator v2.7.14
[INFO] [stderr]    Compiling pest_derive v2.7.14
[INFO] [stderr]    Compiling insta v1.41.1
[INFO] [stderr]    Compiling anchor-attribute-error v0.30.1
[INFO] [stderr]    Compiling anchor-attribute-event v0.30.1
[INFO] [stderr]    Compiling anchor-derive-accounts v0.30.1
[INFO] [stderr]    Compiling anchor-attribute-account v0.30.1
[INFO] [stderr]    Compiling anchor-derive-serde v0.30.1
[INFO] [stderr]    Compiling anchor-attribute-access-control v0.30.1
[INFO] [stderr]    Compiling anchor-attribute-program v0.30.1
[INFO] [stderr]    Compiling anchor-attribute-constant v0.30.1
[INFO] [stderr]    Compiling anchor-lang v0.30.1
[INFO] [stderr]    Compiling wasm_client_anchor v0.6.1 (/opt/rustwide/workdir)
[INFO] [stdout] warning: the `expr` fragment specifier will accept more expressions in the 2024 edition
[INFO] [stdout]    --> src/macros.rs:329:7
[INFO] [stdout]     |
[INFO] [stdout] 329 |     ($id:expr, $program_client_name:ident) => {
[INFO] [stdout]     |          ^^^^
[INFO] [stdout]     |
[INFO] [stdout]     = warning: this changes meaning in Rust 2024
[INFO] [stdout]     = note: for more information, see Migration Guide <https://doc.rust-lang.org/nightly/edition-guide/rust-2024/macro-fragment-specifiers.html>
[INFO] [stdout]     = note: `-W edition-2024-expr-fragment-specifier` implied by `-W rust-2024-compatibility`
[INFO] [stdout]     = help: to override `-W rust-2024-compatibility` add `#[allow(edition_2024_expr_fragment_specifier)]`
[INFO] [stdout] help: to keep the existing behavior, use the `expr_2021` fragment specifier
[INFO] [stdout]     |
[INFO] [stdout] 329 |     ($id:expr_2021, $program_client_name:ident) => {
[INFO] [stdout]     |          ~~~~~~~~~
[INFO] [stdout] 
[INFO] [stdout] 
[INFO] [stdout] warning: the `expr` fragment specifier will accept more expressions in the 2024 edition
[INFO] [stdout]    --> src/macros.rs:329:7
[INFO] [stdout]     |
[INFO] [stdout] 329 |     ($id:expr, $program_client_name:ident) => {
[INFO] [stdout]     |          ^^^^
[INFO] [stdout]     |
[INFO] [stdout]     = warning: this changes meaning in Rust 2024
[INFO] [stdout]     = note: for more information, see Migration Guide <https://doc.rust-lang.org/nightly/edition-guide/rust-2024/macro-fragment-specifiers.html>
[INFO] [stdout]     = note: `-W edition-2024-expr-fragment-specifier` implied by `-W rust-2024-compatibility`
[INFO] [stdout]     = help: to override `-W rust-2024-compatibility` add `#[allow(edition_2024_expr_fragment_specifier)]`
[INFO] [stdout] help: to keep the existing behavior, use the `expr_2021` fragment specifier
[INFO] [stdout]     |
[INFO] [stdout] 329 |     ($id:expr_2021, $program_client_name:ident) => {
[INFO] [stdout]     |          ~~~~~~~~~
[INFO] [stdout] 
[INFO] [stdout] 
[INFO] [stdout] warning: these values and local bindings have significant drop implementation that will have a different drop order from that of Edition 2021
[INFO] [stdout]   --> src/events.rs:99:15
[INFO] [stdout]    |
[INFO] [stdout] 92 |         let Some(value) = iterator.next() else {
[INFO] [stdout]    |                  ----- these values have significant drop implementation and will observe changes in drop order under Edition 2024
[INFO] [stdout] ...
[INFO] [stdout] 99 |         Poll::Ready(Some((context, value)))
[INFO] [stdout]    |                     ^^^^^^^^^^^^^^^^^^^^^^
[INFO] [stdout]    |
[INFO] [stdout]    = warning: this changes meaning in Rust 2024
[INFO] [stdout]    = note: for more information, see issue #123739 <https://github.com/rust-lang/rust/issues/123739>
[INFO] [stdout]    = note: `-W tail-expr-drop-order` implied by `-W rust-2024-compatibility`
[INFO] [stdout]    = help: to override `-W rust-2024-compatibility` add `#[allow(tail_expr_drop_order)]`
[INFO] [stdout] 
[INFO] [stdout] 
[INFO] [stdout] warning: these values and local bindings have significant drop implementation that will have a different drop order from that of Edition 2021
[INFO] [stdout]   --> src/events.rs:99:15
[INFO] [stdout]    |
[INFO] [stdout] 92 |         let Some(value) = iterator.next() else {
[INFO] [stdout]    |                  ----- these values have significant drop implementation and will observe changes in drop order under Edition 2024
[INFO] [stdout] ...
[INFO] [stdout] 99 |         Poll::Ready(Some((context, value)))
[INFO] [stdout]    |                     ^^^^^^^^^^^^^^^^^^^^^^
[INFO] [stdout]    |
[INFO] [stdout]    = warning: this changes meaning in Rust 2024
[INFO] [stdout]    = note: for more information, see issue #123739 <https://github.com/rust-lang/rust/issues/123739>
[INFO] [stdout]    = note: `-W tail-expr-drop-order` implied by `-W rust-2024-compatibility`
[INFO] [stdout]    = help: to override `-W rust-2024-compatibility` add `#[allow(tail_expr_drop_order)]`
[INFO] [stdout] 
[INFO] [stdout] 
[INFO] [stderr]     Finished `test` profile [unoptimized + debuginfo] target(s) in 35.32s
[INFO] running `Command { std: "docker" "inspect" "a040190cb9b9e1dc9506358039d403f6bc298c0a07b0a008ba72ca8aafde9cf3", kill_on_drop: false }`
[INFO] running `Command { std: "docker" "rm" "-f" "a040190cb9b9e1dc9506358039d403f6bc298c0a07b0a008ba72ca8aafde9cf3", kill_on_drop: false }`
[INFO] [stdout] a040190cb9b9e1dc9506358039d403f6bc298c0a07b0a008ba72ca8aafde9cf3
[INFO] running `Command { std: "docker" "create" "-v" "/var/lib/crater-agent-workspace/builds/worker-3-tc1/target:/opt/rustwide/target:rw,Z" "-v" "/var/lib/crater-agent-workspace/builds/worker-3-tc1/source:/opt/rustwide/workdir:ro,Z" "-v" "/var/lib/crater-agent-workspace/cargo-home:/opt/rustwide/cargo-home:ro,Z" "-v" "/var/lib/crater-agent-workspace/rustup-home:/opt/rustwide/rustup-home:ro,Z" "-e" "SOURCE_DIR=/opt/rustwide/workdir" "-e" "CARGO_TARGET_DIR=/opt/rustwide/target" "-e" "CARGO_INCREMENTAL=0" "-e" "RUST_BACKTRACE=full" "-e" "RUSTFLAGS=--cap-lints=forbid" "-e" "RUSTDOCFLAGS=--cap-lints=forbid" "-e" "CARGO_HOME=/opt/rustwide/cargo-home" "-e" "RUSTUP_HOME=/opt/rustwide/rustup-home" "-w" "/opt/rustwide/workdir" "-m" "1610612736" "--user" "0:0" "--network" "none" "ghcr.io/rust-lang/crates-build-env/linux@sha256:4a844ea9eb2546a2d2c7022eacef16ef2e8229c7fbb2c7d4d55a9ceca922f72d" "/opt/rustwide/cargo-home/bin/cargo" "+nightly-2024-10-28" "test" "--frozen", kill_on_drop: false }`
[INFO] [stdout] 798ae1aeb78fac1d12485c71a5efc870b87d635ab1c73a751eb1ba8a7dbb48cc
[INFO] running `Command { std: "docker" "start" "-a" "798ae1aeb78fac1d12485c71a5efc870b87d635ab1c73a751eb1ba8a7dbb48cc", kill_on_drop: false }`
[INFO] [stderr] warning: the `expr` fragment specifier will accept more expressions in the 2024 edition
[INFO] [stderr]    --> src/macros.rs:329:7
[INFO] [stderr]     |
[INFO] [stderr] 329 |     ($id:expr, $program_client_name:ident) => {
[INFO] [stderr]     |          ^^^^
[INFO] [stderr]     |
[INFO] [stderr]     = warning: this changes meaning in Rust 2024
[INFO] [stderr]     = note: for more information, see Migration Guide <https://doc.rust-lang.org/nightly/edition-guide/rust-2024/macro-fragment-specifiers.html>
[INFO] [stderr]     = note: `-W edition-2024-expr-fragment-specifier` implied by `-W rust-2024-compatibility`
[INFO] [stderr]     = help: to override `-W rust-2024-compatibility` add `#[allow(edition_2024_expr_fragment_specifier)]`
[INFO] [stderr] help: to keep the existing behavior, use the `expr_2021` fragment specifier
[INFO] [stderr]     |
[INFO] [stderr] 329 |     ($id:expr_2021, $program_client_name:ident) => {
[INFO] [stderr]     |          ~~~~~~~~~
[INFO] [stderr] 
[INFO] [stderr] warning: these values and local bindings have significant drop implementation that will have a different drop order from that of Edition 2021
[INFO] [stderr]   --> src/events.rs:99:15
[INFO] [stderr]    |
[INFO] [stderr] 92 |         let Some(value) = iterator.next() else {
[INFO] [stderr]    |                  ----- these values have significant drop implementation and will observe changes in drop order under Edition 2024
[INFO] [stderr] ...
[INFO] [stderr] 99 |         Poll::Ready(Some((context, value)))
[INFO] [stderr]    |                     ^^^^^^^^^^^^^^^^^^^^^^
[INFO] [stderr]    |
[INFO] [stderr]    = warning: this changes meaning in Rust 2024
[INFO] [stderr]    = note: for more information, see issue #123739 <https://github.com/rust-lang/rust/issues/123739>
[INFO] [stderr]    = note: `-W tail-expr-drop-order` implied by `-W rust-2024-compatibility`
[INFO] [stderr]    = help: to override `-W rust-2024-compatibility` add `#[allow(tail_expr_drop_order)]`
[INFO] [stderr] 
[INFO] [stderr] warning: `wasm_client_anchor` (lib) generated 2 warnings (run `cargo fix --lib -p wasm_client_anchor` to apply 1 suggestion)
[INFO] [stderr] warning: `wasm_client_anchor` (lib test) generated 2 warnings (2 duplicates)
[INFO] [stderr]     Finished `test` profile [unoptimized + debuginfo] target(s) in 0.35s
[INFO] [stderr]      Running unittests src/lib.rs (/opt/rustwide/target/debug/deps/wasm_client_anchor-367c231e6b1ec2d3)
[INFO] [stdout] 
[INFO] [stdout] running 0 tests
[INFO] [stdout] 
[INFO] [stdout] test result: ok. 0 passed; 0 failed; 0 ignored; 0 measured; 0 filtered out; finished in 0.00s
[INFO] [stdout] 
[INFO] [stderr]    Doc-tests wasm_client_anchor
[INFO] [stderr] warning: the `expr` fragment specifier will accept more expressions in the 2024 edition
[INFO] [stderr]    --> src/macros.rs:329:7
[INFO] [stderr]     |
[INFO] [stderr] 329 |     ($id:expr, $program_client_name:ident) => {
[INFO] [stderr]     |          ^^^^
[INFO] [stderr]     |
[INFO] [stderr]     = warning: this changes meaning in Rust 2024
[INFO] [stderr]     = note: for more information, see Migration Guide <https://doc.rust-lang.org/nightly/edition-guide/rust-2024/macro-fragment-specifiers.html>
[INFO] [stderr]     = note: `-W edition-2024-expr-fragment-specifier` implied by `-W rust-2024-compatibility`
[INFO] [stderr]     = help: to override `-W rust-2024-compatibility` add `#[allow(edition_2024_expr_fragment_specifier)]`
[INFO] [stderr] help: to keep the existing behavior, use the `expr_2021` fragment specifier
[INFO] [stderr]     |
[INFO] [stderr] 329 |     ($id:expr_2021, $program_client_name:ident) => {
[INFO] [stderr]     |          ~~~~~~~~~
[INFO] [stderr] 
[INFO] [stderr] warning: 1 warning emitted
[INFO] [stderr] 
[INFO] [stdout] 
[INFO] [stdout] running 2 tests
[INFO] [stdout] test src/macros.rs - macros::create_program_client (line 317) ... FAILED
[INFO] [stdout] test readme.md - (line 37) ... FAILED
[INFO] [stdout] 
[INFO] [stdout] failures:
[INFO] [stdout] 
[INFO] [stdout] ---- src/macros.rs - macros::create_program_client (line 317) stdout ----
[INFO] [stdout] error: expected one of `::`, `;`, or `as`, found `!`
[INFO] [stdout]  --> src/macros.rs:319:46
[INFO] [stdout]   |
[INFO] [stdout] 5 | use wasm_client_anchor::create_program_client!(example_program, ExampleProgramClient);
[INFO] [stdout]   |                                              ^ expected one of `::`, `;`, or `as`
[INFO] [stdout] 
[INFO] [stdout] error: aborting due to 1 previous error
[INFO] [stdout] 
[INFO] [stdout] Couldn't compile the test.
[INFO] [stdout] ---- readme.md - (line 37) stdout ----
[INFO] [stdout] error[E0432]: unresolved import `wallet_standard_wallets`
[INFO] [stdout]   --> readme.md:44:5
[INFO] [stdout]    |
[INFO] [stdout] 10 | use wallet_standard_wallets::AnchorProgram;
[INFO] [stdout]    |     ^^^^^^^^^^^^^^^^^^^^^^^ use of undeclared crate or module `wallet_standard_wallets`
[INFO] [stdout] 
[INFO] [stdout] error[E0432]: unresolved import `wallet_standard_wallets`
[INFO] [stdout]   --> readme.md:45:5
[INFO] [stdout]    |
[INFO] [stdout] 11 | use wallet_standard_wallets::AnchorRequestMethods;
[INFO] [stdout]    |     ^^^^^^^^^^^^^^^^^^^^^^^ use of undeclared crate or module `wallet_standard_wallets`
[INFO] [stdout] 
[INFO] [stdout] error[E0432]: unresolved import `wallet_standard_wallets`
[INFO] [stdout]   --> readme.md:46:5
[INFO] [stdout]    |
[INFO] [stdout] 12 | use wallet_standard_wallets::WalletAnchor;
[INFO] [stdout]    |     ^^^^^^^^^^^^^^^^^^^^^^^ use of undeclared crate or module `wallet_standard_wallets`
[INFO] [stdout] 
[INFO] [stdout] error[E0425]: cannot find value `rpc` in this scope
[INFO] [stdout]   --> readme.md:52:8
[INFO] [stdout]    |
[INFO] [stdout] 18 |         .rpc(rpc)
[INFO] [stdout]    |              ^^^ not found in this scope
[INFO] [stdout] 
[INFO] [stdout] error[E0425]: cannot find value `wallet` in this scope
[INFO] [stdout]   --> readme.md:53:11
[INFO] [stdout]    |
[INFO] [stdout] 19 |         .wallet(wallet)
[INFO] [stdout]    |                 ^^^^^^ not found in this scope
[INFO] [stdout] 
[INFO] [stdout] error[E0425]: cannot find value `client` in this scope
[INFO] [stdout]   --> readme.md:67:23
[INFO] [stdout]    |
[INFO] [stdout] 33 |     let anchor_request = client.request().data(data).accounts(accounts).build();
[INFO] [stdout]    |                          ^^^^^^ not found in this scope
[INFO] [stdout] 
[INFO] [stdout] error[E0061]: this function takes 2 arguments but 3 arguments were supplied
[INFO] [stdout]    --> readme.md:60:22
[INFO] [stdout]     |
[INFO] [stdout] 26  |     let accounts = vec![AccountMeta::new(
[INFO] [stdout]     |                         ^^^^^^^^^^^^^^^^
[INFO] [stdout] ...
[INFO] [stdout] 29  |         true,
[INFO] [stdout]     |         ---- unexpected argument #3 of type `bool`
[INFO] [stdout]     |
[INFO] [stdout] note: associated function defined here
[INFO] [stdout]    --> /opt/rustwide/cargo-home/registry/src/index.crates.io-6f17d22bba15001f/solana-program-1.18.26/src/instruction.rs:577:12
[INFO] [stdout]     |
[INFO] [stdout] 577 |     pub fn new(pubkey: Pubkey, is_signer: bool) -> Self {
[INFO] [stdout]     |            ^^^
[INFO] [stdout] help: remove the extra argument
[INFO] [stdout]     |
[INFO] [stdout] 28  -         false,
[INFO] [stdout] 29  -         true,
[INFO] [stdout] 28  +         false,
[INFO] [stdout]     |
[INFO] [stdout] 
[INFO] [stdout] error: aborting due to 7 previous errors
[INFO] [stdout] 
[INFO] [stdout] Some errors have detailed explanations: E0061, E0425, E0432.
[INFO] [stdout] For more information about an error, try `rustc --explain E0061`.
[INFO] [stdout] Couldn't compile the test.
[INFO] [stdout] 
[INFO] [stdout] failures:
[INFO] [stdout]     readme.md - (line 37)
[INFO] [stdout]     src/macros.rs - macros::create_program_client (line 317)
[INFO] [stdout] 
[INFO] [stdout] test result: FAILED. 0 passed; 2 failed; 0 ignored; 0 measured; 0 filtered out; finished in 0.38s
[INFO] [stdout] 
[INFO] [stderr] error: doctest failed, to rerun pass `--doc`
[INFO] running `Command { std: "docker" "inspect" "798ae1aeb78fac1d12485c71a5efc870b87d635ab1c73a751eb1ba8a7dbb48cc", kill_on_drop: false }`
[INFO] running `Command { std: "docker" "rm" "-f" "798ae1aeb78fac1d12485c71a5efc870b87d635ab1c73a751eb1ba8a7dbb48cc", kill_on_drop: false }`
[INFO] [stdout] 798ae1aeb78fac1d12485c71a5efc870b87d635ab1c73a751eb1ba8a7dbb48cc
