[INFO] fetching crate wasm-webidl-bindings 0.8.0...
[INFO] testing wasm-webidl-bindings-0.8.0 against nightly-2024-10-28+rustflags=-Zrandomize-layout for randomize-layout
[INFO] extracting crate wasm-webidl-bindings 0.8.0 into /workspace/builds/worker-2-tc2/source
[INFO] validating manifest of crates.io crate wasm-webidl-bindings 0.8.0 on toolchain nightly-2024-10-28
[INFO] running `Command { std: CARGO_HOME="/workspace/cargo-home" RUSTUP_HOME="/workspace/rustup-home" "/workspace/cargo-home/bin/cargo" "+nightly-2024-10-28" "metadata" "--manifest-path" "Cargo.toml" "--no-deps", kill_on_drop: false }`
[INFO] started tweaking crates.io crate wasm-webidl-bindings 0.8.0
[INFO] finished tweaking crates.io crate wasm-webidl-bindings 0.8.0
[INFO] tweaked toml for crates.io crate wasm-webidl-bindings 0.8.0 written to /workspace/builds/worker-2-tc2/source/Cargo.toml
[INFO] running `Command { std: CARGO_HOME="/workspace/cargo-home" RUSTUP_HOME="/workspace/rustup-home" "/workspace/cargo-home/bin/cargo" "+nightly-2024-10-28" "generate-lockfile" "--manifest-path" "Cargo.toml", kill_on_drop: false }`
[INFO] [stderr]     Updating crates.io index
[INFO] [stderr]      Locking 95 packages to latest compatible versions
[INFO] [stderr]       Adding quickcheck v0.8.5 (available: v1.0.3)
[INFO] [stderr]       Adding rand v0.6.5 (available: v0.8.5)
[INFO] [stderr]       Adding walrus v0.15.0 (available: v0.22.0)
[INFO] running `Command { std: CARGO_HOME="/workspace/cargo-home" RUSTUP_HOME="/workspace/rustup-home" "/workspace/cargo-home/bin/cargo" "+nightly-2024-10-28" "fetch" "--manifest-path" "Cargo.toml", kill_on_drop: false }`
[INFO] running `Command { std: "docker" "create" "-v" "/var/lib/crater-agent-workspace/builds/worker-2-tc2/target:/opt/rustwide/target:rw,Z" "-v" "/var/lib/crater-agent-workspace/builds/worker-2-tc2/source:/opt/rustwide/workdir:ro,Z" "-v" "/var/lib/crater-agent-workspace/cargo-home:/opt/rustwide/cargo-home:ro,Z" "-v" "/var/lib/crater-agent-workspace/rustup-home:/opt/rustwide/rustup-home:ro,Z" "-e" "SOURCE_DIR=/opt/rustwide/workdir" "-e" "CARGO_TARGET_DIR=/opt/rustwide/target" "-e" "CARGO_HOME=/opt/rustwide/cargo-home" "-e" "RUSTUP_HOME=/opt/rustwide/rustup-home" "-w" "/opt/rustwide/workdir" "-m" "1610612736" "--user" "0:0" "--network" "none" "ghcr.io/rust-lang/crates-build-env/linux@sha256:4a844ea9eb2546a2d2c7022eacef16ef2e8229c7fbb2c7d4d55a9ceca922f72d" "/opt/rustwide/cargo-home/bin/cargo" "+nightly-2024-10-28" "metadata" "--no-deps" "--format-version=1", kill_on_drop: false }`
[INFO] [stdout] f0fd45b2146c0b24417e82ea898d2dca8404b37e43d0ec3e6a379cdbceb0b531
[INFO] running `Command { std: "docker" "start" "-a" "f0fd45b2146c0b24417e82ea898d2dca8404b37e43d0ec3e6a379cdbceb0b531", kill_on_drop: false }`
[INFO] running `Command { std: "docker" "inspect" "f0fd45b2146c0b24417e82ea898d2dca8404b37e43d0ec3e6a379cdbceb0b531", kill_on_drop: false }`
[INFO] running `Command { std: "docker" "rm" "-f" "f0fd45b2146c0b24417e82ea898d2dca8404b37e43d0ec3e6a379cdbceb0b531", kill_on_drop: false }`
[INFO] [stdout] f0fd45b2146c0b24417e82ea898d2dca8404b37e43d0ec3e6a379cdbceb0b531
[INFO] running `Command { std: "docker" "create" "-v" "/var/lib/crater-agent-workspace/builds/worker-2-tc2/target:/opt/rustwide/target:rw,Z" "-v" "/var/lib/crater-agent-workspace/builds/worker-2-tc2/source:/opt/rustwide/workdir:ro,Z" "-v" "/var/lib/crater-agent-workspace/cargo-home:/opt/rustwide/cargo-home:ro,Z" "-v" "/var/lib/crater-agent-workspace/rustup-home:/opt/rustwide/rustup-home:ro,Z" "-e" "SOURCE_DIR=/opt/rustwide/workdir" "-e" "CARGO_TARGET_DIR=/opt/rustwide/target" "-e" "CARGO_INCREMENTAL=0" "-e" "RUST_BACKTRACE=full" "-e" "RUSTFLAGS=--cap-lints=forbid -Zrandomize-layout" "-e" "RUSTDOCFLAGS=--cap-lints=forbid" "-e" "CARGO_HOME=/opt/rustwide/cargo-home" "-e" "RUSTUP_HOME=/opt/rustwide/rustup-home" "-w" "/opt/rustwide/workdir" "-m" "1610612736" "--user" "0:0" "--network" "none" "ghcr.io/rust-lang/crates-build-env/linux@sha256:4a844ea9eb2546a2d2c7022eacef16ef2e8229c7fbb2c7d4d55a9ceca922f72d" "/opt/rustwide/cargo-home/bin/cargo" "+nightly-2024-10-28" "build" "--frozen" "--message-format=json", kill_on_drop: false }`
[INFO] [stdout] 8ad8d1a903ea1841e418d97d65384c6b00831155258c8a10474198692af7ecbf
[INFO] running `Command { std: "docker" "start" "-a" "8ad8d1a903ea1841e418d97d65384c6b00831155258c8a10474198692af7ecbf", kill_on_drop: false }`
[INFO] [stderr]    Compiling syn v1.0.109
[INFO] [stderr]    Compiling unicode-segmentation v1.12.0
[INFO] [stderr]    Compiling leb128 v0.2.5
[INFO] [stderr]    Compiling id-arena v2.2.1
[INFO] [stderr]    Compiling wasmparser v0.48.2
[INFO] [stderr]    Compiling heck v0.3.3
[INFO] [stderr]    Compiling walrus-macro v0.15.0
[INFO] [stderr]    Compiling walrus v0.15.0
[INFO] [stderr]    Compiling wasm-webidl-bindings v0.8.0 (/opt/rustwide/workdir)
[INFO] [stdout] warning: fields `section`, `module`, and `ids` are never read
[INFO] [stdout]    --> src/ast.rs:290:5
[INFO] [stdout]     |
[INFO] [stdout] 289 | pub struct BuildAstActions<'a> {
[INFO] [stdout]     |            --------------- fields in this struct
[INFO] [stdout] 290 |     section: &'a mut WebidlBindings,
[INFO] [stdout]     |     ^^^^^^^
[INFO] [stdout] 291 |     module: &'a walrus::Module,
[INFO] [stdout]     |     ^^^^^^
[INFO] [stdout] 292 |     ids: &'a walrus::IndicesToIds,
[INFO] [stdout]     |     ^^^
[INFO] [stdout]     |
[INFO] [stdout]     = note: `BuildAstActions` has a derived impl for the trait `Debug`, but this is intentionally ignored during dead code analysis
[INFO] [stdout]     = note: `#[warn(dead_code)]` on by default
[INFO] [stdout] 
[INFO] [stdout] 
[INFO] [stderr]     Finished `dev` profile [unoptimized + debuginfo] target(s) in 9.15s
[INFO] running `Command { std: "docker" "inspect" "8ad8d1a903ea1841e418d97d65384c6b00831155258c8a10474198692af7ecbf", kill_on_drop: false }`
[INFO] running `Command { std: "docker" "rm" "-f" "8ad8d1a903ea1841e418d97d65384c6b00831155258c8a10474198692af7ecbf", kill_on_drop: false }`
[INFO] [stdout] 8ad8d1a903ea1841e418d97d65384c6b00831155258c8a10474198692af7ecbf
[INFO] running `Command { std: "docker" "create" "-v" "/var/lib/crater-agent-workspace/builds/worker-2-tc2/target:/opt/rustwide/target:rw,Z" "-v" "/var/lib/crater-agent-workspace/builds/worker-2-tc2/source:/opt/rustwide/workdir:ro,Z" "-v" "/var/lib/crater-agent-workspace/cargo-home:/opt/rustwide/cargo-home:ro,Z" "-v" "/var/lib/crater-agent-workspace/rustup-home:/opt/rustwide/rustup-home:ro,Z" "-e" "SOURCE_DIR=/opt/rustwide/workdir" "-e" "CARGO_TARGET_DIR=/opt/rustwide/target" "-e" "CARGO_INCREMENTAL=0" "-e" "RUST_BACKTRACE=full" "-e" "RUSTFLAGS=--cap-lints=forbid -Zrandomize-layout" "-e" "RUSTDOCFLAGS=--cap-lints=forbid" "-e" "CARGO_HOME=/opt/rustwide/cargo-home" "-e" "RUSTUP_HOME=/opt/rustwide/rustup-home" "-w" "/opt/rustwide/workdir" "-m" "1610612736" "--user" "0:0" "--network" "none" "ghcr.io/rust-lang/crates-build-env/linux@sha256:4a844ea9eb2546a2d2c7022eacef16ef2e8229c7fbb2c7d4d55a9ceca922f72d" "/opt/rustwide/cargo-home/bin/cargo" "+nightly-2024-10-28" "test" "--frozen" "--no-run" "--message-format=json", kill_on_drop: false }`
[INFO] [stdout] edfb6e2e7d3f97daaaee75614e81c75dc814ed2c3b74023d9278ec285ba28707
[INFO] running `Command { std: "docker" "start" "-a" "edfb6e2e7d3f97daaaee75614e81c75dc814ed2c3b74023d9278ec285ba28707", kill_on_drop: false }`
[INFO] [stderr]    Compiling wasm-webidl-bindings v0.8.0 (/opt/rustwide/workdir)
[INFO] [stdout] warning: fields `section`, `module`, and `ids` are never read
[INFO] [stdout]    --> src/ast.rs:290:5
[INFO] [stdout]     |
[INFO] [stdout] 289 | pub struct BuildAstActions<'a> {
[INFO] [stdout]     |            --------------- fields in this struct
[INFO] [stdout] 290 |     section: &'a mut WebidlBindings,
[INFO] [stdout]     |     ^^^^^^^
[INFO] [stdout] 291 |     module: &'a walrus::Module,
[INFO] [stdout]     |     ^^^^^^
[INFO] [stdout] 292 |     ids: &'a walrus::IndicesToIds,
[INFO] [stdout]     |     ^^^
[INFO] [stdout]     |
[INFO] [stdout]     = note: `BuildAstActions` has a derived impl for the trait `Debug`, but this is intentionally ignored during dead code analysis
[INFO] [stdout]     = note: `#[warn(dead_code)]` on by default
[INFO] [stdout] 
[INFO] [stdout] 
[INFO] [stdout] warning: fields `section`, `module`, and `ids` are never read
[INFO] [stdout]    --> src/ast.rs:290:5
[INFO] [stdout]     |
[INFO] [stdout] 289 | pub struct BuildAstActions<'a> {
[INFO] [stdout]     |            --------------- fields in this struct
[INFO] [stdout] 290 |     section: &'a mut WebidlBindings,
[INFO] [stdout]     |     ^^^^^^^
[INFO] [stdout] 291 |     module: &'a walrus::Module,
[INFO] [stdout]     |     ^^^^^^
[INFO] [stdout] 292 |     ids: &'a walrus::IndicesToIds,
[INFO] [stdout]     |     ^^^
[INFO] [stdout]     |
[INFO] [stdout]     = note: `BuildAstActions` has a derived impl for the trait `Debug`, but this is intentionally ignored during dead code analysis
[INFO] [stdout]     = note: `#[warn(dead_code)]` on by default
[INFO] [stdout] 
[INFO] [stdout] 
[INFO] [stderr]     Finished `test` profile [unoptimized + debuginfo] target(s) in 3.38s
[INFO] running `Command { std: "docker" "inspect" "edfb6e2e7d3f97daaaee75614e81c75dc814ed2c3b74023d9278ec285ba28707", kill_on_drop: false }`
[INFO] running `Command { std: "docker" "rm" "-f" "edfb6e2e7d3f97daaaee75614e81c75dc814ed2c3b74023d9278ec285ba28707", kill_on_drop: false }`
[INFO] [stdout] edfb6e2e7d3f97daaaee75614e81c75dc814ed2c3b74023d9278ec285ba28707
[INFO] running `Command { std: "docker" "create" "-v" "/var/lib/crater-agent-workspace/builds/worker-2-tc2/target:/opt/rustwide/target:rw,Z" "-v" "/var/lib/crater-agent-workspace/builds/worker-2-tc2/source:/opt/rustwide/workdir:ro,Z" "-v" "/var/lib/crater-agent-workspace/cargo-home:/opt/rustwide/cargo-home:ro,Z" "-v" "/var/lib/crater-agent-workspace/rustup-home:/opt/rustwide/rustup-home:ro,Z" "-e" "SOURCE_DIR=/opt/rustwide/workdir" "-e" "CARGO_TARGET_DIR=/opt/rustwide/target" "-e" "CARGO_INCREMENTAL=0" "-e" "RUST_BACKTRACE=full" "-e" "RUSTFLAGS=--cap-lints=forbid -Zrandomize-layout" "-e" "RUSTDOCFLAGS=--cap-lints=forbid" "-e" "CARGO_HOME=/opt/rustwide/cargo-home" "-e" "RUSTUP_HOME=/opt/rustwide/rustup-home" "-w" "/opt/rustwide/workdir" "-m" "1610612736" "--user" "0:0" "--network" "none" "ghcr.io/rust-lang/crates-build-env/linux@sha256:4a844ea9eb2546a2d2c7022eacef16ef2e8229c7fbb2c7d4d55a9ceca922f72d" "/opt/rustwide/cargo-home/bin/cargo" "+nightly-2024-10-28" "test" "--frozen", kill_on_drop: false }`
[INFO] [stdout] 1ba31be6220ef6c7e71087734770e1c1bce291b10739ce2bce7e463b2dc87f2a
[INFO] running `Command { std: "docker" "start" "-a" "1ba31be6220ef6c7e71087734770e1c1bce291b10739ce2bce7e463b2dc87f2a", kill_on_drop: false }`
[INFO] [stderr] warning: fields `section`, `module`, and `ids` are never read
[INFO] [stderr]    --> src/ast.rs:290:5
[INFO] [stderr]     |
[INFO] [stderr] 289 | pub struct BuildAstActions<'a> {
[INFO] [stderr]     |            --------------- fields in this struct
[INFO] [stderr] 290 |     section: &'a mut WebidlBindings,
[INFO] [stderr]     |     ^^^^^^^
[INFO] [stderr] 291 |     module: &'a walrus::Module,
[INFO] [stderr]     |     ^^^^^^
[INFO] [stderr] 292 |     ids: &'a walrus::IndicesToIds,
[INFO] [stderr]     |     ^^^
[INFO] [stderr]     |
[INFO] [stderr]     = note: `BuildAstActions` has a derived impl for the trait `Debug`, but this is intentionally ignored during dead code analysis
[INFO] [stderr]     = note: `#[warn(dead_code)]` on by default
[INFO] [stderr] 
[INFO] [stderr] warning: `wasm-webidl-bindings` (lib) generated 1 warning
[INFO] [stderr] warning: `wasm-webidl-bindings` (lib test) generated 1 warning (1 duplicate)
[INFO] [stderr]     Finished `test` profile [unoptimized + debuginfo] target(s) in 0.05s
[INFO] [stderr]      Running unittests src/lib.rs (/opt/rustwide/target/debug/deps/wasm_webidl_bindings-d7b38ea1c4a94fb6)
[INFO] [stdout] 
[INFO] [stdout] running 226 tests
[INFO] [stdout] test ast::tests::exports_function_kind_not_expressible_without_webidl_bindings ... ok
[INFO] [stdout] test ast::tests::exports_expressible_without_webidl_bindings ... ok
[INFO] [stdout] test ast::tests::check_whether_all_outgoing_types_expressible_without_webidl_bindings ... ok
[INFO] [stdout] test ast::tests::imports_not_expressible_without_webidl_bindings ... ok
[INFO] [stdout] test ast::tests::incoming_arity_not_expressible_without_webidl_bindings ... ok
[INFO] [stdout] test ast::tests::check_whether_all_incoming_types_expressible_without_webidl_bindings ... ok
[INFO] [stdout] test ast::tests::exports_not_expressible_without_webidl_bindings ... ok
[INFO] [stdout] test ast::tests::imports_expressible_without_webidl_bindings ... ok
[INFO] [stdout] test ast::tests::imports_function_kind_not_expressible_without_webidl_bindings ... ok
[INFO] [stdout] test ast::tests::incoming_binding_operator_not_expressible_without_webidl_bindings ... ok
[INFO] [stdout] test ast::tests::incoming_empty_trivially_expressible_without_webidl_bindings ... ok
[INFO] [stdout] test ast::tests::incoming_usage_order_not_expressible_without_webidl_bindings ... ok
[INFO] [stdout] test ast::tests::outgoing_arity_not_expressible_without_webidl_bindings ... ok
[INFO] [stdout] test ast::tests::outgoing_binding_operator_not_expressible_without_webidl_bindings ... ok
[INFO] [stdout] test ast::tests::outgoing_empty_trivially_expressible_without_webidl_bindings ... ok
[INFO] [stdout] test ast::tests::outgoing_usage_order_not_expressible_without_webidl_bindings ... ok
[INFO] [stdout] test binary::decode::tests::bind_err_0 ... ok
[INFO] [stdout] test binary::decode::tests::export_binding_err_4 ... ok
[INFO] [stdout] test binary::decode::tests::export_binding_err_3 ... ok
[INFO] [stdout] test binary::decode::tests::bind_err_1 ... ok
[INFO] [stdout] test binary::decode::tests::export_binding_err_2 ... ok
[INFO] [stdout] test binary::decode::tests::export_binding_err_1 ... ok
[INFO] [stdout] test binary::decode::tests::export_binding_err_0 ... ok
[INFO] [stdout] test binary::decode::tests::bind_ok_0 ... ok
[INFO] [stdout] test binary::decode::tests::export_binding_err_5 ... ok
[INFO] [stdout] test binary::decode::tests::export_binding_ok_0 ... ok
[INFO] [stdout] test binary::decode::tests::function_binding_err_1 ... ok
[INFO] [stdout] test binary::decode::tests::function_binding_id_ok_0 ... ok
[INFO] [stdout] test binary::decode::tests::function_binding_id_err_0 ... ok
[INFO] [stdout] test binary::decode::tests::function_id_err_0 ... ok
[INFO] [stdout] test binary::decode::tests::import_binding_err_0 ... ok
[INFO] [stdout] test binary::decode::tests::function_binding_ok_0 ... ok
[INFO] [stdout] test binary::decode::tests::function_id_err_1 ... ok
[INFO] [stdout] test binary::decode::tests::function_binding_ok_1 ... ok
[INFO] [stdout] test binary::decode::tests::function_binding_err_0 ... ok
[INFO] [stdout] test binary::decode::tests::function_id_ok_0 ... ok
[INFO] [stdout] test binary::decode::tests::function_binding_id_err_1 ... ok
[INFO] [stdout] test binary::decode::tests::import_binding_err_1 ... ok
[INFO] [stdout] test binary::decode::tests::import_binding_err_3 ... ok
[INFO] [stdout] test binary::decode::tests::import_binding_err_2 ... ok
[INFO] [stdout] test binary::decode::tests::import_binding_ok_0 ... ok
[INFO] [stdout] test binary::decode::tests::incoming_bind_expression_err_0 ... ok
[INFO] [stdout] test binary::decode::tests::import_binding_err_4 ... ok
[INFO] [stdout] test binary::decode::tests::incoming_bind_expression_err_1 ... ok
[INFO] [stdout] test binary::decode::tests::incoming_bind_expression_err_2 ... ok
[INFO] [stdout] test binary::decode::tests::incoming_bind_expression_err_3 ... ok
[INFO] [stdout] test binary::decode::tests::incoming_bind_expression_err_4 ... ok
[INFO] [stdout] test binary::decode::tests::incoming_bind_expression_err_6 ... ok
[INFO] [stdout] test binary::decode::tests::incoming_bind_expression_err_5 ... ok
[INFO] [stdout] test binary::decode::tests::incoming_bind_expression_err_7 ... ok
[INFO] [stdout] test binary::decode::tests::import_binding_err_5 ... ok
[INFO] [stdout] test binary::decode::tests::incoming_bind_expression_ok_0 ... ok
[INFO] [stdout] test binary::decode::tests::incoming_bind_expression_err_8 ... ok
[INFO] [stdout] test binary::decode::tests::incoming_bind_expression_ok_1 ... ok
[INFO] [stdout] test binary::decode::tests::incoming_bind_expression_ok_2 ... ok
[INFO] [stdout] test binary::decode::tests::incoming_bind_expression_ok_3 ... ok
[INFO] [stdout] test binary::decode::tests::incoming_bind_expression_ok_4 ... ok
[INFO] [stdout] test binary::decode::tests::incoming_bind_expression_ok_6 ... ok
[INFO] [stdout] test binary::decode::tests::incoming_bind_expression_ok_5 ... ok
[INFO] [stdout] test binary::decode::tests::incoming_binding_map_err_0 ... ok
[INFO] [stdout] test binary::decode::tests::incoming_binding_map_err_1 ... ok
[INFO] [stdout] test binary::decode::tests::incoming_binding_map_ok_0 ... ok
[INFO] [stdout] test binary::decode::tests::incoming_binding_map_ok_1 ... ok
[INFO] [stdout] test binary::decode::tests::outgoing_binding_expression_err_0 ... ok
[INFO] [stdout] test binary::decode::tests::outgoing_binding_expression_err_1 ... ok
[INFO] [stdout] test binary::decode::tests::outgoing_binding_expression_err_10 ... ok
[INFO] [stdout] test binary::decode::tests::outgoing_binding_expression_err_11 ... ok
[INFO] [stdout] test binary::decode::tests::outgoing_binding_expression_err_12 ... ok
[INFO] [stdout] test binary::decode::tests::outgoing_binding_expression_err_13 ... ok
[INFO] [stdout] test binary::decode::tests::outgoing_binding_expression_err_14 ... ok
[INFO] [stdout] test binary::decode::tests::outgoing_binding_expression_err_15 ... ok
[INFO] [stdout] test binary::decode::tests::outgoing_binding_expression_err_16 ... ok
[INFO] [stdout] test binary::decode::tests::outgoing_binding_expression_err_17 ... ok
[INFO] [stdout] test binary::decode::tests::outgoing_binding_expression_err_19 ... ok
[INFO] [stdout] test binary::decode::tests::outgoing_binding_expression_err_18 ... ok
[INFO] [stdout] test binary::decode::tests::outgoing_binding_expression_err_2 ... ok
[INFO] [stdout] test binary::decode::tests::outgoing_binding_expression_err_20 ... ok
[INFO] [stdout] test binary::decode::tests::outgoing_binding_expression_err_21 ... ok
[INFO] [stdout] test binary::decode::tests::outgoing_binding_expression_err_7 ... ok
[INFO] [stdout] test binary::decode::tests::outgoing_binding_expression_err_9 ... ok
[INFO] [stdout] test binary::decode::tests::outgoing_binding_expression_err_8 ... ok
[INFO] [stdout] test binary::decode::tests::outgoing_binding_expression_ok_0 ... ok
[INFO] [stdout] test binary::decode::tests::outgoing_binding_expression_ok_2 ... ok
[INFO] [stdout] test binary::decode::tests::outgoing_binding_expression_ok_1 ... ok
[INFO] [stdout] test binary::decode::tests::outgoing_binding_expression_err_3 ... ok
[INFO] [stdout] test binary::decode::tests::outgoing_binding_expression_err_5 ... ok
[INFO] [stdout] test binary::decode::tests::outgoing_binding_expression_err_6 ... ok
[INFO] [stdout] test binary::decode::tests::outgoing_binding_expression_ok_4 ... ok
[INFO] [stdout] test binary::decode::tests::outgoing_binding_expression_err_22 ... ok
[INFO] [stdout] test binary::decode::tests::outgoing_binding_expression_err_4 ... ok
[INFO] [stdout] test binary::decode::tests::outgoing_binding_expression_ok_5 ... ok
[INFO] [stdout] test binary::decode::tests::outgoing_binding_expression_ok_3 ... ok
[INFO] [stdout] test binary::decode::tests::outgoing_binding_expression_ok_6 ... ok
[INFO] [stdout] test binary::decode::tests::outgoing_binding_expression_ok_7 ... ok
[INFO] [stdout] test binary::decode::tests::outgoing_binding_map_err_1 ... ok
[INFO] [stdout] test binary::decode::tests::string_err_1 ... ok
[INFO] [stdout] test binary::decode::tests::string_err_0 ... ok
[INFO] [stdout] test binary::decode::tests::outgoing_binding_map_err_0 ... ok
[INFO] [stdout] test binary::decode::tests::outgoing_binding_map_ok_1 ... ok
[INFO] [stdout] test binary::decode::tests::type_id_err_0 ... ok
[INFO] [stdout] test binary::decode::tests::type_id_err_1 ... ok
[INFO] [stdout] test binary::decode::tests::valtype_err_1 ... ok
[INFO] [stdout] test binary::decode::tests::valtype_err_0 ... ok
[INFO] [stdout] test binary::decode::tests::type_id_ok_0 ... ok
[INFO] [stdout] test binary::decode::tests::outgoing_binding_map_ok_0 ... ok
[INFO] [stdout] test binary::decode::tests::string_ok_0 ... ok
[INFO] [stdout] test binary::decode::tests::valtype_err_2 ... ok
[INFO] [stdout] test binary::decode::tests::string_ok_1 ... ok
[INFO] [stdout] test binary::decode::tests::valtype_ok_0 ... ok
[INFO] [stdout] test binary::decode::tests::valtype_ok_1 ... ok
[INFO] [stdout] test binary::decode::tests::valtype_ok_2 ... ok
[INFO] [stdout] test binary::decode::tests::valtype_ok_3 ... ok
[INFO] [stdout] test binary::decode::tests::valtype_ok_5 ... ok
[INFO] [stdout] test binary::decode::tests::valtype_ok_4 ... ok
[INFO] [stdout] test binary::decode::tests::webidl_bindings_err_1 ... ok
[INFO] [stdout] test binary::decode::tests::webidl_bindings_err_2 ... ok
[INFO] [stdout] test binary::decode::tests::webidl_bindings_err_0 ... ok
[INFO] [stdout] test binary::decode::tests::webidl_bindings_err_4 ... ok
[INFO] [stdout] test binary::decode::tests::webidl_compound_type_ok_1 ... ok
[INFO] [stdout] test binary::decode::tests::webidl_compound_type_err_1 ... ok
[INFO] [stdout] test binary::decode::tests::webidl_compound_type_ok_0 ... ok
[INFO] [stdout] test binary::decode::tests::webidl_compound_type_ok_2 ... ok
[INFO] [stdout] test binary::decode::tests::webidl_compound_type_ok_3 ... ok
[INFO] [stdout] test binary::decode::tests::webidl_dictionary_err_0 ... ok
[INFO] [stdout] test binary::decode::tests::webidl_dictionary_field_err_0 ... ok
[INFO] [stdout] test binary::decode::tests::webidl_bindings_ok_0 ... ok
[INFO] [stdout] test binary::decode::tests::webidl_compound_type_err_0 ... ok
[INFO] [stdout] test binary::decode::tests::webidl_dictionary_field_ok_0 ... ok
[INFO] [stdout] test binary::decode::tests::webidl_dictionary_field_err_1 ... ok
[INFO] [stdout] test binary::decode::tests::webidl_dictionary_err_1 ... ok
[INFO] [stdout] test binary::decode::tests::webidl_enumeration_err_0 ... ok
[INFO] [stdout] test binary::decode::tests::webidl_bindings_err_3 ... ok
[INFO] [stdout] test binary::decode::tests::webidl_enumeration_ok_0 ... ok
[INFO] [stdout] test binary::decode::tests::webidl_dictionary_ok_0 ... ok
[INFO] [stdout] test binary::decode::tests::webidl_enumeration_ok_1 ... ok
[INFO] [stdout] test binary::decode::tests::webidl_enumeration_err_1 ... ok
[INFO] [stdout] test binary::decode::tests::webidl_function_err_0 ... ok
[INFO] [stdout] test binary::decode::tests::webidl_function_err_1 ... ok
[INFO] [stdout] test binary::decode::tests::webidl_function_err_2 ... ok
[INFO] [stdout] test binary::decode::tests::webidl_function_err_3 ... ok
[INFO] [stdout] test binary::decode::tests::webidl_function_kind_err_0 ... ok
[INFO] [stdout] test binary::decode::tests::webidl_function_kind_ok_0 ... ok
[INFO] [stdout] test binary::decode::tests::webidl_function_kind_err_1 ... ok
[INFO] [stdout] test binary::decode::tests::webidl_function_kind_ok_2 ... ok
[INFO] [stdout] test binary::decode::tests::webidl_type_ref_err_1 ... ok
[INFO] [stdout] test binary::decode::tests::webidl_function_ok_0 ... ok
[INFO] [stdout] test binary::decode::tests::webidl_function_ok_1 ... ok
[INFO] [stdout] test binary::decode::tests::webidl_function_err_4 ... ok
[INFO] [stdout] test binary::decode::tests::webidl_type_ref_err_0 ... ok
[INFO] [stdout] test binary::decode::tests::webidl_function_kind_ok_1 ... ok
[INFO] [stdout] test binary::decode::tests::webidl_type_ref_err_2 ... ok
[INFO] [stdout] test binary::decode::tests::webidl_type_ref_ok_0 ... ok
[INFO] [stdout] test binary::decode::tests::webidl_type_ref_ok_1 ... ok
[INFO] [stdout] test binary::decode::tests::webidl_type_ref_ok_10 ... ok
[INFO] [stdout] test binary::decode::tests::webidl_type_ref_ok_11 ... ok
[INFO] [stdout] test binary::decode::tests::webidl_type_ref_ok_12 ... ok
[INFO] [stdout] test binary::decode::tests::webidl_type_ref_ok_15 ... ok
[INFO] [stdout] test binary::decode::tests::webidl_type_ref_ok_16 ... ok
[INFO] [stdout] test binary::decode::tests::webidl_type_ref_ok_14 ... ok
[INFO] [stdout] test binary::decode::tests::webidl_type_ref_ok_17 ... ok
[INFO] [stdout] test binary::decode::tests::webidl_type_ref_ok_13 ... ok
[INFO] [stdout] test binary::decode::tests::webidl_type_ref_ok_2 ... ok
[INFO] [stdout] test binary::decode::tests::webidl_type_ref_ok_18 ... ok
[INFO] [stdout] test binary::decode::tests::webidl_type_ref_ok_20 ... ok
[INFO] [stdout] test binary::decode::tests::webidl_type_ref_ok_19 ... ok
[INFO] [stdout] test binary::decode::tests::webidl_type_ref_ok_21 ... ok
[INFO] [stdout] test binary::decode::tests::webidl_type_ref_ok_22 ... ok
[INFO] [stdout] test binary::decode::tests::webidl_type_ref_ok_23 ... ok
[INFO] [stdout] test binary::decode::tests::webidl_type_ref_ok_26 ... ok
[INFO] [stdout] test binary::decode::tests::webidl_type_ref_ok_25 ... ok
[INFO] [stdout] test binary::decode::tests::webidl_type_ref_ok_28 ... ok
[INFO] [stdout] test binary::decode::tests::webidl_type_ref_ok_3 ... ok
[INFO] [stdout] test binary::decode::tests::webidl_type_ref_ok_27 ... ok
[INFO] [stdout] test binary::decode::tests::webidl_type_ref_ok_24 ... ok
[INFO] [stdout] test binary::decode::tests::webidl_type_ref_ok_32 ... ok
[INFO] [stdout] test binary::decode::tests::webidl_type_ref_ok_30 ... ok
[INFO] [stdout] test binary::decode::tests::webidl_type_ref_ok_29 ... ok
[INFO] [stdout] test binary::decode::tests::webidl_type_ref_ok_4 ... ok
[INFO] [stdout] test binary::decode::tests::webidl_type_ref_ok_31 ... ok
[INFO] [stdout] test binary::decode::tests::webidl_type_ref_ok_5 ... ok
[INFO] [stdout] test binary::decode::tests::webidl_type_ref_ok_6 ... ok
[INFO] [stdout] test binary::decode::tests::webidl_type_ref_ok_7 ... ok
[INFO] [stdout] test binary::decode::tests::webidl_type_ref_ok_8 ... ok
[INFO] [stdout] test binary::decode::tests::webidl_type_ref_ok_9 ... ok
[INFO] [stdout] test binary::decode::tests::webidl_types_err_1 ... ok
[INFO] [stdout] test binary::decode::tests::webidl_types_err_2 ... ok
[INFO] [stdout] test binary::decode::tests::webidl_types_err_0 ... ok
[INFO] [stdout] test binary::decode::tests::webidl_types_ok_0 ... ok
[INFO] [stdout] test binary::decode::tests::webidl_union_err_0 ... ok
[INFO] [stdout] test binary::decode::tests::webidl_union_err_1 ... ok
[INFO] [stdout] test binary::decode::tests::webidl_union_ok_0 ... ok
[INFO] [stdout] test binary::encode::tests::bind ... ok
[INFO] [stdout] test binary::encode::tests::function_binding_export ... ok
[INFO] [stdout] test binary::decode::tests::webidl_union_ok_1 ... ok
[INFO] [stdout] test binary::encode::tests::function_binding_import ... ok
[INFO] [stdout] test binary::encode::tests::incoming_binding_expression_alloc_copy ... ok
[INFO] [stdout] test binary::encode::tests::incoming_binding_expression_as ... ok
[INFO] [stdout] test binary::encode::tests::incoming_binding_expression_alloc_utf8_str ... ok
[INFO] [stdout] test binary::encode::tests::incoming_binding_expression_bind_import ... ok
[INFO] [stdout] test binary::encode::tests::incoming_binding_expression_enum_to_i32 ... ok
[INFO] [stdout] test binary::encode::tests::incoming_binding_expression_field ... ok
[INFO] [stdout] test binary::encode::tests::incoming_binding_map ... ok
[INFO] [stdout] test binary::encode::tests::outgoing_binding_expression_as ... ok
[INFO] [stdout] test binary::encode::tests::outgoing_binding_expression_bind_export ... ok
[INFO] [stdout] test binary::encode::tests::outgoing_binding_expression_copy ... ok
[INFO] [stdout] test binary::encode::tests::incoming_binding_expression_get ... ok
[INFO] [stdout] test binary::encode::tests::outgoing_binding_expression_dict ... ok
[INFO] [stdout] test binary::encode::tests::outgoing_binding_expression_i32_to_enum ... ok
[INFO] [stdout] test binary::encode::tests::outgoing_binding_expression_utf8_str ... ok
[INFO] [stdout] test binary::encode::tests::outgoing_binding_expression_utf8_cstr ... ok
[INFO] [stdout] test binary::encode::tests::outgoing_binding_expression_view ... ok
[INFO] [stdout] test binary::encode::tests::outgoing_binding_map ... ok
[INFO] [stdout] test binary::encode::tests::webidl_bindings_sec ... ok
[INFO] [stdout] test binary::encode::tests::webidl_dictionary ... ok
[INFO] [stdout] test binary::encode::tests::webidl_enumeration ... ok
[INFO] [stdout] test binary::encode::tests::webidl_function_result ... ok
[INFO] [stdout] test binary::encode::tests::webidl_function_static ... ok
[INFO] [stdout] test binary::encode::tests::webidl_type_enumeration ... ok
[INFO] [stdout] test binary::encode::tests::webidl_type_function ... ok
[INFO] [stdout] test binary::encode::tests::webidl_type_ref ... ok
[INFO] [stdout] test binary::encode::tests::webidl_type_dictionary ... ok
[INFO] [stdout] test binary::encode::tests::webidl_type_union ... ok
[INFO] [stdout] test binary::encode::tests::webidl_union ... ok
[INFO] [stdout] test binary::encode::tests::webidl_function_constructor ... ok
[INFO] [stdout] test binary::encode::tests::webidl_function_method ... ok
[INFO] [stdout] test binary::encode::tests::webidl_function_params ... ok
[INFO] [stdout] 
[INFO] [stdout] test result: ok. 226 passed; 0 failed; 0 ignored; 0 measured; 0 filtered out; finished in 0.09s
[INFO] [stdout] 
[INFO] [stderr]      Running tests/readme_up_to_date.rs (/opt/rustwide/target/debug/deps/readme_up_to_date-b74e23a41f26fed9)
[INFO] [stdout] 
[INFO] [stdout] running 1 test
[INFO] [stdout] test cargo_readme_up_to_date ... FAILED
[INFO] [stdout] 
[INFO] [stdout] failures:
[INFO] [stdout] 
[INFO] [stdout] ---- cargo_readme_up_to_date stdout ----
[INFO] [stdout] Checking that `cargo readme > README.md` is up to date...
[INFO] [stdout] thread 'cargo_readme_up_to_date' panicked at tests/readme_up_to_date.rs:20:9:
[INFO] [stdout] Run `cargo readme > README.md` to update README.md
[INFO] [stdout] stack backtrace:
[INFO] [stdout]    0:     0x5787ef2d5a6a - std::backtrace_rs::backtrace::libunwind::trace::h207520d6e9873551
[INFO] [stdout]                                at /rustc/df4ca44d3fbc9301ee17f30f4d474e6ae4b05252/library/std/src/../../backtrace/src/backtrace/libunwind.rs:116:5
[INFO] [stdout]    1:     0x5787ef2d5a6a - std::backtrace_rs::backtrace::trace_unsynchronized::h2ed7433f370e3eca
[INFO] [stdout]                                at /rustc/df4ca44d3fbc9301ee17f30f4d474e6ae4b05252/library/std/src/../../backtrace/src/backtrace/mod.rs:66:5
[INFO] [stdout]    2:     0x5787ef2d5a6a - std::sys::backtrace::_print_fmt::h916fac51166b18d7
[INFO] [stdout]                                at /rustc/df4ca44d3fbc9301ee17f30f4d474e6ae4b05252/library/std/src/sys/backtrace.rs:66:9
[INFO] [stdout]    3:     0x5787ef2d5a6a - <std::sys::backtrace::BacktraceLock::print::DisplayBacktrace as core::fmt::Display>::fmt::ha0a4c9b8ce3802e6
[INFO] [stdout]                                at /rustc/df4ca44d3fbc9301ee17f30f4d474e6ae4b05252/library/std/src/sys/backtrace.rs:39:26
[INFO] [stdout]    4:     0x5787ef2fc163 - core::fmt::rt::Argument::fmt::h4cfc8587d52b3eb5
[INFO] [stdout]                                at /rustc/df4ca44d3fbc9301ee17f30f4d474e6ae4b05252/library/core/src/fmt/rt.rs:177:76
[INFO] [stdout]    5:     0x5787ef2fc163 - core::fmt::write::h522cc39e5b36ae9f
[INFO] [stdout]                                at /rustc/df4ca44d3fbc9301ee17f30f4d474e6ae4b05252/library/core/src/fmt/mod.rs:1190:21
[INFO] [stdout]    6:     0x5787ef2d26d3 - std::io::Write::write_fmt::h7d3c26752da97734
[INFO] [stdout]                                at /rustc/df4ca44d3fbc9301ee17f30f4d474e6ae4b05252/library/std/src/io/mod.rs:1839:15
[INFO] [stdout]    7:     0x5787ef2d58b2 - std::sys::backtrace::BacktraceLock::print::h4b9e00b29e9c0942
[INFO] [stdout]                                at /rustc/df4ca44d3fbc9301ee17f30f4d474e6ae4b05252/library/std/src/sys/backtrace.rs:42:9
[INFO] [stdout]    8:     0x5787ef2d6efa - std::panicking::default_hook::{{closure}}::hb59b88280d0324d9
[INFO] [stdout]                                at /rustc/df4ca44d3fbc9301ee17f30f4d474e6ae4b05252/library/std/src/panicking.rs:268:22
[INFO] [stdout]    9:     0x5787ef2d6d04 - std::panicking::default_hook::he1dd496665be4a29
[INFO] [stdout]                                at /rustc/df4ca44d3fbc9301ee17f30f4d474e6ae4b05252/library/std/src/panicking.rs:292:9
[INFO] [stdout]   10:     0x5787ef2a03d9 - <alloc::boxed::Box<F,A> as core::ops::function::Fn<Args>>::call::h4ff71de18744e1dc
[INFO] [stdout]                                at /rustc/df4ca44d3fbc9301ee17f30f4d474e6ae4b05252/library/alloc/src/boxed.rs:2468:9
[INFO] [stdout]   11:     0x5787ef2a03d9 - test::test_main::{{closure}}::hcf7c055ce117aa81
[INFO] [stdout]                                at /rustc/df4ca44d3fbc9301ee17f30f4d474e6ae4b05252/library/test/src/lib.rs:133:21
[INFO] [stdout]   12:     0x5787ef2d75f8 - <alloc::boxed::Box<F,A> as core::ops::function::Fn<Args>>::call::h1d66c6bbd60c9692
[INFO] [stdout]                                at /rustc/df4ca44d3fbc9301ee17f30f4d474e6ae4b05252/library/alloc/src/boxed.rs:2468:9
[INFO] [stdout]   13:     0x5787ef2d75f8 - std::panicking::rust_panic_with_hook::h2ff17fe8f26dfcf8
[INFO] [stdout]                                at /rustc/df4ca44d3fbc9301ee17f30f4d474e6ae4b05252/library/std/src/panicking.rs:809:13
[INFO] [stdout]   14:     0x5787ef26186a - std::panicking::begin_panic::{{closure}}::h72d07059837dc662
[INFO] [stdout]                                at /rustc/df4ca44d3fbc9301ee17f30f4d474e6ae4b05252/library/std/src/panicking.rs:738:9
[INFO] [stdout]   15:     0x5787ef261606 - std::sys::backtrace::__rust_end_short_backtrace::he427c3550c219719
[INFO] [stdout]                                at /rustc/df4ca44d3fbc9301ee17f30f4d474e6ae4b05252/library/std/src/sys/backtrace.rs:170:18
[INFO] [stdout]   16:     0x5787ef261812 - std::panicking::begin_panic::hda7c6f80b9a32b0f
[INFO] [stdout]                                at /rustc/df4ca44d3fbc9301ee17f30f4d474e6ae4b05252/library/std/src/panicking.rs:737:5
[INFO] [stdout]   17:     0x5787ef266443 - readme_up_to_date::cargo_readme_up_to_date::h37809b0c62d4298e
[INFO] [stdout]                                at /opt/rustwide/workdir/tests/readme_up_to_date.rs:20:9
[INFO] [stdout]   18:     0x5787ef2661a7 - readme_up_to_date::cargo_readme_up_to_date::{{closure}}::h53f68abd19ce5731
[INFO] [stdout]                                at /opt/rustwide/workdir/tests/readme_up_to_date.rs:5:29
[INFO] [stdout]   19:     0x5787ef261df6 - core::ops::function::FnOnce::call_once::hab324d360878916e
[INFO] [stdout]                                at /rustc/df4ca44d3fbc9301ee17f30f4d474e6ae4b05252/library/core/src/ops/function.rs:250:5
[INFO] [stdout]   20:     0x5787ef2a4cab - core::ops::function::FnOnce::call_once::h22c3ba5715e93f05
[INFO] [stdout]                                at /rustc/df4ca44d3fbc9301ee17f30f4d474e6ae4b05252/library/core/src/ops/function.rs:250:5
[INFO] [stdout]   21:     0x5787ef2a4cab - test::__rust_begin_short_backtrace::h8e82d8113d0da17f
[INFO] [stdout]                                at /rustc/df4ca44d3fbc9301ee17f30f4d474e6ae4b05252/library/test/src/lib.rs:621:18
[INFO] [stdout]   22:     0x5787ef2a4627 - test::run_test_in_process::{{closure}}::h33235f4f20b7b7c7
[INFO] [stdout]                                at /rustc/df4ca44d3fbc9301ee17f30f4d474e6ae4b05252/library/test/src/lib.rs:644:60
[INFO] [stdout]   23:     0x5787ef2a4627 - <core::panic::unwind_safe::AssertUnwindSafe<F> as core::ops::function::FnOnce<()>>::call_once::hb5043206310c586f
[INFO] [stdout]                                at /rustc/df4ca44d3fbc9301ee17f30f4d474e6ae4b05252/library/core/src/panic/unwind_safe.rs:272:9
[INFO] [stdout]   24:     0x5787ef2a4627 - std::panicking::try::do_call::h9ad4731a60ab23e2
[INFO] [stdout]                                at /rustc/df4ca44d3fbc9301ee17f30f4d474e6ae4b05252/library/std/src/panicking.rs:557:40
[INFO] [stdout]   25:     0x5787ef2a4627 - std::panicking::try::h3824d23db772a716
[INFO] [stdout]                                at /rustc/df4ca44d3fbc9301ee17f30f4d474e6ae4b05252/library/std/src/panicking.rs:520:19
[INFO] [stdout]   26:     0x5787ef2a4627 - std::panic::catch_unwind::h5afd514605fde46b
[INFO] [stdout]                                at /rustc/df4ca44d3fbc9301ee17f30f4d474e6ae4b05252/library/std/src/panic.rs:358:14
[INFO] [stdout]   27:     0x5787ef2a4627 - test::run_test_in_process::h0d5cbfa7067d1720
[INFO] [stdout]                                at /rustc/df4ca44d3fbc9301ee17f30f4d474e6ae4b05252/library/test/src/lib.rs:644:27
[INFO] [stdout]   28:     0x5787ef2a4627 - test::run_test::{{closure}}::h708eb8872708115d
[INFO] [stdout]                                at /rustc/df4ca44d3fbc9301ee17f30f4d474e6ae4b05252/library/test/src/lib.rs:565:43
[INFO] [stdout]   29:     0x5787ef267d44 - test::run_test::{{closure}}::h392c51cee94713ab
[INFO] [stdout]                                at /rustc/df4ca44d3fbc9301ee17f30f4d474e6ae4b05252/library/test/src/lib.rs:595:41
[INFO] [stdout]   30:     0x5787ef267d44 - std::sys::backtrace::__rust_begin_short_backtrace::h2f40290710935a8b
[INFO] [stdout]                                at /rustc/df4ca44d3fbc9301ee17f30f4d474e6ae4b05252/library/std/src/sys/backtrace.rs:154:18
[INFO] [stdout]   31:     0x5787ef26b4ee - std::thread::Builder::spawn_unchecked_::{{closure}}::{{closure}}::h3fd968d89053a903
[INFO] [stdout]                                at /rustc/df4ca44d3fbc9301ee17f30f4d474e6ae4b05252/library/std/src/thread/mod.rs:541:17
[INFO] [stdout]   32:     0x5787ef26b4ee - <core::panic::unwind_safe::AssertUnwindSafe<F> as core::ops::function::FnOnce<()>>::call_once::h743f637ba4229880
[INFO] [stdout]                                at /rustc/df4ca44d3fbc9301ee17f30f4d474e6ae4b05252/library/core/src/panic/unwind_safe.rs:272:9
[INFO] [stdout]   33:     0x5787ef26b4ee - std::panicking::try::do_call::h07440897322525a6
[INFO] [stdout]                                at /rustc/df4ca44d3fbc9301ee17f30f4d474e6ae4b05252/library/std/src/panicking.rs:557:40
[INFO] [stdout]   34:     0x5787ef26b4ee - std::panicking::try::he5a2e00188156637
[INFO] [stdout]                                at /rustc/df4ca44d3fbc9301ee17f30f4d474e6ae4b05252/library/std/src/panicking.rs:520:19
[INFO] [stdout]   35:     0x5787ef26b4ee - std::panic::catch_unwind::hbaf3cae49b3c6433
[INFO] [stdout]                                at /rustc/df4ca44d3fbc9301ee17f30f4d474e6ae4b05252/library/std/src/panic.rs:358:14
[INFO] [stdout]   36:     0x5787ef26b4ee - std::thread::Builder::spawn_unchecked_::{{closure}}::h8e141ea224820bce
[INFO] [stdout]                                at /rustc/df4ca44d3fbc9301ee17f30f4d474e6ae4b05252/library/std/src/thread/mod.rs:540:30
[INFO] [stdout]   37:     0x5787ef26b4ee - core::ops::function::FnOnce::call_once{{vtable.shim}}::h90d312fedd7b8ea8
[INFO] [stdout]                                at /rustc/df4ca44d3fbc9301ee17f30f4d474e6ae4b05252/library/core/src/ops/function.rs:250:5
[INFO] [stdout]   38:     0x5787ef2db55b - <alloc::boxed::Box<F,A> as core::ops::function::FnOnce<Args>>::call_once::h69aa08ddb6adb8b6
[INFO] [stdout]                                at /rustc/df4ca44d3fbc9301ee17f30f4d474e6ae4b05252/library/alloc/src/boxed.rs:2454:9
[INFO] [stdout]   39:     0x5787ef2db55b - <alloc::boxed::Box<F,A> as core::ops::function::FnOnce<Args>>::call_once::h5aa36efdb79c806f
[INFO] [stdout]                                at /rustc/df4ca44d3fbc9301ee17f30f4d474e6ae4b05252/library/alloc/src/boxed.rs:2454:9
[INFO] [stdout]   40:     0x5787ef2db55b - std::sys::pal::unix::thread::Thread::new::thread_start::h6cd80a1b4be5158d
[INFO] [stdout]                                at /rustc/df4ca44d3fbc9301ee17f30f4d474e6ae4b05252/library/std/src/sys/pal/unix/thread.rs:105:17
[INFO] [stdout]   41:     0x752840e3fac3 - <unknown>
[INFO] [stdout]   42:     0x752840ed0a04 - clone
[INFO] [stdout]   43:                0x0 - <unknown>
[INFO] [stdout] 
[INFO] [stdout] 
[INFO] [stdout] failures:
[INFO] [stdout]     cargo_readme_up_to_date
[INFO] [stdout] 
[INFO] [stdout] test result: FAILED. 0 passed; 1 failed; 0 ignored; 0 measured; 0 filtered out; finished in 0.12s
[INFO] [stdout] 
[INFO] [stderr] error: test failed, to rerun pass `--test readme_up_to_date`
[INFO] running `Command { std: "docker" "inspect" "1ba31be6220ef6c7e71087734770e1c1bce291b10739ce2bce7e463b2dc87f2a", kill_on_drop: false }`
[INFO] running `Command { std: "docker" "rm" "-f" "1ba31be6220ef6c7e71087734770e1c1bce291b10739ce2bce7e463b2dc87f2a", kill_on_drop: false }`
[INFO] [stdout] 1ba31be6220ef6c7e71087734770e1c1bce291b10739ce2bce7e463b2dc87f2a
