[INFO] fetching crate wasm-bridge 0.4.0...
[INFO] testing wasm-bridge-0.4.0 against nightly-2024-10-28+rustflags=-Zrandomize-layout for randomize-layout
[INFO] extracting crate wasm-bridge 0.4.0 into /workspace/builds/worker-7-tc2/source
[INFO] validating manifest of crates.io crate wasm-bridge 0.4.0 on toolchain nightly-2024-10-28
[INFO] running `Command { std: CARGO_HOME="/workspace/cargo-home" RUSTUP_HOME="/workspace/rustup-home" "/workspace/cargo-home/bin/cargo" "+nightly-2024-10-28" "metadata" "--manifest-path" "Cargo.toml" "--no-deps", kill_on_drop: false }`
[INFO] started tweaking crates.io crate wasm-bridge 0.4.0
[INFO] finished tweaking crates.io crate wasm-bridge 0.4.0
[INFO] tweaked toml for crates.io crate wasm-bridge 0.4.0 written to /workspace/builds/worker-7-tc2/source/Cargo.toml
[INFO] running `Command { std: CARGO_HOME="/workspace/cargo-home" RUSTUP_HOME="/workspace/rustup-home" "/workspace/cargo-home/bin/cargo" "+nightly-2024-10-28" "generate-lockfile" "--manifest-path" "Cargo.toml", kill_on_drop: false }`
[INFO] [stderr]     Updating crates.io index
[INFO] [stderr]      Locking 156 packages to latest compatible versions
[INFO] [stderr]       Adding wasmtime v19.0.2 (available: v26.0.0)
[INFO] running `Command { std: CARGO_HOME="/workspace/cargo-home" RUSTUP_HOME="/workspace/rustup-home" "/workspace/cargo-home/bin/cargo" "+nightly-2024-10-28" "fetch" "--manifest-path" "Cargo.toml", kill_on_drop: false }`
[INFO] running `Command { std: "docker" "create" "-v" "/var/lib/crater-agent-workspace/builds/worker-7-tc2/target:/opt/rustwide/target:rw,Z" "-v" "/var/lib/crater-agent-workspace/builds/worker-7-tc2/source:/opt/rustwide/workdir:ro,Z" "-v" "/var/lib/crater-agent-workspace/cargo-home:/opt/rustwide/cargo-home:ro,Z" "-v" "/var/lib/crater-agent-workspace/rustup-home:/opt/rustwide/rustup-home:ro,Z" "-e" "SOURCE_DIR=/opt/rustwide/workdir" "-e" "CARGO_TARGET_DIR=/opt/rustwide/target" "-e" "CARGO_HOME=/opt/rustwide/cargo-home" "-e" "RUSTUP_HOME=/opt/rustwide/rustup-home" "-w" "/opt/rustwide/workdir" "-m" "1610612736" "--user" "0:0" "--network" "none" "ghcr.io/rust-lang/crates-build-env/linux@sha256:4a844ea9eb2546a2d2c7022eacef16ef2e8229c7fbb2c7d4d55a9ceca922f72d" "/opt/rustwide/cargo-home/bin/cargo" "+nightly-2024-10-28" "metadata" "--no-deps" "--format-version=1", kill_on_drop: false }`
[INFO] [stdout] 23f6fdf251d57f4c9050619874c8bffb2542ac2b1ae569b5147dc3ed812c0ff3
[INFO] running `Command { std: "docker" "start" "-a" "23f6fdf251d57f4c9050619874c8bffb2542ac2b1ae569b5147dc3ed812c0ff3", kill_on_drop: false }`
[INFO] running `Command { std: "docker" "inspect" "23f6fdf251d57f4c9050619874c8bffb2542ac2b1ae569b5147dc3ed812c0ff3", kill_on_drop: false }`
[INFO] running `Command { std: "docker" "rm" "-f" "23f6fdf251d57f4c9050619874c8bffb2542ac2b1ae569b5147dc3ed812c0ff3", kill_on_drop: false }`
[INFO] [stdout] 23f6fdf251d57f4c9050619874c8bffb2542ac2b1ae569b5147dc3ed812c0ff3
[INFO] running `Command { std: "docker" "create" "-v" "/var/lib/crater-agent-workspace/builds/worker-7-tc2/target:/opt/rustwide/target:rw,Z" "-v" "/var/lib/crater-agent-workspace/builds/worker-7-tc2/source:/opt/rustwide/workdir:ro,Z" "-v" "/var/lib/crater-agent-workspace/cargo-home:/opt/rustwide/cargo-home:ro,Z" "-v" "/var/lib/crater-agent-workspace/rustup-home:/opt/rustwide/rustup-home:ro,Z" "-e" "SOURCE_DIR=/opt/rustwide/workdir" "-e" "CARGO_TARGET_DIR=/opt/rustwide/target" "-e" "CARGO_INCREMENTAL=0" "-e" "RUST_BACKTRACE=full" "-e" "RUSTFLAGS=--cap-lints=forbid -Zrandomize-layout" "-e" "RUSTDOCFLAGS=--cap-lints=forbid" "-e" "CARGO_HOME=/opt/rustwide/cargo-home" "-e" "RUSTUP_HOME=/opt/rustwide/rustup-home" "-w" "/opt/rustwide/workdir" "-m" "1610612736" "--user" "0:0" "--network" "none" "ghcr.io/rust-lang/crates-build-env/linux@sha256:4a844ea9eb2546a2d2c7022eacef16ef2e8229c7fbb2c7d4d55a9ceca922f72d" "/opt/rustwide/cargo-home/bin/cargo" "+nightly-2024-10-28" "build" "--frozen" "--message-format=json", kill_on_drop: false }`
[INFO] [stdout] fdfd3c20221448c94b9f747f1553242032fbac1b003a34f2d80da19b4fc82f68
[INFO] running `Command { std: "docker" "start" "-a" "fdfd3c20221448c94b9f747f1553242032fbac1b003a34f2d80da19b4fc82f68", kill_on_drop: false }`
[INFO] [stderr]    Compiling serde v1.0.214
[INFO] [stderr]    Compiling ahash v0.8.11
[INFO] [stderr]    Compiling zerocopy v0.7.35
[INFO] [stderr]    Compiling cranelift-isle v0.106.2
[INFO] [stderr]    Compiling target-lexicon v0.12.16
[INFO] [stderr]    Compiling semver v1.0.23
[INFO] [stderr]    Compiling log v0.4.22
[INFO] [stderr]    Compiling syn v2.0.86
[INFO] [stderr]    Compiling cranelift-codegen-shared v0.106.2
[INFO] [stderr]    Compiling bumpalo v3.16.0
[INFO] [stderr]    Compiling cranelift-codegen-meta v0.106.2
[INFO] [stderr]    Compiling arbitrary v1.3.2
[INFO] [stderr]    Compiling hashbrown v0.14.5
[INFO] [stderr]    Compiling hashbrown v0.13.2
[INFO] [stderr]    Compiling slice-group-by v0.3.1
[INFO] [stderr]    Compiling smallvec v1.13.2
[INFO] [stderr]    Compiling rustc-hash v1.1.0
[INFO] [stderr]    Compiling cranelift-control v0.106.2
[INFO] [stderr]    Compiling crc32fast v1.4.2
[INFO] [stderr]    Compiling regalloc2 v0.9.3
[INFO] [stderr]    Compiling leb128 v0.2.5
[INFO] [stderr]    Compiling rustix v0.38.38
[INFO] [stderr]    Compiling memoffset v0.9.1
[INFO] [stderr]    Compiling paste v1.0.15
[INFO] [stderr]    Compiling either v1.13.0
[INFO] [stderr]    Compiling linux-raw-sys v0.4.14
[INFO] [stderr]    Compiling itertools v0.12.1
[INFO] [stderr]    Compiling wasm-encoder v0.219.1
[INFO] [stderr]    Compiling wast v219.0.1
[INFO] [stderr]    Compiling wasm-encoder v0.201.0
[INFO] [stderr]    Compiling wasmtime-asm-macros v19.0.2
[INFO] [stderr]    Compiling sptr v0.3.2
[INFO] [stderr]    Compiling wasmtime-wmemcheck v19.0.2
[INFO] [stderr]    Compiling indexmap v2.6.0
[INFO] [stderr]    Compiling cranelift-codegen v0.106.2
[INFO] [stderr]    Compiling bincode v1.3.3
[INFO] [stderr]    Compiling serde_json v1.0.132
[INFO] [stderr]    Compiling wasmtime-jit-icache-coherence v19.0.2
[INFO] [stderr]    Compiling wasmtime-slab v19.0.2
[INFO] [stderr]    Compiling gimli v0.28.1
[INFO] [stderr]    Compiling wasmparser v0.201.0
[INFO] [stderr]    Compiling object v0.32.2
[INFO] [stderr]    Compiling serde_derive v1.0.214
[INFO] [stderr]    Compiling thiserror-impl v1.0.66
[INFO] [stderr]    Compiling wasmtime-versioned-export-macros v19.0.2
[INFO] [stderr]    Compiling wasmtime-runtime v19.0.2
[INFO] [stderr]    Compiling thiserror v1.0.66
[INFO] [stderr]    Compiling memfd v0.6.4
[INFO] [stderr]    Compiling ref-cast-impl v1.0.23
[INFO] [stderr]    Compiling ref-cast v1.0.23
[INFO] [stderr]    Compiling cranelift-entity v0.106.2
[INFO] [stderr]    Compiling cranelift-bforest v0.106.2
[INFO] [stderr]    Compiling wat v1.219.1
[INFO] [stderr]    Compiling wasmtime-types v19.0.2
[INFO] [stderr]    Compiling wasmtime-environ v19.0.2
[INFO] [stderr]    Compiling cranelift-native v0.106.2
[INFO] [stderr]    Compiling cranelift-frontend v0.106.2
[INFO] [stderr]    Compiling wasmtime-cranelift-shared v19.0.2
[INFO] [stderr]    Compiling cranelift-wasm v0.106.2
[INFO] [stderr]    Compiling wasmtime-cranelift v19.0.2
[INFO] [stderr]    Compiling wasmtime v19.0.2
[INFO] [stderr]    Compiling wasm-bridge v0.4.0 (/opt/rustwide/workdir)
[INFO] [stderr]     Finished `dev` profile [unoptimized + debuginfo] target(s) in 26.91s
[INFO] running `Command { std: "docker" "inspect" "fdfd3c20221448c94b9f747f1553242032fbac1b003a34f2d80da19b4fc82f68", kill_on_drop: false }`
[INFO] running `Command { std: "docker" "rm" "-f" "fdfd3c20221448c94b9f747f1553242032fbac1b003a34f2d80da19b4fc82f68", kill_on_drop: false }`
[INFO] [stdout] fdfd3c20221448c94b9f747f1553242032fbac1b003a34f2d80da19b4fc82f68
[INFO] running `Command { std: "docker" "create" "-v" "/var/lib/crater-agent-workspace/builds/worker-7-tc2/target:/opt/rustwide/target:rw,Z" "-v" "/var/lib/crater-agent-workspace/builds/worker-7-tc2/source:/opt/rustwide/workdir:ro,Z" "-v" "/var/lib/crater-agent-workspace/cargo-home:/opt/rustwide/cargo-home:ro,Z" "-v" "/var/lib/crater-agent-workspace/rustup-home:/opt/rustwide/rustup-home:ro,Z" "-e" "SOURCE_DIR=/opt/rustwide/workdir" "-e" "CARGO_TARGET_DIR=/opt/rustwide/target" "-e" "CARGO_INCREMENTAL=0" "-e" "RUST_BACKTRACE=full" "-e" "RUSTFLAGS=--cap-lints=forbid -Zrandomize-layout" "-e" "RUSTDOCFLAGS=--cap-lints=forbid" "-e" "CARGO_HOME=/opt/rustwide/cargo-home" "-e" "RUSTUP_HOME=/opt/rustwide/rustup-home" "-w" "/opt/rustwide/workdir" "-m" "1610612736" "--user" "0:0" "--network" "none" "ghcr.io/rust-lang/crates-build-env/linux@sha256:4a844ea9eb2546a2d2c7022eacef16ef2e8229c7fbb2c7d4d55a9ceca922f72d" "/opt/rustwide/cargo-home/bin/cargo" "+nightly-2024-10-28" "test" "--frozen" "--no-run" "--message-format=json", kill_on_drop: false }`
[INFO] [stdout] 75edfabff58498a4f9cfbd5f765fc95db23a7bb5119db8c6e66576c1e859fc0c
[INFO] running `Command { std: "docker" "start" "-a" "75edfabff58498a4f9cfbd5f765fc95db23a7bb5119db8c6e66576c1e859fc0c", kill_on_drop: false }`
[INFO] [stderr]    Compiling syn v2.0.86
[INFO] [stderr]    Compiling wasm-bindgen-shared v0.2.95
[INFO] [stderr]    Compiling wasm-bindgen v0.2.95
[INFO] [stderr]    Compiling scoped-tls v1.0.1
[INFO] [stderr]    Compiling wasm-bindgen-backend v0.2.95
[INFO] [stderr]    Compiling serde_derive v1.0.214
[INFO] [stderr]    Compiling thiserror-impl v1.0.66
[INFO] [stderr]    Compiling wasmtime-versioned-export-macros v19.0.2
[INFO] [stderr]    Compiling ref-cast-impl v1.0.23
[INFO] [stderr]    Compiling wasm-bindgen-test-macro v0.3.45
[INFO] [stderr]    Compiling wasmtime-runtime v19.0.2
[INFO] [stderr]    Compiling ref-cast v1.0.23
[INFO] [stderr]    Compiling wasm-bindgen-macro-support v0.2.95
[INFO] [stderr]    Compiling thiserror v1.0.66
[INFO] [stderr]    Compiling wasm-bindgen-macro v0.2.95
[INFO] [stderr]    Compiling js-sys v0.3.72
[INFO] [stderr]    Compiling console_error_panic_hook v0.1.7
[INFO] [stderr]    Compiling cranelift-entity v0.106.2
[INFO] [stderr]    Compiling cranelift-bforest v0.106.2
[INFO] [stderr]    Compiling wasmtime-types v19.0.2
[INFO] [stderr]    Compiling cranelift-codegen v0.106.2
[INFO] [stderr]    Compiling wasmtime-environ v19.0.2
[INFO] [stderr]    Compiling wasm-bindgen-futures v0.4.45
[INFO] [stderr]    Compiling wasm-bindgen-test v0.3.45
[INFO] [stderr]    Compiling cranelift-frontend v0.106.2
[INFO] [stderr]    Compiling cranelift-native v0.106.2
[INFO] [stderr]    Compiling wasmtime-cranelift-shared v19.0.2
[INFO] [stderr]    Compiling cranelift-wasm v0.106.2
[INFO] [stderr]    Compiling wasmtime-cranelift v19.0.2
[INFO] [stderr]    Compiling wasmtime v19.0.2
[INFO] [stderr]    Compiling wasm-bridge v0.4.0 (/opt/rustwide/workdir)
[INFO] [stderr]     Finished `test` profile [unoptimized + debuginfo] target(s) in 22.75s
[INFO] running `Command { std: "docker" "inspect" "75edfabff58498a4f9cfbd5f765fc95db23a7bb5119db8c6e66576c1e859fc0c", kill_on_drop: false }`
[INFO] running `Command { std: "docker" "rm" "-f" "75edfabff58498a4f9cfbd5f765fc95db23a7bb5119db8c6e66576c1e859fc0c", kill_on_drop: false }`
[INFO] [stdout] 75edfabff58498a4f9cfbd5f765fc95db23a7bb5119db8c6e66576c1e859fc0c
[INFO] running `Command { std: "docker" "create" "-v" "/var/lib/crater-agent-workspace/builds/worker-7-tc2/target:/opt/rustwide/target:rw,Z" "-v" "/var/lib/crater-agent-workspace/builds/worker-7-tc2/source:/opt/rustwide/workdir:ro,Z" "-v" "/var/lib/crater-agent-workspace/cargo-home:/opt/rustwide/cargo-home:ro,Z" "-v" "/var/lib/crater-agent-workspace/rustup-home:/opt/rustwide/rustup-home:ro,Z" "-e" "SOURCE_DIR=/opt/rustwide/workdir" "-e" "CARGO_TARGET_DIR=/opt/rustwide/target" "-e" "CARGO_INCREMENTAL=0" "-e" "RUST_BACKTRACE=full" "-e" "RUSTFLAGS=--cap-lints=forbid -Zrandomize-layout" "-e" "RUSTDOCFLAGS=--cap-lints=forbid" "-e" "CARGO_HOME=/opt/rustwide/cargo-home" "-e" "RUSTUP_HOME=/opt/rustwide/rustup-home" "-w" "/opt/rustwide/workdir" "-m" "1610612736" "--user" "0:0" "--network" "none" "ghcr.io/rust-lang/crates-build-env/linux@sha256:4a844ea9eb2546a2d2c7022eacef16ef2e8229c7fbb2c7d4d55a9ceca922f72d" "/opt/rustwide/cargo-home/bin/cargo" "+nightly-2024-10-28" "test" "--frozen", kill_on_drop: false }`
[INFO] [stdout] f170ac1031a2340e7037b6b95c11a9eeb690373c8beef3562ed27417f2b3136a
[INFO] running `Command { std: "docker" "start" "-a" "f170ac1031a2340e7037b6b95c11a9eeb690373c8beef3562ed27417f2b3136a", kill_on_drop: false }`
[INFO] [stderr]     Finished `test` profile [unoptimized + debuginfo] target(s) in 0.07s
[INFO] [stderr]      Running unittests src/lib.rs (/opt/rustwide/target/debug/deps/wasm_bridge-89693c5c65832c51)
[INFO] [stdout] 
[INFO] [stdout] running 0 tests
[INFO] [stdout] 
[INFO] [stdout] test result: ok. 0 passed; 0 failed; 0 ignored; 0 measured; 0 filtered out; finished in 0.00s
[INFO] [stdout] 
[INFO] [stderr]    Doc-tests wasm_bridge
[INFO] [stdout] 
[INFO] [stdout] running 8 tests
[INFO] [stdout] test src/sys/mod.rs - sys::Module::new_safe (line 161) - compile ... FAILED
[INFO] [stdout] test src/sys/mod.rs - sys::Module (line 48) - compile ... FAILED
[INFO] [stdout] test src/sys/mod.rs - sys::Module (line 59) - compile ... FAILED
[INFO] [stdout] test src/sys/mod.rs - sys::Linker<T>::instantiate_safe (line 488) ... FAILED
[INFO] [stdout] test src/sys/mod.rs - sys::Module::new_safe (line 174) ... FAILED
[INFO] [stdout] test src/sys/mod.rs - sys::Linker<T>::func_wrap (line 576) ... FAILED
[INFO] [stdout] test src/sys/mod.rs - sys::Module (line 87) - compile ... FAILED
[INFO] [stdout] test src/sys/mod.rs - sys::Module (line 72) - compile ... FAILED
[INFO] [stdout] 
[INFO] [stdout] failures:
[INFO] [stdout] 
[INFO] [stdout] ---- src/sys/mod.rs - sys::Module::new_safe (line 161) stdout ----
[INFO] [stdout] error[E0433]: failed to resolve: use of undeclared crate or module `anyhow`
[INFO] [stdout]  --> src/sys/mod.rs:163:14
[INFO] [stdout]   |
[INFO] [stdout] 3 | fn main() -> anyhow::Result<()> {
[INFO] [stdout]   |              ^^^^^^ use of undeclared crate or module `anyhow`
[INFO] [stdout] 
[INFO] [stdout] error: aborting due to 1 previous error
[INFO] [stdout] 
[INFO] [stdout] For more information about this error, try `rustc --explain E0433`.
[INFO] [stdout] Couldn't compile the test.
[INFO] [stdout] ---- src/sys/mod.rs - sys::Module (line 48) stdout ----
[INFO] [stdout] error[E0433]: failed to resolve: use of undeclared crate or module `anyhow`
[INFO] [stdout]  --> src/sys/mod.rs:50:14
[INFO] [stdout]   |
[INFO] [stdout] 3 | fn main() -> anyhow::Result<()> {
[INFO] [stdout]   |              ^^^^^^ use of undeclared crate or module `anyhow`
[INFO] [stdout] 
[INFO] [stdout] error: aborting due to 1 previous error
[INFO] [stdout] 
[INFO] [stdout] For more information about this error, try `rustc --explain E0433`.
[INFO] [stdout] Couldn't compile the test.
[INFO] [stdout] ---- src/sys/mod.rs - sys::Module (line 59) stdout ----
[INFO] [stdout] error[E0433]: failed to resolve: use of undeclared crate or module `anyhow`
[INFO] [stdout]  --> src/sys/mod.rs:61:14
[INFO] [stdout]   |
[INFO] [stdout] 3 | fn main() -> anyhow::Result<()> {
[INFO] [stdout]   |              ^^^^^^ use of undeclared crate or module `anyhow`
[INFO] [stdout] 
[INFO] [stdout] error: aborting due to 1 previous error
[INFO] [stdout] 
[INFO] [stdout] For more information about this error, try `rustc --explain E0433`.
[INFO] [stdout] Couldn't compile the test.
[INFO] [stdout] ---- src/sys/mod.rs - sys::Linker<T>::instantiate_safe (line 488) stdout ----
[INFO] [stdout] error[E0433]: failed to resolve: use of undeclared crate or module `anyhow`
[INFO] [stdout]  --> src/sys/mod.rs:490:14
[INFO] [stdout]   |
[INFO] [stdout] 3 | fn main() -> anyhow::Result<()> {
[INFO] [stdout]   |              ^^^^^^ use of undeclared crate or module `anyhow`
[INFO] [stdout] 
[INFO] [stdout] error: aborting due to 1 previous error
[INFO] [stdout] 
[INFO] [stdout] For more information about this error, try `rustc --explain E0433`.
[INFO] [stdout] Couldn't compile the test.
[INFO] [stdout] ---- src/sys/mod.rs - sys::Module::new_safe (line 174) stdout ----
[INFO] [stdout] error[E0433]: failed to resolve: use of undeclared crate or module `anyhow`
[INFO] [stdout]  --> src/sys/mod.rs:176:14
[INFO] [stdout]   |
[INFO] [stdout] 3 | fn main() -> anyhow::Result<()> {
[INFO] [stdout]   |              ^^^^^^ use of undeclared crate or module `anyhow`
[INFO] [stdout] 
[INFO] [stdout] error: aborting due to 1 previous error
[INFO] [stdout] 
[INFO] [stdout] For more information about this error, try `rustc --explain E0433`.
[INFO] [stdout] Couldn't compile the test.
[INFO] [stdout] ---- src/sys/mod.rs - sys::Linker<T>::func_wrap (line 576) stdout ----
[INFO] [stdout] error[E0433]: failed to resolve: use of undeclared crate or module `anyhow`
[INFO] [stdout]  --> src/sys/mod.rs:578:14
[INFO] [stdout]   |
[INFO] [stdout] 3 | fn main() -> anyhow::Result<()> {
[INFO] [stdout]   |              ^^^^^^ use of undeclared crate or module `anyhow`
[INFO] [stdout] 
[INFO] [stdout] error: aborting due to 1 previous error
[INFO] [stdout] 
[INFO] [stdout] For more information about this error, try `rustc --explain E0433`.
[INFO] [stdout] Couldn't compile the test.
[INFO] [stdout] ---- src/sys/mod.rs - sys::Module (line 87) stdout ----
[INFO] [stdout] error[E0433]: failed to resolve: use of undeclared crate or module `anyhow`
[INFO] [stdout]  --> src/sys/mod.rs:89:14
[INFO] [stdout]   |
[INFO] [stdout] 3 | fn main() -> anyhow::Result<()> {
[INFO] [stdout]   |              ^^^^^^ use of undeclared crate or module `anyhow`
[INFO] [stdout] 
[INFO] [stdout] error: aborting due to 1 previous error
[INFO] [stdout] 
[INFO] [stdout] For more information about this error, try `rustc --explain E0433`.
[INFO] [stdout] Couldn't compile the test.
[INFO] [stdout] ---- src/sys/mod.rs - sys::Module (line 72) stdout ----
[INFO] [stdout] error[E0433]: failed to resolve: use of undeclared crate or module `anyhow`
[INFO] [stdout]  --> src/sys/mod.rs:74:14
[INFO] [stdout]   |
[INFO] [stdout] 3 | fn main() -> anyhow::Result<()> {
[INFO] [stdout]   |              ^^^^^^ use of undeclared crate or module `anyhow`
[INFO] [stdout] 
[INFO] [stdout] error: aborting due to 1 previous error
[INFO] [stdout] 
[INFO] [stdout] For more information about this error, try `rustc --explain E0433`.
[INFO] [stdout] Couldn't compile the test.
[INFO] [stdout] 
[INFO] [stdout] failures:
[INFO] [stdout]     src/sys/mod.rs - sys::Linker<T>::func_wrap (line 576)
[INFO] [stdout]     src/sys/mod.rs - sys::Linker<T>::instantiate_safe (line 488)
[INFO] [stdout]     src/sys/mod.rs - sys::Module (line 48)
[INFO] [stdout]     src/sys/mod.rs - sys::Module (line 59)
[INFO] [stdout]     src/sys/mod.rs - sys::Module (line 72)
[INFO] [stdout]     src/sys/mod.rs - sys::Module (line 87)
[INFO] [stdout]     src/sys/mod.rs - sys::Module::new_safe (line 161)
[INFO] [stdout]     src/sys/mod.rs - sys::Module::new_safe (line 174)
[INFO] [stdout] 
[INFO] [stdout] test result: FAILED. 0 passed; 8 failed; 0 ignored; 0 measured; 0 filtered out; finished in 0.08s
[INFO] [stdout] 
[INFO] [stderr] error: doctest failed, to rerun pass `--doc`
[INFO] running `Command { std: "docker" "inspect" "f170ac1031a2340e7037b6b95c11a9eeb690373c8beef3562ed27417f2b3136a", kill_on_drop: false }`
[INFO] running `Command { std: "docker" "rm" "-f" "f170ac1031a2340e7037b6b95c11a9eeb690373c8beef3562ed27417f2b3136a", kill_on_drop: false }`
[INFO] [stdout] f170ac1031a2340e7037b6b95c11a9eeb690373c8beef3562ed27417f2b3136a
