[INFO] fetching crate waow 0.10.3...
[INFO] testing waow-0.10.3 against nightly-2024-10-28 for randomize-layout
[INFO] extracting crate waow 0.10.3 into /workspace/builds/worker-5-tc1/source
[INFO] validating manifest of crates.io crate waow 0.10.3 on toolchain nightly-2024-10-28
[INFO] running `Command { std: CARGO_HOME="/workspace/cargo-home" RUSTUP_HOME="/workspace/rustup-home" "/workspace/cargo-home/bin/cargo" "+nightly-2024-10-28" "metadata" "--manifest-path" "Cargo.toml" "--no-deps", kill_on_drop: false }`
[INFO] started tweaking crates.io crate waow 0.10.3
[INFO] finished tweaking crates.io crate waow 0.10.3
[INFO] tweaked toml for crates.io crate waow 0.10.3 written to /workspace/builds/worker-5-tc1/source/Cargo.toml
[INFO] running `Command { std: CARGO_HOME="/workspace/cargo-home" RUSTUP_HOME="/workspace/rustup-home" "/workspace/cargo-home/bin/cargo" "+nightly-2024-10-28" "generate-lockfile" "--manifest-path" "Cargo.toml", kill_on_drop: false }`
[INFO] [stderr]     Updating crates.io index
[INFO] [stderr]      Locking 219 packages to latest compatible versions
[INFO] [stderr]       Adding block-sys v0.1.0-beta.1 (available: v0.1.0-beta.2)
[INFO] [stderr]       Adding block2 v0.2.0-alpha.6 (available: v0.2.0)
[INFO] [stderr]       Adding objc-sys v0.2.0-beta.2 (available: v0.2.0-beta.3)
[INFO] [stderr]       Adding objc2 v0.3.0-beta.3.patch-leaks.3 (available: v0.3.0-beta.5)
[INFO] [stderr]       Adding objc2-encode v2.0.0-pre.2 (available: v2.0.0)
[INFO] [stderr]       Adding pixels v0.13.0 (available: v0.14.0)
[INFO] [stderr]       Adding winit v0.28.7 (available: v0.30.5)
[INFO] [stderr]       Adding winit_input_helper v0.14.1 (available: v0.16.0)
[INFO] running `Command { std: CARGO_HOME="/workspace/cargo-home" RUSTUP_HOME="/workspace/rustup-home" "/workspace/cargo-home/bin/cargo" "+nightly-2024-10-28" "fetch" "--manifest-path" "Cargo.toml", kill_on_drop: false }`
[INFO] [stderr]  Downloading crates ...
[INFO] [stderr]   Downloaded pixels v0.13.0
[INFO] [stderr]   Downloaded error-iter v0.4.1
[INFO] [stderr]   Downloaded winit_input_helper v0.14.1
[INFO] [stderr]   Downloaded ultraviolet v0.9.2
[INFO] running `Command { std: "docker" "create" "-v" "/var/lib/crater-agent-workspace/builds/worker-5-tc1/target:/opt/rustwide/target:rw,Z" "-v" "/var/lib/crater-agent-workspace/builds/worker-5-tc1/source:/opt/rustwide/workdir:ro,Z" "-v" "/var/lib/crater-agent-workspace/cargo-home:/opt/rustwide/cargo-home:ro,Z" "-v" "/var/lib/crater-agent-workspace/rustup-home:/opt/rustwide/rustup-home:ro,Z" "-e" "SOURCE_DIR=/opt/rustwide/workdir" "-e" "CARGO_TARGET_DIR=/opt/rustwide/target" "-e" "CARGO_HOME=/opt/rustwide/cargo-home" "-e" "RUSTUP_HOME=/opt/rustwide/rustup-home" "-w" "/opt/rustwide/workdir" "-m" "1610612736" "--user" "0:0" "--network" "none" "ghcr.io/rust-lang/crates-build-env/linux@sha256:4a844ea9eb2546a2d2c7022eacef16ef2e8229c7fbb2c7d4d55a9ceca922f72d" "/opt/rustwide/cargo-home/bin/cargo" "+nightly-2024-10-28" "metadata" "--no-deps" "--format-version=1", kill_on_drop: false }`
[INFO] [stdout] e02b36d86249018100a8db2fa2f134199cfbc3017e81eee540c446ade88a73cf
[INFO] running `Command { std: "docker" "start" "-a" "e02b36d86249018100a8db2fa2f134199cfbc3017e81eee540c446ade88a73cf", kill_on_drop: false }`
[INFO] running `Command { std: "docker" "inspect" "e02b36d86249018100a8db2fa2f134199cfbc3017e81eee540c446ade88a73cf", kill_on_drop: false }`
[INFO] running `Command { std: "docker" "rm" "-f" "e02b36d86249018100a8db2fa2f134199cfbc3017e81eee540c446ade88a73cf", kill_on_drop: false }`
[INFO] [stdout] e02b36d86249018100a8db2fa2f134199cfbc3017e81eee540c446ade88a73cf
[INFO] running `Command { std: "docker" "create" "-v" "/var/lib/crater-agent-workspace/builds/worker-5-tc1/target:/opt/rustwide/target:rw,Z" "-v" "/var/lib/crater-agent-workspace/builds/worker-5-tc1/source:/opt/rustwide/workdir:ro,Z" "-v" "/var/lib/crater-agent-workspace/cargo-home:/opt/rustwide/cargo-home:ro,Z" "-v" "/var/lib/crater-agent-workspace/rustup-home:/opt/rustwide/rustup-home:ro,Z" "-e" "SOURCE_DIR=/opt/rustwide/workdir" "-e" "CARGO_TARGET_DIR=/opt/rustwide/target" "-e" "CARGO_INCREMENTAL=0" "-e" "RUST_BACKTRACE=full" "-e" "RUSTFLAGS=--cap-lints=forbid" "-e" "RUSTDOCFLAGS=--cap-lints=forbid" "-e" "CARGO_HOME=/opt/rustwide/cargo-home" "-e" "RUSTUP_HOME=/opt/rustwide/rustup-home" "-w" "/opt/rustwide/workdir" "-m" "1610612736" "--user" "0:0" "--network" "none" "ghcr.io/rust-lang/crates-build-env/linux@sha256:4a844ea9eb2546a2d2c7022eacef16ef2e8229c7fbb2c7d4d55a9ceca922f72d" "/opt/rustwide/cargo-home/bin/cargo" "+nightly-2024-10-28" "build" "--frozen" "--message-format=json", kill_on_drop: false }`
[INFO] [stdout] e06c38d748ad3e5ddfe3c7428719b8717b8dd5520a8691d664f888c4c3f7b944
[INFO] running `Command { std: "docker" "start" "-a" "e06c38d748ad3e5ddfe3c7428719b8717b8dd5520a8691d664f888c4c3f7b944", kill_on_drop: false }`
[INFO] [stderr]    Compiling cfg-if v1.0.0
[INFO] [stderr]    Compiling autocfg v1.4.0
[INFO] [stderr]    Compiling proc-macro2 v1.0.89
[INFO] [stderr]    Compiling unicode-ident v1.0.13
[INFO] [stderr]    Compiling libc v0.2.161
[INFO] [stderr]    Compiling bitflags v1.3.2
[INFO] [stderr]    Compiling version_check v0.9.5
[INFO] [stderr]    Compiling once_cell v1.20.2
[INFO] [stderr]    Compiling pkg-config v0.3.31
[INFO] [stderr]    Compiling smallvec v1.13.2
[INFO] [stderr]    Compiling xml-rs v0.8.22
[INFO] [stderr]    Compiling log v0.4.22
[INFO] [stderr]    Compiling thiserror v1.0.66
[INFO] [stderr]    Compiling lazy_static v1.5.0
[INFO] [stderr]    Compiling bytemuck v1.19.0
[INFO] [stderr]    Compiling arrayvec v0.7.6
[INFO] [stderr]    Compiling libloading v0.8.5
[INFO] [stderr]    Compiling simd-adler32 v0.3.7
[INFO] [stderr]    Compiling zerocopy v0.7.35
[INFO] [stderr]    Compiling downcast-rs v1.2.1
[INFO] [stderr]    Compiling bitflags v2.6.0
[INFO] [stderr]    Compiling dlib v0.5.2
[INFO] [stderr]    Compiling scoped-tls v1.0.1
[INFO] [stderr]    Compiling parking_lot_core v0.9.10
[INFO] [stderr]    Compiling adler2 v2.0.0
[INFO] [stderr]    Compiling libloading v0.7.4
[INFO] [stderr]    Compiling crc32fast v1.4.2
[INFO] [stderr]    Compiling unicode-width v0.1.14
[INFO] [stderr]    Compiling allocator-api2 v0.2.18
[INFO] [stderr]    Compiling khronos-egl v4.1.0
[INFO] [stderr]    Compiling miniz_oxide v0.8.0
[INFO] [stderr]    Compiling termcolor v1.4.1
[INFO] [stderr]    Compiling ahash v0.8.11
[INFO] [stderr]    Compiling slotmap v1.0.7
[INFO] [stderr]    Compiling scopeguard v1.2.0
[INFO] [stderr]    Compiling bit-vec v0.6.3
[INFO] [stderr]    Compiling ash v0.37.3+1.3.251
[INFO] [stderr]    Compiling raw-window-handle v0.5.2
[INFO] [stderr]    Compiling memoffset v0.6.5
[INFO] [stderr]    Compiling num-traits v0.2.19
[INFO] [stderr]    Compiling indexmap v1.9.3
[INFO] [stderr]    Compiling lock_api v0.4.12
[INFO] [stderr]    Compiling hashbrown v0.12.3
[INFO] [stderr]    Compiling bit-set v0.5.3
[INFO] [stderr]    Compiling wayland-sys v0.29.5
[INFO] [stderr]    Compiling smithay-client-toolkit v0.16.1
[INFO] [stderr]    Compiling codespan-reporting v0.11.1
[INFO] [stderr]    Compiling gpu-descriptor-types v0.1.2
[INFO] [stderr]    Compiling hashbrown v0.14.5
[INFO] [stderr]    Compiling fdeflate v0.3.6
[INFO] [stderr]    Compiling gpu-alloc-types v0.2.0
[INFO] [stderr]    Compiling flate2 v1.0.34
[INFO] [stderr]    Compiling rustc-hash v1.1.0
[INFO] [stderr]    Compiling quote v1.0.37
[INFO] [stderr]    Compiling strict-num v0.1.1
[INFO] [stderr]    Compiling arrayref v0.3.9
[INFO] [stderr]    Compiling ttf-parser v0.25.0
[INFO] [stderr]    Compiling xcursor v0.3.8
[INFO] [stderr]    Compiling memchr v2.7.4
[INFO] [stderr]    Compiling wayland-scanner v0.29.5
[INFO] [stderr]    Compiling syn v2.0.86
[INFO] [stderr]    Compiling hexf-parse v0.2.1
[INFO] [stderr]    Compiling unicode-xid v0.2.6
[INFO] [stderr]    Compiling vec_map v0.8.2
[INFO] [stderr]    Compiling png v0.17.14
[INFO] [stderr]    Compiling tiny-skia-path v0.8.4
[INFO] [stderr]    Compiling gpu-alloc v0.5.4
[INFO] [stderr]    Compiling x11-dl v2.21.0
[INFO] [stderr]    Compiling wgpu-types v0.16.1
[INFO] [stderr]    Compiling regex-syntax v0.8.5
[INFO] [stderr]    Compiling gpu-descriptor v0.2.4
[INFO] [stderr]    Compiling cfg_aliases v0.1.1
[INFO] [stderr]    Compiling renderdoc-sys v1.1.0
[INFO] [stderr]    Compiling spirv v0.2.0+1.5.4
[INFO] [stderr]    Compiling aho-corasick v1.1.3
[INFO] [stderr]    Compiling glow v0.12.3
[INFO] [stderr]    Compiling profiling v1.0.16
[INFO] [stderr]    Compiling ab_glyph_rasterizer v0.1.8
[INFO] [stderr]    Compiling safe_arch v0.7.2
[INFO] [stderr]    Compiling utf8parse v0.2.2
[INFO] [stderr]    Compiling instant v0.1.13
[INFO] [stderr]    Compiling anstyle-parse v0.2.6
[INFO] [stderr]    Compiling percent-encoding v2.3.1
[INFO] [stderr]    Compiling nix v0.24.3
[INFO] [stderr]    Compiling nix v0.25.1
[INFO] [stderr]    Compiling memmap2 v0.5.10
[INFO] [stderr]    Compiling parking_lot v0.12.3
[INFO] [stderr]    Compiling wayland-client v0.29.5
[INFO] [stderr]    Compiling wayland-protocols v0.29.5
[INFO] [stderr]    Compiling winit v0.28.7
[INFO] [stderr]    Compiling tiny-skia v0.8.4
[INFO] [stderr]    Compiling wide v0.7.28
[INFO] [stderr]    Compiling mio v0.8.11
[INFO] [stderr]    Compiling regex-automata v0.4.8
[INFO] [stderr]    Compiling anstyle-query v1.1.2
[INFO] [stderr]    Compiling colorchoice v1.0.3
[INFO] [stderr]    Compiling anstyle v1.0.10
[INFO] [stderr]    Compiling owned_ttf_parser v0.25.0
[INFO] [stderr]    Compiling wayland-commons v0.29.5
[INFO] [stderr]    Compiling ab_glyph v0.2.29
[INFO] [stderr]    Compiling static_assertions v1.1.0
[INFO] [stderr]    Compiling thiserror-impl v1.0.66
[INFO] [stderr]    Compiling is_terminal_polyfill v1.70.1
[INFO] [stderr]    Compiling pollster v0.3.0
[INFO] [stderr]    Compiling anstream v0.6.17
[INFO] [stderr]    Compiling ultraviolet v0.9.2
[INFO] [stderr]    Compiling humantime v2.1.0
[INFO] [stderr]    Compiling error-iter v0.4.1
[INFO] [stderr]    Compiling naga v0.12.3
[INFO] [stderr]    Compiling calloop v0.10.6
[INFO] [stderr]    Compiling regex v1.11.1
[INFO] [stderr]    Compiling env_filter v0.1.2
[INFO] [stderr]    Compiling env_logger v0.11.5
[INFO] [stderr]    Compiling wayland-cursor v0.29.5
[INFO] [stderr]    Compiling wgpu-hal v0.16.2
[INFO] [stderr]    Compiling wgpu-core v0.16.1
[INFO] [stderr]    Compiling wgpu v0.16.3
[INFO] [stderr]    Compiling pixels v0.13.0
[INFO] [stderr]    Compiling sctk-adwaita v0.5.4
[INFO] [stderr]    Compiling winit_input_helper v0.14.1
[INFO] [stderr]    Compiling waow v0.10.3 (/opt/rustwide/workdir)
[INFO] [stderr]     Finished `dev` profile [unoptimized + debuginfo] target(s) in 52.81s
[INFO] running `Command { std: "docker" "inspect" "e06c38d748ad3e5ddfe3c7428719b8717b8dd5520a8691d664f888c4c3f7b944", kill_on_drop: false }`
[INFO] running `Command { std: "docker" "rm" "-f" "e06c38d748ad3e5ddfe3c7428719b8717b8dd5520a8691d664f888c4c3f7b944", kill_on_drop: false }`
[INFO] [stdout] e06c38d748ad3e5ddfe3c7428719b8717b8dd5520a8691d664f888c4c3f7b944
[INFO] running `Command { std: "docker" "create" "-v" "/var/lib/crater-agent-workspace/builds/worker-5-tc1/target:/opt/rustwide/target:rw,Z" "-v" "/var/lib/crater-agent-workspace/builds/worker-5-tc1/source:/opt/rustwide/workdir:ro,Z" "-v" "/var/lib/crater-agent-workspace/cargo-home:/opt/rustwide/cargo-home:ro,Z" "-v" "/var/lib/crater-agent-workspace/rustup-home:/opt/rustwide/rustup-home:ro,Z" "-e" "SOURCE_DIR=/opt/rustwide/workdir" "-e" "CARGO_TARGET_DIR=/opt/rustwide/target" "-e" "CARGO_INCREMENTAL=0" "-e" "RUST_BACKTRACE=full" "-e" "RUSTFLAGS=--cap-lints=forbid" "-e" "RUSTDOCFLAGS=--cap-lints=forbid" "-e" "CARGO_HOME=/opt/rustwide/cargo-home" "-e" "RUSTUP_HOME=/opt/rustwide/rustup-home" "-w" "/opt/rustwide/workdir" "-m" "1610612736" "--user" "0:0" "--network" "none" "ghcr.io/rust-lang/crates-build-env/linux@sha256:4a844ea9eb2546a2d2c7022eacef16ef2e8229c7fbb2c7d4d55a9ceca922f72d" "/opt/rustwide/cargo-home/bin/cargo" "+nightly-2024-10-28" "test" "--frozen" "--no-run" "--message-format=json", kill_on_drop: false }`
[INFO] [stdout] b6c0f4b3526b7fecf0dd32e4874978ab4e2613560f33b7596b3184dc5f79a35a
[INFO] running `Command { std: "docker" "start" "-a" "b6c0f4b3526b7fecf0dd32e4874978ab4e2613560f33b7596b3184dc5f79a35a", kill_on_drop: false }`
[INFO] [stderr]    Compiling waow v0.10.3 (/opt/rustwide/workdir)
[INFO] [stderr]     Finished `test` profile [unoptimized + debuginfo] target(s) in 1.06s
[INFO] running `Command { std: "docker" "inspect" "b6c0f4b3526b7fecf0dd32e4874978ab4e2613560f33b7596b3184dc5f79a35a", kill_on_drop: false }`
[INFO] running `Command { std: "docker" "rm" "-f" "b6c0f4b3526b7fecf0dd32e4874978ab4e2613560f33b7596b3184dc5f79a35a", kill_on_drop: false }`
[INFO] [stdout] b6c0f4b3526b7fecf0dd32e4874978ab4e2613560f33b7596b3184dc5f79a35a
[INFO] running `Command { std: "docker" "create" "-v" "/var/lib/crater-agent-workspace/builds/worker-5-tc1/target:/opt/rustwide/target:rw,Z" "-v" "/var/lib/crater-agent-workspace/builds/worker-5-tc1/source:/opt/rustwide/workdir:ro,Z" "-v" "/var/lib/crater-agent-workspace/cargo-home:/opt/rustwide/cargo-home:ro,Z" "-v" "/var/lib/crater-agent-workspace/rustup-home:/opt/rustwide/rustup-home:ro,Z" "-e" "SOURCE_DIR=/opt/rustwide/workdir" "-e" "CARGO_TARGET_DIR=/opt/rustwide/target" "-e" "CARGO_INCREMENTAL=0" "-e" "RUST_BACKTRACE=full" "-e" "RUSTFLAGS=--cap-lints=forbid" "-e" "RUSTDOCFLAGS=--cap-lints=forbid" "-e" "CARGO_HOME=/opt/rustwide/cargo-home" "-e" "RUSTUP_HOME=/opt/rustwide/rustup-home" "-w" "/opt/rustwide/workdir" "-m" "1610612736" "--user" "0:0" "--network" "none" "ghcr.io/rust-lang/crates-build-env/linux@sha256:4a844ea9eb2546a2d2c7022eacef16ef2e8229c7fbb2c7d4d55a9ceca922f72d" "/opt/rustwide/cargo-home/bin/cargo" "+nightly-2024-10-28" "test" "--frozen", kill_on_drop: false }`
[INFO] [stdout] adc0c53097cd2a2a59481324392f8e6d0195ef0cb9bec3ca7c85ff89fd991419
[INFO] running `Command { std: "docker" "start" "-a" "adc0c53097cd2a2a59481324392f8e6d0195ef0cb9bec3ca7c85ff89fd991419", kill_on_drop: false }`
[INFO] [stderr]     Finished `test` profile [unoptimized + debuginfo] target(s) in 0.12s
[INFO] [stderr]      Running unittests src/lib.rs (/opt/rustwide/target/debug/deps/waow-4d3ea2a690e21bd3)
[INFO] [stdout] 
[INFO] [stdout] running 0 tests
[INFO] [stdout] 
[INFO] [stdout] test result: ok. 0 passed; 0 failed; 0 ignored; 0 measured; 0 filtered out; finished in 0.00s
[INFO] [stdout] 
[INFO] [stderr]    Doc-tests waow
[INFO] [stdout] 
[INFO] [stdout] running 23 tests
[INFO] [stdout] test src/shapes/circle.rs - shapes::circle::Circle::with_fill (line 65) ... ok
[INFO] [stdout] test src/shapes/circle.rs - shapes::circle (line 4) ... ok
[INFO] [stdout] test src/lib.rs - CanvasConfiguration (line 39) ... FAILED
[INFO] [stdout] test src/shapes/image.rs - shapes::image (line 4) ... ok
[INFO] [stdout] test src/lib.rs - Run (line 72) ... ok
[INFO] [stdout] test src/shapes/rectangle.rs - shapes::rectangle (line 5) ... ok
[INFO] [stdout] test src/canvas.rs - canvas::Canvas::draw_square (line 64) ... ok
[INFO] [stdout] test src/canvas.rs - canvas::Canvas::draw_image (line 165) ... ok
[INFO] [stdout] test src/color.rs - color::Color::from_rgba_int (line 69) ... ok
[INFO] [stdout] test src/shapes/circle.rs - shapes::circle::Circle::new (line 42) ... ok
[INFO] [stdout] test src/canvas.rs - canvas::Canvas::draw_rect (line 115) ... ok
[INFO] [stdout] test src/canvas.rs - canvas::Canvas::draw_rect (line 127) ... ok
[INFO] [stdout] test src/shapes.rs - shapes::Drawable (line 28) ... ok
[INFO] [stdout] test src/canvas.rs - canvas::Canvas::draw_square (line 76) ... ok
[INFO] [stdout] test src/color.rs - color::Color::from_rgba32 (line 54) ... ok
[INFO] [stdout] test src/shapes/circle.rs - shapes::circle::Circle::with_border (line 82) ... ok
[INFO] [stdout] test src/color.rs - color::Color::from_rgba (line 22) ... ok
[INFO] [stdout] test src/shapes/rectangle.rs - shapes::rectangle::Rectangle::new (line 42) ... ok
[INFO] [stdout] test src/shapes/image.rs - shapes::image::Image::new (line 52) ... ok
[INFO] [stdout] test src/shapes/image.rs - shapes::image::Image::set_pixel (line 83) ... ok
[INFO] [stdout] test src/shapes/rectangle.rs - shapes::rectangle::Rectangle::with_border (line 82) ... ok
[INFO] [stdout] test src/shapes/rectangle.rs - shapes::rectangle::Rectangle::with_fill (line 65) ... ok
[INFO] [stdout] test src/lib.rs - create (line 93) ... FAILED
[INFO] [stdout] 
[INFO] [stdout] failures:
[INFO] [stdout] 
[INFO] [stdout] ---- src/lib.rs - CanvasConfiguration (line 39) stdout ----
[INFO] [stdout] error: linking with `cc` failed: exit status: 1
[INFO] [stdout]   |
[INFO] [stdout]   = note: LC_ALL="C" PATH="/opt/rustwide/rustup-home/toolchains/nightly-2024-10-28-x86_64-unknown-linux-gnu/lib/rustlib/x86_64-unknown-linux-gnu/bin:/opt/rustwide/rustup-home/toolchains/nightly-2024-10-28-x86_64-unknown-linux-gnu/lib/rustlib/x86_64-unknown-linux-gnu/bin/self-contained:/opt/rustwide/cargo-home/bin:/usr/local/sbin:/usr/local/bin:/usr/sbin:/usr/bin:/sbin:/bin" VSLANG="1033" "cc" "-m64" "/tmp/rustciBinZG/symbols.o" "/tmp/rustdoctestCWQaLK/rust_out.rust_out.16b4434b3f29390-cgu.0.rcgu.o" "/tmp/rustdoctestCWQaLK/rust_out.433cx8cl382ppljrnwzuxa40f.rcgu.o" "-Wl,--as-needed" "-Wl,-Bstatic" "/opt/rustwide/target/debug/deps/libwaow-5cae8c94e6bc8bdc.rlib" "/opt/rustwide/target/debug/deps/libenv_logger-558063f83830537f.rlib" "/opt/rustwide/target/debug/deps/libanstream-8f4dec2d2ce5495c.rlib" "/opt/rustwide/target/debug/deps/libanstyle_query-969be7d9892771ef.rlib" "/opt/rustwide/target/debug/deps/libis_terminal_polyfill-30f534156c1fa16c.rlib" "/opt/rustwide/target/debug/deps/libcolorchoice-14e97c6bdda49f77.rlib" "/opt/rustwide/target/debug/deps/libanstyle_parse-48e11a21b08f3f92.rlib" "/opt/rustwide/target/debug/deps/libutf8parse-d435e47da5544871.rlib" "/opt/rustwide/target/debug/deps/libenv_filter-a8cd7944c6baf7b6.rlib" "/opt/rustwide/target/debug/deps/libregex-e1c0081df06f1725.rlib" "/opt/rustwide/target/debug/deps/libregex_automata-7e06714ee3c09f6c.rlib" "/opt/rustwide/target/debug/deps/libaho_corasick-0c323ca373dc9a3a.rlib" "/opt/rustwide/target/debug/deps/libmemchr-34eb650b64c0b1fd.rlib" "/opt/rustwide/target/debug/deps/libregex_syntax-40961244ea9b8eff.rlib" "/opt/rustwide/target/debug/deps/libanstyle-01d3decc266ec1cd.rlib" "/opt/rustwide/target/debug/deps/libhumantime-28a5c7939082a25f.rlib" "/opt/rustwide/target/debug/deps/libwinit_input_helper-c8dc1557f7c0dd6e.rlib" "/opt/rustwide/target/debug/deps/libwinit-d8f759012ad53347.rlib" "/opt/rustwide/target/debug/deps/libsctk_adwaita-e1bae53c75444c22.rlib" "/opt/rustwide/target/debug/deps/libab_glyph-60c97c77fd14639f.rlib" "/opt/rustwide/target/debug/deps/libowned_ttf_parser-3f2f32496bce43e8.rlib" "/opt/rustwide/target/debug/deps/libttf_parser-11e1273a0a009b73.rlib" "/opt/rustwide/target/debug/deps/libab_glyph_rasterizer-3fce69f28580086d.rlib" "/opt/rustwide/target/debug/deps/libtiny_skia-80dec0c19a1f3a8c.rlib" "/opt/rustwide/target/debug/deps/libpng-07155ff8b596e4b5.rlib" "/opt/rustwide/target/debug/deps/libflate2-af9393b768263ef9.rlib" "/opt/rustwide/target/debug/deps/libminiz_oxide-60d533f4fbeaee9d.rlib" "/opt/rustwide/target/debug/deps/libfdeflate-4c15357e27f34119.rlib" "/opt/rustwide/target/debug/deps/libsimd_adler32-5876262d9cd1bfda.rlib" "/opt/rustwide/target/debug/deps/libcrc32fast-f57ab9ea1a06cb05.rlib" "/opt/rustwide/target/debug/deps/libtiny_skia_path-492b8d56d41be83e.rlib" "/opt/rustwide/target/debug/deps/libstrict_num-5282b51282f2cf7b.rlib" "/opt/rustwide/target/debug/deps/libarrayref-40a1b7d19229fc7e.rlib" "/opt/rustwide/target/debug/deps/libmio-a4ee53067c47a062.rlib" "/opt/rustwide/target/debug/deps/libx11_dl-66ecd795f622e102.rlib" "/opt/rustwide/target/debug/deps/libpercent_encoding-a400589552762a21.rlib" "/opt/rustwide/target/debug/deps/libsmithay_client_toolkit-dd01b4f223cbd878.rlib" "/opt/rustwide/target/debug/deps/libwayland_cursor-abbc31d823f5724d.rlib" "/opt/rustwide/target/debug/deps/libxcursor-f4d29a0db315afb7.rlib" "/opt/rustwide/target/debug/deps/libmemmap2-02ec971dcee572f8.rlib" "/opt/rustwide/target/debug/deps/libwayland_protocols-6852df65b1a9acb5.rlib" "/opt/rustwide/target/debug/deps/libwayland_client-d338e164cd93b297.rlib" "/opt/rustwide/target/debug/deps/libscoped_tls-394f36581bc39462.rlib" "/opt/rustwide/target/debug/deps/libwayland_commons-e435569a843c53b6.rlib" "/opt/rustwide/target/debug/deps/libnix-78e9456471119ce0.rlib" "/opt/rustwide/target/debug/deps/libwayland_sys-fe8b15377958ca51.rlib" "/opt/rustwide/target/debug/deps/liblazy_static-7af2f34f8b124b26.rlib" "/opt/rustwide/target/debug/deps/libcalloop-24327a6a33e19b0e.rlib" "/opt/rustwide/target/debug/deps/libslotmap-d5dc18ee89059265.rlib" "/opt/rustwide/target/debug/deps/libnix-7899dee64b84dae7.rlib" "/opt/rustwide/target/debug/deps/libmemoffset-826871b0a2c2efb2.rlib" "/opt/rustwide/target/debug/deps/libvec_map-fc342719877893b6.rlib" "/opt/rustwide/target/debug/deps/libdlib-ca85dc8dc0f3dd13.rlib" "/opt/rustwide/target/debug/deps/libinstant-a9ca6d8c73ca8971.rlib" "/opt/rustwide/target/debug/deps/libpixels-a2c6d1055d3a5b9e.rlib" "/opt/rustwide/target/debug/deps/libpollster-69178a91401980a2.rlib" "/opt/rustwide/target/debug/deps/libultraviolet-0bd70701dfc54fd7.rlib" "/opt/rustwide/target/debug/deps/libwide-4a1e8dbc7a86f93f.rlib" "/opt/rustwide/target/debug/deps/libsafe_arch-ef1a2c17a93ebce6.rlib" "/opt/rustwide/target/debug/deps/libbytemuck-b9f31c5834ec9a00.rlib" "/opt/rustwide/target/debug/deps/libwgpu-0dbafa9a477d47ab.rlib" "/opt/rustwide/target/debug/deps/libstatic_assertions-14a197ae77f98fdb.rlib" "/opt/rustwide/target/debug/deps/libwgpu_core-596c13c974739160.rlib" "/opt/rustwide/target/debug/deps/libwgpu_hal-dbed145b3564d575.rlib" "/opt/rustwide/target/debug/deps/librenderdoc_sys-c2ea43c7764cf085.rlib" "/opt/rustwide/target/debug/deps/libgpu_descriptor-a0f186b015363150.rlib" "/opt/rustwide/target/debug/deps/libhashbrown-da77419220137b03.rlib" "/opt/rustwide/target/debug/deps/libahash-d32e60018b53639a.rlib" "/opt/rustwide/target/debug/deps/libonce_cell-6dc575c335e8f5a1.rlib" "/opt/rustwide/target/debug/deps/libzerocopy-31bec17133e02521.rlib" "/opt/rustwide/target/debug/deps/liballocator_api2-8e4287854e2d1221.rlib" "/opt/rustwide/target/debug/deps/libgpu_descriptor_types-4810cd4e5bba8f35.rlib" "/opt/rustwide/target/debug/deps/liblibloading-054a21082cc39ce4.rlib" "/opt/rustwide/target/debug/deps/libkhronos_egl-16d224768e47d55e.rlib" "/opt/rustwide/target/debug/deps/libprofiling-f27cf3d0a5cd8225.rlib" "/opt/rustwide/target/debug/deps/libgpu_alloc-ab888bf30756a7c6.rlib" "/opt/rustwide/target/debug/deps/libgpu_alloc_types-2ec11098623f11fc.rlib" "/opt/rustwide/target/debug/deps/libash-410295095d772195.rlib" "/opt/rustwide/target/debug/deps/liblibloading-dea2e1579b755b56.rlib" "/opt/rustwide/target/debug/deps/libnaga-b054faf06f8b3cc8.rlib" "/opt/rustwide/target/debug/deps/librustc_hash-449b4f68ddd88550.rlib" "/opt/rustwide/target/debug/deps/libhexf_parse-39f1e4b1f93d298c.rlib" "/opt/rustwide/target/debug/deps/libunicode_xid-17387e3c86045dd5.rlib" "/opt/rustwide/target/debug/deps/libbit_set-54fe359cf7021452.rlib" "/opt/rustwide/target/debug/deps/libbit_vec-75f9af2a31ffbe1d.rlib" "/opt/rustwide/target/debug/deps/libcodespan_reporting-fd004766546d470d.rlib" "/opt/rustwide/target/debug/deps/libunicode_width-496d455ef4b56198.rlib" "/opt/rustwide/target/debug/deps/libtermcolor-116a8f6e8f4ddb54.rlib" "/opt/rustwide/target/debug/deps/libspirv-fa6f491c11a065ab.rlib" "/opt/rustwide/target/debug/deps/libnum_traits-e35ec60fee4843d4.rlib" "/opt/rustwide/target/debug/deps/libbitflags-560efdb99b117eef.rlib" "/opt/rustwide/target/debug/deps/libindexmap-2f7e9c8b83b719ab.rlib" "/opt/rustwide/target/debug/deps/libhashbrown-b50da1c079e7685f.rlib" "/opt/rustwide/target/debug/deps/libwgpu_types-b91b7973ed250136.rlib" "/opt/rustwide/target/debug/deps/libbitflags-37f44213647a4ace.rlib" "/opt/rustwide/target/debug/deps/libglow-8105c70d5aae5848.rlib" "/opt/rustwide/target/debug/deps/libparking_lot-b93ed375819510f8.rlib" "/opt/rustwide/target/debug/deps/libparking_lot_core-aa5462f0de6b49b5.rlib" "/opt/rustwide/target/debug/deps/liblibc-cf06f29c0a4f6ede.rlib" "/opt/rustwide/target/debug/deps/libcfg_if-57bf25c23e31efdb.rlib" "/opt/rustwide/target/debug/deps/libsmallvec-2cba802a40d773df.rlib" "/opt/rustwide/target/debug/deps/liblock_api-e2cb0d427dfba242.rlib" "/opt/rustwide/target/debug/deps/libscopeguard-003ee3b9b09cebdb.rlib" "/opt/rustwide/target/debug/deps/libarrayvec-58dbe950eacc1ab1.rlib" "/opt/rustwide/target/debug/deps/libthiserror-5c234ddd5c70f28b.rlib" "/opt/rustwide/target/debug/deps/libraw_window_handle-af4f4b4118cda18c.rlib" "/opt/rustwide/target/debug/deps/liblog-e7e7e8ec9ff686da.rlib" "/opt/rustwide/target/debug/deps/liberror_iter-da1f7505d6eb9c45.rlib" "/opt/rustwide/rustup-home/toolchains/nightly-2024-10-28-x86_64-unknown-linux-gnu/lib/rustlib/x86_64-unknown-linux-gnu/lib/libstd-fb8c387236db3c10.rlib" "/opt/rustwide/rustup-home/toolchains/nightly-2024-10-28-x86_64-unknown-linux-gnu/lib/rustlib/x86_64-unknown-linux-gnu/lib/libpanic_unwind-b251837809b2f64b.rlib" "/opt/rustwide/rustup-home/toolchains/nightly-2024-10-28-x86_64-unknown-linux-gnu/lib/rustlib/x86_64-unknown-linux-gnu/lib/libobject-cbef83eaa4e01f04.rlib" "/opt/rustwide/rustup-home/toolchains/nightly-2024-10-28-x86_64-unknown-linux-gnu/lib/rustlib/x86_64-unknown-linux-gnu/lib/libmemchr-12a772286de2fca7.rlib" "/opt/rustwide/rustup-home/toolchains/nightly-2024-10-28-x86_64-unknown-linux-gnu/lib/rustlib/x86_64-unknown-linux-gnu/lib/libaddr2line-023bbe5ada7abfc3.rlib" "/opt/rustwide/rustup-home/toolchains/nightly-2024-10-28-x86_64-unknown-linux-gnu/lib/rustlib/x86_64-unknown-linux-gnu/lib/libgimli-de2bcdf10ec69c2b.rlib" "/opt/rustwide/rustup-home/toolchains/nightly-2024-10-28-x86_64-unknown-linux-gnu/lib/rustlib/x86_64-unknown-linux-gnu/lib/librustc_demangle-8e1754df350800fd.rlib" "/opt/rustwide/rustup-home/toolchains/nightly-2024-10-28-x86_64-unknown-linux-gnu/lib/rustlib/x86_64-unknown-linux-gnu/lib/libstd_detect-06c2ab7b9c32e037.rlib" "/opt/rustwide/rustup-home/toolchains/nightly-2024-10-28-x86_64-unknown-linux-gnu/lib/rustlib/x86_64-unknown-linux-gnu/lib/libhashbrown-51d2621fc57a281b.rlib" "/opt/rustwide/rustup-home/toolchains/nightly-2024-10-28-x86_64-unknown-linux-gnu/lib/rustlib/x86_64-unknown-linux-gnu/lib/librustc_std_workspace_alloc-54a930408793772f.rlib" "/opt/rustwide/rustup-home/toolchains/nightly-2024-10-28-x86_64-unknown-linux-gnu/lib/rustlib/x86_64-unknown-linux-gnu/lib/libminiz_oxide-0c7d01cba400dcb2.rlib" "/opt/rustwide/rustup-home/toolchains/nightly-2024-10-28-x86_64-unknown-linux-gnu/lib/rustlib/x86_64-unknown-linux-gnu/lib/libadler-b9f84d69e331b75b.rlib" "/opt/rustwide/rustup-home/toolchains/nightly-2024-10-28-x86_64-unknown-linux-gnu/lib/rustlib/x86_64-unknown-linux-gnu/lib/libunwind-eec95493246aae39.rlib" "/opt/rustwide/rustup-home/toolchains/nightly-2024-10-28-x86_64-unknown-linux-gnu/lib/rustlib/x86_64-unknown-linux-gnu/lib/libcfg_if-6f6676c475e08ab0.rlib" "/opt/rustwide/rustup-home/toolchains/nightly-2024-10-28-x86_64-unknown-linux-gnu/lib/rustlib/x86_64-unknown-linux-gnu/lib/liblibc-799d520624f8b2e0.rlib" "/opt/rustwide/rustup-home/toolchains/nightly-2024-10-28-x86_64-unknown-linux-gnu/lib/rustlib/x86_64-unknown-linux-gnu/lib/liballoc-fcf93d4842acd9a9.rlib" "/opt/rustwide/rustup-home/toolchains/nightly-2024-10-28-x86_64-unknown-linux-gnu/lib/rustlib/x86_64-unknown-linux-gnu/lib/librustc_std_workspace_core-395a38b8e0851c9b.rlib" "/opt/rustwide/rustup-home/toolchains/nightly-2024-10-28-x86_64-unknown-linux-gnu/lib/rustlib/x86_64-unknown-linux-gnu/lib/libcore-d453bab70303062c.rlib" "/opt/rustwide/rustup-home/toolchains/nightly-2024-10-28-x86_64-unknown-linux-gnu/lib/rustlib/x86_64-unknown-linux-gnu/lib/libcompiler_builtins-0e6386368b0a24e8.rlib" "-Wl,-Bdynamic" "-ldl" "-ldl" "-ldl" "-lgcc_s" "-lutil" "-lrt" "-lpthread" "-lm" "-ldl" "-lc" "-B/opt/rustwide/rustup-home/toolchains/nightly-2024-10-28-x86_64-unknown-linux-gnu/lib/rustlib/x86_64-unknown-linux-gnu/bin/gcc-ld" "-fuse-ld=lld" "-Wl,--eh-frame-hdr" "-Wl,-z,noexecstack" "-L" "/opt/rustwide/rustup-home/toolchains/nightly-2024-10-28-x86_64-unknown-linux-gnu/lib/rustlib/x86_64-unknown-linux-gnu/lib" "-o" "/tmp/rustdoctestCWQaLK/rust_out" "-Wl,--gc-sections" "-pie" "-Wl,-z,relro,-z,now" "-nodefaultlibs"
[INFO] [stdout]   = note: collect2: fatal error: ld terminated with signal 9 [Killed]
[INFO] [stdout]           compilation terminated.
[INFO] [stdout]           
[INFO] [stdout] 
[INFO] [stdout] error: aborting due to 1 previous error
[INFO] [stdout] 
[INFO] [stdout] Couldn't compile the test.
[INFO] [stdout] ---- src/lib.rs - create (line 93) stdout ----
[INFO] [stdout] Test executable failed (exit status: 101).
[INFO] [stdout] 
[INFO] [stdout] stderr:
[INFO] [stdout] thread 'main' panicked at /opt/rustwide/cargo-home/registry/src/index.crates.io-6f17d22bba15001f/winit-0.28.7/src/platform_impl/linux/mod.rs:757:9:
[INFO] [stdout] Failed to initialize any backend! Wayland status: XdgRuntimeDirNotSet X11 status: XOpenDisplayFailed
[INFO] [stdout] stack backtrace:
[INFO] [stdout]    0:     0x59061f608bfa - std::backtrace_rs::backtrace::libunwind::trace::h207520d6e9873551
[INFO] [stdout]                                at /rustc/df4ca44d3fbc9301ee17f30f4d474e6ae4b05252/library/std/src/../../backtrace/src/backtrace/libunwind.rs:116:5
[INFO] [stdout]    1:     0x59061f608bfa - std::backtrace_rs::backtrace::trace_unsynchronized::h2ed7433f370e3eca
[INFO] [stdout]                                at /rustc/df4ca44d3fbc9301ee17f30f4d474e6ae4b05252/library/std/src/../../backtrace/src/backtrace/mod.rs:66:5
[INFO] [stdout]    2:     0x59061f608bfa - std::sys::backtrace::_print_fmt::h916fac51166b18d7
[INFO] [stdout]                                at /rustc/df4ca44d3fbc9301ee17f30f4d474e6ae4b05252/library/std/src/sys/backtrace.rs:66:9
[INFO] [stdout]    3:     0x59061f608bfa - <std::sys::backtrace::BacktraceLock::print::DisplayBacktrace as core::fmt::Display>::fmt::ha0a4c9b8ce3802e6
[INFO] [stdout]                                at /rustc/df4ca44d3fbc9301ee17f30f4d474e6ae4b05252/library/std/src/sys/backtrace.rs:39:26
[INFO] [stdout]    4:     0x59061f6314c3 - core::fmt::rt::Argument::fmt::h4cfc8587d52b3eb5
[INFO] [stdout]                                at /rustc/df4ca44d3fbc9301ee17f30f4d474e6ae4b05252/library/core/src/fmt/rt.rs:177:76
[INFO] [stdout]    5:     0x59061f6314c3 - core::fmt::write::h522cc39e5b36ae9f
[INFO] [stdout]                                at /rustc/df4ca44d3fbc9301ee17f30f4d474e6ae4b05252/library/core/src/fmt/mod.rs:1190:21
[INFO] [stdout]    6:     0x59061f605773 - std::io::Write::write_fmt::hf1c1dcc8cc1287f0
[INFO] [stdout]                                at /rustc/df4ca44d3fbc9301ee17f30f4d474e6ae4b05252/library/std/src/io/mod.rs:1839:15
[INFO] [stdout]    7:     0x59061f608a42 - std::sys::backtrace::BacktraceLock::print::h4b9e00b29e9c0942
[INFO] [stdout]                                at /rustc/df4ca44d3fbc9301ee17f30f4d474e6ae4b05252/library/std/src/sys/backtrace.rs:42:9
[INFO] [stdout]    8:     0x59061f609a0c - std::panicking::default_hook::{{closure}}::hb59b88280d0324d9
[INFO] [stdout]                                at /rustc/df4ca44d3fbc9301ee17f30f4d474e6ae4b05252/library/std/src/panicking.rs:268:22
[INFO] [stdout]    9:     0x59061f609852 - std::panicking::default_hook::he1dd496665be4a29
[INFO] [stdout]                                at /rustc/df4ca44d3fbc9301ee17f30f4d474e6ae4b05252/library/std/src/panicking.rs:295:9
[INFO] [stdout]   10:     0x59061f60a047 - std::panicking::rust_panic_with_hook::h2ff17fe8f26dfcf8
[INFO] [stdout]                                at /rustc/df4ca44d3fbc9301ee17f30f4d474e6ae4b05252/library/std/src/panicking.rs:801:13
[INFO] [stdout]   11:     0x59061f609eda - std::panicking::begin_panic_handler::{{closure}}::h4fad77951c07e101
[INFO] [stdout]                                at /rustc/df4ca44d3fbc9301ee17f30f4d474e6ae4b05252/library/std/src/panicking.rs:674:13
[INFO] [stdout]   12:     0x59061f6090d9 - std::sys::backtrace::__rust_end_short_backtrace::hb1a25b3da5d0ea08
[INFO] [stdout]                                at /rustc/df4ca44d3fbc9301ee17f30f4d474e6ae4b05252/library/std/src/sys/backtrace.rs:170:18
[INFO] [stdout]   13:     0x59061f609b6c - rust_begin_unwind
[INFO] [stdout]                                at /rustc/df4ca44d3fbc9301ee17f30f4d474e6ae4b05252/library/std/src/panicking.rs:665:5
[INFO] [stdout]   14:     0x59061f62ee40 - core::panicking::panic_fmt::ha9db07b529f9b256
[INFO] [stdout]                                at /rustc/df4ca44d3fbc9301ee17f30f4d474e6ae4b05252/library/core/src/panicking.rs:75:14
[INFO] [stdout]   15:     0x59061ea8bf3d - winit::platform_impl::platform::EventLoop<T>::new::h49136096496d6e32
[INFO] [stdout]                                at /opt/rustwide/cargo-home/registry/src/index.crates.io-6f17d22bba15001f/winit-0.28.7/src/platform_impl/linux/mod.rs:757:9
[INFO] [stdout]   16:     0x59061eaf0270 - winit::event_loop::EventLoopBuilder<T>::build::hb795fa7898475c12
[INFO] [stdout]                                at /opt/rustwide/cargo-home/registry/src/index.crates.io-6f17d22bba15001f/winit-0.28.7/src/event_loop.rs:121:25
[INFO] [stdout]   17:     0x59061e76aeeb - winit::event_loop::EventLoop<()>::new::h389fc6b000443a16
[INFO] [stdout]   18:     0x59061e76300b - waow::create::hd02c27caf6b889c8
[INFO] [stdout]   19:     0x59061e79a5d3 - rust_out::main::ha213a30daa5df4da
[INFO] [stdout]   20:     0x59061e758563 - core::ops::function::FnOnce::call_once::hf7edf7132571051c
[INFO] [stdout]   21:     0x59061e74db96 - std::sys::backtrace::__rust_begin_short_backtrace::h32fd822fd2ba4079
[INFO] [stdout]   22:     0x59061e74d989 - std::rt::lang_start::{{closure}}::h4039a1c394ed4f7c
[INFO] [stdout]   23:     0x59061f5ff067 - core::ops::function::impls::<impl core::ops::function::FnOnce<A> for &F>::call_once::hd87d66b906e0ccaf
[INFO] [stdout]                                at /rustc/df4ca44d3fbc9301ee17f30f4d474e6ae4b05252/library/core/src/ops/function.rs:284:13
[INFO] [stdout]   24:     0x59061f5ff067 - std::panicking::try::do_call::hae3703de71fc9e3a
[INFO] [stdout]                                at /rustc/df4ca44d3fbc9301ee17f30f4d474e6ae4b05252/library/std/src/panicking.rs:557:40
[INFO] [stdout]   25:     0x59061f5ff067 - std::panicking::try::h1178330e9a2b2645
[INFO] [stdout]                                at /rustc/df4ca44d3fbc9301ee17f30f4d474e6ae4b05252/library/std/src/panicking.rs:520:19
[INFO] [stdout]   26:     0x59061f5ff067 - std::panic::catch_unwind::h0acf49d2305d32ad
[INFO] [stdout]                                at /rustc/df4ca44d3fbc9301ee17f30f4d474e6ae4b05252/library/std/src/panic.rs:358:14
[INFO] [stdout]   27:     0x59061f5ff067 - std::rt::lang_start_internal::{{closure}}::h2d95182d798177be
[INFO] [stdout]                                at /rustc/df4ca44d3fbc9301ee17f30f4d474e6ae4b05252/library/std/src/rt.rs:174:48
[INFO] [stdout]   28:     0x59061f5ff067 - std::panicking::try::do_call::hb506f5bfe11fd30c
[INFO] [stdout]                                at /rustc/df4ca44d3fbc9301ee17f30f4d474e6ae4b05252/library/std/src/panicking.rs:557:40
[INFO] [stdout]   29:     0x59061f5ff067 - std::panicking::try::h54d825c46bd0fa95
[INFO] [stdout]                                at /rustc/df4ca44d3fbc9301ee17f30f4d474e6ae4b05252/library/std/src/panicking.rs:520:19
[INFO] [stdout]   30:     0x59061f5ff067 - std::panic::catch_unwind::hffbb0ad20c4e9fac
[INFO] [stdout]                                at /rustc/df4ca44d3fbc9301ee17f30f4d474e6ae4b05252/library/std/src/panic.rs:358:14
[INFO] [stdout]   31:     0x59061f5ff067 - std::rt::lang_start_internal::h52c291ef1962c925
[INFO] [stdout]                                at /rustc/df4ca44d3fbc9301ee17f30f4d474e6ae4b05252/library/std/src/rt.rs:174:20
[INFO] [stdout]   32:     0x59061e74d967 - std::rt::lang_start::h8c6075cd6f225ba1
[INFO] [stdout]   33:     0x59061e79a795 - main
[INFO] [stdout]   34:     0x71addeb74d90 - <unknown>
[INFO] [stdout]   35:     0x71addeb74e40 - __libc_start_main
[INFO] [stdout]   36:     0x59061e739c75 - _start
[INFO] [stdout]   37:                0x0 - <unknown>
[INFO] [stdout] 
[INFO] [stdout] 
[INFO] [stdout] 
[INFO] [stdout] failures:
[INFO] [stdout]     src/lib.rs - CanvasConfiguration (line 39)
[INFO] [stdout]     src/lib.rs - create (line 93)
[INFO] [stdout] 
[INFO] [stdout] test result: FAILED. 21 passed; 2 failed; 0 ignored; 0 measured; 0 filtered out; finished in 4.95s
[INFO] [stdout] 
[INFO] [stderr] error: doctest failed, to rerun pass `--doc`
[INFO] running `Command { std: "docker" "inspect" "adc0c53097cd2a2a59481324392f8e6d0195ef0cb9bec3ca7c85ff89fd991419", kill_on_drop: false }`
[INFO] running `Command { std: "docker" "rm" "-f" "adc0c53097cd2a2a59481324392f8e6d0195ef0cb9bec3ca7c85ff89fd991419", kill_on_drop: false }`
[INFO] [stdout] adc0c53097cd2a2a59481324392f8e6d0195ef0cb9bec3ca7c85ff89fd991419
