[INFO] fetching crate wallpape-rs 2.0.0...
[INFO] testing wallpape-rs-2.0.0 against nightly-2024-10-28 for randomize-layout
[INFO] extracting crate wallpape-rs 2.0.0 into /workspace/builds/worker-6-tc1/source
[INFO] validating manifest of crates.io crate wallpape-rs 2.0.0 on toolchain nightly-2024-10-28
[INFO] running `Command { std: CARGO_HOME="/workspace/cargo-home" RUSTUP_HOME="/workspace/rustup-home" "/workspace/cargo-home/bin/cargo" "+nightly-2024-10-28" "metadata" "--manifest-path" "Cargo.toml" "--no-deps", kill_on_drop: false }`
[INFO] started tweaking crates.io crate wallpape-rs 2.0.0
[INFO] finished tweaking crates.io crate wallpape-rs 2.0.0
[INFO] tweaked toml for crates.io crate wallpape-rs 2.0.0 written to /workspace/builds/worker-6-tc1/source/Cargo.toml
[INFO] running `Command { std: CARGO_HOME="/workspace/cargo-home" RUSTUP_HOME="/workspace/rustup-home" "/workspace/cargo-home/bin/cargo" "+nightly-2024-10-28" "generate-lockfile" "--manifest-path" "Cargo.toml", kill_on_drop: false }`
[INFO] [stderr]     Updating crates.io index
[INFO] [stderr]      Locking 84 packages to latest compatible versions
[INFO] [stderr]       Adding attohttpc v0.24.1 (available: v0.28.0)
[INFO] [stderr]       Adding dirs v4.0.0 (available: v5.0.1)
[INFO] [stderr]       Adding rust-ini v0.18.0 (available: v0.21.1)
[INFO] [stderr]       Adding windows v0.43.0 (available: v0.58.0)
[INFO] running `Command { std: CARGO_HOME="/workspace/cargo-home" RUSTUP_HOME="/workspace/rustup-home" "/workspace/cargo-home/bin/cargo" "+nightly-2024-10-28" "fetch" "--manifest-path" "Cargo.toml", kill_on_drop: false }`
[INFO] running `Command { std: "docker" "create" "-v" "/var/lib/crater-agent-workspace/builds/worker-6-tc1/target:/opt/rustwide/target:rw,Z" "-v" "/var/lib/crater-agent-workspace/builds/worker-6-tc1/source:/opt/rustwide/workdir:ro,Z" "-v" "/var/lib/crater-agent-workspace/cargo-home:/opt/rustwide/cargo-home:ro,Z" "-v" "/var/lib/crater-agent-workspace/rustup-home:/opt/rustwide/rustup-home:ro,Z" "-e" "SOURCE_DIR=/opt/rustwide/workdir" "-e" "CARGO_TARGET_DIR=/opt/rustwide/target" "-e" "CARGO_HOME=/opt/rustwide/cargo-home" "-e" "RUSTUP_HOME=/opt/rustwide/rustup-home" "-w" "/opt/rustwide/workdir" "-m" "1610612736" "--user" "0:0" "--network" "none" "ghcr.io/rust-lang/crates-build-env/linux@sha256:4a844ea9eb2546a2d2c7022eacef16ef2e8229c7fbb2c7d4d55a9ceca922f72d" "/opt/rustwide/cargo-home/bin/cargo" "+nightly-2024-10-28" "metadata" "--no-deps" "--format-version=1", kill_on_drop: false }`
[INFO] [stdout] 48d5a40218ad437881cfab7a263959edb7e98a4d1192ff80c3c5227e870e265a
[INFO] running `Command { std: "docker" "start" "-a" "48d5a40218ad437881cfab7a263959edb7e98a4d1192ff80c3c5227e870e265a", kill_on_drop: false }`
[INFO] running `Command { std: "docker" "inspect" "48d5a40218ad437881cfab7a263959edb7e98a4d1192ff80c3c5227e870e265a", kill_on_drop: false }`
[INFO] running `Command { std: "docker" "rm" "-f" "48d5a40218ad437881cfab7a263959edb7e98a4d1192ff80c3c5227e870e265a", kill_on_drop: false }`
[INFO] [stdout] 48d5a40218ad437881cfab7a263959edb7e98a4d1192ff80c3c5227e870e265a
[INFO] running `Command { std: "docker" "create" "-v" "/var/lib/crater-agent-workspace/builds/worker-6-tc1/target:/opt/rustwide/target:rw,Z" "-v" "/var/lib/crater-agent-workspace/builds/worker-6-tc1/source:/opt/rustwide/workdir:ro,Z" "-v" "/var/lib/crater-agent-workspace/cargo-home:/opt/rustwide/cargo-home:ro,Z" "-v" "/var/lib/crater-agent-workspace/rustup-home:/opt/rustwide/rustup-home:ro,Z" "-e" "SOURCE_DIR=/opt/rustwide/workdir" "-e" "CARGO_TARGET_DIR=/opt/rustwide/target" "-e" "CARGO_INCREMENTAL=0" "-e" "RUST_BACKTRACE=full" "-e" "RUSTFLAGS=--cap-lints=forbid" "-e" "RUSTDOCFLAGS=--cap-lints=forbid" "-e" "CARGO_HOME=/opt/rustwide/cargo-home" "-e" "RUSTUP_HOME=/opt/rustwide/rustup-home" "-w" "/opt/rustwide/workdir" "-m" "1610612736" "--user" "0:0" "--network" "none" "ghcr.io/rust-lang/crates-build-env/linux@sha256:4a844ea9eb2546a2d2c7022eacef16ef2e8229c7fbb2c7d4d55a9ceca922f72d" "/opt/rustwide/cargo-home/bin/cargo" "+nightly-2024-10-28" "build" "--frozen" "--message-format=json", kill_on_drop: false }`
[INFO] [stdout] 4b4610ab3251cd5adc7bdf41061c402e13e3157c186dccb0cbca6080bff33d17
[INFO] running `Command { std: "docker" "start" "-a" "4b4610ab3251cd5adc7bdf41061c402e13e3157c186dccb0cbca6080bff33d17", kill_on_drop: false }`
[INFO] [stderr]    Compiling ahash v0.7.8
[INFO] [stderr]    Compiling dlv-list v0.3.0
[INFO] [stderr]    Compiling dirs-sys v0.3.7
[INFO] [stderr]    Compiling enquote v1.1.0
[INFO] [stderr]    Compiling dirs v4.0.0
[INFO] [stderr]    Compiling hashbrown v0.12.3
[INFO] [stderr]    Compiling ordered-multimap v0.4.3
[INFO] [stderr]    Compiling rust-ini v0.18.0
[INFO] [stderr]    Compiling wallpape-rs v2.0.0 (/opt/rustwide/workdir)
[INFO] [stdout] warning: call to `.clone()` on a reference in this situation does nothing
[INFO] [stdout]   --> src/linux/lxde.rs:16:39
[INFO] [stdout]    |
[INFO] [stdout] 16 |           .ok_or("no lxde image found")?
[INFO] [stdout]    |  _______________________________________^
[INFO] [stdout] 17 | |         .clone()
[INFO] [stdout]    | |________________^ help: remove this redundant call
[INFO] [stdout]    |
[INFO] [stdout]    = note: the type `str` does not implement `Clone`, so calling `clone` on `&str` copies the reference, which does not do anything and can be removed
[INFO] [stdout]    = note: `#[warn(noop_method_call)]` on by default
[INFO] [stdout] 
[INFO] [stdout] 
[INFO] [stderr]     Finished `dev` profile [unoptimized + debuginfo] target(s) in 1.32s
[INFO] running `Command { std: "docker" "inspect" "4b4610ab3251cd5adc7bdf41061c402e13e3157c186dccb0cbca6080bff33d17", kill_on_drop: false }`
[INFO] running `Command { std: "docker" "rm" "-f" "4b4610ab3251cd5adc7bdf41061c402e13e3157c186dccb0cbca6080bff33d17", kill_on_drop: false }`
[INFO] [stdout] 4b4610ab3251cd5adc7bdf41061c402e13e3157c186dccb0cbca6080bff33d17
[INFO] running `Command { std: "docker" "create" "-v" "/var/lib/crater-agent-workspace/builds/worker-6-tc1/target:/opt/rustwide/target:rw,Z" "-v" "/var/lib/crater-agent-workspace/builds/worker-6-tc1/source:/opt/rustwide/workdir:ro,Z" "-v" "/var/lib/crater-agent-workspace/cargo-home:/opt/rustwide/cargo-home:ro,Z" "-v" "/var/lib/crater-agent-workspace/rustup-home:/opt/rustwide/rustup-home:ro,Z" "-e" "SOURCE_DIR=/opt/rustwide/workdir" "-e" "CARGO_TARGET_DIR=/opt/rustwide/target" "-e" "CARGO_INCREMENTAL=0" "-e" "RUST_BACKTRACE=full" "-e" "RUSTFLAGS=--cap-lints=forbid" "-e" "RUSTDOCFLAGS=--cap-lints=forbid" "-e" "CARGO_HOME=/opt/rustwide/cargo-home" "-e" "RUSTUP_HOME=/opt/rustwide/rustup-home" "-w" "/opt/rustwide/workdir" "-m" "1610612736" "--user" "0:0" "--network" "none" "ghcr.io/rust-lang/crates-build-env/linux@sha256:4a844ea9eb2546a2d2c7022eacef16ef2e8229c7fbb2c7d4d55a9ceca922f72d" "/opt/rustwide/cargo-home/bin/cargo" "+nightly-2024-10-28" "test" "--frozen" "--no-run" "--message-format=json", kill_on_drop: false }`
[INFO] [stdout] 3debeefe5128304ba92bf0cbc4597bcbfa78fa66cf06daea87b7f6989f17eac2
[INFO] running `Command { std: "docker" "start" "-a" "3debeefe5128304ba92bf0cbc4597bcbfa78fa66cf06daea87b7f6989f17eac2", kill_on_drop: false }`
[INFO] [stdout] warning: call to `.clone()` on a reference in this situation does nothing
[INFO] [stdout]   --> src/linux/lxde.rs:16:39
[INFO] [stdout]    |
[INFO] [stdout] 16 |           .ok_or("no lxde image found")?
[INFO] [stdout]    |  _______________________________________^
[INFO] [stdout] 17 | |         .clone()
[INFO] [stdout]    | |________________^ help: remove this redundant call
[INFO] [stdout]    |
[INFO] [stdout]    = note: the type `str` does not implement `Clone`, so calling `clone` on `&str` copies the reference, which does not do anything and can be removed
[INFO] [stdout]    = note: `#[warn(noop_method_call)]` on by default
[INFO] [stdout] 
[INFO] [stdout] 
[INFO] [stderr]    Compiling wallpape-rs v2.0.0 (/opt/rustwide/workdir)
[INFO] [stdout] warning: call to `.clone()` on a reference in this situation does nothing
[INFO] [stdout]   --> src/linux/lxde.rs:16:39
[INFO] [stdout]    |
[INFO] [stdout] 16 |           .ok_or("no lxde image found")?
[INFO] [stdout]    |  _______________________________________^
[INFO] [stdout] 17 | |         .clone()
[INFO] [stdout]    | |________________^ help: remove this redundant call
[INFO] [stdout]    |
[INFO] [stdout]    = note: the type `str` does not implement `Clone`, so calling `clone` on `&str` copies the reference, which does not do anything and can be removed
[INFO] [stdout]    = note: `#[warn(noop_method_call)]` on by default
[INFO] [stdout] 
[INFO] [stdout] 
[INFO] [stderr]     Finished `test` profile [unoptimized + debuginfo] target(s) in 0.14s
[INFO] running `Command { std: "docker" "inspect" "3debeefe5128304ba92bf0cbc4597bcbfa78fa66cf06daea87b7f6989f17eac2", kill_on_drop: false }`
[INFO] running `Command { std: "docker" "rm" "-f" "3debeefe5128304ba92bf0cbc4597bcbfa78fa66cf06daea87b7f6989f17eac2", kill_on_drop: false }`
[INFO] [stdout] 3debeefe5128304ba92bf0cbc4597bcbfa78fa66cf06daea87b7f6989f17eac2
[INFO] running `Command { std: "docker" "create" "-v" "/var/lib/crater-agent-workspace/builds/worker-6-tc1/target:/opt/rustwide/target:rw,Z" "-v" "/var/lib/crater-agent-workspace/builds/worker-6-tc1/source:/opt/rustwide/workdir:ro,Z" "-v" "/var/lib/crater-agent-workspace/cargo-home:/opt/rustwide/cargo-home:ro,Z" "-v" "/var/lib/crater-agent-workspace/rustup-home:/opt/rustwide/rustup-home:ro,Z" "-e" "SOURCE_DIR=/opt/rustwide/workdir" "-e" "CARGO_TARGET_DIR=/opt/rustwide/target" "-e" "CARGO_INCREMENTAL=0" "-e" "RUST_BACKTRACE=full" "-e" "RUSTFLAGS=--cap-lints=forbid" "-e" "RUSTDOCFLAGS=--cap-lints=forbid" "-e" "CARGO_HOME=/opt/rustwide/cargo-home" "-e" "RUSTUP_HOME=/opt/rustwide/rustup-home" "-w" "/opt/rustwide/workdir" "-m" "1610612736" "--user" "0:0" "--network" "none" "ghcr.io/rust-lang/crates-build-env/linux@sha256:4a844ea9eb2546a2d2c7022eacef16ef2e8229c7fbb2c7d4d55a9ceca922f72d" "/opt/rustwide/cargo-home/bin/cargo" "+nightly-2024-10-28" "test" "--frozen", kill_on_drop: false }`
[INFO] [stdout] 1c6bb5d87b6b171eac967405a294238ec69e1269b70fccafdf08e228156ece76
[INFO] running `Command { std: "docker" "start" "-a" "1c6bb5d87b6b171eac967405a294238ec69e1269b70fccafdf08e228156ece76", kill_on_drop: false }`
[INFO] [stderr] warning: call to `.clone()` on a reference in this situation does nothing
[INFO] [stderr]   --> src/linux/lxde.rs:16:39
[INFO] [stderr]    |
[INFO] [stderr] 16 |           .ok_or("no lxde image found")?
[INFO] [stderr]    |  _______________________________________^
[INFO] [stderr] 17 | |         .clone()
[INFO] [stderr]    | |________________^ help: remove this redundant call
[INFO] [stderr]    |
[INFO] [stderr]    = note: the type `str` does not implement `Clone`, so calling `clone` on `&str` copies the reference, which does not do anything and can be removed
[INFO] [stderr]    = note: `#[warn(noop_method_call)]` on by default
[INFO] [stderr] 
[INFO] [stderr] warning: `wallpape-rs` (lib) generated 1 warning (run `cargo fix --lib -p wallpape-rs` to apply 1 suggestion)
[INFO] [stderr] warning: `wallpape-rs` (lib test) generated 1 warning (1 duplicate)
[INFO] [stderr]     Finished `test` profile [unoptimized + debuginfo] target(s) in 0.03s
[INFO] [stderr]      Running unittests src/lib.rs (/opt/rustwide/target/debug/deps/wallpape_rs-c87ef452b9871440)
[INFO] [stdout] 
[INFO] [stdout] running 0 tests
[INFO] [stdout] 
[INFO] [stdout] test result: ok. 0 passed; 0 failed; 0 ignored; 0 measured; 0 filtered out; finished in 0.00s
[INFO] [stdout] 
[INFO] [stderr]    Doc-tests wallpape_rs
[INFO] [stdout] 
[INFO] [stdout] running 1 test
[INFO] [stdout] test src/lib.rs - (line 19) ... FAILED
[INFO] [stdout] 
[INFO] [stdout] failures:
[INFO] [stdout] 
[INFO] [stdout] ---- src/lib.rs - (line 19) stdout ----
[INFO] [stdout] error[E0432]: unresolved import `wallpaper`
[INFO] [stdout]  --> src/lib.rs:20:5
[INFO] [stdout]   |
[INFO] [stdout] 2 | use wallpaper;
[INFO] [stdout]   |     ^^^^^^^^^ no external crate `wallpaper`
[INFO] [stdout] 
[INFO] [stdout] error: aborting due to 1 previous error
[INFO] [stdout] 
[INFO] [stdout] For more information about this error, try `rustc --explain E0432`.
[INFO] [stdout] Couldn't compile the test.
[INFO] [stdout] 
[INFO] [stdout] failures:
[INFO] [stdout]     src/lib.rs - (line 19)
[INFO] [stdout] 
[INFO] [stdout] test result: FAILED. 0 passed; 1 failed; 0 ignored; 0 measured; 0 filtered out; finished in 0.04s
[INFO] [stdout] 
[INFO] [stderr] error: doctest failed, to rerun pass `--doc`
[INFO] running `Command { std: "docker" "inspect" "1c6bb5d87b6b171eac967405a294238ec69e1269b70fccafdf08e228156ece76", kill_on_drop: false }`
[INFO] running `Command { std: "docker" "rm" "-f" "1c6bb5d87b6b171eac967405a294238ec69e1269b70fccafdf08e228156ece76", kill_on_drop: false }`
[INFO] [stdout] 1c6bb5d87b6b171eac967405a294238ec69e1269b70fccafdf08e228156ece76
