[INFO] fetching crate wal-css 0.1.1...
[INFO] testing wal-css-0.1.1 against nightly-2024-10-28 for randomize-layout
[INFO] extracting crate wal-css 0.1.1 into /workspace/builds/worker-0-tc1/source
[INFO] validating manifest of crates.io crate wal-css 0.1.1 on toolchain nightly-2024-10-28
[INFO] running `Command { std: CARGO_HOME="/workspace/cargo-home" RUSTUP_HOME="/workspace/rustup-home" "/workspace/cargo-home/bin/cargo" "+nightly-2024-10-28" "metadata" "--manifest-path" "Cargo.toml" "--no-deps", kill_on_drop: false }`
[INFO] started tweaking crates.io crate wal-css 0.1.1
[INFO] finished tweaking crates.io crate wal-css 0.1.1
[INFO] tweaked toml for crates.io crate wal-css 0.1.1 written to /workspace/builds/worker-0-tc1/source/Cargo.toml
[INFO] running `Command { std: CARGO_HOME="/workspace/cargo-home" RUSTUP_HOME="/workspace/rustup-home" "/workspace/cargo-home/bin/cargo" "+nightly-2024-10-28" "generate-lockfile" "--manifest-path" "Cargo.toml", kill_on_drop: false }`
[INFO] [stderr]     Updating crates.io index
[INFO] [stderr]      Locking 97 packages to latest compatible versions
[INFO] [stderr]       Adding gloo v0.10.0 (available: v0.11.0)
[INFO] running `Command { std: CARGO_HOME="/workspace/cargo-home" RUSTUP_HOME="/workspace/rustup-home" "/workspace/cargo-home/bin/cargo" "+nightly-2024-10-28" "fetch" "--manifest-path" "Cargo.toml", kill_on_drop: false }`
[INFO] running `Command { std: "docker" "create" "-v" "/var/lib/crater-agent-workspace/builds/worker-0-tc1/target:/opt/rustwide/target:rw,Z" "-v" "/var/lib/crater-agent-workspace/builds/worker-0-tc1/source:/opt/rustwide/workdir:ro,Z" "-v" "/var/lib/crater-agent-workspace/cargo-home:/opt/rustwide/cargo-home:ro,Z" "-v" "/var/lib/crater-agent-workspace/rustup-home:/opt/rustwide/rustup-home:ro,Z" "-e" "SOURCE_DIR=/opt/rustwide/workdir" "-e" "CARGO_TARGET_DIR=/opt/rustwide/target" "-e" "CARGO_HOME=/opt/rustwide/cargo-home" "-e" "RUSTUP_HOME=/opt/rustwide/rustup-home" "-w" "/opt/rustwide/workdir" "-m" "1610612736" "--user" "0:0" "--network" "none" "ghcr.io/rust-lang/crates-build-env/linux@sha256:4a844ea9eb2546a2d2c7022eacef16ef2e8229c7fbb2c7d4d55a9ceca922f72d" "/opt/rustwide/cargo-home/bin/cargo" "+nightly-2024-10-28" "metadata" "--no-deps" "--format-version=1", kill_on_drop: false }`
[INFO] [stdout] 5810450ea631f864d8b47156f7994736e8d60f8bfdeae92878438a8a94495a2b
[INFO] running `Command { std: "docker" "start" "-a" "5810450ea631f864d8b47156f7994736e8d60f8bfdeae92878438a8a94495a2b", kill_on_drop: false }`
[INFO] running `Command { std: "docker" "inspect" "5810450ea631f864d8b47156f7994736e8d60f8bfdeae92878438a8a94495a2b", kill_on_drop: false }`
[INFO] running `Command { std: "docker" "rm" "-f" "5810450ea631f864d8b47156f7994736e8d60f8bfdeae92878438a8a94495a2b", kill_on_drop: false }`
[INFO] [stdout] 5810450ea631f864d8b47156f7994736e8d60f8bfdeae92878438a8a94495a2b
[INFO] running `Command { std: "docker" "create" "-v" "/var/lib/crater-agent-workspace/builds/worker-0-tc1/target:/opt/rustwide/target:rw,Z" "-v" "/var/lib/crater-agent-workspace/builds/worker-0-tc1/source:/opt/rustwide/workdir:ro,Z" "-v" "/var/lib/crater-agent-workspace/cargo-home:/opt/rustwide/cargo-home:ro,Z" "-v" "/var/lib/crater-agent-workspace/rustup-home:/opt/rustwide/rustup-home:ro,Z" "-e" "SOURCE_DIR=/opt/rustwide/workdir" "-e" "CARGO_TARGET_DIR=/opt/rustwide/target" "-e" "CARGO_INCREMENTAL=0" "-e" "RUST_BACKTRACE=full" "-e" "RUSTFLAGS=--cap-lints=forbid" "-e" "RUSTDOCFLAGS=--cap-lints=forbid" "-e" "CARGO_HOME=/opt/rustwide/cargo-home" "-e" "RUSTUP_HOME=/opt/rustwide/rustup-home" "-w" "/opt/rustwide/workdir" "-m" "1610612736" "--user" "0:0" "--network" "none" "ghcr.io/rust-lang/crates-build-env/linux@sha256:4a844ea9eb2546a2d2c7022eacef16ef2e8229c7fbb2c7d4d55a9ceca922f72d" "/opt/rustwide/cargo-home/bin/cargo" "+nightly-2024-10-28" "build" "--frozen" "--message-format=json", kill_on_drop: false }`
[INFO] [stdout] fe84f895177c7c01308b29c99dbdf7eed4e9f0557ad215ee28f109848fbd5e29
[INFO] running `Command { std: "docker" "start" "-a" "fe84f895177c7c01308b29c99dbdf7eed4e9f0557ad215ee28f109848fbd5e29", kill_on_drop: false }`
[INFO] [stderr]    Compiling proc-macro2 v1.0.89
[INFO] [stderr]    Compiling unicode-ident v1.0.13
[INFO] [stderr]    Compiling once_cell v1.20.2
[INFO] [stderr]    Compiling wasm-bindgen-shared v0.2.95
[INFO] [stderr]    Compiling bumpalo v3.16.0
[INFO] [stderr]    Compiling log v0.4.22
[INFO] [stderr]    Compiling wasm-bindgen v0.2.95
[INFO] [stderr]    Compiling cfg-if v1.0.0
[INFO] [stderr]    Compiling memchr v2.7.4
[INFO] [stderr]    Compiling serde v1.0.214
[INFO] [stderr]    Compiling itoa v1.0.11
[INFO] [stderr]    Compiling ryu v1.0.18
[INFO] [stderr]    Compiling serde_json v1.0.132
[INFO] [stderr]    Compiling thiserror v1.0.66
[INFO] [stderr]    Compiling autocfg v1.4.0
[INFO] [stderr]    Compiling futures-core v0.3.31
[INFO] [stderr]    Compiling futures-sink v0.3.31
[INFO] [stderr]    Compiling equivalent v1.0.1
[INFO] [stderr]    Compiling futures-channel v0.3.31
[INFO] [stderr]    Compiling hashbrown v0.15.0
[INFO] [stderr]    Compiling rustversion v1.0.18
[INFO] [stderr]    Compiling pin-project-lite v0.2.15
[INFO] [stderr]    Compiling futures-io v0.3.31
[INFO] [stderr]    Compiling toml_datetime v0.6.8
[INFO] [stderr]    Compiling futures-task v0.3.31
[INFO] [stderr]    Compiling winnow v0.5.40
[INFO] [stderr]    Compiling percent-encoding v2.3.1
[INFO] [stderr]    Compiling bytes v1.8.0
[INFO] [stderr]    Compiling regex-syntax v0.8.5
[INFO] [stderr]    Compiling scoped-tls v1.0.1
[INFO] [stderr]    Compiling minimal-lexical v0.2.1
[INFO] [stderr]    Compiling form_urlencoded v1.2.1
[INFO] [stderr]    Compiling slab v0.4.9
[INFO] [stderr]    Compiling aho-corasick v1.1.3
[INFO] [stderr]    Compiling nom v7.1.3
[INFO] [stderr]    Compiling http v0.2.12
[INFO] [stderr]    Compiling indexmap v2.6.0
[INFO] [stderr]    Compiling quote v1.0.37
[INFO] [stderr]    Compiling syn v2.0.86
[INFO] [stderr]    Compiling toml_edit v0.19.15
[INFO] [stderr]    Compiling regex-automata v0.4.8
[INFO] [stderr]    Compiling wasm-bindgen-backend v0.2.95
[INFO] [stderr]    Compiling proc-macro-crate v1.3.1
[INFO] [stderr]    Compiling serde_derive v1.0.214
[INFO] [stderr]    Compiling thiserror-impl v1.0.66
[INFO] [stderr]    Compiling futures-macro v0.3.31
[INFO] [stderr]    Compiling pin-project-internal v1.1.7
[INFO] [stderr]    Compiling gloo-worker-macros v0.1.0
[INFO] [stderr]    Compiling wasm-bindgen-test-macro v0.3.45
[INFO] [stderr]    Compiling regex v1.11.1
[INFO] [stderr]    Compiling futures-util v0.3.31
[INFO] [stderr]    Compiling wasm-bindgen-macro-support v0.2.95
[INFO] [stderr]    Compiling pin-project v1.1.7
[INFO] [stderr]    Compiling wasm-bindgen-macro v0.2.95
[INFO] [stderr]    Compiling js-sys v0.3.72
[INFO] [stderr]    Compiling console_error_panic_hook v0.1.7
[INFO] [stderr]    Compiling futures v0.3.31
[INFO] [stderr]    Compiling pinned v0.1.0
[INFO] [stderr]    Compiling serde_urlencoded v0.7.1
[INFO] [stderr]    Compiling bincode v1.3.3
[INFO] [stderr]    Compiling web-sys v0.3.72
[INFO] [stderr]    Compiling wasm-bindgen-futures v0.4.45
[INFO] [stderr]    Compiling serde-wasm-bindgen v0.6.5
[INFO] [stderr]    Compiling gloo-timers v0.3.0
[INFO] [stderr]    Compiling wasm-bindgen-test v0.3.45
[INFO] [stderr]    Compiling gloo-utils v0.2.0
[INFO] [stderr]    Compiling gloo-events v0.2.0
[INFO] [stderr]    Compiling gloo-dialogs v0.2.0
[INFO] [stderr]    Compiling gloo-render v0.2.0
[INFO] [stderr]    Compiling gloo-console v0.3.0
[INFO] [stderr]    Compiling gloo-storage v0.3.0
[INFO] [stderr]    Compiling gloo-net v0.4.0
[INFO] [stderr]    Compiling gloo-worker v0.4.0
[INFO] [stderr]    Compiling gloo-history v0.2.2
[INFO] [stderr]    Compiling gloo-file v0.3.0
[INFO] [stderr]    Compiling gloo v0.10.0
[INFO] [stderr]    Compiling wal-css v0.1.1 (/opt/rustwide/workdir)
[INFO] [stderr]     Finished `dev` profile [unoptimized + debuginfo] target(s) in 18.70s
[INFO] running `Command { std: "docker" "inspect" "fe84f895177c7c01308b29c99dbdf7eed4e9f0557ad215ee28f109848fbd5e29", kill_on_drop: false }`
[INFO] running `Command { std: "docker" "rm" "-f" "fe84f895177c7c01308b29c99dbdf7eed4e9f0557ad215ee28f109848fbd5e29", kill_on_drop: false }`
[INFO] [stdout] fe84f895177c7c01308b29c99dbdf7eed4e9f0557ad215ee28f109848fbd5e29
[INFO] running `Command { std: "docker" "create" "-v" "/var/lib/crater-agent-workspace/builds/worker-0-tc1/target:/opt/rustwide/target:rw,Z" "-v" "/var/lib/crater-agent-workspace/builds/worker-0-tc1/source:/opt/rustwide/workdir:ro,Z" "-v" "/var/lib/crater-agent-workspace/cargo-home:/opt/rustwide/cargo-home:ro,Z" "-v" "/var/lib/crater-agent-workspace/rustup-home:/opt/rustwide/rustup-home:ro,Z" "-e" "SOURCE_DIR=/opt/rustwide/workdir" "-e" "CARGO_TARGET_DIR=/opt/rustwide/target" "-e" "CARGO_INCREMENTAL=0" "-e" "RUST_BACKTRACE=full" "-e" "RUSTFLAGS=--cap-lints=forbid" "-e" "RUSTDOCFLAGS=--cap-lints=forbid" "-e" "CARGO_HOME=/opt/rustwide/cargo-home" "-e" "RUSTUP_HOME=/opt/rustwide/rustup-home" "-w" "/opt/rustwide/workdir" "-m" "1610612736" "--user" "0:0" "--network" "none" "ghcr.io/rust-lang/crates-build-env/linux@sha256:4a844ea9eb2546a2d2c7022eacef16ef2e8229c7fbb2c7d4d55a9ceca922f72d" "/opt/rustwide/cargo-home/bin/cargo" "+nightly-2024-10-28" "test" "--frozen" "--no-run" "--message-format=json", kill_on_drop: false }`
[INFO] [stdout] 331ec76005cf3c4fd83e3e656e20838a1d428a339b06973a993a381698b4d83c
[INFO] running `Command { std: "docker" "start" "-a" "331ec76005cf3c4fd83e3e656e20838a1d428a339b06973a993a381698b4d83c", kill_on_drop: false }`
[INFO] [stderr]    Compiling wal-css v0.1.1 (/opt/rustwide/workdir)
[INFO] [stdout] warning: function `get_document` is never used
[INFO] [stdout]   --> src/css.rs:74:8
[INFO] [stdout]    |
[INFO] [stdout] 74 |     fn get_document() -> web_sys::Document {
[INFO] [stdout]    |        ^^^^^^^^^^^^
[INFO] [stdout]    |
[INFO] [stdout]    = note: `#[warn(dead_code)]` on by default
[INFO] [stdout] 
[INFO] [stdout] 
[INFO] [stdout] warning: function `indexing_operator_yields_result_if_entry_present` is never used
[INFO] [stdout]   --> src/css.rs:79:8
[INFO] [stdout]    |
[INFO] [stdout] 79 |     fn indexing_operator_yields_result_if_entry_present() {
[INFO] [stdout]    |        ^^^^^^^^^^^^^^^^^^^^^^^^^^^^^^^^^^^^^^^^^^^^^^^^
[INFO] [stdout] 
[INFO] [stdout] 
[INFO] [stdout] warning: function `indexing_operator_panicst_if_entry_not_present` is never used
[INFO] [stdout]   --> src/css.rs:92:8
[INFO] [stdout]    |
[INFO] [stdout] 92 |     fn indexing_operator_panicst_if_entry_not_present() {
[INFO] [stdout]    |        ^^^^^^^^^^^^^^^^^^^^^^^^^^^^^^^^^^^^^^^^^^^^^^
[INFO] [stdout] 
[INFO] [stdout] 
[INFO] [stdout] warning: function `manager_creates_properly` is never used
[INFO] [stdout]    --> src/css_manager.rs:102:8
[INFO] [stdout]     |
[INFO] [stdout] 102 |     fn manager_creates_properly() {
[INFO] [stdout]     |        ^^^^^^^^^^^^^^^^^^^^^^^^
[INFO] [stdout] 
[INFO] [stdout] 
[INFO] [stdout] warning: function `add_new_style_element_adds_element_properly` is never used
[INFO] [stdout]    --> src/css_manager.rs:107:8
[INFO] [stdout]     |
[INFO] [stdout] 107 |     fn add_new_style_element_adds_element_properly() {
[INFO] [stdout]     |        ^^^^^^^^^^^^^^^^^^^^^^^^^^^^^^^^^^^^^^^^^^^
[INFO] [stdout] 
[INFO] [stdout] 
[INFO] [stdout] warning: function `manager_attaches_css_properly` is never used
[INFO] [stdout]    --> src/css_manager.rs:120:8
[INFO] [stdout]     |
[INFO] [stdout] 120 |     fn manager_attaches_css_properly() {
[INFO] [stdout]     |        ^^^^^^^^^^^^^^^^^^^^^^^^^^^^^
[INFO] [stdout] 
[INFO] [stdout] 
[INFO] [stderr]     Finished `test` profile [unoptimized + debuginfo] target(s) in 0.76s
[INFO] running `Command { std: "docker" "inspect" "331ec76005cf3c4fd83e3e656e20838a1d428a339b06973a993a381698b4d83c", kill_on_drop: false }`
[INFO] running `Command { std: "docker" "rm" "-f" "331ec76005cf3c4fd83e3e656e20838a1d428a339b06973a993a381698b4d83c", kill_on_drop: false }`
[INFO] [stdout] 331ec76005cf3c4fd83e3e656e20838a1d428a339b06973a993a381698b4d83c
[INFO] running `Command { std: "docker" "create" "-v" "/var/lib/crater-agent-workspace/builds/worker-0-tc1/target:/opt/rustwide/target:rw,Z" "-v" "/var/lib/crater-agent-workspace/builds/worker-0-tc1/source:/opt/rustwide/workdir:ro,Z" "-v" "/var/lib/crater-agent-workspace/cargo-home:/opt/rustwide/cargo-home:ro,Z" "-v" "/var/lib/crater-agent-workspace/rustup-home:/opt/rustwide/rustup-home:ro,Z" "-e" "SOURCE_DIR=/opt/rustwide/workdir" "-e" "CARGO_TARGET_DIR=/opt/rustwide/target" "-e" "CARGO_INCREMENTAL=0" "-e" "RUST_BACKTRACE=full" "-e" "RUSTFLAGS=--cap-lints=forbid" "-e" "RUSTDOCFLAGS=--cap-lints=forbid" "-e" "CARGO_HOME=/opt/rustwide/cargo-home" "-e" "RUSTUP_HOME=/opt/rustwide/rustup-home" "-w" "/opt/rustwide/workdir" "-m" "1610612736" "--user" "0:0" "--network" "none" "ghcr.io/rust-lang/crates-build-env/linux@sha256:4a844ea9eb2546a2d2c7022eacef16ef2e8229c7fbb2c7d4d55a9ceca922f72d" "/opt/rustwide/cargo-home/bin/cargo" "+nightly-2024-10-28" "test" "--frozen", kill_on_drop: false }`
[INFO] [stdout] e2b6afca0f484e387b3d8955ca3f9fac3d6da1d2c14ff509ba8ba27af2d579d7
[INFO] running `Command { std: "docker" "start" "-a" "e2b6afca0f484e387b3d8955ca3f9fac3d6da1d2c14ff509ba8ba27af2d579d7", kill_on_drop: false }`
[INFO] [stderr] warning: function `get_document` is never used
[INFO] [stderr]   --> src/css.rs:74:8
[INFO] [stderr]    |
[INFO] [stderr] 74 |     fn get_document() -> web_sys::Document {
[INFO] [stderr]    |        ^^^^^^^^^^^^
[INFO] [stderr]    |
[INFO] [stderr]    = note: `#[warn(dead_code)]` on by default
[INFO] [stderr] 
[INFO] [stderr] warning: function `indexing_operator_yields_result_if_entry_present` is never used
[INFO] [stderr]   --> src/css.rs:79:8
[INFO] [stderr]    |
[INFO] [stderr] 79 |     fn indexing_operator_yields_result_if_entry_present() {
[INFO] [stderr]    |        ^^^^^^^^^^^^^^^^^^^^^^^^^^^^^^^^^^^^^^^^^^^^^^^^
[INFO] [stderr] 
[INFO] [stderr] warning: function `indexing_operator_panicst_if_entry_not_present` is never used
[INFO] [stderr]   --> src/css.rs:92:8
[INFO] [stderr]    |
[INFO] [stderr] 92 |     fn indexing_operator_panicst_if_entry_not_present() {
[INFO] [stderr]    |        ^^^^^^^^^^^^^^^^^^^^^^^^^^^^^^^^^^^^^^^^^^^^^^
[INFO] [stderr] 
[INFO] [stderr] warning: function `manager_creates_properly` is never used
[INFO] [stderr]    --> src/css_manager.rs:102:8
[INFO] [stderr]     |
[INFO] [stderr] 102 |     fn manager_creates_properly() {
[INFO] [stderr]     |        ^^^^^^^^^^^^^^^^^^^^^^^^
[INFO] [stderr] 
[INFO] [stderr] warning: function `add_new_style_element_adds_element_properly` is never used
[INFO] [stderr]    --> src/css_manager.rs:107:8
[INFO] [stderr]     |
[INFO] [stderr] 107 |     fn add_new_style_element_adds_element_properly() {
[INFO] [stderr]     |        ^^^^^^^^^^^^^^^^^^^^^^^^^^^^^^^^^^^^^^^^^^^
[INFO] [stderr] 
[INFO] [stderr] warning: function `manager_attaches_css_properly` is never used
[INFO] [stderr]    --> src/css_manager.rs:120:8
[INFO] [stderr]     |
[INFO] [stderr] 120 |     fn manager_attaches_css_properly() {
[INFO] [stderr]     |        ^^^^^^^^^^^^^^^^^^^^^^^^^^^^^
[INFO] [stderr] 
[INFO] [stderr] warning: `wal-css` (lib test) generated 6 warnings
[INFO] [stderr]     Finished `test` profile [unoptimized + debuginfo] target(s) in 0.06s
[INFO] [stderr]      Running unittests src/lib.rs (/opt/rustwide/target/debug/deps/wal_css-6d4e62f61ea56783)
[INFO] [stdout] 
[INFO] [stdout] running 50 tests
[INFO] [stdout] test id_generator::tests::generator_generates_new_ids ... ok
[INFO] [stdout] test parser::cleaners::tests::collapses_multiple_newlines ... ok
[INFO] [stdout] test parser::cleaners::tests::collapses_mixed_whitespaces ... ok
[INFO] [stdout] test parser::parsing_functions::tests::parses_class_properly ... ok
[INFO] [stdout] test parser::cleaners::tests::collapses_multiple_tabs ... ok
[INFO] [stdout] test parser::parsing_functions::tests::parses_basic_stylesheet ... ok
[INFO] [stdout] test parser::cleaners::tests::collapses_multiple_returns ... ok
[INFO] [stdout] test parser::cleaners::tests::collapses_multiple_spaces ... ok
[INFO] [stdout] test parser::parsing_functions::tests::parses_complex_selector ... ok
[INFO] [stdout] test parser::parsing_functions::tests::parses_class_till_separator ... ok
[INFO] [stdout] test parser::parsing_functions::tests::parses_nested_body ... ok
[INFO] [stdout] test parser::parsing_functions::tests::parses_section ... ok
[INFO] [stdout] test parser::parsing_functions::tests::parses_selector_class ... ok
[INFO] [stdout] test parser::parsing_functions::tests::parses_selector_element ... ok
[INFO] [stdout] test parser::parsing_functions::tests::parses_selector_id ... ok
[INFO] [stdout] test parser::parsing_functions::tests::parses_selector_section_with_body ... ok
[INFO] [stdout] test parser::parsing_functions::tests::parses_special_complex_instruction ... ok
[INFO] [stdout] test parser::parsing_functions::tests::parses_nested_body_leaving_rest ... ok
[INFO] [stdout] test parser::parsing_functions::tests::parses_special_section_without_body ... ok
[INFO] [stdout] test parser::parsing_functions::tests::parses_only_class_part ... ok
[INFO] [stdout] test parser::parsing_functions::tests::parses_special_section_with_body ... ok
[INFO] [stdout] test parser::parsing_functions::tests::parses_unnested_body ... ok
[INFO] [stdout] test parser::parsing_functions::tests::parses_special_simple_instruction ... ok
[INFO] [stdout] test parser::parsing_functions::tests::parses_stylesheet_with_mixed_instructions ... ok
[INFO] [stdout] test parser::types::tests::class_selector_gens_correct_css ... ok
[INFO] [stdout] test parser::types::tests::class_selector_gens_correct_mapping ... ok
[INFO] [stdout] test parser::types::tests::element_selector_does_not_gen_mapping ... ok
[INFO] [stdout] test parser::parsing_functions::tests::parses_stylesheet_with_nested_instructions ... ok
[INFO] [stdout] test parser::cleaners::tests::removes_muti_line_comments ... ok
[INFO] [stdout] test parser::cleaners::tests::removes_single_line_comments ... ok
[INFO] [stdout] test parser::cleaners::tests::removes_comments_with_stars_and_slashes ... ok
[INFO] [stdout] test parser::types::tests::element_selector_gens_correct_css ... ok
[INFO] [stdout] test parser::types::tests::id_selector_gens_correct_css ... ok
[INFO] [stdout] test parser::types::tests::id_selector_gens_correct_mapping ... ok
[INFO] [stdout] test parser::types::tests::instruction_complex_selector_gens_correct_css ... ok
[INFO] [stdout] test parser::types::tests::instruction_special_insruction_gens_correct_css ... ok
[INFO] [stdout] test parser::types::tests::instruction_complex_selector_gens_correct_mapping ... ok
[INFO] [stdout] test parser::types::tests::instruction_special_insruction_gens_no_mapping ... ok
[INFO] [stdout] test parser::types::tests::section_with_body_gens_correct_css ... ok
[INFO] [stdout] test parser::types::tests::literal_body_gens_correct_css ... ok
[INFO] [stdout] test parser::types::tests::section_with_parsed_body_gens_correct_mapping ... ok
[INFO] [stdout] test parser::tests::process_css_returns_correct_values ... ok
[INFO] [stdout] test parser::types::tests::section_without_body_gens_correct_css ... ok
[INFO] [stdout] test parser::types::tests::parsed_body_gens_correct_css ... ok
[INFO] [stdout] test parser::types::tests::section_without_body_gens_no_mapping ... ok
[INFO] [stdout] test parser::cleaners::tests::removes_intext_comments ... ok
[INFO] [stdout] test parser::types::tests::stylesheet_gens_correct_css ... ok
[INFO] [stdout] test parser::types::tests::section_with_literal_body_gens_correct_mapping ... ok
[INFO] [stdout] test parser::types::tests::stylesheet_gens_correct_mapping ... ok
[INFO] [stdout] test parser::cleaners::tests::clears_css_properly ... ok
[INFO] [stdout] 
[INFO] [stdout] test result: ok. 50 passed; 0 failed; 0 ignored; 0 measured; 0 filtered out; finished in 0.01s
[INFO] [stdout] 
[INFO] [stderr]    Doc-tests wal_css
[INFO] [stdout] 
[INFO] [stdout] running 5 tests
[INFO] [stdout] test src/css_manager.rs - css_manager::CssManager::attach_css (line 51) ... FAILED
[INFO] [stdout] test src/css_manager.rs - css_manager::CssManager (line 20) ... FAILED
[INFO] [stdout] test src/lib.rs - css_stylesheet (line 13) ... FAILED
[INFO] [stdout] test src/css.rs - css::Css (line 11) ... FAILED
[INFO] [stdout] test src/css_manager.rs - css_manager::CssManager::new (line 35) ... FAILED
[INFO] [stdout] 
[INFO] [stdout] failures:
[INFO] [stdout] 
[INFO] [stdout] ---- src/css_manager.rs - css_manager::CssManager::attach_css (line 51) stdout ----
[INFO] [stdout] error[E0596]: cannot borrow `manager` as mutable, as it is not declared as mutable
[INFO] [stdout]  --> src/css_manager.rs:56:1
[INFO] [stdout]   |
[INFO] [stdout] 8 | manager.attach_css(".class1 { background-color: red; }");
[INFO] [stdout]   | ^^^^^^^ cannot borrow as mutable
[INFO] [stdout]   |
[INFO] [stdout] help: consider changing this to be mutable
[INFO] [stdout]   |
[INFO] [stdout] 7 | let mut manager = CssManager::new();
[INFO] [stdout]   |     +++
[INFO] [stdout] 
[INFO] [stdout] error: aborting due to 1 previous error
[INFO] [stdout] 
[INFO] [stdout] For more information about this error, try `rustc --explain E0596`.
[INFO] [stdout] Couldn't compile the test.
[INFO] [stdout] ---- src/css_manager.rs - css_manager::CssManager (line 20) stdout ----
[INFO] [stdout] error[E0596]: cannot borrow `manager` as mutable, as it is not declared as mutable
[INFO] [stdout]  --> src/css_manager.rs:25:1
[INFO] [stdout]   |
[INFO] [stdout] 8 | manager.attach_css(".class1 { background-color: red; }");
[INFO] [stdout]   | ^^^^^^^ cannot borrow as mutable
[INFO] [stdout]   |
[INFO] [stdout] help: consider changing this to be mutable
[INFO] [stdout]   |
[INFO] [stdout] 7 | let mut manager = CssManager::new();
[INFO] [stdout]   |     +++
[INFO] [stdout] 
[INFO] [stdout] error: aborting due to 1 previous error
[INFO] [stdout] 
[INFO] [stdout] For more information about this error, try `rustc --explain E0596`.
[INFO] [stdout] Couldn't compile the test.
[INFO] [stdout] ---- src/lib.rs - css_stylesheet (line 13) stdout ----
[INFO] [stdout] error: expected `::`, found `:`
[INFO] [stdout]  --> src/lib.rs:15:17
[INFO] [stdout]   |
[INFO] [stdout] 5 | use wal_css::css:Css;
[INFO] [stdout]   |                 ^
[INFO] [stdout]   |
[INFO] [stdout]   = note: import paths are delimited using `::`
[INFO] [stdout] help: use double colon
[INFO] [stdout]   |
[INFO] [stdout] 5 | use wal_css::css::Css;
[INFO] [stdout]   |                 ~~
[INFO] [stdout] 
[INFO] [stdout] error: couldn't read `src/path-to-css-file`: No such file or directory (os error 2)
[INFO] [stdout]  --> src/lib.rs:19:23
[INFO] [stdout]   |
[INFO] [stdout] 9 |     static CSS: Css = css_stylesheet!("path-to-css-file");
[INFO] [stdout]   |                       ^^^^^^^^^^^^^^^^^^^^^^^^^^^^^^^^^^^
[INFO] [stdout]   |
[INFO] [stdout]   = note: this error originates in the macro `include_str` which comes from the expansion of the macro `css_stylesheet` (in Nightly builds, run with -Z macro-backtrace for more info)
[INFO] [stdout] 
[INFO] [stdout] error: cannot find macro `rsx` in this scope
[INFO] [stdout]   --> src/lib.rs:23:5
[INFO] [stdout]    |
[INFO] [stdout] 13 |     rsx! {
[INFO] [stdout]    |     ^^^
[INFO] [stdout] 
[INFO] [stdout] error: aborting due to 3 previous errors
[INFO] [stdout] 
[INFO] [stdout] Couldn't compile the test.
[INFO] [stdout] ---- src/css.rs - css::Css (line 11) stdout ----
[INFO] [stdout] error: expected `::`, found `:`
[INFO] [stdout]  --> src/css.rs:13:17
[INFO] [stdout]   |
[INFO] [stdout] 5 | use wal_css::css:Css;
[INFO] [stdout]   |                 ^
[INFO] [stdout]   |
[INFO] [stdout]   = note: import paths are delimited using `::`
[INFO] [stdout] help: use double colon
[INFO] [stdout]   |
[INFO] [stdout] 5 | use wal_css::css::Css;
[INFO] [stdout]   |                 ~~
[INFO] [stdout] 
[INFO] [stdout] error: couldn't read `src/path-to-css-file`: No such file or directory (os error 2)
[INFO] [stdout]  --> src/css.rs:17:23
[INFO] [stdout]   |
[INFO] [stdout] 9 |     static CSS: Css = css_stylesheet!("path-to-css-file");
[INFO] [stdout]   |                       ^^^^^^^^^^^^^^^^^^^^^^^^^^^^^^^^^^^
[INFO] [stdout]   |
[INFO] [stdout]   = note: this error originates in the macro `include_str` which comes from the expansion of the macro `css_stylesheet` (in Nightly builds, run with -Z macro-backtrace for more info)
[INFO] [stdout] 
[INFO] [stdout] error: cannot find macro `rsx` in this scope
[INFO] [stdout]   --> src/css.rs:21:5
[INFO] [stdout]    |
[INFO] [stdout] 13 |     rsx! {
[INFO] [stdout]    |     ^^^
[INFO] [stdout] 
[INFO] [stdout] error: aborting due to 3 previous errors
[INFO] [stdout] 
[INFO] [stdout] Couldn't compile the test.
[INFO] [stdout] ---- src/css_manager.rs - css_manager::CssManager::new (line 35) stdout ----
[INFO] [stdout] Test executable failed (exit status: 101).
[INFO] [stdout] 
[INFO] [stdout] stderr:
[INFO] [stdout] thread 'main' panicked at /opt/rustwide/cargo-home/registry/src/index.crates.io-6f17d22bba15001f/js-sys-0.3.72/src/lib.rs:6046:9:
[INFO] [stdout] cannot call wasm-bindgen imported functions on non-wasm targets
[INFO] [stdout] stack backtrace:
[INFO] [stdout]    0:     0x5d27234c7cca - std::backtrace_rs::backtrace::libunwind::trace::h207520d6e9873551
[INFO] [stdout]                                at /rustc/df4ca44d3fbc9301ee17f30f4d474e6ae4b05252/library/std/src/../../backtrace/src/backtrace/libunwind.rs:116:5
[INFO] [stdout]    1:     0x5d27234c7cca - std::backtrace_rs::backtrace::trace_unsynchronized::h2ed7433f370e3eca
[INFO] [stdout]                                at /rustc/df4ca44d3fbc9301ee17f30f4d474e6ae4b05252/library/std/src/../../backtrace/src/backtrace/mod.rs:66:5
[INFO] [stdout]    2:     0x5d27234c7cca - std::sys::backtrace::_print_fmt::h916fac51166b18d7
[INFO] [stdout]                                at /rustc/df4ca44d3fbc9301ee17f30f4d474e6ae4b05252/library/std/src/sys/backtrace.rs:66:9
[INFO] [stdout]    3:     0x5d27234c7cca - <std::sys::backtrace::BacktraceLock::print::DisplayBacktrace as core::fmt::Display>::fmt::ha0a4c9b8ce3802e6
[INFO] [stdout]                                at /rustc/df4ca44d3fbc9301ee17f30f4d474e6ae4b05252/library/std/src/sys/backtrace.rs:39:26
[INFO] [stdout]    4:     0x5d27234e3e93 - core::fmt::rt::Argument::fmt::h4cfc8587d52b3eb5
[INFO] [stdout]                                at /rustc/df4ca44d3fbc9301ee17f30f4d474e6ae4b05252/library/core/src/fmt/rt.rs:177:76
[INFO] [stdout]    5:     0x5d27234e3e93 - core::fmt::write::h522cc39e5b36ae9f
[INFO] [stdout]                                at /rustc/df4ca44d3fbc9301ee17f30f4d474e6ae4b05252/library/core/src/fmt/mod.rs:1190:21
[INFO] [stdout]    6:     0x5d27234c5733 - std::io::Write::write_fmt::hf1c1dcc8cc1287f0
[INFO] [stdout]                                at /rustc/df4ca44d3fbc9301ee17f30f4d474e6ae4b05252/library/std/src/io/mod.rs:1839:15
[INFO] [stdout]    7:     0x5d27234c7b12 - std::sys::backtrace::BacktraceLock::print::h4b9e00b29e9c0942
[INFO] [stdout]                                at /rustc/df4ca44d3fbc9301ee17f30f4d474e6ae4b05252/library/std/src/sys/backtrace.rs:42:9
[INFO] [stdout]    8:     0x5d27234c8adc - std::panicking::default_hook::{{closure}}::hb59b88280d0324d9
[INFO] [stdout]                                at /rustc/df4ca44d3fbc9301ee17f30f4d474e6ae4b05252/library/std/src/panicking.rs:268:22
[INFO] [stdout]    9:     0x5d27234c8922 - std::panicking::default_hook::he1dd496665be4a29
[INFO] [stdout]                                at /rustc/df4ca44d3fbc9301ee17f30f4d474e6ae4b05252/library/std/src/panicking.rs:295:9
[INFO] [stdout]   10:     0x5d27234c90d7 - std::panicking::rust_panic_with_hook::h2ff17fe8f26dfcf8
[INFO] [stdout]                                at /rustc/df4ca44d3fbc9301ee17f30f4d474e6ae4b05252/library/std/src/panicking.rs:801:13
[INFO] [stdout]   11:     0x5d27234c8f36 - std::panicking::begin_panic_handler::{{closure}}::h4fad77951c07e101
[INFO] [stdout]                                at /rustc/df4ca44d3fbc9301ee17f30f4d474e6ae4b05252/library/std/src/panicking.rs:667:13
[INFO] [stdout]   12:     0x5d27234c81a9 - std::sys::backtrace::__rust_end_short_backtrace::hb1a25b3da5d0ea08
[INFO] [stdout]                                at /rustc/df4ca44d3fbc9301ee17f30f4d474e6ae4b05252/library/std/src/sys/backtrace.rs:170:18
[INFO] [stdout]   13:     0x5d27234c8bfc - rust_begin_unwind
[INFO] [stdout]                                at /rustc/df4ca44d3fbc9301ee17f30f4d474e6ae4b05252/library/std/src/panicking.rs:665:5
[INFO] [stdout]   14:     0x5d27234e3170 - core::panicking::panic_fmt::ha9db07b529f9b256
[INFO] [stdout]                                at /rustc/df4ca44d3fbc9301ee17f30f4d474e6ae4b05252/library/core/src/panicking.rs:75:14
[INFO] [stdout]   15:     0x5d27234a5763 - js_sys::global::get_global_object::Global::get_self::__wbg_self_bf91bf94d9e04084::ha38b419fd3f749c6
[INFO] [stdout]                                at /opt/rustwide/cargo-home/registry/src/index.crates.io-6f17d22bba15001f/js-sys-0.3.72/src/lib.rs:6046:9
[INFO] [stdout]   16:     0x5d27234a56a9 - js_sys::global::get_global_object::Global::get_self::hb2e532abe6ccf122
[INFO] [stdout]                                at /opt/rustwide/cargo-home/registry/src/index.crates.io-6f17d22bba15001f/js-sys-0.3.72/src/lib.rs:6046:9
[INFO] [stdout]   17:     0x5d27234a4df3 - js_sys::global::get_global_object::hcc1b45d76e3f628c
[INFO] [stdout]                                at /opt/rustwide/cargo-home/registry/src/index.crates.io-6f17d22bba15001f/js-sys-0.3.72/src/lib.rs:6065:29
[INFO] [stdout]   18:     0x5d27234a5586 - js_sys::global::GLOBAL::__init::h5316fa7b281163b0
[INFO] [stdout]                                at /opt/rustwide/cargo-home/registry/src/index.crates.io-6f17d22bba15001f/js-sys-0.3.72/src/lib.rs:6024:43
[INFO] [stdout]   19:     0x5d27234a60f6 - core::ops::function::FnOnce::call_once::h973132533ddaf08c
[INFO] [stdout]                                at /rustc/df4ca44d3fbc9301ee17f30f4d474e6ae4b05252/library/core/src/ops/function.rs:250:5
[INFO] [stdout]   20:     0x5d27234a5bc8 - core::option::Option<T>::unwrap_or_else::hfec620dabba35f77
[INFO] [stdout]                                at /rustc/df4ca44d3fbc9301ee17f30f4d474e6ae4b05252/library/core/src/option.rs:1016:21
[INFO] [stdout]   21:     0x5d27234a5bc8 - std::sys::thread_local::native::lazy::Storage<T,D>::initialize::h57f073e585f37657
[INFO] [stdout]                                at /rustc/df4ca44d3fbc9301ee17f30f4d474e6ae4b05252/library/std/src/sys/thread_local/native/lazy.rs:64:42
[INFO] [stdout]   22:     0x5d27234a5e59 - std::sys::thread_local::native::lazy::Storage<T,D>::get_or_init::h9a4f3d02edb31e40
[INFO] [stdout]                                at /rustc/df4ca44d3fbc9301ee17f30f4d474e6ae4b05252/library/std/src/sys/thread_local/native/lazy.rs:56:40
[INFO] [stdout]   23:     0x5d27234a55c2 - js_sys::global::GLOBAL::{{constant}}::{{closure}}::he15b4b5e9ae029c2
[INFO] [stdout]                                at /rustc/df4ca44d3fbc9301ee17f30f4d474e6ae4b05252/library/std/src/sys/thread_local/native/mod.rs:94:25
[INFO] [stdout]   24:     0x5d27234a60b8 - core::ops::function::FnOnce::call_once::h5fb7e918882ce95a
[INFO] [stdout]                                at /rustc/df4ca44d3fbc9301ee17f30f4d474e6ae4b05252/library/core/src/ops/function.rs:250:5
[INFO] [stdout]   25:     0x5d27234a5faa - std::thread::local::LocalKey<T>::try_with::h658e6e9a456e9db7
[INFO] [stdout]                                at /rustc/df4ca44d3fbc9301ee17f30f4d474e6ae4b05252/library/std/src/thread/local.rs:282:37
[INFO] [stdout]   26:     0x5d27234a5f5f - std::thread::local::LocalKey<T>::with::h2fd66f11b580de07
[INFO] [stdout]                                at /rustc/df4ca44d3fbc9301ee17f30f4d474e6ae4b05252/library/std/src/thread/local.rs:260:9
[INFO] [stdout]   27:     0x5d27234a4dbe - js_sys::global::hcebd86c78bbbe4c7
[INFO] [stdout]                                at /opt/rustwide/cargo-home/registry/src/index.crates.io-6f17d22bba15001f/js-sys-0.3.72/src/lib.rs:6026:12
[INFO] [stdout]   28:     0x5d27234a4d8a - web_sys::window::hea8b6c30c60b3f50
[INFO] [stdout]                                at /opt/rustwide/cargo-home/registry/src/index.crates.io-6f17d22bba15001f/web-sys-0.3.72/src/lib.rs:34:5
[INFO] [stdout]   29:     0x5d27234a47aa - wal_css::css_manager::CssManager::new::h2ddea61aef86e221
[INFO] [stdout]                                at /opt/rustwide/workdir/src/css_manager.rs:41:23
[INFO] [stdout]   30:     0x5d27234a4717 - rust_out::main::_doctest_main_src_css_manager_rs_35_0::h88c04b9afd334653
[INFO] [stdout]   31:     0x5d27234a4706 - rust_out::main::ha213a30daa5df4da
[INFO] [stdout]   32:     0x5d27234a46c3 - core::ops::function::FnOnce::call_once::hf7edf7132571051c
[INFO] [stdout]   33:     0x5d27234a4666 - std::sys::backtrace::__rust_begin_short_backtrace::h32fd822fd2ba4079
[INFO] [stdout]   34:     0x5d27234a4649 - std::rt::lang_start::{{closure}}::h4039a1c394ed4f7c
[INFO] [stdout]   35:     0x5d27234c3bd7 - core::ops::function::impls::<impl core::ops::function::FnOnce<A> for &F>::call_once::hd87d66b906e0ccaf
[INFO] [stdout]                                at /rustc/df4ca44d3fbc9301ee17f30f4d474e6ae4b05252/library/core/src/ops/function.rs:284:13
[INFO] [stdout]   36:     0x5d27234c3bd7 - std::panicking::try::do_call::hae3703de71fc9e3a
[INFO] [stdout]                                at /rustc/df4ca44d3fbc9301ee17f30f4d474e6ae4b05252/library/std/src/panicking.rs:557:40
[INFO] [stdout]   37:     0x5d27234c3bd7 - std::panicking::try::h1178330e9a2b2645
[INFO] [stdout]                                at /rustc/df4ca44d3fbc9301ee17f30f4d474e6ae4b05252/library/std/src/panicking.rs:520:19
[INFO] [stdout]   38:     0x5d27234c3bd7 - std::panic::catch_unwind::h0acf49d2305d32ad
[INFO] [stdout]                                at /rustc/df4ca44d3fbc9301ee17f30f4d474e6ae4b05252/library/std/src/panic.rs:358:14
[INFO] [stdout]   39:     0x5d27234c3bd7 - std::rt::lang_start_internal::{{closure}}::h2d95182d798177be
[INFO] [stdout]                                at /rustc/df4ca44d3fbc9301ee17f30f4d474e6ae4b05252/library/std/src/rt.rs:174:48
[INFO] [stdout]   40:     0x5d27234c3bd7 - std::panicking::try::do_call::hb506f5bfe11fd30c
[INFO] [stdout]                                at /rustc/df4ca44d3fbc9301ee17f30f4d474e6ae4b05252/library/std/src/panicking.rs:557:40
[INFO] [stdout]   41:     0x5d27234c3bd7 - std::panicking::try::h54d825c46bd0fa95
[INFO] [stdout]                                at /rustc/df4ca44d3fbc9301ee17f30f4d474e6ae4b05252/library/std/src/panicking.rs:520:19
[INFO] [stdout]   42:     0x5d27234c3bd7 - std::panic::catch_unwind::hffbb0ad20c4e9fac
[INFO] [stdout]                                at /rustc/df4ca44d3fbc9301ee17f30f4d474e6ae4b05252/library/std/src/panic.rs:358:14
[INFO] [stdout]   43:     0x5d27234c3bd7 - std::rt::lang_start_internal::h52c291ef1962c925
[INFO] [stdout]                                at /rustc/df4ca44d3fbc9301ee17f30f4d474e6ae4b05252/library/std/src/rt.rs:174:20
[INFO] [stdout]   44:     0x5d27234a4627 - std::rt::lang_start::h8c6075cd6f225ba1
[INFO] [stdout]   45:     0x5d27234a4745 - main
[INFO] [stdout]   46:     0x79f5f1555d90 - <unknown>
[INFO] [stdout]   47:     0x79f5f1555e40 - __libc_start_main
[INFO] [stdout]   48:     0x5d27234a4535 - _start
[INFO] [stdout]   49:                0x0 - <unknown>
[INFO] [stdout] 
[INFO] [stdout] 
[INFO] [stdout] 
[INFO] [stdout] failures:
[INFO] [stdout]     src/css.rs - css::Css (line 11)
[INFO] [stdout]     src/css_manager.rs - css_manager::CssManager (line 20)
[INFO] [stdout]     src/css_manager.rs - css_manager::CssManager::attach_css (line 51)
[INFO] [stdout]     src/css_manager.rs - css_manager::CssManager::new (line 35)
[INFO] [stdout]     src/lib.rs - css_stylesheet (line 13)
[INFO] [stdout] 
[INFO] [stdout] test result: FAILED. 0 passed; 5 failed; 0 ignored; 0 measured; 0 filtered out; finished in 0.18s
[INFO] [stdout] 
[INFO] [stderr] error: doctest failed, to rerun pass `--doc`
[INFO] running `Command { std: "docker" "inspect" "e2b6afca0f484e387b3d8955ca3f9fac3d6da1d2c14ff509ba8ba27af2d579d7", kill_on_drop: false }`
[INFO] running `Command { std: "docker" "rm" "-f" "e2b6afca0f484e387b3d8955ca3f9fac3d6da1d2c14ff509ba8ba27af2d579d7", kill_on_drop: false }`
[INFO] [stdout] e2b6afca0f484e387b3d8955ca3f9fac3d6da1d2c14ff509ba8ba27af2d579d7
